000
CDUS46 KSTO 230843 RRA
CLIRDD

CLIMATE REPORT
NATIONAL WEATHER SERVICE SACRAMENTO, CA
1242 AM PST FRI FEB 23 2018


...................................

...THE REDDING AIRPORT CA CLIMATE SUMMARY FOR FEBRUARY 22 2018...

CLIMATE NORMAL PERIOD 1981 TO 2010
CLIMATE RECORD PERIOD 1986 TO 2018


WEATHER ITEM   OBSERVED RECORD YEAR NORMAL DEPARTURE LAST
                VALUE   VALUE       VALUE  FROM      YEAR
                                           NORMAL
...........................................................
TEMPERATURE (F)
 YESTERDAY
  MAXIMUM         52     80    1995  61     -9       54
                               1988
  MINIMUM         26R    29    2011  40    -14       36
                               1994
  AVERAGE         39

PRECIPITATION (IN)
  YESTERDAY        T      3.17 2001   0.20  -0.20     0.01
  MONTH TO DATE    T                  4.37  -4.37     7.32
  SINCE OCT 1     10.52              23.18 -12.66    37.50
  SINCE JAN 1      4.85              10.33  -5.48    18.77

SNOWFALL (IN)
  YESTERDAY        0.0   MM      MM  MM               0.0
  MONTH TO DATE    0.0               MM               0.0
  SINCE DEC 1      0.0               MM               3.0
  SINCE JUL 1      0.0               MM               3.0

DEGREE DAYS
 HEATING
  YESTERDAY       26

 COOLING
  YESTERDAY        0
...........................................................


WIND (MPH)
  RESULTANT WIND SPEED   1   RESULTANT WIND DIRECTION  NW (330)
  HIGHEST WIND SPEED    24   HIGHEST WIND DIRECTION     N (10)
  HIGHEST GUST SPEED    29   HIGHEST GUST DIRECTION     N (10)


SKY COVER
  POSSIBLE SUNSHINE  MM
  AVERAGE SKY COVER 0.2


WEATHER CONDITIONS
 THE FOLLOWING WEATHER WAS RECORDED YESTERDAY.
  LIGHT RAIN


RELATIVE HUMIDITY (PERCENT)
 HIGHEST    85
 LOWEST     36
 AVERAGE    61

..........................................................


THE REDDING AIRPORT CA CLIMATE NORMALS FOR TODAY
                         NORMAL    RECORD    YEAR
 MAXIMUM TEMPERATURE (F)   61        75      1991
 MINIMUM TEMPERATURE (F)   41        29      2001


SUNRISE AND SUNSET
FEBRUARY 23 2018......SUNRISE   652 AM PST   SUNSET   554 PM PST
FEBRUARY 24 2018......SUNRISE   650 AM PST   SUNSET   555 PM PST


-  INDICATES NEGATIVE NUMBERS.
R  INDICATES RECORD WAS SET OR TIED.
MM INDICATES DATA IS MISSING.
T  INDICATES TRACE AMOUNT.

&&
....................................................................

REDDING CITY CLIMATE DATA FOR FEBRUARY 22

CLIMATE RECORD PERIOD 1897-1986

RECORD HIGH..............     79 IN 1954
RECORD LOW...............     29 IN 1952
RECORD RAINFALL..........   1.91 IN 1943

$$
