000
CDUS46 KSTO 080837 RRA
CLIRDD

CLIMATE REPORT
NATIONAL WEATHER SERVICE SACRAMENTO, CA
1237 AM PST THU DEC 8 2016


...................................

...THE REDDING AIRPORT CA CLIMATE SUMMARY FOR DECEMBER 7 2016...

CLIMATE NORMAL PERIOD 1981 TO 2010
CLIMATE RECORD PERIOD 1986 TO 2016


WEATHER ITEM   OBSERVED RECORD YEAR NORMAL DEPARTURE LAST
                VALUE   VALUE       VALUE  FROM      YEAR
                                           NORMAL
...........................................................
TEMPERATURE (F)
 YESTERDAY
  MAXIMUM         48     66    2002  56     -8       53
                               1988
  MINIMUM         33     27    1998  37     -4       48
                               1994
  AVERAGE         41

PRECIPITATION (IN)
  YESTERDAY        0.33   0.66 1997   0.19   0.14     0.02
  MONTH TO DATE    0.33               1.29  -0.96     1.65
  SINCE OCT 1     13.03               7.87   5.16     3.30
  SINCE JAN 1     43.66              29.64  14.02    10.68

SNOWFALL (IN)
  YESTERDAY        0.0    0.0  2001  MM               0.0
  MONTH TO DATE    0.0               MM               0.0
  SINCE DEC 1      0.0               MM               0.0
  SINCE JUL 1      0.0               MM               0.0

DEGREE DAYS
 HEATING
  YESTERDAY       24

 COOLING
  YESTERDAY        0
...........................................................


WIND (MPH)
  RESULTANT WIND SPEED   5   RESULTANT WIND DIRECTION   N (350)
  HIGHEST WIND SPEED    14   HIGHEST WIND DIRECTION     N (360)
  HIGHEST GUST SPEED    18   HIGHEST GUST DIRECTION     N (360)


SKY COVER
  POSSIBLE SUNSHINE  MM
  AVERAGE SKY COVER 0.4


WEATHER CONDITIONS
 THE FOLLOWING WEATHER WAS RECORDED YESTERDAY.
  RAIN
  LIGHT RAIN
  LIGHT SNOW
  FOG


RELATIVE HUMIDITY (PERCENT)
 HIGHEST   100
 LOWEST     37
 AVERAGE    69

..........................................................


THE REDDING AIRPORT CA CLIMATE NORMALS FOR TODAY
                         NORMAL    RECORD    YEAR
 MAXIMUM TEMPERATURE (F)   55        70      2011
 MINIMUM TEMPERATURE (F)   37        18      2009


SUNRISE AND SUNSET
DECEMBER  8 2016......SUNRISE   720 AM PST   SUNSET   442 PM PST
DECEMBER  9 2016......SUNRISE   721 AM PST   SUNSET   442 PM PST


-  INDICATES NEGATIVE NUMBERS.
R  INDICATES RECORD WAS SET OR TIED.
MM INDICATES DATA IS MISSING.
T  INDICATES TRACE AMOUNT.

&&
....................................................................

REDDING CITY CLIMATE DATA FOR DECEMBER 07

CLIMATE RECORD PERIOD 1897-1986

RECORD HIGH..............     77 IN 1938
RECORD LOW...............     27 IN 1956

RECORD RAINFALL..........   2.01 IN 1952

$$
