000
CDUS46 KSTO 241445
CLIRDD

CLIMATE REPORT
NATIONAL WEATHER SERVICE SACRAMENTO, CA
744 AM PDT THU JUL 24 2014


...................................

...THE REDDING AIRPORT CA CLIMATE SUMMARY FOR JULY 23 2014...

CLIMATE NORMAL PERIOD 1981 TO 2010
CLIMATE RECORD PERIOD 1986 TO 2014


WEATHER ITEM   OBSERVED RECORD YEAR NORMAL DEPARTURE LAST
                VALUE   VALUE       VALUE  FROM      YEAR
                                           NORMAL
...........................................................
TEMPERATURE (F)
 YESTERDAY
  MAXIMUM         88    114    2006 100    -12       99
  MINIMUM         62     58    1989  66     -4       69
  AVERAGE         75

PRECIPITATION (IN)
  YESTERDAY        0.00   0.02 1998   0.01  -0.01     0.00
  MONTH TO DATE    0.09               0.07   0.02      T
  SINCE JUL 1      0.09               0.07   0.02      T
  SINCE JAN 1     14.36              20.93  -6.57     9.30

SNOWFALL (IN)
  YESTERDAY        0.0   MM      MM  MM               0.0
  MONTH TO DATE    0.0               MM               0.0
  SINCE JUN 1      0.0               MM               0.0
  SINCE JUL 1      0.0               MM               0.0

DEGREE DAYS
 HEATING
  YESTERDAY        0

 COOLING
  YESTERDAY       10
...........................................................


WIND (MPH)
  RESULTANT WIND SPEED   6   RESULTANT WIND DIRECTION   S (160)
  HIGHEST WIND SPEED    20   HIGHEST WIND DIRECTION     S (170)
  HIGHEST GUST SPEED    31   HIGHEST GUST DIRECTION    SW (210)


SKY COVER
  POSSIBLE SUNSHINE  MM
  AVERAGE SKY COVER 0.0


WEATHER CONDITIONS
 THE FOLLOWING WEATHER WAS RECORDED YESTERDAY.
  NO SIGNIFICANT WEATHER WAS OBSERVED.


RELATIVE HUMIDITY (PERCENT)
 HIGHEST    78
 LOWEST     18
 AVERAGE    48

..........................................................


THE REDDING AIRPORT CA CLIMATE NORMALS FOR TODAY
                         NORMAL    RECORD    YEAR
 MAXIMUM TEMPERATURE (F)  100       113      2006
 MINIMUM TEMPERATURE (F)   66        56      1987


SUNRISE AND SUNSET
JULY 24 2014..........SUNRISE   559 AM PDT   SUNSET   832 PM PDT
JULY 25 2014..........SUNRISE   600 AM PDT   SUNSET   831 PM PDT


-  INDICATES NEGATIVE NUMBERS.
R  INDICATES RECORD WAS SET OR TIED.
MM INDICATES DATA IS MISSING.
T  INDICATES TRACE AMOUNT.






&&
....................................................................

REDDING CITY CLIMATE DATA FOR JULY 23

CLIMATE RECORD PERIOD 1897-1986

RECORD HIGH..............    111 IN 1915
RECORD LOW...............     53 IN 1984

RECORD RAINFALL..........   0.56 IN 1958

$$
