000
CDUS46 KSTO 260844
CLIRDD

CLIMATE REPORT
NATIONAL WEATHER SERVICE SACRAMENTO, CA
143 AM PDT WED JUL 26 2017


..........................................................

...THE REDDING AIRPORT CA CLIMATE SUMMARY FOR JULY 25 2017...

CLIMATE NORMAL PERIOD 1981 TO 2010
CLIMATE RECORD PERIOD 1986 TO 2017


WEATHER ITEM   OBSERVED RECORD YEAR NORMAL DEPARTURE LAST
                VALUE   VALUE       VALUE  FROM      YEAR
                                           NORMAL
...........................................................
TEMPERATURE (F)
 YESTERDAY
  MAXIMUM        103    112    2006 100      3      106
  MINIMUM         66     57    1999  66      0       69
                               1994
                               1987
  AVERAGE         85

PRECIPITATION (IN)
  YESTERDAY        0.00   0.00 2015   0.00   0.00     0.00
                               2014
                               2013
  MONTH TO DATE    0.00               0.07  -0.07      T
  SINCE OCT 1     47.03              33.78  13.25    40.49
  SINCE JAN 1     28.30              20.93   7.37    30.63

SNOWFALL (IN)
  YESTERDAY        0.0   MM      MM  MM               0.0
  MONTH TO DATE    0.0               MM               0.0
  SINCE JUN 1      0.0               MM               0.0
  SINCE JUL 1      0.0               MM               0.0

DEGREE DAYS
 HEATING
  YESTERDAY        0

 COOLING
  YESTERDAY       20
...........................................................


WIND (MPH)
  RESULTANT WIND SPEED   3   RESULTANT WIND DIRECTION   S (170)
  HIGHEST WIND SPEED    16   HIGHEST WIND DIRECTION     S (160)
  HIGHEST GUST SPEED    20   HIGHEST GUST DIRECTION     S (190)


SKY COVER
  POSSIBLE SUNSHINE  MM
  AVERAGE SKY COVER 0.0


WEATHER CONDITIONS
 THE FOLLOWING WEATHER WAS RECORDED YESTERDAY.
  NO SIGNIFICANT WEATHER WAS OBSERVED.


RELATIVE HUMIDITY (PERCENT)
 HIGHEST    61
 LOWEST     10
 AVERAGE    36

..........................................................


THE REDDING AIRPORT CA CLIMATE NORMALS FOR TODAY
                         NORMAL    RECORD    YEAR
 MAXIMUM TEMPERATURE (F)  100       110      2006
 MINIMUM TEMPERATURE (F)   66        58      1987


SUNRISE AND SUNSET
JULY 26 2017..........SUNRISE   601 AM PDT   SUNSET   830 PM PDT
JULY 27 2017..........SUNRISE   602 AM PDT   SUNSET   829 PM PDT


-  INDICATES NEGATIVE NUMBERS.
R  INDICATES RECORD WAS SET OR TIED.
MM INDICATES DATA IS MISSING.
T  INDICATES TRACE AMOUNT.

&&
....................................................................

REDDING CITY CLIMATE DATA FOR JULY 25

CLIMATE RECORD PERIOD 1897-1986

RECORD HIGH..............    114 IN 1973
RECORD LOW...............     53 IN 1983

RECORD RAINFALL..........   0.07 IN 1954

$$

NNNN
