000
CDUS46 KSTO 280834 RRA
CLIRDD

CLIMATE REPORT
NATIONAL WEATHER SERVICE SACRAMENTO, CA
134 AM PDT WED SEP 28 2016


...................................

...THE REDDING AIRPORT CA CLIMATE SUMMARY FOR SEPTEMBER 27 2016...

CLIMATE NORMAL PERIOD 1981 TO 2010
CLIMATE RECORD PERIOD 1986 TO 2016


WEATHER ITEM   OBSERVED RECORD YEAR NORMAL DEPARTURE LAST
                VALUE   VALUE       VALUE  FROM      YEAR
                                           NORMAL
...........................................................
TEMPERATURE (F)
 YESTERDAY
  MAXIMUM        100    101    2009  87     13       96
  MINIMUM         58     40    1986  55      3       58
  AVERAGE         79

PRECIPITATION (IN)
  YESTERDAY        0.00   0.03 1998   0.03  -0.03     0.00
  MONTH TO DATE    0.00               0.55  -0.55     0.55
  SINCE OCT 1     40.49              34.53   5.96    23.63
  SINCE JAN 1     30.63              21.68   8.95     7.38

SNOWFALL (IN)
  YESTERDAY        0.0    0.0  2002  MM               0.0
                               2001
  MONTH TO DATE    0.0               MM               0.0
  SINCE SEP 1      0.0               MM               0.0
  SINCE JUL 1      0.0               MM               0.0

DEGREE DAYS
 HEATING
  YESTERDAY        0

 COOLING
  YESTERDAY       14
...........................................................


WIND (MPH)
  RESULTANT WIND SPEED   3   RESULTANT WIND DIRECTION  SE (150)
  HIGHEST WIND SPEED    16   HIGHEST WIND DIRECTION    SE (150)
  HIGHEST GUST SPEED    19   HIGHEST GUST DIRECTION    SE (150)


SKY COVER
  POSSIBLE SUNSHINE  MM
  AVERAGE SKY COVER 0.0


WEATHER CONDITIONS
 THE FOLLOWING WEATHER WAS RECORDED YESTERDAY.
  NO SIGNIFICANT WEATHER WAS OBSERVED.


RELATIVE HUMIDITY (PERCENT)
 HIGHEST    56
 LOWEST     15
 AVERAGE    36

..........................................................


THE REDDING AIRPORT CA CLIMATE NORMALS FOR TODAY
                         NORMAL    RECORD    YEAR
 MAXIMUM TEMPERATURE (F)   87       103      2010
 MINIMUM TEMPERATURE (F)   55        46      1986


SUNRISE AND SUNSET
SEPTEMBER 28 2016.....SUNRISE   703 AM PDT   SUNSET   655 PM PDT
SEPTEMBER 29 2016.....SUNRISE   704 AM PDT   SUNSET   654 PM PDT


-  INDICATES NEGATIVE NUMBERS.
R  INDICATES RECORD WAS SET OR TIED.
MM INDICATES DATA IS MISSING.
T  INDICATES TRACE AMOUNT.

&&
....................................................................

REDDING CITY CLIMATE DATA FOR SEPTEMBER 27

CLIMATE RECORD PERIOD 1897-1986

RECORD HIGH..............    105 IN 1967
RECORD LOW...............     43 IN 1971

RECORD RAINFALL..........   1.51 IN 1957

$$
