000
CDUS46 KSTO 241104
CLIRDD

CLIMATE REPORT
NATIONAL WEATHER SERVICE SACRAMENTO, CA
134 AM PDT SUN JUL 24 2016


.........................................................

...THE REDDING AIRPORT CA CLIMATE SUMMARY FOR JULY 23 2016...

CLIMATE NORMAL PERIOD 1981 TO 2010
CLIMATE RECORD PERIOD 1986 TO 2016


WEATHER ITEM   OBSERVED RECORD YEAR NORMAL DEPARTURE LAST
                VALUE   VALUE       VALUE  FROM      YEAR
                                           NORMAL
...........................................................
TEMPERATURE (F)
 YESTERDAY
  MAXIMUM        106    114    2006 100      6       90
  MINIMUM         67     58    1989  66      1       63
  AVERAGE         87

PRECIPITATION (IN)
  YESTERDAY        0.00   0.02 1998   0.01  -0.01     0.00
  MONTH TO DATE    T                  0.07  -0.07     0.04
  SINCE OCT 1     40.49              33.78   6.71    23.08
  SINCE JAN 1     30.63              20.93   9.70     6.83

SNOWFALL (IN)
  YESTERDAY        0.0   MM      MM  MM               0.0
  MONTH TO DATE    0.0               MM               0.0
  SINCE JUN 1      0.0               MM               0.0
  SINCE JUL 1      0.0               MM               0.0

DEGREE DAYS
 HEATING
  YESTERDAY        0

 COOLING
  YESTERDAY       22
...........................................................


WIND (MPH)
  RESULTANT WIND SPEED   6   RESULTANT WIND DIRECTION   N (340)
  HIGHEST WIND SPEED    17   HIGHEST WIND DIRECTION     N (360)
  HIGHEST GUST SPEED    25   HIGHEST GUST DIRECTION     N (360)


SKY COVER
  POSSIBLE SUNSHINE  MM
  AVERAGE SKY COVER 0.0


WEATHER CONDITIONS
 THE FOLLOWING WEATHER WAS RECORDED YESTERDAY.
  NO SIGNIFICANT WEATHER WAS OBSERVED.


RELATIVE HUMIDITY (PERCENT)
 HIGHEST    47
 LOWEST      7
 AVERAGE    27

..........................................................


THE REDDING AIRPORT CA CLIMATE NORMALS FOR TODAY
                         NORMAL    RECORD    YEAR
 MAXIMUM TEMPERATURE (F)  100       113      2006
 MINIMUM TEMPERATURE (F)   66        56      1987


SUNRISE AND SUNSET
JULY 24 2016..........SUNRISE   600 AM PDT   SUNSET   831 PM PDT
JULY 25 2016..........SUNRISE   601 AM PDT   SUNSET   830 PM PDT


-  INDICATES NEGATIVE NUMBERS.
R  INDICATES RECORD WAS SET OR TIED.
MM INDICATES DATA IS MISSING.
T  INDICATES TRACE AMOUNT.

&&
....................................................................

REDDING CITY CLIMATE DATA FOR JULY 23

CLIMATE RECORD PERIOD 1897-1986

RECORD HIGH..............    111 IN 1915
RECORD LOW...............     53 IN 1984

RECORD RAINFALL..........   0.56 IN 1958

$$

NNNN
