000
CDUS46 KSTO 210851
CLIRDD

CLIMATE REPORT
NATIONAL WEATHER SERVICE SACRAMENTO, CA
1249 AM PST TUE FEB 21 2017


...................................

...THE REDDING AIRPORT CA CLIMATE SUMMARY FOR FEBRUARY 20 2017...

CLIMATE NORMAL PERIOD 1981 TO 2010
CLIMATE RECORD PERIOD 1986 TO 2017


WEATHER ITEM   OBSERVED RECORD YEAR NORMAL DEPARTURE LAST
                VALUE   VALUE       VALUE  FROM      YEAR
                                           NORMAL
...........................................................
TEMPERATURE (F)
 YESTERDAY
  MAXIMUM         56     80    1988  61     -5       64
  MINIMUM         50     25    2006  40     10       39
  AVERAGE         53

PRECIPITATION (IN)
  YESTERDAY        0.24   1.91 1996   0.20   0.04     0.00
  MONTH TO DATE    7.23               3.98   3.25     0.84
  SINCE OCT 1     37.41              22.79  14.62    23.38
  SINCE JAN 1     18.68               9.94   8.74    13.52

SNOWFALL (IN)
  YESTERDAY        0.0   MM      MM  MM               0.0
  MONTH TO DATE    0.0               MM               0.0
  SINCE DEC 1      3.0               MM               0.0
  SINCE JUL 1      3.0               MM               0.0

DEGREE DAYS
 HEATING
  YESTERDAY       12

 COOLING
  YESTERDAY        0
...........................................................


WIND (MPH)
  RESULTANT WIND SPEED  22   RESULTANT WIND DIRECTION   S (190)
  HIGHEST WIND SPEED    43   HIGHEST WIND DIRECTION     S (170)
  HIGHEST GUST SPEED    52   HIGHEST GUST DIRECTION     S (170)


SKY COVER
  POSSIBLE SUNSHINE  MM
  AVERAGE SKY COVER 1.0


WEATHER CONDITIONS
 THE FOLLOWING WEATHER WAS RECORDED YESTERDAY.
  RAIN
  LIGHT RAIN
  FOG


RELATIVE HUMIDITY (PERCENT)
 HIGHEST   100
 LOWEST     77
 AVERAGE    89

..........................................................


THE REDDING AIRPORT CA CLIMATE NORMALS FOR TODAY
                         NORMAL    RECORD    YEAR
 MAXIMUM TEMPERATURE (F)   61        78      1995
 MINIMUM TEMPERATURE (F)   40        29      2006


SUNRISE AND SUNSET
FEBRUARY 21 2017......SUNRISE   654 AM PST   SUNSET   552 PM PST
FEBRUARY 22 2017......SUNRISE   653 AM PST   SUNSET   553 PM PST


-  INDICATES NEGATIVE NUMBERS.
R  INDICATES RECORD WAS SET OR TIED.
MM INDICATES DATA IS MISSING.
T  INDICATES TRACE AMOUNT.




&&
....................................................................

REDDING CITY CLIMATE DATA FOR FEBRUARY 20

CLIMATE RECORD PERIOD 1897-1986

RECORD HIGH..............     78 IN 1965
RECORD LOW...............     31 IN 1918

RECORD RAINFALL..........   4.10 IN 1914

$$

NNNN
