000
CDUS46 KSTO 150049
CLIRDD

CLIMATE REPORT
NATIONAL WEATHER SERVICE SACRAMENTO, CA
534 PM PDT SUN SEP 14 2014


...................................

...THE REDDING AIRPORT CA CLIMATE SUMMARY FOR SEPTEMBER 14 2014...
VALID TODAY AS OF 0500 PM LOCAL TIME.

CLIMATE NORMAL PERIOD 1981 TO 2010
CLIMATE RECORD PERIOD 1986 TO 2014


WEATHER ITEM   OBSERVED RECORD YEAR NORMAL DEPARTURE LAST
                VALUE   VALUE       VALUE  FROM      YEAR
                                           NORMAL
...........................................................
TEMPERATURE (F)
 TODAY
  MAXIMUM        101    103    1999  91     10       94
  MINIMUM         63     50    1993  58      5       65
                               1988
  AVERAGE         82

PRECIPITATION (IN)
  TODAY            0.00   1.56 1997   0.02  -0.02     0.00
  MONTH TO DATE    0.00               0.26  -0.26     0.00
  SINCE JUL 1      0.21               0.53  -0.32      T
  SINCE JAN 1     14.48              21.39  -6.91     9.30

SNOWFALL (IN)
  TODAY            0.0   MM      MM  MM               0.0
  MONTH TO DATE    0.0               MM               0.0
  SINCE SEP 1      0.0               MM               0.0
  SINCE JUL 1      0.0               MM               0.0

DEGREE DAYS
 HEATING
  TODAY            0

 COOLING
  TODAY           17
...........................................................


WIND (MPH)
  RESULTANT WIND SPEED   1   RESULTANT WIND DIRECTION  SE (140)
  HIGHEST WIND SPEED    18   HIGHEST WIND DIRECTION     S (160)
  HIGHEST GUST SPEED    22   HIGHEST GUST DIRECTION     S (160)


SKY COVER
  POSSIBLE SUNSHINE  MM
  AVERAGE SKY COVER 0.0


WEATHER CONDITIONS
 THE FOLLOWING WEATHER WAS RECORDED TODAY.
  NO SIGNIFICANT WEATHER WAS OBSERVED.


RELATIVE HUMIDITY (PERCENT)
 HIGHEST    56
 LOWEST     14
 AVERAGE    35

..........................................................


THE REDDING AIRPORT CA CLIMATE NORMALS FOR TOMORROW
                         NORMAL    RECORD    YEAR
 MAXIMUM TEMPERATURE (F)   91       102      1991
 MINIMUM TEMPERATURE (F)   58        48      1992


SUNRISE AND SUNSET
SEPTEMBER 14 2014.....SUNRISE   649 AM PDT   SUNSET   720 PM PDT
SEPTEMBER 15 2014.....SUNRISE   650 AM PDT   SUNSET   718 PM PDT


-  INDICATES NEGATIVE NUMBERS.
R  INDICATES RECORD WAS SET OR TIED.
MM INDICATES DATA IS MISSING.
T  INDICATES TRACE AMOUNT.






&&
....................................................................

REDDING CITY CLIMATE DATA FOR SEPTEMBER 14

CLIMATE RECORD PERIOD 1897-1986

RECORD HIGH..............    110 IN 1953
RECORD LOW...............     46 IN 1926

RECORD RAINFALL..........   1.40 IN 1918

$$
