000
CDUS46 KSTO 270847
CLIRDD

CLIMATE REPORT
NATIONAL WEATHER SERVICE SACRAMENTO, CA
1244 AM PST SAT DEC 27 2014


...................................

...THE REDDING AIRPORT CA CLIMATE SUMMARY FOR DECEMBER 26 2014...

CLIMATE NORMAL PERIOD 1981 TO 2010
CLIMATE RECORD PERIOD 1986 TO 2014


WEATHER ITEM   OBSERVED RECORD YEAR NORMAL DEPARTURE LAST
                VALUE   VALUE       VALUE  FROM      YEAR
                                           NORMAL
...........................................................
TEMPERATURE (F)
 YESTERDAY
  MAXIMUM         56     70    1999  54      2       69
  MINIMUM         33     24    2011  36     -3       28
                               2008
  AVERAGE         45

PRECIPITATION (IN)
  YESTERDAY        0.00   2.35 2004   0.22  -0.22     0.00
  MONTH TO DATE   10.37               5.19   5.18     0.38
  SINCE JUL 1     19.67              12.68   6.99     3.50
  SINCE JAN 1     33.94              33.54   0.40    12.80

SNOWFALL (IN)
  YESTERDAY        0.0    0.0  2001  MM               0.0
  MONTH TO DATE    0.0               MM               5.0
  SINCE DEC 1      0.0               MM               5.0
  SINCE JUL 1      0.0               MM               5.0

DEGREE DAYS
 HEATING
  YESTERDAY       20

 COOLING
  YESTERDAY        0
...........................................................


WIND (MPH)
  RESULTANT WIND SPEED   8   RESULTANT WIND DIRECTION   N (360)
  HIGHEST WIND SPEED    25   HIGHEST WIND DIRECTION    NE (40)
  HIGHEST GUST SPEED    32   HIGHEST GUST DIRECTION     N (10)


SKY COVER
  POSSIBLE SUNSHINE  MM
  AVERAGE SKY COVER 0.0


WEATHER CONDITIONS
 THE FOLLOWING WEATHER WAS RECORDED YESTERDAY.
  NO SIGNIFICANT WEATHER WAS OBSERVED.


RELATIVE HUMIDITY (PERCENT)
 HIGHEST    89
 LOWEST     32
 AVERAGE    61

..........................................................


THE REDDING AIRPORT CA CLIMATE NORMALS FOR TODAY
                         NORMAL    RECORD    YEAR
 MAXIMUM TEMPERATURE (F)   54        70      1999
 MINIMUM TEMPERATURE (F)   36        23      1988


SUNRISE AND SUNSET
DECEMBER 27 2014......SUNRISE   732 AM PST   SUNSET   449 PM PST
DECEMBER 28 2014......SUNRISE   732 AM PST   SUNSET   450 PM PST


-  INDICATES NEGATIVE NUMBERS.
R  INDICATES RECORD WAS SET OR TIED.
MM INDICATES DATA IS MISSING.
T  INDICATES TRACE AMOUNT.






&&
....................................................................

REDDING CITY CLIMATE DATA FOR DECEMBER 26

CLIMATE RECORD PERIOD 1897-1986

RECORD HIGH..............     75 IN 1967
RECORD LOW...............     18 IN 1924

RECORD RAINFALL..........   2.45 IN 1945

$$

JCLAPP
