000
CDUS46 KSTO 260838
CLIRDD

CLIMATE REPORT
NATIONAL WEATHER SERVICE SACRAMENTO, CA
136 AM PDT FRI AUG 26 2016


...................................

...THE REDDING AIRPORT CA CLIMATE SUMMARY FOR AUGUST 25 2016...

CLIMATE NORMAL PERIOD 1981 TO 2010
CLIMATE RECORD PERIOD 1986 TO 2016


WEATHER ITEM   OBSERVED RECORD YEAR NORMAL DEPARTURE LAST
                VALUE   VALUE       VALUE  FROM      YEAR
                                           NORMAL
...........................................................
TEMPERATURE (F)
 YESTERDAY
  MAXIMUM        102    110    2010  95      7       99
  MINIMUM         61     54    1995  62     -1       62
  AVERAGE         82

PRECIPITATION (IN)
  YESTERDAY        0.00   0.24 1990   0.01  -0.01     0.00
  MONTH TO DATE    0.00               0.13  -0.13      T
  SINCE OCT 1     40.49              33.93   6.56    23.08
  SINCE JAN 1     30.63              21.08   9.55     6.83

SNOWFALL (IN)
  YESTERDAY        0.0   MM      MM  MM               0.0
  MONTH TO DATE    0.0               MM               0.0
  SINCE JUN 1      0.0               MM               0.0
  SINCE JUL 1      0.0               MM               0.0

DEGREE DAYS
 HEATING
  YESTERDAY        0

 COOLING
  YESTERDAY       17
...........................................................


WIND (MPH)
  RESULTANT WIND SPEED   0   RESULTANT WIND DIRECTION   S (190)
  HIGHEST WIND SPEED    17   HIGHEST WIND DIRECTION     N (20)
  HIGHEST GUST SPEED    26   HIGHEST GUST DIRECTION     N (20)


SKY COVER
  POSSIBLE SUNSHINE  MM
  AVERAGE SKY COVER 0.0


WEATHER CONDITIONS
 THE FOLLOWING WEATHER WAS RECORDED YESTERDAY.
  NO SIGNIFICANT WEATHER WAS OBSERVED.


RELATIVE HUMIDITY (PERCENT)
 HIGHEST    67
 LOWEST      9
 AVERAGE    38

..........................................................


THE REDDING AIRPORT CA CLIMATE NORMALS FOR TODAY
                         NORMAL    RECORD    YEAR
 MAXIMUM TEMPERATURE (F)   95       109      1988
 MINIMUM TEMPERATURE (F)   61        53      1995


SUNRISE AND SUNSET
AUGUST 26 2016........SUNRISE   631 AM PDT   SUNSET   750 PM PDT
AUGUST 27 2016........SUNRISE   632 AM PDT   SUNSET   748 PM PDT


-  INDICATES NEGATIVE NUMBERS.
R  INDICATES RECORD WAS SET OR TIED.
MM INDICATES DATA IS MISSING.
T  INDICATES TRACE AMOUNT.




&&
....................................................................

REDDING CITY CLIMATE DATA FOR AUGUST 25

CLIMATE RECORD PERIOD 1897-1986

RECORD HIGH..............    108 IN 1923
RECORD LOW...............     44 IN 1984

RECORD RAINFALL..........   0.16 IN 1926

$$

NNNN
