000
CDUS41 KPHI 250546
CLIRDG


CLIMATE REPORT
NATIONAL WEATHER SERVICE MOUNT HOLLY NJ
144 AM EDT MON SEP 25 2017


...................................

...THE READING PA CLIMATE SUMMARY FOR SEPTEMBER 24 2017...

CLIMATE NORMAL PERIOD 1981 TO 2010
CLIMATE RECORD PERIOD 1869 TO 2017


WEATHER ITEM   OBSERVED TIME   RECORD YEAR NORMAL DEPARTURE LAST
                VALUE   (LST)  VALUE       VALUE  FROM      YEAR
                                                  NORMAL
..................................................................
TEMPERATURE (F)
 YESTERDAY
  MAXIMUM         90    328 PM  95    1970  72     18       73
  MINIMUM         62    621 AM  30    1974  52     10       54
  AVERAGE         76                        62     14       64

PRECIPITATION (IN)
  YESTERDAY        0.00          2.83 1912   0.17  -0.17     0.06
  MONTH TO DATE    3.61                      3.32   0.29     2.53
  SINCE SEP 1      3.61                      3.32   0.29     2.53
  SINCE JAN 1     37.05                     32.28   4.77    27.04

DEGREE DAYS
 HEATING
  YESTERDAY        0                         4     -4        1
  MONTH TO DATE   39                        39      0        1
  SINCE SEP 1     39                        39      0        1
  SINCE JUL 1     43                        44     -1        1

 COOLING
  YESTERDAY       11                         1     10        0
  MONTH TO DATE  107                        79     28      191
  SINCE SEP 1    107                        79     28      191
  SINCE JAN 1    996                       882    114     1333
..................................................................


WIND (MPH)
  HIGHEST WIND SPEED    10   HIGHEST WIND DIRECTION     E (70)
  HIGHEST GUST SPEED    16   HIGHEST GUST DIRECTION     N (10)
  AVERAGE WIND SPEED     1.9


SKY COVER
  POSSIBLE SUNSHINE  MM
  AVERAGE SKY COVER 0.0


WEATHER CONDITIONS
 THE FOLLOWING WEATHER WAS RECORDED YESTERDAY.
  NO SIGNIFICANT WEATHER WAS OBSERVED.


RELATIVE HUMIDITY (PERCENT)
 HIGHEST   100           300 AM
 LOWEST     44           300 PM
 AVERAGE    72

..........................................................


THE READING PA CLIMATE NORMALS FOR TODAY
                         NORMAL    RECORD    YEAR
 MAXIMUM TEMPERATURE (F)   72        92      1970
 MINIMUM TEMPERATURE (F)   51        34      1974


SUNRISE AND SUNSET
SEPTEMBER 25 2017.....SUNRISE   655 AM EDT   SUNSET   656 PM EDT
SEPTEMBER 26 2017.....SUNRISE   656 AM EDT   SUNSET   654 PM EDT


-  INDICATES NEGATIVE NUMBERS.
R  INDICATES RECORD WAS SET OR TIED.
MM INDICATES DATA IS MISSING.
T  INDICATES TRACE AMOUNT.




$$
