000
CDUS41 KPHI 240548
CLIRDG


CLIMATE REPORT
NATIONAL WEATHER SERVICE MOUNT HOLLY NJ
146 AM EDT MON JUL 24 2017


...................................

...THE READING PA CLIMATE SUMMARY FOR JULY 23 2017...

CLIMATE NORMAL PERIOD 1981 TO 2010
CLIMATE RECORD PERIOD 1869 TO 2017


WEATHER ITEM   OBSERVED TIME   RECORD YEAR NORMAL DEPARTURE LAST
                VALUE   (LST)  VALUE       VALUE  FROM      YEAR
                                                  NORMAL
..................................................................
TEMPERATURE (F)
 YESTERDAY
  MAXIMUM         85    323 PM 100    2011  85      0       98
  MINIMUM         71    503 AM  52    1981  64      7       73
  AVERAGE         78                        75      3       86

PRECIPITATION (IN)
  YESTERDAY        0.23          2.86 1969   0.15   0.08      T
  MONTH TO DATE    5.89                      3.38   2.51     1.92
  SINCE JUN 1     11.16                      7.16   4.00     3.74
  SINCE JAN 1     24.58                     24.18   0.40    17.74

DEGREE DAYS
 HEATING
  YESTERDAY        0                         0      0        0
  MONTH TO DATE    0                         0      0        0
  SINCE JUN 1     16                        24     -8        9
  SINCE JUL 1      0                         0      0        0

 COOLING
  YESTERDAY       13                        10      3       21
  MONTH TO DATE  295                       227     68      300
  SINCE JUN 1    529                       416    113      526
  SINCE JAN 1    604                       476    128      620
..................................................................


WIND (MPH)
  HIGHEST WIND SPEED    14   HIGHEST WIND DIRECTION    SE (140)
  HIGHEST GUST SPEED    20   HIGHEST GUST DIRECTION    SE (150)
  AVERAGE WIND SPEED     4.1


SKY COVER
  POSSIBLE SUNSHINE  MM
  AVERAGE SKY COVER 0.8


WEATHER CONDITIONS
 THE FOLLOWING WEATHER WAS RECORDED YESTERDAY.
  HEAVY RAIN
  RAIN
  LIGHT RAIN
  FOG


RELATIVE HUMIDITY (PERCENT)
 HIGHEST   100          1200 AM
 LOWEST     69           200 PM
 AVERAGE    85

..........................................................


THE READING PA CLIMATE NORMALS FOR TODAY
                         NORMAL    RECORD    YEAR
 MAXIMUM TEMPERATURE (F)   85        96      2016
                                             2010
 MINIMUM TEMPERATURE (F)   64        51      1985


SUNRISE AND SUNSET
JULY 24 2017..........SUNRISE   554 AM EDT   SUNSET   826 PM EDT
JULY 25 2017..........SUNRISE   555 AM EDT   SUNSET   825 PM EDT


-  INDICATES NEGATIVE NUMBERS.
R  INDICATES RECORD WAS SET OR TIED.
MM INDICATES DATA IS MISSING.
T  INDICATES TRACE AMOUNT.




$$
