000
CDUS41 KPHI 040629
CLIRDG


CLIMATE REPORT
NATIONAL WEATHER SERVICE MOUNT HOLLY NJ
229 AM EDT FRI SEP 4 2015


...................................

...THE READING PA CLIMATE SUMMARY FOR SEPTEMBER 3 2015...

CLIMATE NORMAL PERIOD 1981 TO 2010
CLIMATE RECORD PERIOD 1869 TO 2015


WEATHER ITEM   OBSERVED TIME   RECORD YEAR NORMAL DEPARTURE LAST
                VALUE   (LST)  VALUE       VALUE  FROM      YEAR
                                                  NORMAL
..................................................................
TEMPERATURE (F)
 YESTERDAY
  MAXIMUM         93    320 PM  97    1980  80     13       83
  MINIMUM         67    550 AM  45    1976  60      7       65
  AVERAGE         80                        70     10       74

PRECIPITATION (IN)
  YESTERDAY        0.00          2.20 1963   0.11  -0.11     0.00
  MONTH TO DATE    0.00                      0.31  -0.31     0.11
  SINCE SEP 1      0.00                      0.31  -0.31     0.11
  SINCE JAN 1     25.38                     29.27  -3.89    30.54

SNOWFALL (IN)
  YESTERDAY       MM            MM      MM  MM     MM       MM
  MONTH TO DATE   MM                        MM     MM       MM
  SINCE SEP 1     MM                        MM     MM       MM
  SINCE JUL 1     MM                        MM     MM       MM
  SNOW DEPTH      MM

DEGREE DAYS
 HEATING
  YESTERDAY        0                         0      0        0
  MONTH TO DATE    0                         0      0        0
  SINCE SEP 1      0                         0      0        0
  SINCE JUL 1      0                         5     -5        1

 COOLING
  YESTERDAY       15                         5     10        9
  MONTH TO DATE   42                        17     25       40
  SINCE SEP 1     42                        17     25       40
  SINCE JAN 1   1037                       820    217      861
..................................................................


WIND (MPH)
  HIGHEST WIND SPEED    14   HIGHEST WIND DIRECTION    NW (330)
  HIGHEST GUST SPEED    18   HIGHEST GUST DIRECTION    NW (320)
  AVERAGE WIND SPEED     3.0


SKY COVER
  POSSIBLE SUNSHINE  MM
  AVERAGE SKY COVER 0.1


WEATHER CONDITIONS
 THE FOLLOWING WEATHER WAS RECORDED YESTERDAY.
  THUNDERSTORM
  FOG
  HAZE


RELATIVE HUMIDITY (PERCENT)
 HIGHEST    90           100 AM
 LOWEST     41           300 PM
 AVERAGE    66

..........................................................


THE READING PA CLIMATE NORMALS FOR TODAY
                         NORMAL    RECORD    YEAR
 MAXIMUM TEMPERATURE (F)   80        94      2008
                                             1929
                                             1898
 MINIMUM TEMPERATURE (F)   59        46      1987


SUNRISE AND SUNSET
SEPTEMBER  4 2015.....SUNRISE   634 AM EDT   SUNSET   731 PM EDT
SEPTEMBER  5 2015.....SUNRISE   635 AM EDT   SUNSET   730 PM EDT


-  INDICATES NEGATIVE NUMBERS.
R  INDICATES RECORD WAS SET OR TIED.
MM INDICATES DATA IS MISSING.
T  INDICATES TRACE AMOUNT.




$$
