000
CDUS41 KPHI 212133
CLIRDG


CLIMATE REPORT
NATIONAL WEATHER SERVICE MOUNT HOLLY NJ
533 PM EDT TUE OCT 21 2014


...................................

...THE READING PA CLIMATE SUMMARY FOR OCTOBER 21 2014...
VALID TODAY AS OF 0500 PM LOCAL TIME.

CLIMATE NORMAL PERIOD 1981 TO 2010
CLIMATE RECORD PERIOD 1869 TO 2014


WEATHER ITEM   OBSERVED TIME   RECORD YEAR NORMAL DEPARTURE LAST
                VALUE   (LST)  VALUE       VALUE  FROM      YEAR
                                                  NORMAL
..................................................................
TEMPERATURE (F)
 TODAY
  MAXIMUM         66    147 PM  86    1947  63      3       67
  MINIMUM         51    717 AM  22    1972  41     10       37
  AVERAGE         59                        52      7       52

PRECIPITATION (IN)
  TODAY            0.05          5.25 1873   0.09  -0.04     0.00
  MONTH TO DATE    4.27                      2.43   1.84     4.73
  SINCE SEP 1      6.07                      6.77  -0.70     6.04
  SINCE JAN 1     36.50                     35.73   0.77    35.18

SNOWFALL (IN)
  TODAY           MM            MM      MM  MM     MM       MM
  MONTH TO DATE   MM                        MM     MM       MM
  SINCE SEP 1     MM                        MM     MM       MM
  SINCE JUL 1     MM                        MM     MM       MM
  SNOW DEPTH      MM

DEGREE DAYS
 HEATING
  TODAY            6                        13     -7       13
  MONTH TO DATE  142                       214    -72      106
  SINCE SEP 1    196                       288    -92      196
  SINCE JUL 1    197                       293    -96      196

 COOLING
  TODAY            0                         0      0        0
  MONTH TO DATE   16                         5     11       42
  SINCE SEP 1    141                        89     52      140
  SINCE JAN 1    962                       892     70     1124
..................................................................


WIND (MPH)
  HIGHEST WIND SPEED     9   HIGHEST WIND DIRECTION    NW (330)
  HIGHEST GUST SPEED    12   HIGHEST GUST DIRECTION    NW (320)
  AVERAGE WIND SPEED     1.5


SKY COVER
  POSSIBLE SUNSHINE  MM
  AVERAGE SKY COVER 0.6


WEATHER CONDITIONS
 THE FOLLOWING WEATHER WAS RECORDED TODAY.
  LIGHT RAIN
  FOG


RELATIVE HUMIDITY (PERCENT)
 HIGHEST    96           500 AM
 LOWEST     56           100 PM
 AVERAGE    76

..........................................................


THE READING PA CLIMATE NORMALS FOR TOMORROW
                         NORMAL    RECORD    YEAR
 MAXIMUM TEMPERATURE (F)   62        88      1979
 MINIMUM TEMPERATURE (F)   41        24      1972


SUNRISE AND SUNSET
OCTOBER 21 2014.......SUNRISE   721 AM EDT   SUNSET   615 PM EDT
OCTOBER 22 2014.......SUNRISE   722 AM EDT   SUNSET   614 PM EDT


-  INDICATES NEGATIVE NUMBERS.
R  INDICATES RECORD WAS SET OR TIED.
MM INDICATES DATA IS MISSING.
T  INDICATES TRACE AMOUNT.




$$
