000
CDUS41 KPHI 190623
CLIRDG


CLIMATE REPORT
NATIONAL WEATHER SERVICE MOUNT HOLLY NJ
120 AM EST FRI JAN 19 2018


...................................

...THE READING PA CLIMATE SUMMARY FOR JANUARY 18 2018...

CLIMATE NORMAL PERIOD 1981 TO 2010
CLIMATE RECORD PERIOD 1869 TO 2018


WEATHER ITEM   OBSERVED TIME   RECORD YEAR NORMAL DEPARTURE LAST
                VALUE   (LST)  VALUE       VALUE  FROM      YEAR
                                                  NORMAL
..................................................................
TEMPERATURE (F)
 YESTERDAY
  MAXIMUM         32        MM  63    1986  37     -5       49
  MINIMUM         12        MM  -9    1977  21     -9       37
  AVERAGE         22                        29     -7       43

PRECIPITATION (IN)
  YESTERDAY        0.00          2.05 1978   0.09  -0.09      T
  MONTH TO DATE    1.77                      1.91  -0.14     1.59
  SINCE DEC 1      3.29                      5.20  -1.91     3.72
  SINCE JAN 1      1.77                      1.91  -0.14     1.59

DEGREE DAYS
 HEATING
  YESTERDAY       43                        36      7       22
  MONTH TO DATE  743                       633    110      577
  SINCE DEC 1   1765                      1597    168     1493
  SINCE JUL 1   2669                      2664      5     2347

 COOLING
  YESTERDAY        0                         0      0        0
  MONTH TO DATE    0                         0      0        0
  SINCE DEC 1      0                         0      0        0
  SINCE JAN 1      0                         0      0        0
..................................................................


WIND (MPH)
  HIGHEST WIND SPEED    20   HIGHEST WIND DIRECTION    NW (320)
  HIGHEST GUST SPEED    24   HIGHEST GUST DIRECTION    NW (300)
  AVERAGE WIND SPEED     6.2


SKY COVER
  POSSIBLE SUNSHINE  MM
  AVERAGE SKY COVER 0.0


WEATHER CONDITIONS
 THE FOLLOWING WEATHER WAS RECORDED YESTERDAY.
  NO SIGNIFICANT WEATHER WAS OBSERVED.


RELATIVE HUMIDITY (PERCENT)
 HIGHEST    MM
 LOWEST     MM
 AVERAGE    MM

..........................................................


THE READING PA CLIMATE NORMALS FOR TODAY
                         NORMAL    RECORD    YEAR
 MAXIMUM TEMPERATURE (F)   37        65      1951
 MINIMUM TEMPERATURE (F)   21       -13      1994


SUNRISE AND SUNSET
JANUARY 19 2018.......SUNRISE   723 AM EST   SUNSET   507 PM EST
JANUARY 20 2018.......SUNRISE   722 AM EST   SUNSET   508 PM EST


-  INDICATES NEGATIVE NUMBERS.
R  INDICATES RECORD WAS SET OR TIED.
MM INDICATES DATA IS MISSING.
T  INDICATES TRACE AMOUNT.




$$
