000
CDUS41 KPHI 242130
CLIRDG


CLIMATE REPORT
NATIONAL WEATHER SERVICE MOUNT HOLLY NJ
530 PM EDT SUN MAY 24 2015


...................................

...THE READING PA CLIMATE SUMMARY FOR MAY 24 2015...
VALID TODAY AS OF 0500 PM LOCAL TIME.

CLIMATE NORMAL PERIOD 1981 TO 2010
CLIMATE RECORD PERIOD 1869 TO 2015


WEATHER ITEM   OBSERVED TIME   RECORD YEAR NORMAL DEPARTURE LAST
                VALUE   (LST)  VALUE       VALUE  FROM      YEAR
                                                  NORMAL
..................................................................
TEMPERATURE (F)
 TODAY
  MAXIMUM         82    352 PM  92    1975  75      7       74
  MINIMUM         44    506 AM  38    1963  53     -9       55
  AVERAGE         63                        64     -1       65

PRECIPITATION (IN)
  TODAY            0.00          1.96 1897   0.18  -0.18     0.00
  MONTH TO DATE    0.44                      3.07  -2.63     3.06
  SINCE MAR 1      6.95                     10.32  -3.37    11.70
  SINCE JAN 1     10.69                     15.85  -5.16    18.38

SNOWFALL (IN)
  TODAY           MM            MM      MM  MM     MM       MM
  MONTH TO DATE   MM                        MM     MM       MM
  SINCE MAR 1     MM                        MM     MM       MM
  SINCE JUL 1     MM                        MM     MM       MM
  SNOW DEPTH      MM

DEGREE DAYS
 HEATING
  TODAY            2                         4     -2        0
  MONTH TO DATE   68                       149    -81       96
  SINCE MAR 1   1357                      1305     52     1426
  SINCE JUL 1   5662                      5347    315     5736

 COOLING
  TODAY            0                         2     -2        0
  MONTH TO DATE   77                        33     44       31
  SINCE MAR 1     77                        42     35       40
  SINCE JAN 1     77                        42     35       40
..................................................................


WIND (MPH)
  HIGHEST WIND SPEED    14   HIGHEST WIND DIRECTION     W (260)
  HIGHEST GUST SPEED    19   HIGHEST GUST DIRECTION     W (260)
  AVERAGE WIND SPEED     2.4


SKY COVER
  POSSIBLE SUNSHINE  MM
  AVERAGE SKY COVER 0.0


WEATHER CONDITIONS
 THE FOLLOWING WEATHER WAS RECORDED TODAY.
  NO SIGNIFICANT WEATHER WAS OBSERVED.


RELATIVE HUMIDITY (PERCENT)
 HIGHEST    83           500 AM
 LOWEST     20           300 PM
 AVERAGE    52

..........................................................


THE READING PA CLIMATE NORMALS FOR TOMORROW
                         NORMAL    RECORD    YEAR
 MAXIMUM TEMPERATURE (F)   75        93      1904
 MINIMUM TEMPERATURE (F)   53        38      1956


SUNRISE AND SUNSET
MAY 24 2015...........SUNRISE   541 AM EDT   SUNSET   821 PM EDT
MAY 25 2015...........SUNRISE   540 AM EDT   SUNSET   822 PM EDT


-  INDICATES NEGATIVE NUMBERS.
R  INDICATES RECORD WAS SET OR TIED.
MM INDICATES DATA IS MISSING.
T  INDICATES TRACE AMOUNT.




$$
