842
CDUS41 KPHI 192128
CLIRDG


CLIMATE REPORT
NATIONAL WEATHER SERVICE MOUNT HOLLY NJ
427 PM EST SUN NOV 19 2017


...................................

...THE READING PA CLIMATE SUMMARY FOR NOVEMBER 19 2017...
VALID TODAY AS OF 0400 PM LOCAL TIME.

CLIMATE NORMAL PERIOD 1981 TO 2010
CLIMATE RECORD PERIOD 1869 TO 2017


WEATHER ITEM   OBSERVED TIME   RECORD YEAR NORMAL DEPARTURE LAST
                VALUE   (LST)  VALUE       VALUE  FROM      YEAR
                                                  NORMAL
..................................................................
TEMPERATURE (F)
 TODAY
  MAXIMUM         59    509 AM  73    1921  52      7       70
  MINIMUM         46    359 PM  17    2014  34     12       35
  AVERAGE         53                        43     10       53

PRECIPITATION (IN)
  TODAY            0.18          2.25 1889   0.11   0.07     0.08
  MONTH TO DATE    1.78                      2.05  -0.27     0.47
  SINCE SEP 1      8.32                      9.61  -1.29     6.00
  SINCE JAN 1     41.76                     38.57   3.19    30.51

DEGREE DAYS
 HEATING
  TODAY           12                        22    -10       12
  MONTH TO DATE  388                       361     27      310
  SINCE SEP 1    636                       794   -158      611
  SINCE JUL 1    640                       799   -159      611

 COOLING
  TODAY            0                         0      0        0
  MONTH TO DATE    0                         0      0        0
  SINCE SEP 1    197                        93    104      214
  SINCE JAN 1   1086                       896    190     1356
..................................................................


WIND (MPH)
  HIGHEST WIND SPEED    33   HIGHEST WIND DIRECTION    NW (300)
  HIGHEST GUST SPEED    47   HIGHEST GUST DIRECTION     W (270)
  AVERAGE WIND SPEED    21.3


SKY COVER
  POSSIBLE SUNSHINE  MM
  AVERAGE SKY COVER 0.7


WEATHER CONDITIONS
 THE FOLLOWING WEATHER WAS RECORDED TODAY.
  RAIN
  LIGHT RAIN


RELATIVE HUMIDITY (PERCENT)
 HIGHEST    93           200 AM
 LOWEST     49           400 PM
 AVERAGE    71

..........................................................


THE READING PA CLIMATE NORMALS FOR TOMORROW
                         NORMAL    RECORD    YEAR
 MAXIMUM TEMPERATURE (F)   52        77      1985
 MINIMUM TEMPERATURE (F)   34        18      1984


SUNRISE AND SUNSET
NOVEMBER 19 2017......SUNRISE   655 AM EST   SUNSET   444 PM EST
NOVEMBER 20 2017......SUNRISE   656 AM EST   SUNSET   443 PM EST


-  INDICATES NEGATIVE NUMBERS.
R  INDICATES RECORD WAS SET OR TIED.
MM INDICATES DATA IS MISSING.
T  INDICATES TRACE AMOUNT.




$$
