000
CDUS46 KPDT 270836
CLIRDM

CLIMATE REPORT
NATIONAL WEATHER SERVICE PENDLETON OR
135 AM PDT MON MAR 27 2017


...................................

...THE REDMOND OR CLIMATE SUMMARY FOR MARCH 26 2017...

CLIMATE NORMAL PERIOD 1981 TO 2010
CLIMATE RECORD PERIOD 1949 TO 2017


WEATHER ITEM   OBSERVED TIME   RECORD YEAR NORMAL DEPARTURE LAST
                VALUE   (LST)  VALUE       VALUE  FROM      YEAR
                                                  NORMAL
..................................................................
TEMPERATURE (F)
 YESTERDAY
  MAXIMUM         50    440 PM  77    2015  56     -6       53
  MINIMUM         31    247 AM  14    1975  27      4       23
  AVERAGE         41                        42     -1       38

PRECIPITATION (IN)
  YESTERDAY        0.12          0.21 1984   0.03   0.09     0.00
  MONTH TO DATE    0.30                      0.55  -0.25     0.57
  SINCE OCT 1      6.81                      4.93   1.88     5.48
  SINCE JAN 1      3.06                      2.17   0.89     1.91

DEGREE DAYS
 HEATING
  YESTERDAY       24                        23      1       27
  MONTH TO DATE  568                       662    -94      615
  SINCE MAR 1    568                       662    -94      615
  SINCE JUL 1   5445                      5335    110     4746

 COOLING
  YESTERDAY        0                         0      0        0
  MONTH TO DATE    0                         0      0        0
  SINCE MAR 1      0                         0      0        0
  SINCE JAN 1      0                         0      0        0
..................................................................


WIND (MPH)
  RESULTANT WIND SPEED   5   RESULTANT WIND DIRECTION   S (180)
  HIGHEST WIND SPEED    23   HIGHEST WIND DIRECTION     W (290)
  HIGHEST GUST SPEED    27   HIGHEST GUST DIRECTION     W (290)
  AVERAGE WIND SPEED     7.6


SKY COVER
  POSSIBLE SUNSHINE  MM
  AVERAGE SKY COVER 0.9


WEATHER CONDITIONS
 THE FOLLOWING WEATHER WAS RECORDED YESTERDAY.
  RAIN
  LIGHT RAIN
  FOG


RELATIVE HUMIDITY (PERCENT)
 HIGHEST    85           300 AM
 LOWEST     56          1200 PM
 AVERAGE    71

..........................................................


THE REDMOND OR CLIMATE NORMALS FOR TODAY
                         NORMAL    RECORD    YEAR
 MAXIMUM TEMPERATURE (F)   56        77      2015
 MINIMUM TEMPERATURE (F)   27        12      2008


SUNRISE AND SUNSET
MARCH 27 2017.........SUNRISE   654 AM PDT   SUNSET   726 PM PDT
MARCH 28 2017.........SUNRISE   652 AM PDT   SUNSET   727 PM PDT


-  INDICATES NEGATIVE NUMBERS.
R  INDICATES RECORD WAS SET OR TIED.
MM INDICATES DATA IS MISSING.
T  INDICATES TRACE AMOUNT.


$$
