000
CDUS46 KPDT 010043
CLIRDM

CLIMATE REPORT
NATIONAL WEATHER SERVICE PENDLETON OR
543 PM PDT SUN AUG 31 2014


...................................

...THE REDMOND OR CLIMATE SUMMARY FOR AUGUST 31 2014...
VALID TODAY AS OF 0500 PM LOCAL TIME.

CLIMATE NORMAL PERIOD 1981 TO 2010
CLIMATE RECORD PERIOD 1949 TO 2014


WEATHER ITEM   OBSERVED TIME   RECORD YEAR NORMAL DEPARTURE LAST
                VALUE   (LST)  VALUE       VALUE  FROM      YEAR
                                                  NORMAL
..................................................................
TEMPERATURE (F)
 TODAY
  MAXIMUM         72    336 PM 100    1967  81     -9       88
  MINIMUM         47    519 AM  28    2006  42      5       48
  AVERAGE         60                        62     -2       68

PRECIPITATION (IN)
  TODAY            0.00          0.23 1983   0.02  -0.02     0.00
  MONTH TO DATE    0.96                      0.50   0.46     1.16
  SINCE OCT 1      5.71                      8.49  -2.78     6.99
  SINCE JAN 1      5.00                      5.73  -0.73     3.08

DEGREE DAYS
 HEATING
  TODAY            5                         5      0        0
  MONTH TO DATE   40                        81    -41       16
  SINCE JUN 1    294                       366    -72      221
  SINCE JUL 1     71                       149    -78       36

 COOLING
  TODAY            0                         1     -1        3
  MONTH TO DATE  103                        80     23       99
  SINCE JUN 1    297                       201     96      305
  SINCE JAN 1    297                       206     91      314
..................................................................


WIND (MPH)
  RESULTANT WIND SPEED   2   RESULTANT WIND DIRECTION  SW (240)
  HIGHEST WIND SPEED    17   HIGHEST WIND DIRECTION    NW (320)
  HIGHEST GUST SPEED    21   HIGHEST GUST DIRECTION    NW (330)
  AVERAGE WIND SPEED     5.5


SKY COVER
  POSSIBLE SUNSHINE  MM
  AVERAGE SKY COVER 0.6


WEATHER CONDITIONS
 THE FOLLOWING WEATHER WAS RECORDED TODAY.
  NO SIGNIFICANT WEATHER WAS OBSERVED.


RELATIVE HUMIDITY (PERCENT)
 HIGHEST    86          1200 AM
 LOWEST     27           300 PM
 AVERAGE    57

..........................................................


THE REDMOND OR CLIMATE NORMALS FOR TOMORROW
                         NORMAL    RECORD    YEAR
 MAXIMUM TEMPERATURE (F)   81       104      1998
 MINIMUM TEMPERATURE (F)   42        28      1973


SUNRISE AND SUNSET
AUGUST 31 2014........SUNRISE   626 AM PDT   SUNSET   742 PM PDT
SEPTEMBER  1 2014.....SUNRISE   628 AM PDT   SUNSET   741 PM PDT


-  INDICATES NEGATIVE NUMBERS.
R  INDICATES RECORD WAS SET OR TIED.
MM INDICATES DATA IS MISSING.
T  INDICATES TRACE AMOUNT.

$$
