649
CDUS46 KPDT 240943 RRA
CLIRDM

CLIMATE REPORT
NATIONAL WEATHER SERVICE PENDLETON OR
132 AM PST FRI NOV 24 2017


...................................

...THE REDMOND OR CLIMATE SUMMARY FOR NOVEMBER 23 2017...

CLIMATE NORMAL PERIOD 1981 TO 2010
CLIMATE RECORD PERIOD 1949 TO 2017


WEATHER ITEM   OBSERVED TIME   RECORD YEAR NORMAL DEPARTURE LAST
                VALUE   (LST)  VALUE       VALUE  FROM      YEAR
                                                  NORMAL
..................................................................
TEMPERATURE (F)
 YESTERDAY
  MAXIMUM         67R  1246 PM  65    1959  46     21       50
  MINIMUM         44   1159 PM  -8    1993  24     20       25
  AVERAGE         56                        35     21       38

PRECIPITATION (IN)
  YESTERDAY        0.04          0.64 1961   0.04   0.00      T
  MONTH TO DATE    0.46                      0.72  -0.26     0.19
  SINCE OCT 1      0.98                      1.36  -0.38     1.93
  SINCE JAN 1      6.45                      7.50  -1.05     7.47

DEGREE DAYS
 HEATING
  YESTERDAY        9                        30    -21       27
  MONTH TO DATE  549                       609    -60      431
  SINCE SEP 1   1360                      1405    -45     1195
  SINCE JUL 1   1383                      1554   -171     1284

 COOLING
  YESTERDAY        0                         0      0        0
  MONTH TO DATE    0                         0      0        0
  SINCE SEP 1     56                        16     40        1
  SINCE JAN 1    434                       222    212      240
..................................................................


WIND (MPH)
  RESULTANT WIND SPEED   6   RESULTANT WIND DIRECTION  SW (230)
  HIGHEST WIND SPEED    28   HIGHEST WIND DIRECTION    SW (220)
  HIGHEST GUST SPEED    38   HIGHEST GUST DIRECTION    SW (230)
  AVERAGE WIND SPEED    11.4


SKY COVER
  POSSIBLE SUNSHINE  MM
  AVERAGE SKY COVER 0.7


WEATHER CONDITIONS
 THE FOLLOWING WEATHER WAS RECORDED YESTERDAY.
  LIGHT RAIN
  FOG


RELATIVE HUMIDITY (PERCENT)
 HIGHEST    86           800 PM
 LOWEST     55          1200 AM
 AVERAGE    71

..........................................................


THE REDMOND OR CLIMATE NORMALS FOR TODAY
                         NORMAL    RECORD    YEAR
 MAXIMUM TEMPERATURE (F)   45        68      1954
 MINIMUM TEMPERATURE (F)   24       -10      1993


SUNRISE AND SUNSET
NOVEMBER 24 2017......SUNRISE   712 AM PST   SUNSET   430 PM PST
NOVEMBER 25 2017......SUNRISE   714 AM PST   SUNSET   430 PM PST


-  INDICATES NEGATIVE NUMBERS.
R  INDICATES RECORD WAS SET OR TIED.
MM INDICATES DATA IS MISSING.
T  INDICATES TRACE AMOUNT.




$$
