000
CDUS46 KPDT 070834
CLIRDM

CLIMATE REPORT
NATIONAL WEATHER SERVICE PENDLETON OR
1232 AM PST WED DEC 7 2016


...................................

...THE REDMOND OR CLIMATE SUMMARY FOR DECEMBER 6 2016...

CLIMATE NORMAL PERIOD 1981 TO 2010
CLIMATE RECORD PERIOD 1949 TO 2016


WEATHER ITEM   OBSERVED TIME   RECORD YEAR NORMAL DEPARTURE LAST
                VALUE   (LST)  VALUE       VALUE  FROM      YEAR
                                                  NORMAL
..................................................................
TEMPERATURE (F)
 YESTERDAY
  MAXIMUM         31   1226 PM  63    2015  41    -10       MM
  MINIMUM         12   1156 PM  -2    1972  21     -9       MM
  AVERAGE         22                        31     -9       MM

PRECIPITATION (IN)
  YESTERDAY        0.09          1.01 1983   0.04   0.05     0.00
  MONTH TO DATE    0.35                      0.24   0.11     0.10
  SINCE OCT 1      2.36                      1.84   0.52     1.79
  SINCE JAN 1      7.90                      7.98  -0.08     6.35

DEGREE DAYS
 HEATING
  YESTERDAY       43                        34      9       MM
  MONTH TO DATE  208                       200      8       50
  SINCE DEC 1    208                       200      8       50
  SINCE JUL 1   1672                      1974   -302     1768

 COOLING
  YESTERDAY        0                         0      0       MM
  MONTH TO DATE    0                         0      0        0
  SINCE DEC 1      0                         0      0        0
  SINCE JAN 1    240                       222     18      363
..................................................................


WIND (MPH)
  RESULTANT WIND SPEED   3   RESULTANT WIND DIRECTION   N (350)
  HIGHEST WIND SPEED    15   HIGHEST WIND DIRECTION     N (350)
  HIGHEST GUST SPEED    17   HIGHEST GUST DIRECTION     N (360)
  AVERAGE WIND SPEED     5.5


SKY COVER
  POSSIBLE SUNSHINE  MM
  AVERAGE SKY COVER 0.9


WEATHER CONDITIONS
 THE FOLLOWING WEATHER WAS RECORDED YESTERDAY.
  LIGHT SNOW
  FOG
  HAZE


RELATIVE HUMIDITY (PERCENT)
 HIGHEST    92           800 AM
 LOWEST     69           300 PM
 AVERAGE    81

..........................................................


THE REDMOND OR CLIMATE NORMALS FOR TODAY
                         NORMAL    RECORD    YEAR
 MAXIMUM TEMPERATURE (F)   41        58      1975
 MINIMUM TEMPERATURE (F)   21       -24      2013


SUNRISE AND SUNSET
DECEMBER  7 2016......SUNRISE   727 AM PST   SUNSET   426 PM PST
DECEMBER  8 2016......SUNRISE   728 AM PST   SUNSET   426 PM PST


-  INDICATES NEGATIVE NUMBERS.
R  INDICATES RECORD WAS SET OR TIED.
MM INDICATES DATA IS MISSING.
T  INDICATES TRACE AMOUNT.




$$
