000
CDUS46 KPDT 230829 RRA
CLIRDM

CLIMATE REPORT
NATIONAL WEATHER SERVICE PENDLETON OR
1227 AM PST FRI FEB 23 2018


...................................

...THE REDMOND OR CLIMATE SUMMARY FOR FEBRUARY 22 2018...

CLIMATE NORMAL PERIOD 1981 TO 2010
CLIMATE RECORD PERIOD 1949 TO 2018


WEATHER ITEM   OBSERVED TIME   RECORD YEAR NORMAL DEPARTURE LAST
                VALUE   (LST)  VALUE       VALUE  FROM      YEAR
                                                  NORMAL
..................................................................
TEMPERATURE (F)
 YESTERDAY
  MAXIMUM         25   1007 AM  69    1990  48    -23       39
  MINIMUM          7R  1159 PM  12    2010  24    -17       21
  AVERAGE         16                        36    -20       30

PRECIPITATION (IN)
  YESTERDAY        0.04          0.35 1952   0.02   0.02      T
  MONTH TO DATE    0.09                      0.52  -0.43     1.13
  SINCE OCT 1      1.37                      4.25  -2.88     6.50
  SINCE JAN 1      0.26                      1.49  -1.23     2.75

DEGREE DAYS
 HEATING
  YESTERDAY       49                        29     20       35
  MONTH TO DATE  636                       663    -27      630
  SINCE DEC 1   2639                      2729    -90     3209
  SINCE JUL 1   4218                      4503   -285     4673

 COOLING
  YESTERDAY        0                         0      0        0
  MONTH TO DATE    0                         0      0        0
  SINCE DEC 1      0                         0      0        0
  SINCE JAN 1      0                         0      0        0
..................................................................


WIND (MPH)
  RESULTANT WIND SPEED   6   RESULTANT WIND DIRECTION  NW (330)
  HIGHEST WIND SPEED    18   HIGHEST WIND DIRECTION    NW (330)
  HIGHEST GUST SPEED    22   HIGHEST GUST DIRECTION    NW (330)
  AVERAGE WIND SPEED     8.8


SKY COVER
  POSSIBLE SUNSHINE  MM
  AVERAGE SKY COVER 1.0


WEATHER CONDITIONS
 THE FOLLOWING WEATHER WAS RECORDED YESTERDAY.
  LIGHT SNOW
  FOG
  HAZE


RELATIVE HUMIDITY (PERCENT)
 HIGHEST    92           800 AM
 LOWEST     74          1200 AM
 AVERAGE    83

..........................................................


THE REDMOND OR CLIMATE NORMALS FOR TODAY
                         NORMAL    RECORD    YEAR
 MAXIMUM TEMPERATURE (F)   49        73      1995
 MINIMUM TEMPERATURE (F)   24        10      2015


SUNRISE AND SUNSET
FEBRUARY 23 2018......SUNRISE   651 AM PST   SUNSET   545 PM PST
FEBRUARY 24 2018......SUNRISE   650 AM PST   SUNSET   546 PM PST


-  INDICATES NEGATIVE NUMBERS.
R  INDICATES RECORD WAS SET OR TIED.
MM INDICATES DATA IS MISSING.
T  INDICATES TRACE AMOUNT.




$$
