000
CDUS46 KPDT 200833
CLIRDM

CLIMATE REPORT
NATIONAL WEATHER SERVICE PENDLETON OR
133 AM PDT SUN APR 20 2014


...................................

...THE REDMOND OR CLIMATE SUMMARY FOR APRIL 19 2014...

CLIMATE NORMAL PERIOD 1981 TO 2010
CLIMATE RECORD PERIOD 1949 TO 2014


WEATHER ITEM   OBSERVED TIME   RECORD YEAR NORMAL DEPARTURE LAST
                VALUE   (LST)  VALUE       VALUE  FROM      YEAR
                                                  NORMAL
..................................................................
TEMPERATURE (F)
 YESTERDAY
  MAXIMUM         65   1119 AM  80    2009  60      5       60
  MINIMUM         26    345 AM  13    2008  29     -3       36
                                      1964
  AVERAGE         46                        45      1       48

PRECIPITATION (IN)
  YESTERDAY        0.00          0.21 1981   0.03  -0.03     0.02
  MONTH TO DATE    0.34                      0.44  -0.10     0.10
  SINCE OCT 1      3.56                      5.48  -1.92     4.76
  SINCE JAN 1      2.85                      2.72   0.13     0.85

DEGREE DAYS
 HEATING
  YESTERDAY       19                        20     -1       17
  MONTH TO DATE  372                       411    -39      418
  SINCE MAR 1   1093                      1189    -96     1176
  SINCE JUL 1   5886                      5862     24     5643

 COOLING
  YESTERDAY        0                         0      0        0
  MONTH TO DATE    0                         0      0        0
  SINCE MAR 1      0                         0      0        0
  SINCE JAN 1      0                         0      0        0
..................................................................


WIND (MPH)
  RESULTANT WIND SPEED   5   RESULTANT WIND DIRECTION   W (260)
  HIGHEST WIND SPEED    28   HIGHEST WIND DIRECTION    SW (240)
  HIGHEST GUST SPEED    34   HIGHEST GUST DIRECTION    SW (240)
  AVERAGE WIND SPEED     9.6


SKY COVER
  POSSIBLE SUNSHINE  MM
  AVERAGE SKY COVER 0.3


WEATHER CONDITIONS
 THE FOLLOWING WEATHER WAS RECORDED YESTERDAY.
  NO SIGNIFICANT WEATHER WAS OBSERVED.


RELATIVE HUMIDITY (PERCENT)
 HIGHEST    85          1100 PM
 LOWEST     20           900 AM
 AVERAGE    53

..........................................................


THE REDMOND OR CLIMATE NORMALS FOR TODAY
                         NORMAL    RECORD    YEAR
 MAXIMUM TEMPERATURE (F)   60        83      2009
                                             1986
 MINIMUM TEMPERATURE (F)   30        12      2008


SUNRISE AND SUNSET
APRIL 20 2014.........SUNRISE   612 AM PDT   SUNSET   755 PM PDT
APRIL 21 2014.........SUNRISE   611 AM PDT   SUNSET   756 PM PDT


-  INDICATES NEGATIVE NUMBERS.
R  INDICATES RECORD WAS SET OR TIED.
MM INDICATES DATA IS MISSING.
T  INDICATES TRACE AMOUNT.


$$
