000
CDUS46 KPDT 280843 RRA
CLIRDM

CLIMATE REPORT
NATIONAL WEATHER SERVICE PENDLETON OR
143 AM PDT THU JUL 28 2016


...................................

...THE REDMOND OR CLIMATE SUMMARY FOR JULY 27 2016...

CLIMATE NORMAL PERIOD 1981 TO 2010
CLIMATE RECORD PERIOD 1949 TO 2016


WEATHER ITEM   OBSERVED TIME   RECORD YEAR NORMAL DEPARTURE LAST
                VALUE   (LST)  VALUE       VALUE  FROM      YEAR
                                                  NORMAL
..................................................................
TEMPERATURE (F)
 YESTERDAY
  MAXIMUM         94    343 PM 103    1968  88      6       73
  MINIMUM         47    436 AM  38    2015  47      0       38
                                      1986
  AVERAGE         71                        68      3       56

PRECIPITATION (IN)
  YESTERDAY        0.00          0.02 1983   0.02  -0.02     0.00
  MONTH TO DATE    0.64                      0.48   0.16     0.44
  SINCE OCT 1      9.04                      7.92   1.12     8.75
  SINCE JAN 1      5.47                      5.16   0.31     4.47

DEGREE DAYS
 HEATING
  YESTERDAY        0                         1     -1        9
  MONTH TO DATE   49                        64    -15       43
  SINCE JUN 1    226                       281    -55      120
  SINCE JUL 1     49                        64    -15       43

 COOLING
  YESTERDAY        6                         4      2        0
  MONTH TO DATE   44                        84    -40      108
  SINCE JUN 1    108                       108      0      215
  SINCE JAN 1    111                       113     -2      224
..................................................................


WIND (MPH)
  RESULTANT WIND SPEED   4   RESULTANT WIND DIRECTION   N (340)
  HIGHEST WIND SPEED    18   HIGHEST WIND DIRECTION     N (360)
  HIGHEST GUST SPEED    24   HIGHEST GUST DIRECTION     N (340)
  AVERAGE WIND SPEED     7.4


SKY COVER
  POSSIBLE SUNSHINE  MM
  AVERAGE SKY COVER 0.0


WEATHER CONDITIONS
 THE FOLLOWING WEATHER WAS RECORDED YESTERDAY.
  NO SIGNIFICANT WEATHER WAS OBSERVED.


RELATIVE HUMIDITY (PERCENT)
 HIGHEST    66           500 AM
 LOWEST      9           200 PM
 AVERAGE    38

..........................................................


THE REDMOND OR CLIMATE NORMALS FOR TODAY
                         NORMAL    RECORD    YEAR
 MAXIMUM TEMPERATURE (F)   88       104      1968
 MINIMUM TEMPERATURE (F)   47        32      1959


SUNRISE AND SUNSET
JULY 28 2016..........SUNRISE   548 AM PDT   SUNSET   833 PM PDT
JULY 29 2016..........SUNRISE   549 AM PDT   SUNSET   832 PM PDT


-  INDICATES NEGATIVE NUMBERS.
R  INDICATES RECORD WAS SET OR TIED.
MM INDICATES DATA IS MISSING.
T  INDICATES TRACE AMOUNT.




$$
