000
CDUS46 KPDT 310933
CLIRDM

CLIMATE REPORT
NATIONAL WEATHER SERVICE PENDLETON OR
230 AM PDT THU JUL 31 2014


...................................

...THE REDMOND OR CLIMATE SUMMARY FOR JULY 30 2014...

CLIMATE NORMAL PERIOD 1981 TO 2010
CLIMATE RECORD PERIOD 1949 TO 2014


WEATHER ITEM   OBSERVED TIME   RECORD YEAR NORMAL DEPARTURE LAST
                VALUE   (LST)  VALUE       VALUE  FROM      YEAR
                                                  NORMAL
..................................................................
TEMPERATURE (F)
 YESTERDAY
  MAXIMUM         97    240 PM 100    1999  88      9       88
  MINIMUM         50    440 AM  33    1981  47      3       44
  AVERAGE         74                        68      6       66

PRECIPITATION (IN)
  YESTERDAY        0.00          0.70 1997   0.02  -0.02     0.00
  MONTH TO DATE    0.29                      0.53  -0.24     0.00
  SINCE OCT 1      4.75                      7.97  -3.22     5.83
  SINCE JAN 1      4.04                      5.21  -1.17     1.92

DEGREE DAYS
 HEATING
  YESTERDAY        0                         1     -1        0
  MONTH TO DATE   31                        67    -36       20
  SINCE JUN 1    254                       284    -30      205
  SINCE JUL 1     31                        67    -36       20

 COOLING
  YESTERDAY        9                         4      5        1
  MONTH TO DATE  179                        96     83      161
  SINCE JUN 1    180                       120     60      200
  SINCE JAN 1    180                       125     55      209
..................................................................


WIND (MPH)
  RESULTANT WIND SPEED   1   RESULTANT WIND DIRECTION   N (340)
  HIGHEST WIND SPEED    21   HIGHEST WIND DIRECTION     W (260)
  HIGHEST GUST SPEED    27   HIGHEST GUST DIRECTION     W (260)
  AVERAGE WIND SPEED     5.4


SKY COVER
  POSSIBLE SUNSHINE  MM
  AVERAGE SKY COVER 0.0


WEATHER CONDITIONS
 THE FOLLOWING WEATHER WAS RECORDED YESTERDAY.
  NO SIGNIFICANT WEATHER WAS OBSERVED.


RELATIVE HUMIDITY (PERCENT)
 HIGHEST    63           500 AM
 LOWEST     13           300 PM
 AVERAGE    38

..........................................................


THE REDMOND OR CLIMATE NORMALS FOR TODAY
                         NORMAL    RECORD    YEAR
 MAXIMUM TEMPERATURE (F)   88       100      2009
                                             1971
 MINIMUM TEMPERATURE (F)   47        34      2006
                                             1963


SUNRISE AND SUNSET
JULY 31 2014..........SUNRISE   551 AM PDT   SUNSET   830 PM PDT
AUGUST  1 2014........SUNRISE   552 AM PDT   SUNSET   829 PM PDT


-  INDICATES NEGATIVE NUMBERS.
R  INDICATES RECORD WAS SET OR TIED.
MM INDICATES DATA IS MISSING.
T  INDICATES TRACE AMOUNT.




$$
