000
CDUS46 KPDT 300042 RRA
CLIRDM

CLIMATE REPORT
NATIONAL WEATHER SERVICE PENDLETON OR
531 PM PDT SUN MAY 29 2016


...................................

...THE REDMOND OR CLIMATE SUMMARY FOR MAY 29 2016...
VALID TODAY AS OF 0500 PM LOCAL TIME.

CLIMATE NORMAL PERIOD 1981 TO 2010
CLIMATE RECORD PERIOD 1949 TO 2016


WEATHER ITEM   OBSERVED TIME   RECORD YEAR NORMAL DEPARTURE LAST
                VALUE   (LST)  VALUE       VALUE  FROM      YEAR
                                                  NORMAL
..................................................................
TEMPERATURE (F)
 TODAY
  MAXIMUM         74    318 PM  94    1986  71      3       85
  MINIMUM         41    452 AM  26    1979  38      3       46
  AVERAGE         58                        55      3       66

PRECIPITATION (IN)
  TODAY            0.00          1.12 1998   0.04  -0.04      T
  MONTH TO DATE    1.98                      0.95   1.03     2.39
  SINCE OCT 1      7.75                      6.72   1.03     8.20
  SINCE JAN 1      4.18                      3.96   0.22     3.92

DEGREE DAYS
 HEATING
  TODAY            7                        11     -4        0
  MONTH TO DATE  299                       406   -107      359
  SINCE MAR 1   1469                      1804   -335     1637
  SINCE JUL 1   5600                      6477   -877     5670

 COOLING
  TODAY            0                         0      0        1
  MONTH TO DATE    3                         0      3        1
  SINCE MAR 1      3                         0      3        1
  SINCE JAN 1      3                         0      3        1
..................................................................


WIND (MPH)
  RESULTANT WIND SPEED   4   RESULTANT WIND DIRECTION  NW (310)
  HIGHEST WIND SPEED    22   HIGHEST WIND DIRECTION    NW (330)
  HIGHEST GUST SPEED    36   HIGHEST GUST DIRECTION     W (290)
  AVERAGE WIND SPEED     6.6


SKY COVER
  POSSIBLE SUNSHINE  MM
  AVERAGE SKY COVER 0.0


WEATHER CONDITIONS
THE FOLLOWING WEATHER WAS RECORDED TODAY.
  NO SIGNIFICANT WEATHER WAS OBSERVED.


RELATIVE HUMIDITY (PERCENT)
 HIGHEST    83           100 AM
 LOWEST     19          1200 PM
 AVERAGE    51

..........................................................


THE REDMOND OR CLIMATE NORMALS FOR TOMORROW
                         NORMAL    RECORD    YEAR
 MAXIMUM TEMPERATURE (F)   71        99      1986
 MINIMUM TEMPERATURE (F)   38        25      1988


SUNRISE AND SUNSET
MAY 29 2016...........SUNRISE   525 AM PDT   SUNSET   839 PM PDT
MAY 30 2016...........SUNRISE   525 AM PDT   SUNSET   840 PM PDT


-  INDICATES NEGATIVE NUMBERS.
R  INDICATES RECORD WAS SET OR TIED.
MM INDICATES DATA IS MISSING.
T  INDICATES TRACE AMOUNT.




$$
