473
CDUS42 KRAH 270603
CLIRDU


CLIMATE REPORT
NATIONAL WEATHER SERVICE RALEIGH NC
202 AM EDT THU APR 27 2017


...................................

...THE RALEIGH-DURHAM INTL AIRPORT NC CLIMATE SUMMARY FOR APRIL 26 2017...

CLIMATE NORMAL PERIOD 1981 TO 2010
CLIMATE RECORD PERIOD 1887 TO 2017


WEATHER ITEM   OBSERVED TIME   RECORD YEAR NORMAL DEPARTURE LAST
                VALUE   (LST)  VALUE       VALUE  FROM      YEAR
                                                  NORMAL
..................................................................
TEMPERATURE (F)
 YESTERDAY
  MAXIMUM         81    356 PM  93    1990  75      6       84
  MINIMUM         56    621 AM  34    1919  51      5       59
  AVERAGE         69                        63      6       72

PRECIPITATION (IN)
  YESTERDAY        0.00          3.37 1978   0.09  -0.09     0.00
  MONTH TO DATE    8.64                      2.57   6.07     2.22
  SINCE MAR 1     11.77                      6.68   5.09     6.26
  SINCE JAN 1     16.20                     13.41   2.79    12.67

SNOWFALL (IN)
  YESTERDAY        0.0           0.0  2002   0.0    0.0      0.0
                                      2001
  MONTH TO DATE    0.0                       0.1   -0.1      0.0
  SINCE MAR 1      0.3                       0.6   -0.3       T
  SINCE JUL 1      0.8                       6.1   -5.3      1.4
  SNOW DEPTH       0

DEGREE DAYS
 HEATING
  YESTERDAY        0                         4     -4        0
  MONTH TO DATE   74                       176   -102      177
  SINCE MAR 1    488                       600   -112      411
  SINCE JUL 1   2461                      3172   -711     2554

 COOLING
  YESTERDAY        4                         2      2        7
  MONTH TO DATE   76                        39     37       32
  SINCE MAR 1     94                        50     44       70
  SINCE JAN 1    102                        51     51       70
..................................................................


WIND (MPH)
  HIGHEST WIND SPEED    16   HIGHEST WIND DIRECTION    SW (230)
  HIGHEST GUST SPEED    23   HIGHEST GUST DIRECTION    SW (220)
  AVERAGE WIND SPEED     5.3


SKY COVER
  POSSIBLE SUNSHINE  MM
  AVERAGE SKY COVER 0.5


WEATHER CONDITIONS
 THE FOLLOWING WEATHER WAS RECORDED YESTERDAY.
  NO SIGNIFICANT WEATHER WAS OBSERVED.


RELATIVE HUMIDITY (PERCENT)
 HIGHEST   100           600 AM
 LOWEST     54           300 PM
 AVERAGE    77

..........................................................


THE RALEIGH-DURHAM INTL AIRPORT NC CLIMATE NORMALS FOR TODAY
                         NORMAL    RECORD    YEAR
 MAXIMUM TEMPERATURE (F)   75        92      1990
 MINIMUM TEMPERATURE (F)   51        32      1976


SUNRISE AND SUNSET
APRIL 27 2017.........SUNRISE   627 AM EDT   SUNSET   759 PM EDT
APRIL 28 2017.........SUNRISE   626 AM EDT   SUNSET   800 PM EDT


-  INDICATES NEGATIVE NUMBERS.
R  INDICATES RECORD WAS SET OR TIED.
MM INDICATES DATA IS MISSING.
T  INDICATES TRACE AMOUNT.


&&

CLIMATE REPORT
NWS FORECAST OFFICE
NCSU CENTENNIAL CAMPUS
RALEIGH NC

MAXIMUM TEMPERATURE... 80

MINIMUM TEMPERATURE... 56

PRECIPITATION... 0.00

$$
