000
CDUS42 KRAH 260534
CLIRDU


CLIMATE REPORT
NATIONAL WEATHER SERVICE RALEIGH NC
133 AM EDT MON JUN 26 2017


...................................

...THE RALEIGH-DURHAM INTL AIRPORT NC CLIMATE SUMMARY FOR JUNE 25 2017...

CLIMATE NORMAL PERIOD 1981 TO 2010
CLIMATE RECORD PERIOD 1887 TO 2017


WEATHER ITEM   OBSERVED TIME   RECORD YEAR NORMAL DEPARTURE LAST
                VALUE   (LST)  VALUE       VALUE  FROM      YEAR
                                                  NORMAL
..................................................................
TEMPERATURE (F)
 YESTERDAY
  MAXIMUM         84    256 PM 100    1952  89     -5       85
                                      1914
  MINIMUM         67   1159 PM  54    1936  68     -1       71
  AVERAGE         76                        79     -3       78

PRECIPITATION (IN)
  YESTERDAY        T             3.35 1980   0.12  -0.12     0.00
  MONTH TO DATE    6.11                      2.93   3.18     3.85
  SINCE JUN 1      6.11                      2.93   3.18     3.85
  SINCE JAN 1     27.97                     19.96   8.01    23.46

DEGREE DAYS
 HEATING
  YESTERDAY        0                         0      0        0
  MONTH TO DATE    1                         0      1        0
  SINCE JUN 1      1                         0      1        0
  SINCE JUL 1   2507                      3243   -736     2609

 COOLING
  YESTERDAY       11                        14     -3       13
  MONTH TO DATE  284                       277      7      298
  SINCE JUN 1    284                       277      7      298
  SINCE JAN 1    623                       486    137      534
..................................................................


WIND (MPH)
  HIGHEST WIND SPEED    12   HIGHEST WIND DIRECTION     N (360)
  HIGHEST GUST SPEED    17   HIGHEST GUST DIRECTION     W (290)
  AVERAGE WIND SPEED     3.5


SKY COVER
  POSSIBLE SUNSHINE  MM
  AVERAGE SKY COVER 0.8


WEATHER CONDITIONS
 THE FOLLOWING WEATHER WAS RECORDED YESTERDAY.
  FOG


RELATIVE HUMIDITY (PERCENT)
 HIGHEST   100           300 AM
 LOWEST     51           100 PM
 AVERAGE    76

..........................................................


THE RALEIGH-DURHAM INTL AIRPORT NC CLIMATE NORMALS FOR TODAY
                         NORMAL    RECORD    YEAR
 MAXIMUM TEMPERATURE (F)   89       102      1952
 MINIMUM TEMPERATURE (F)   68        52      1979


SUNRISE AND SUNSET
JUNE 26 2017..........SUNRISE   601 AM EDT   SUNSET   835 PM EDT
JUNE 27 2017..........SUNRISE   601 AM EDT   SUNSET   836 PM EDT


-  INDICATES NEGATIVE NUMBERS.
R  INDICATES RECORD WAS SET OR TIED.
MM INDICATES DATA IS MISSING.
T  INDICATES TRACE AMOUNT.


&&

CLIMATE REPORT
NWS FORECAST OFFICE
NCSU CENTENNIAL CAMPUS
RALEIGH NC

MAXIMUM TEMPERATURE... 86

MINIMUM TEMPERATURE... 69

PRECIPITATION... 0.01

$$
