000
CDUS42 KRAH 200736
CLIRDU


CLIMATE REPORT
NATIONAL WEATHER SERVICE RALEIGH NC
334 AM EDT SUN APR 20 2014


...................................

...THE RALEIGH-DURHAM INTL AIRPORT NC CLIMATE SUMMARY FOR APRIL 19 2014...

CLIMATE NORMAL PERIOD 1981 TO 2010
CLIMATE RECORD PERIOD 1887 TO 2014


WEATHER ITEM   OBSERVED TIME   RECORD YEAR NORMAL DEPARTURE LAST
                VALUE   (LST)  VALUE       VALUE  FROM      YEAR
                                                  NORMAL
..................................................................
TEMPERATURE (F)
 YESTERDAY
  MAXIMUM         53   1133 PM  93    1941  73    -20       84
  MINIMUM         46    830 AM  29    2001  49     -3       64
  AVERAGE         50                        61    -11       74

PRECIPITATION (IN)
  YESTERDAY        0.56          1.71 1988   0.10   0.46     0.57
  MONTH TO DATE    3.59                      1.91   1.68     2.40
  SINCE MAR 1      8.65                      6.02   2.63     5.35
  SINCE JAN 1     13.61                     12.75   0.86    12.53

SNOWFALL (IN)
  YESTERDAY        0.0           T    1983   0.0    0.0      0.0
  MONTH TO DATE    0.0                       0.1   -0.1       T
  SINCE MAR 1      0.2                       0.6   -0.4       T
  SINCE JUL 1      5.8                       6.1   -0.3      1.7
  SNOW DEPTH       0

DEGREE DAYS
 HEATING
  YESTERDAY       15                         6      9        0
  MONTH TO DATE  130                       142    -12      101
  SINCE MAR 1    713                       566    147      716
  SINCE JUL 1   3414                      3138    276     3162

 COOLING
  YESTERDAY        0                         2     -2        9
  MONTH TO DATE   22                        25     -3       48
  SINCE MAR 1     22                        36    -14       48
  SINCE JAN 1     22                        37    -15       50
..................................................................


WIND (MPH)
  HIGHEST WIND SPEED    16   HIGHEST WIND DIRECTION    NE (40)
  HIGHEST GUST SPEED    22   HIGHEST GUST DIRECTION    NE (40)
  AVERAGE WIND SPEED     9.0


SKY COVER
  POSSIBLE SUNSHINE  MM
  AVERAGE SKY COVER 1.0


WEATHER CONDITIONS
 THE FOLLOWING WEATHER WAS RECORDED YESTERDAY.
  RAIN
  LIGHT RAIN
  FOG
  HAZE


RELATIVE HUMIDITY (PERCENT)
 HIGHEST    93           400 AM
 LOWEST     64          1100 PM
 AVERAGE    79

..........................................................


THE RALEIGH-DURHAM INTL AIRPORT NC CLIMATE NORMALS FOR TODAY
                         NORMAL    RECORD    YEAR
 MAXIMUM TEMPERATURE (F)   74        93      1896
 MINIMUM TEMPERATURE (F)   49        28      1983


SUNRISE AND SUNSET
APRIL 20 2014.........SUNRISE   636 AM EDT   SUNSET   753 PM EDT
APRIL 21 2014.........SUNRISE   635 AM EDT   SUNSET   754 PM EDT


-  INDICATES NEGATIVE NUMBERS.
R  INDICATES RECORD WAS SET OR TIED.
MM INDICATES DATA IS MISSING.
T  INDICATES TRACE AMOUNT.

&&

CLIMATE REPORT NWS FORECAST OFFICE
NCSU CENTENNIAL CAMPUS
RALEIGH, NC

MAXIMUM TEMPERATURE... 53

MINIMUM TEMPERATURE... 45

PRECIPITATION... 0.58


$$
