408
CDUS42 KRAH 190705
CLIRDU

CLIMATE REPORT
NATIONAL WEATHER SERVICE RALEIGH NC
204 AM EST THU JAN 19 2017
...................................

...THE RALEIGH-DURHAM INTL AIRPORT NC CLIMATE SUMMARY FOR JANUARY 18 2017...

CLIMATE NORMAL PERIOD 1981 TO 2010
CLIMATE RECORD PERIOD 1887 TO 2017


WEATHER ITEM   OBSERVED TIME   RECORD YEAR NORMAL DEPARTURE LAST
                VALUE   (LST)  VALUE       VALUE  FROM      YEAR
                                                  NORMAL
..................................................................
TEMPERATURE (F)
 YESTERDAY
  MAXIMUM         70   1252 PM  77    1937  51     19       35
  MINIMUM         45   1157 PM   3    1977  31     14       22
  AVERAGE         58                        41     17       29

PRECIPITATION (IN)
  YESTERDAY        0.00          1.90 1943   0.11  -0.11     0.00
  MONTH TO DATE    2.85                      2.04   0.81     0.77
  SINCE DEC 1      5.04                      5.11  -0.07     6.84
  SINCE JAN 1      2.85                      2.04   0.81     0.77

SNOWFALL (IN)
  YESTERDAY        0.0           3.0  2000   0.1   -0.1      0.0
  MONTH TO DATE    0.5                       1.6   -1.1       T
  SINCE DEC 1      0.5                       2.2   -1.7       T
  SINCE JUL 1      0.5                       2.3   -1.8       T
  SNOW DEPTH       0

DEGREE DAYS
 HEATING
  YESTERDAY        7                        24    -17       36
  MONTH TO DATE  357                       438    -81      440
  SINCE DEC 1    984                      1108   -124      735
  SINCE JUL 1   1439                      1689   -250     1186

 COOLING
  YESTERDAY        0                         0      0        0
  MONTH TO DATE    0                         0      0        0
  SINCE DEC 1      0                         2     -2       27
  SINCE JAN 1      0                         0      0        0
..................................................................


WIND (MPH)
  HIGHEST WIND SPEED    17   HIGHEST WIND DIRECTION    NW (300)
  HIGHEST GUST SPEED    27   HIGHEST GUST DIRECTION     N (360)
  AVERAGE WIND SPEED     6.5


SKY COVER
  POSSIBLE SUNSHINE  MM
  AVERAGE SKY COVER 0.5


WEATHER CONDITIONS
 THE FOLLOWING WEATHER WAS RECORDED YESTERDAY.
  NO SIGNIFICANT WEATHER WAS OBSERVED.


RELATIVE HUMIDITY (PERCENT)
 HIGHEST    87           700 AM
 LOWEST     31           500 PM
 AVERAGE    59

..........................................................


THE RALEIGH-DURHAM INTL AIRPORT NC CLIMATE NORMALS FOR TODAY
                         NORMAL    RECORD    YEAR
 MAXIMUM TEMPERATURE (F)   51        73      2001
 MINIMUM TEMPERATURE (F)   31         2      1994


SUNRISE AND SUNSET
JANUARY 19 2017.......SUNRISE   723 AM EST   SUNSET   529 PM EST
JANUARY 20 2017.......SUNRISE   723 AM EST   SUNSET   530 PM EST


-  INDICATES NEGATIVE NUMBERS.
R  INDICATES RECORD WAS SET OR TIED.
MM INDICATES DATA IS MISSING.
T  INDICATES TRACE AMOUNT.

&&

CLIMATE REPORT
NWS FORECAST OFFICE
NCSU CENTENNIAL CAMPUS
RALEIGH NC

MAXIMUM TEMPERATURE... 69

MINIMUM TEMPERATURE...47

PRECIPITATION... 0

$$
