677
CDUS42 KRAH 180635
CLIRDU


CLIMATE REPORT
NATIONAL WEATHER SERVICE RALEIGH NC
231 AM EDT WED OCT 18 2017


...................................

...THE RALEIGH-DURHAM INTL AIRPORT NC CLIMATE SUMMARY FOR OCTOBER 17 2017...

CLIMATE NORMAL PERIOD 1981 TO 2010
CLIMATE RECORD PERIOD 1887 TO 2017


WEATHER ITEM   OBSERVED TIME   RECORD YEAR NORMAL DEPARTURE LAST
                VALUE   (LST)  VALUE       VALUE  FROM      YEAR
                                                  NORMAL
..................................................................
TEMPERATURE (F)
 YESTERDAY
  MAXIMUM         64    325 PM  88    1925  72     -8       82
  MINIMUM         42   1153 PM  33    1977  49     -7       57
                                      1970
  AVERAGE         53                        61     -8       70

PRECIPITATION (IN)
  YESTERDAY        0.00          2.01 1903   0.10  -0.10     0.00
  MONTH TO DATE    1.63                      1.84  -0.21     6.96
  SINCE SEP 1      3.91                      6.20  -2.29    11.57
  SINCE JAN 1     39.31                     35.74   3.57    48.32

DEGREE DAYS
 HEATING
  YESTERDAY       12                         6      6        0
  MONTH TO DATE   26                        65    -39       30
  SINCE SEP 1     33                        85    -52       30
  SINCE JUL 1     33                        86    -53       30

 COOLING
  YESTERDAY        0                         1     -1        5
  MONTH TO DATE  107                        39     68       40
  SINCE SEP 1    328                       266     62      389
  SINCE JAN 1   1960                      1707    253     2057
..................................................................


WIND (MPH)
  HIGHEST WIND SPEED    16   HIGHEST WIND DIRECTION    NE (40)
  HIGHEST GUST SPEED    21   HIGHEST GUST DIRECTION    NE (30)
  AVERAGE WIND SPEED     5.2


SKY COVER
  POSSIBLE SUNSHINE  MM
  AVERAGE SKY COVER 0.2


WEATHER CONDITIONS
 THE FOLLOWING WEATHER WAS RECORDED YESTERDAY.
  NO SIGNIFICANT WEATHER WAS OBSERVED.


RELATIVE HUMIDITY (PERCENT)
 HIGHEST    92          1100 PM
 LOWEST     31           300 PM
 AVERAGE    62

..........................................................


THE RALEIGH-DURHAM INTL AIRPORT NC CLIMATE NORMALS FOR TODAY
                         NORMAL    RECORD    YEAR
 MAXIMUM TEMPERATURE (F)   72        86      1938
 MINIMUM TEMPERATURE (F)   49        29      1977


SUNRISE AND SUNSET
OCTOBER 18 2017.......SUNRISE   725 AM EDT   SUNSET   635 PM EDT
OCTOBER 19 2017.......SUNRISE   726 AM EDT   SUNSET   634 PM EDT


-  INDICATES NEGATIVE NUMBERS.
R  INDICATES RECORD WAS SET OR TIED.
MM INDICATES DATA IS MISSING.
T  INDICATES TRACE AMOUNT.

&&

CLIMATE REPORT
NWS FORECAST OFFICE
NCSU CENTENNIAL CAMPUS
RALEIGH NC

MAXIMUM TEMPERATURE... 63

MINIMUM TEMPERATURE... 44

PRECIPITATION...0.00

$$
