000
CDUS42 KRAH 290523
CLIRDU


CLIMATE REPORT
NATIONAL WEATHER SERVICE RALEIGH NC
123 AM EDT FRI AUG 29 2014


...................................

...THE RALEIGH-DURHAM INTL AIRPORT NC CLIMATE SUMMARY FOR AUGUST 28 2014...

CLIMATE NORMAL PERIOD 1981 TO 2010
CLIMATE RECORD PERIOD 1887 TO 2014


WEATHER ITEM   OBSERVED TIME   RECORD YEAR NORMAL DEPARTURE LAST
                VALUE   (LST)  VALUE       VALUE  FROM      YEAR
                                                  NORMAL
..................................................................
TEMPERATURE (F)
 YESTERDAY
  MAXIMUM         92    238 PM 100    1948  87      5       83
  MINIMUM         65    547 AM  52    1986  67     -2       70
                                      1969
  AVERAGE         79                        77      2       77

PRECIPITATION (IN)
  YESTERDAY        0.00          2.83 1949   0.14  -0.14      T
  MONTH TO DATE    6.80                      3.84   2.96     4.88
  SINCE JUN 1     19.07                     12.09   6.98    18.44
  SINCE JAN 1     38.34                     29.12   9.22    37.47

DEGREE DAYS
 HEATING
  YESTERDAY        0                         0      0        0
  MONTH TO DATE    0                         0      0        0
  SINCE JUN 1      0                         4     -4        0
  SINCE JUL 1      0                         0      0        0

 COOLING
  YESTERDAY       14                        12      2       12
  MONTH TO DATE  300                       384    -84      310
  SINCE JUN 1   1100                      1197    -97     1087
  SINCE JAN 1   1313                      1406    -93     1265
..................................................................


WIND (MPH)
  HIGHEST WIND SPEED     9   HIGHEST WIND DIRECTION    NE (60)
  HIGHEST GUST SPEED    12   HIGHEST GUST DIRECTION    NW (320)
  AVERAGE WIND SPEED     1.4


SKY COVER
  POSSIBLE SUNSHINE  MM
  AVERAGE SKY COVER 0.4


WEATHER CONDITIONS
 THE FOLLOWING WEATHER WAS RECORDED YESTERDAY.
  FOG
  HAZE


RELATIVE HUMIDITY (PERCENT)
 HIGHEST    87           100 AM
 LOWEST     49           300 PM
 AVERAGE    68

..........................................................


THE RALEIGH-DURHAM INTL AIRPORT NC CLIMATE NORMALS FOR TODAY
                         NORMAL    RECORD    YEAR
 MAXIMUM TEMPERATURE (F)   87       100      1948
 MINIMUM TEMPERATURE (F)   67        49      1986


SUNRISE AND SUNSET
AUGUST 29 2014........SUNRISE   645 AM EDT   SUNSET   747 PM EDT
AUGUST 30 2014........SUNRISE   645 AM EDT   SUNSET   745 PM EDT


-  INDICATES NEGATIVE NUMBERS.
R  INDICATES RECORD WAS SET OR TIED.
MM INDICATES DATA IS MISSING.
T  INDICATES TRACE AMOUNT.




$$
