880
CDUS42 KRAH 310552
CLIRDU

CLIMATE REPORT
NATIONAL WEATHER SERVICE RALEIGH NC
151 AM EDT WED AUG 31 2016
...................................

...THE RALEIGH-DURHAM INTL AIRPORT NC CLIMATE SUMMARY FOR AUGUST 30 2016...

CLIMATE NORMAL PERIOD 1981 TO 2010
CLIMATE RECORD PERIOD 1887 TO 2016


WEATHER ITEM   OBSERVED TIME   RECORD YEAR NORMAL DEPARTURE LAST
                VALUE   (LST)  VALUE       VALUE  FROM      YEAR
                                                  NORMAL
..................................................................
TEMPERATURE (F)
 YESTERDAY
  MAXIMUM         92    444 PM 103    1932  87      5       86
  MINIMUM         67    528 AM  46    1965  67      0       63
  AVERAGE         80                        77      3       75

PRECIPITATION (IN)
  YESTERDAY        0.00          2.99 1959   0.13  -0.13     0.00
  MONTH TO DATE    3.01                      4.12  -1.11     3.07
  SINCE JUN 1     17.14                     12.37   4.77    14.43
  SINCE JAN 1     36.75                     29.40   7.35    32.27

DEGREE DAYS
 HEATING
  YESTERDAY        0                         0      0        0
  MONTH TO DATE    0                         0      0        0
  SINCE JUN 1      0                         4     -4        0
  SINCE JUL 1      0                         0      0        0

 COOLING
  YESTERDAY       15                        12      3       10
  MONTH TO DATE  520                       408    112      402
  SINCE JUN 1   1414                      1221    193     1311
  SINCE JAN 1   1650                      1430    220     1581
..................................................................


WIND (MPH)
  HIGHEST WIND SPEED    14   HIGHEST WIND DIRECTION    NE (40)
  HIGHEST GUST SPEED    18   HIGHEST GUST DIRECTION    NE (50)
  AVERAGE WIND SPEED     4.8


SKY COVER
  POSSIBLE SUNSHINE  MM
  AVERAGE SKY COVER 0.4


WEATHER CONDITIONS
 THE FOLLOWING WEATHER WAS RECORDED YESTERDAY.
  NO SIGNIFICANT WEATHER WAS OBSERVED.


RELATIVE HUMIDITY (PERCENT)
 HIGHEST    87           600 AM
 LOWEST     41           200 PM
 AVERAGE    64

..........................................................


THE RALEIGH-DURHAM INTL AIRPORT NC CLIMATE NORMALS FOR TODAY
                         NORMAL    RECORD    YEAR
 MAXIMUM TEMPERATURE (F)   86       103      1932
 MINIMUM TEMPERATURE (F)   67        49      1976
                                             1946


SUNRISE AND SUNSET
AUGUST 31 2016........SUNRISE   647 AM EDT   SUNSET   743 PM EDT
SEPTEMBER  1 2016.....SUNRISE   647 AM EDT   SUNSET   742 PM EDT


-  INDICATES NEGATIVE NUMBERS.
R  INDICATES RECORD WAS SET OR TIED.
MM INDICATES DATA IS MISSING.
T  INDICATES TRACE AMOUNT.


&&

CLIMATE REPORT
NWS FORECAST OFFICE
NCSU CENTENNIAL CAMPUS
RALEIGH NC

MAXIMUM TEMPERATURE...91

MINIMUM TEMPERATURE...69

PRECIPITATION...0


$$
