000
CDUS42 KRAH 010721
CLIRDU


CLIMATE REPORT
NATIONAL WEATHER SERVICE RALEIGH NC
319 AM EDT WED OCT 1 2014


...................................

...THE RALEIGH-DURHAM INTL AIRPORT NC CLIMATE SUMMARY FOR SEPTEMBER 30 2014...

CLIMATE NORMAL PERIOD 1981 TO 2010
CLIMATE RECORD PERIOD 1887 TO 2014


WEATHER ITEM   OBSERVED TIME   RECORD YEAR NORMAL DEPARTURE LAST
                VALUE   (LST)  VALUE       VALUE  FROM      YEAR
                                                  NORMAL
..................................................................
TEMPERATURE (F)
 YESTERDAY
  MAXIMUM         75    406 PM  89    1954  77     -2       76
  MINIMUM         59   1159 PM  39    1951  56      3       51
                                      1888
  AVERAGE         67                        67      0       64

PRECIPITATION (IN)
  YESTERDAY        0.00          2.65 1944   0.13  -0.13     0.00
  MONTH TO DATE    5.91                      4.36   1.55     2.91
  SINCE SEP 1      5.91                      4.36   1.55     2.91
  SINCE JAN 1     44.32                     33.90  10.42    40.38

DEGREE DAYS
 HEATING
  YESTERDAY        0                         2     -2        1
  MONTH TO DATE   10                        18     -8       11
  SINCE SEP 1     10                        20    -10       11
  SINCE JUL 1     10                        21    -11       11

 COOLING
  YESTERDAY        2                         4     -2        0
  MONTH TO DATE  234                       227      7      189
  SINCE SEP 1    234                       227      7      189
  SINCE JAN 1   1592                      1668    -76     1495
..................................................................


WIND (MPH)
  HIGHEST WIND SPEED     7   HIGHEST WIND DIRECTION     E (90)
  HIGHEST GUST SPEED    13   HIGHEST GUST DIRECTION     E (100)
  AVERAGE WIND SPEED     1.4


SKY COVER
  POSSIBLE SUNSHINE  MM
  AVERAGE SKY COVER 0.6


WEATHER CONDITIONS
 THE FOLLOWING WEATHER WAS RECORDED YESTERDAY.
  FOG
  FOG W/VISIBILITY <= 1/4 MILE
  HAZE


RELATIVE HUMIDITY (PERCENT)
 HIGHEST   100           200 AM
 LOWEST     68           300 PM
 AVERAGE    84

..........................................................


THE RALEIGH-DURHAM INTL AIRPORT NC CLIMATE NORMALS FOR TODAY
                         NORMAL    RECORD    YEAR
 MAXIMUM TEMPERATURE (F)   77        90      1986
                                             1954
 MINIMUM TEMPERATURE (F)   56        37      1993
                                             1947
                                             1946


SUNRISE AND SUNSET
OCTOBER  1 2014.......SUNRISE   710 AM EDT   SUNSET   659 PM EDT
OCTOBER  2 2014.......SUNRISE   711 AM EDT   SUNSET   657 PM EDT


-  INDICATES NEGATIVE NUMBERS.
R  INDICATES RECORD WAS SET OR TIED.
MM INDICATES DATA IS MISSING.
T  INDICATES TRACE AMOUNT.


&&

CLIMATE REPORT NWS FORECAST OFFICE
NCSU CENTENNIAL CAMPUS
RALEIGH, NC

MAXIMUM TEMPERATURE... 76

MINIMUM TEMPERATURE... 60

PRECIPITATION... 0.00

$$
