171
CDUS42 KRAH 232054
CLIRDU


CLIMATE REPORT
NATIONAL WEATHER SERVICE RALEIGH NC
453 PM EDT WED AUG 23 2017


...................................

...THE RALEIGH-DURHAM INTL AIRPORT NC CLIMATE SUMMARY FOR AUGUST 23 2017...
VALID TODAY AS OF 0445 PM LOCAL TIME.

CLIMATE NORMAL PERIOD 1981 TO 2010
CLIMATE RECORD PERIOD 1887 TO 2017


WEATHER ITEM   OBSERVED TIME   RECORD YEAR NORMAL DEPARTURE LAST
                VALUE   (LST)  VALUE       VALUE  FROM      YEAR
                                                  NORMAL
..................................................................
TEMPERATURE (F)
 TODAY
  MAXIMUM         95   1251 PM 103    2002  88      7       89
  MINIMUM         75    603 AM  52    1997  68      7       65
  AVERAGE         85                        78      7       77

PRECIPITATION (IN)
  TODAY            0.21          2.11 1916   0.16   0.05     0.00
  MONTH TO DATE    4.74                      3.08   1.66     2.83
  SINCE JUN 1     13.28                     11.33   1.95    16.96
  SINCE JAN 1     35.14                     28.36   6.78    36.57

DEGREE DAYS
 HEATING
  TODAY            0                         0      0        0
  MONTH TO DATE    0                         0      0        0
  SINCE JUN 1      1                         4     -3        0
  SINCE JUL 1      0                         0      0        0

 COOLING
  TODAY           20                        13      7       12
  MONTH TO DATE  363                       322     41      406
  SINCE JUN 1   1222                      1135     87     1300
  SINCE JAN 1   1561                      1344    217     1536
..................................................................


WIND (MPH)
  HIGHEST WIND SPEED    15   HIGHEST WIND DIRECTION    NW (320)
  HIGHEST GUST SPEED    21   HIGHEST GUST DIRECTION    NW (330)
  AVERAGE WIND SPEED     7.2


SKY COVER
  POSSIBLE SUNSHINE  MM
  AVERAGE SKY COVER 0.3


WEATHER CONDITIONS
 THE FOLLOWING WEATHER WAS RECORDED TODAY.
  THUNDERSTORM
  HEAVY RAIN
  LIGHT RAIN
  FOG


RELATIVE HUMIDITY (PERCENT)
 HIGHEST    94           400 AM
 LOWEST     49           100 PM
 AVERAGE    72

..........................................................


THE RALEIGH-DURHAM INTL AIRPORT NC CLIMATE NORMALS FOR TOMORROW
                         NORMAL    RECORD    YEAR
 MAXIMUM TEMPERATURE (F)   88       100      2002
 MINIMUM TEMPERATURE (F)   68        52      1890


SUNRISE AND SUNSET
AUGUST 23 2017........SUNRISE   640 AM EDT   SUNSET   754 PM EDT
AUGUST 24 2017........SUNRISE   641 AM EDT   SUNSET   753 PM EDT


-  INDICATES NEGATIVE NUMBERS.
R  INDICATES RECORD WAS SET OR TIED.
MM INDICATES DATA IS MISSING.
T  INDICATES TRACE AMOUNT.

&&

CLIMATE REPORT
NWS FORECAST OFFICE
NCSU CENTENNIAL CAMPUS
RALEIGH NC

MAXIMUM TEMPERATURE... 95

MINIMUM TEMPERATURE... 74

PRECIPITATION... 0.04

$$
