000
CDUS46 KBOI 230932
CLIREO


CLIMATE REPORT
NATIONAL WEATHER SERVICE BOISE ID
231 AM MST MON JAN 23 2017


...................................

...THE ROME OR CLIMATE SUMMARY FOR JANUARY 22 2017...

CLIMATE NORMAL PERIOD 1981 TO 2010
CLIMATE RECORD PERIOD 9999 TO 9999


WEATHER ITEM   OBSERVED TIME   NORMAL DEPARTURE LAST
                VALUE   (LST)  VALUE  FROM      YEAR
                                      NORMAL
......................................................
TEMPERATURE (F)
 YESTERDAY
  MAXIMUM         39    408 PM  39      0       45
  MINIMUM         27   1130 PM  20      7       32
  AVERAGE         33            30      3       39

PRECIPITATION (IN)
  YESTERDAY        0.06          0.02   0.04     0.00
  MONTH TO DATE    1.82          0.48   1.34     0.21
  SINCE OCT 1      4.20          2.67   1.53     4.64
  SINCE JAN 1      1.82          0.48   1.34     0.21

DEGREE DAYS
 HEATING
  YESTERDAY       32            35     -3       26
  MONTH TO DATE  905           790    115      819
  SINCE DEC 1   2194          1924    270     1854
  SINCE JUL 1   3429          3537   -108     3110

 COOLING
  YESTERDAY        0             0      0        0
  MONTH TO DATE    0             0      0        0
  SINCE DEC 1      0             0      0        0
  SINCE JAN 1      0             0      0        0
......................................................


WIND (MPH)
  RESULTANT WIND SPEED   8   RESULTANT WIND DIRECTION  SE (150)
  HIGHEST WIND SPEED    25   HIGHEST WIND DIRECTION    SW (230)
  HIGHEST GUST SPEED    32   HIGHEST GUST DIRECTION    SW (230)
  AVERAGE WIND SPEED     9.7


SKY COVER
  AVERAGE SKY COVER 0.0


WEATHER CONDITIONS
 THE FOLLOWING WEATHER WAS RECORDED YESTERDAY.
  NO SIGNIFICANT WEATHER WAS OBSERVED.


RELATIVE HUMIDITY (PERCENT)
 HIGHEST    92          1200 PM
 LOWEST     59           600 AM
 AVERAGE    76

..........................................................


THE ROME OR CLIMATE NORMALS FOR TODAY
                         NORMAL    RECORD    YEAR
 MAXIMUM TEMPERATURE (F)   40        MM        MM
 MINIMUM TEMPERATURE (F)   20        MM        MM


SUNRISE AND SUNSET
JANUARY 23 2017.......SUNRISE   713 AM PST   SUNSET   454 PM PST
JANUARY 24 2017.......SUNRISE   713 AM PST   SUNSET   455 PM PST


-  INDICATES NEGATIVE NUMBERS.
R  INDICATES RECORD WAS SET OR TIED.
MM INDICATES DATA IS MISSING.
T  INDICATES TRACE AMOUNT.




$$
