000
CDUS46 KBOI 240933
CLIREO


CLIMATE REPORT
NATIONAL WEATHER SERVICE BOISE ID
233 AM MST FRI NOV 24 2017


...................................

...THE ROME OR CLIMATE SUMMARY FOR NOVEMBER 23 2017...

CLIMATE NORMAL PERIOD 1981 TO 2010
CLIMATE RECORD PERIOD 9999 TO 9999


WEATHER ITEM   OBSERVED TIME   NORMAL DEPARTURE LAST
                VALUE   (LST)  VALUE  FROM      YEAR
                                      NORMAL
......................................................
TEMPERATURE (F)
 YESTERDAY
  MAXIMUM         71    141 PM  45     26       48
  MINIMUM         50    528 AM  21     29       24
  AVERAGE         61            33     28       36

PRECIPITATION (IN)
  YESTERDAY        0.00          0.02  -0.02     0.00
  MONTH TO DATE    1.08          0.48   0.60     0.00
  SINCE OCT 1      1.28          1.22   0.06     0.58
  SINCE JAN 1      8.40          7.95   0.45     4.89

DEGREE DAYS
 HEATING
  YESTERDAY        4            32    -28       29
  MONTH TO DATE  514           625   -111      465
  SINCE SEP 1   1236          1341   -105     1013
  SINCE JUL 1   1236          1382   -146     1034

 COOLING
  YESTERDAY        0             0      0        0
  MONTH TO DATE    0             0      0        0
  SINCE SEP 1    132            41     91       36
  SINCE JAN 1   1037           507    530      697
......................................................


WIND (MPH)
  RESULTANT WIND SPEED  11   RESULTANT WIND DIRECTION   S (200)
  HIGHEST WIND SPEED    25   HIGHEST WIND DIRECTION    SW (220)
  HIGHEST GUST SPEED    33   HIGHEST GUST DIRECTION    SW (230)
  AVERAGE WIND SPEED    12.9


SKY COVER
  AVERAGE SKY COVER 0.0


WEATHER CONDITIONS
 THE FOLLOWING WEATHER WAS RECORDED YESTERDAY.
  NO SIGNIFICANT WEATHER WAS OBSERVED.


RELATIVE HUMIDITY (PERCENT)
 HIGHEST    71          1200 AM
 LOWEST     37          1000 AM
 AVERAGE    54

..........................................................


THE ROME OR CLIMATE NORMALS FOR TODAY
                         NORMAL    RECORD    YEAR
 MAXIMUM TEMPERATURE (F)   45        MM        MM
 MINIMUM TEMPERATURE (F)   21        MM        MM


SUNRISE AND SUNSET
NOVEMBER 24 2017......SUNRISE   654 AM PST   SUNSET   422 PM PST
NOVEMBER 25 2017......SUNRISE   655 AM PST   SUNSET   422 PM PST


-  INDICATES NEGATIVE NUMBERS.
R  INDICATES RECORD WAS SET OR TIED.
MM INDICATES DATA IS MISSING.
T  INDICATES TRACE AMOUNT.




$$
