000
CDUS46 KBOI 290932
CLIREO


CLIMATE REPORT
NATIONAL WEATHER SERVICE BOISE ID
332 AM MDT FRI JUL 29 2016


...................................

...THE ROME OR CLIMATE SUMMARY FOR JULY 28 2016...

CLIMATE NORMAL PERIOD 1981 TO 2010
CLIMATE RECORD PERIOD 9999 TO 9999


WEATHER ITEM   OBSERVED TIME   NORMAL DEPARTURE LAST
                VALUE   (LST)  VALUE  FROM      YEAR
                                      NORMAL
......................................................
TEMPERATURE (F)
 YESTERDAY
  MAXIMUM        103    448 PM  93     10       82
  MINIMUM         59    501 AM  53      6       38
  AVERAGE         81            72      9       60

PRECIPITATION (IN)
  YESTERDAY        0.00          0.01  -0.01     0.00
  MONTH TO DATE    0.09          0.33  -0.24     0.47
  SINCE OCT 1      8.10          8.14  -0.04     7.67
  SINCE JAN 1      3.67          5.95  -2.28     5.67

DEGREE DAYS
 HEATING
  YESTERDAY        0             0      0        5
  MONTH TO DATE   14            11      3        6
  SINCE JUN 1     83           136    -53       16
  SINCE JUL 1     14            11      3        6

 COOLING
  YESTERDAY       16             8      8        0
  MONTH TO DATE  209           195     14      228
  SINCE JUN 1    374           257    117      462
  SINCE JAN 1    380           267    113      477
......................................................


WIND (MPH)
  RESULTANT WIND SPEED   5   RESULTANT WIND DIRECTION  NE (30)
  HIGHEST WIND SPEED    16   HIGHEST WIND DIRECTION     N (340)
  HIGHEST GUST SPEED    23   HIGHEST GUST DIRECTION    SW (210)
  AVERAGE WIND SPEED     6.7


SKY COVER
  AVERAGE SKY COVER 0.0


WEATHER CONDITIONS
 THE FOLLOWING WEATHER WAS RECORDED YESTERDAY.
  NO SIGNIFICANT WEATHER WAS OBSERVED.


RELATIVE HUMIDITY (PERCENT)
 HIGHEST    37           500 AM
 LOWEST      8           300 PM
 AVERAGE    23

..........................................................


THE ROME OR CLIMATE NORMALS FOR TODAY
                         NORMAL    RECORD    YEAR
 MAXIMUM TEMPERATURE (F)   93        MM        MM
 MINIMUM TEMPERATURE (F)   53        MM        MM


SUNRISE AND SUNSET
JULY 29 2016..........SUNRISE   541 AM PDT   SUNSET   814 PM PDT
JULY 30 2016..........SUNRISE   542 AM PDT   SUNSET   813 PM PDT


-  INDICATES NEGATIVE NUMBERS.
R  INDICATES RECORD WAS SET OR TIED.
MM INDICATES DATA IS MISSING.
T  INDICATES TRACE AMOUNT.




$$
