000
CDUS46 KBOI 270937
CLIREO


CLIMATE REPORT
NATIONAL WEATHER SERVICE BOISE ID
337 AM MDT MON MAR 27 2017


...................................

...THE ROME OR CLIMATE SUMMARY FOR MARCH 26 2017...

CLIMATE NORMAL PERIOD 1981 TO 2010
CLIMATE RECORD PERIOD 9999 TO 9999


WEATHER ITEM   OBSERVED TIME   NORMAL DEPARTURE LAST
                VALUE   (LST)  VALUE  FROM      YEAR
                                      NORMAL
......................................................
TEMPERATURE (F)
 YESTERDAY
  MAXIMUM         56    438 PM  56      0       53
  MINIMUM         31    643 AM  27      4       19
  AVERAGE         44            42      2       36

PRECIPITATION (IN)
  YESTERDAY        0.12          0.04   0.08     0.00
  MONTH TO DATE    0.36          0.80  -0.44     0.44
  SINCE OCT 1      6.01          4.40   1.61     5.60
  SINCE JAN 1      3.63          2.21   1.42     1.17

DEGREE DAYS
 HEATING
  YESTERDAY       21            23     -2       29
  MONTH TO DATE  446           667   -221      513
  SINCE MAR 1    446           667   -221      513
  SINCE JUL 1   5026          5401   -375     4609

 COOLING
  YESTERDAY        0             0      0        0
  MONTH TO DATE    0             0      0        0
  SINCE MAR 1      0             0      0        0
  SINCE JAN 1      0             0      0        0
......................................................


WIND (MPH)
  RESULTANT WIND SPEED   9   RESULTANT WIND DIRECTION   S (190)
  HIGHEST WIND SPEED    36   HIGHEST WIND DIRECTION    SW (220)
  HIGHEST GUST SPEED    44   HIGHEST GUST DIRECTION    SW (220)
  AVERAGE WIND SPEED    11.1


SKY COVER
  AVERAGE SKY COVER 0.0


WEATHER CONDITIONS
 THE FOLLOWING WEATHER WAS RECORDED YESTERDAY.
  NO SIGNIFICANT WEATHER WAS OBSERVED.


RELATIVE HUMIDITY (PERCENT)
 HIGHEST    89           900 PM
 LOWEST     38           400 PM
 AVERAGE    64

..........................................................


THE ROME OR CLIMATE NORMALS FOR TODAY
                         NORMAL    RECORD    YEAR
 MAXIMUM TEMPERATURE (F)   56        MM        MM
 MINIMUM TEMPERATURE (F)   27        MM        MM


SUNRISE AND SUNSET
MARCH 27 2017.........SUNRISE   642 AM PDT   SUNSET   712 PM PDT
MARCH 28 2017.........SUNRISE   640 AM PDT   SUNSET   713 PM PDT


-  INDICATES NEGATIVE NUMBERS.
R  INDICATES RECORD WAS SET OR TIED.
MM INDICATES DATA IS MISSING.
T  INDICATES TRACE AMOUNT.




$$
