000
CDUS43 KGRB 230714
CLIRHI


CLIMATE REPORT
NATIONAL WEATHER SERVICE GREEN BAY
213 AM CDT SUN JUL 23 2017


...................................

...THE RHINELANDER WI CLIMATE SUMMARY FOR JULY 22 2017...

CLIMATE NORMAL PERIOD 1981 TO 2010
CLIMATE RECORD PERIOD 1908 TO 2017


WEATHER ITEM   OBSERVED TIME   RECORD YEAR NORMAL DEPARTURE LAST
                VALUE   (LST)  VALUE       VALUE  FROM      YEAR
                                                  NORMAL
..................................................................
TEMPERATURE (F)
 YESTERDAY
  MAXIMUM         87    320 PM  97    1936  79      8       91
  MINIMUM         59   1052 PM  40    1947  55      4       63
  AVERAGE         73                        67      6       77

PRECIPITATION (IN)
  YESTERDAY        T             1.70 1978   0.13  -0.13     0.00
  MONTH TO DATE    1.37                      2.96  -1.59     2.27
  SINCE JUN 1      8.64                      6.85   1.79     9.29
  SINCE JAN 1     26.36                     16.53   9.83    20.37

SNOWFALL (IN)
  YESTERDAY        0.0           0.0    MM  MM     MM        0.0
  MONTH TO DATE    0.0                      MM     MM        0.0
  SINCE JUN 1      0.0                      MM     MM        0.0
  SINCE JUL 1      0.0                      MM     MM        0.0
  SNOW DEPTH       0

DEGREE DAYS
 HEATING
  YESTERDAY        0                         2     -2        0
  MONTH TO DATE   29                        44    -15       28
  SINCE JUN 1    127                       178    -51      120
  SINCE JUL 1     29                        44    -15       28

 COOLING
  YESTERDAY        8                         3      5       12
  MONTH TO DATE   61                        77    -16       95
  SINCE JUN 1    124                       130     -6      148
  SINCE JAN 1    126                       142    -16      163
..................................................................


WIND (MPH)
  HIGHEST WIND SPEED    13   HIGHEST WIND DIRECTION     N (360)
  HIGHEST GUST SPEED    22   HIGHEST GUST DIRECTION     N (360)
  AVERAGE WIND SPEED     4.5


SKY COVER
  POSSIBLE SUNSHINE  MM
  AVERAGE SKY COVER 0.4


WEATHER CONDITIONS
 THE FOLLOWING WEATHER WAS RECORDED YESTERDAY.
  THUNDERSTORM
  LIGHT RAIN
  FOG
  FOG W/VISIBILITY <= 1/4 MILE


RELATIVE HUMIDITY (PERCENT)
 HIGHEST   100           400 AM
 LOWEST     51           100 PM
 AVERAGE    76

..........................................................


THE RHINELANDER WI CLIMATE NORMALS FOR TODAY
                         NORMAL    RECORD    YEAR
 MAXIMUM TEMPERATURE (F)   79        99      1934
 MINIMUM TEMPERATURE (F)   55        40      2000


SUNRISE AND SUNSET
JULY 23 2017..........SUNRISE   531 AM CDT   SUNSET   836 PM CDT
JULY 24 2017..........SUNRISE   533 AM CDT   SUNSET   835 PM CDT


-  INDICATES NEGATIVE NUMBERS.
R  INDICATES RECORD WAS SET OR TIED.
MM INDICATES DATA IS MISSING.
T  INDICATES TRACE AMOUNT.




$$
