000
CDUS43 KGRB 280821
CLIRHI

CLIMATE REPORT
NATIONAL WEATHER SERVICE GREEN BAY
219 AM CST SUN DEC 28 2014

...................................

...THE RHINELANDER WI CLIMATE SUMMARY FOR DECEMBER 27 2014...

CLIMATE NORMAL PERIOD 1981 TO 2010
CLIMATE RECORD PERIOD 1908 TO 2014

WEATHER ITEM   OBSERVED TIME   RECORD YEAR NORMAL DEPARTURE LAST
                VALUE   (LST)  VALUE       VALUE  FROM      YEAR
                                                  NORMAL
..................................................................
TEMPERATURE (F)
 YESTERDAY
  MAXIMUM         30    214 PM  48    1936  23      7       28
  MINIMUM          6   1158 PM -34    1924   5      1       14
  AVERAGE         18                        14      4       21

PRECIPITATION (IN)
  YESTERDAY        0.65          0.87 1946   0.04   0.61     0.00
  MONTH TO DATE    2.02                      1.28   0.74     1.65
  SINCE DEC 1      2.02                      1.28   0.74     1.65
  SINCE JAN 1     41.62                     31.24  10.38    36.86

SNOWFALL (IN)
  YESTERDAY        7.2           7.6  1946  MM     MM        0.0
  MONTH TO DATE   19.0                      MM     MM       22.7
  SINCE DEC 1     19.0                      MM     MM       22.7
  SINCE JUL 1     54.1                      MM     MM       32.5
  SNOW DEPTH      15

DEGREE DAYS
 HEATING
  YESTERDAY       47                        51     -4       44
  MONTH TO DATE 1158                      1286   -128     1529
  SINCE DEC 1   1158                      1286   -128     1529
  SINCE JUL 1   3679                      3420    259     3756

COOLING
  YESTERDAY        0                         0      0        0
  MONTH TO DATE    0                         0      0        0
  SINCE DEC 1      0                         0      0        0
  SINCE JAN 1    148                       261   -113      281
..................................................................

WIND (MPH)
  HIGHEST WIND SPEED    17   HIGHEST WIND DIRECTION     W (280)
  HIGHEST GUST SPEED    22   HIGHEST GUST DIRECTION     W (270)
  AVERAGE WIND SPEED     7.2

SKY COVER
  POSSIBLE SUNSHINE  MM
  AVERAGE SKY COVER 0.9

WEATHER CONDITIONS
 THE FOLLOWING WEATHER WAS RECORDED YESTERDAY.
  SNOW
  LIGHT SNOW
  FOG
  FOG W/VISIBILITY <= 1/4 MILE

RELATIVE HUMIDITY (PERCENT)
 HIGHEST   100          1200 AM
 LOWEST     78           200 PM
 AVERAGE    89
..........................................................

THE RHINELANDER WI CLIMATE NORMALS FOR TODAY
                         NORMAL    RECORD    YEAR
 MAXIMUM TEMPERATURE (F)   23        45      1984
 MINIMUM TEMPERATURE (F)    5       -28      1924

SUNRISE AND SUNSET
DECEMBER 28 2014......SUNRISE   738 AM CST   SUNSET   421 PM CST
DECEMBER 29 2014......SUNRISE   738 AM CST   SUNSET   422 PM CST

-  INDICATES NEGATIVE NUMBERS.
R  INDICATES RECORD WAS SET OR TIED.
MM INDICATES DATA IS MISSING.
T  INDICATES TRACE AMOUNT.

$$
