000
CDUS43 KGRB 230642
CLIRHI


CLIMATE REPORT
NATIONAL WEATHER SERVICE GREEN BAY
141 AM CDT TUE SEP 23 2014


...................................

...THE RHINELANDER WI CLIMATE SUMMARY FOR SEPTEMBER 22 2014...

CLIMATE NORMAL PERIOD 1981 TO 2010
CLIMATE RECORD PERIOD 1908 TO 2014


WEATHER ITEM   OBSERVED TIME   RECORD YEAR NORMAL DEPARTURE LAST
                VALUE   (LST)  VALUE       VALUE  FROM      YEAR
                                                  NORMAL
..................................................................
TEMPERATURE (F)
 YESTERDAY
  MAXIMUM         66    328 PM  92    1908  64      2       59
  MINIMUM         33   1212 AM  27    1974  42     -9       29
  AVERAGE         50                        53     -3       44

PRECIPITATION (IN)
  YESTERDAY        0.00          1.52 1930   0.14  -0.14     0.00
  MONTH TO DATE    6.12                      3.07   3.05     1.80
  SINCE SEP 1      6.12                      3.07   3.05     1.80
  SINCE JAN 1     32.58                     23.95   8.63    28.64

SNOWFALL (IN)
  YESTERDAY        0.0           0.0    MM  MM     MM        0.0
  MONTH TO DATE    T                        MM     MM        0.0
  SINCE SEP 1      T                        MM     MM        0.0
  SINCE JUL 1      T                        MM     MM        0.0
  SNOW DEPTH       0

DEGREE DAYS
 HEATING
  YESTERDAY       15                        12      3       21
  MONTH TO DATE  246                       189     57      193
  SINCE SEP 1    246                       189     57      193
  SINCE JUL 1    446                       316    130      383

 COOLING
  YESTERDAY        0                         0      0        0
  MONTH TO DATE    1                        16    -15       17
  SINCE SEP 1      1                        16    -15       17
  SINCE JAN 1    148                       257   -109      281
..................................................................


WIND (MPH)
  HIGHEST WIND SPEED    17   HIGHEST WIND DIRECTION     W (270)
  HIGHEST GUST SPEED    23   HIGHEST GUST DIRECTION     W (270)
  AVERAGE WIND SPEED     7.4


SKY COVER
  POSSIBLE SUNSHINE  MM
  AVERAGE SKY COVER 0.1


WEATHER CONDITIONS
 THE FOLLOWING WEATHER WAS RECORDED YESTERDAY.
  NO SIGNIFICANT WEATHER WAS OBSERVED.


RELATIVE HUMIDITY (PERCENT)
 HIGHEST   100           500 AM
 LOWEST     52           200 PM
 AVERAGE    76

..........................................................


THE RHINELANDER WI CLIMATE NORMALS FOR TODAY
                         NORMAL    RECORD    YEAR
 MAXIMUM TEMPERATURE (F)   63        91      1908
 MINIMUM TEMPERATURE (F)   41        25      1974


SUNRISE AND SUNSET
SEPTEMBER 23 2014.....SUNRISE   646 AM CDT   SUNSET   653 PM CDT
SEPTEMBER 24 2014.....SUNRISE   647 AM CDT   SUNSET   651 PM CDT


-  INDICATES NEGATIVE NUMBERS.
R  INDICATES RECORD WAS SET OR TIED.
MM INDICATES DATA IS MISSING.
T  INDICATES TRACE AMOUNT.




$$
