000
CDUS43 KGRB 260656
CLIRHI

CLIMATE REPORT
NATIONAL WEATHER SERVICE GREEN BAY
153 AM CDT MON SEP 26 2016

...................................

...THE RHINELANDER WI CLIMATE SUMMARY FOR SEPTEMBER 25 2016...

CLIMATE NORMAL PERIOD 1981 TO 2010
CLIMATE RECORD PERIOD 1908 TO 2016

WEATHER ITEM   OBSERVED TIME   RECORD YEAR NORMAL DEPARTURE LAST
                VALUE   (LST)  VALUE       VALUE  FROM      YEAR
                                                  NORMAL
..................................................................
TEMPERATURE (F)
 YESTERDAY
  MAXIMUM         68    359 PM  89    1920  62      6       76
  MINIMUM         52   1159 PM  24    1947  41     11       51
  AVERAGE         60                        51      9       64

PRECIPITATION (IN)
  YESTERDAY        0.13          1.86 1934   0.15  -0.02     0.00
  MONTH TO DATE    5.43                      3.51   1.92     2.31
  SINCE SEP 1      5.43                      3.51   1.92     2.31
  SINCE JAN 1     33.02                     24.39   8.63    20.99

SNOWFALL (IN)
  YESTERDAY        0.0           T    1927  MM     MM        0.0
  MONTH TO DATE    0.0                      MM     MM        0.0
  SINCE SEP 1      0.0                      MM     MM        0.0
  SINCE JUL 1      0.0                      MM     MM        0.0
  SNOW DEPTH       0

DEGREE DAYS
 HEATING
  YESTERDAY        5                        14     -9        1
  MONTH TO DATE  107                       229   -122       98
  SINCE SEP 1    107                       229   -122       98
  SINCE JUL 1    168                       356   -188      235

COOLING
  YESTERDAY        0                         0      0        0
  MONTH TO DATE   13                        16     -3       69
  SINCE SEP 1     13                        16     -3       69
  SINCE JAN 1    321                       257     64      231
..................................................................

WIND (MPH)
  HIGHEST WIND SPEED    18   HIGHEST WIND DIRECTION     W (280)
  HIGHEST GUST SPEED    26   HIGHEST GUST DIRECTION     W (270)
  AVERAGE WIND SPEED     8.7

SKY COVER
  POSSIBLE SUNSHINE  MM
  AVERAGE SKY COVER 0.9

WEATHER CONDITIONS
 THE FOLLOWING WEATHER WAS RECORDED YESTERDAY.
  HEAVY RAIN
  LIGHT RAIN
  FOG

RELATIVE HUMIDITY (PERCENT)
 HIGHEST   100           700 AM
 LOWEST     78           600 PM
 AVERAGE    89
..........................................................

THE RHINELANDER WI CLIMATE NORMALS FOR TODAY
                         NORMAL    RECORD    YEAR
 MAXIMUM TEMPERATURE (F)   62        84      1920
 MINIMUM TEMPERATURE (F)   40        23      1926

SUNRISE AND SUNSET
SEPTEMBER 26 2016.....SUNRISE   650 AM CDT   SUNSET   647 PM CDT
SEPTEMBER 27 2016.....SUNRISE   652 AM CDT   SUNSET   645 PM CDT

-  INDICATES NEGATIVE NUMBERS.
R  INDICATES RECORD WAS SET OR TIED.
MM INDICATES DATA IS MISSING.
T  INDICATES TRACE AMOUNT.

$$
