000
CDUS43 KGRB 112138
CLIRHI


CLIMATE REPORT
NATIONAL WEATHER SERVICE GREEN BAY
436 PM CDT FRI JUL 11 2014


...................................

...THE RHINELANDER WI CLIMATE SUMMARY FOR JULY 11 2014...
VALID TODAY AS OF 0400 PM LOCAL TIME.

CLIMATE NORMAL PERIOD 1981 TO 2010
CLIMATE RECORD PERIOD 1908 TO 2014


WEATHER ITEM   OBSERVED TIME   RECORD YEAR NORMAL DEPARTURE LAST
                VALUE   (LST)  VALUE       VALUE  FROM      YEAR
                                                  NORMAL
..................................................................
TEMPERATURE (F)
 TODAY
  MAXIMUM         75    154 PM 106    1936  79     -4       79
  MINIMUM         61    412 AM  41    1945  55      6       50
  AVERAGE         68                        67      1       65

PRECIPITATION (IN)
  TODAY            T             0.78 1935   0.13  -0.13     0.00
  MONTH TO DATE    2.01                      1.48   0.53     1.59
  SINCE JUN 1      8.74                      5.37   3.37     6.89
  SINCE JAN 1     19.85                     15.05   4.80    20.22

SNOWFALL (IN)
  TODAY            0.0           0.0    MM  MM     MM        0.0
  MONTH TO DATE    0.0                      MM     MM        0.0
  SINCE JUN 1      0.0                      MM     MM        0.0
  SINCE JUL 1      0.0                      MM     MM        0.0
  SNOW DEPTH       0

DEGREE DAYS
 HEATING
  TODAY            0                         2     -2        0
  MONTH TO DATE   50                        22     28       10
  SINCE JUN 1    143                       156    -13      184
  SINCE JUL 1     50                        22     28       10

 COOLING
  TODAY            3                         4     -1        0
  MONTH TO DATE   15                        34    -19       50
  SINCE JUN 1     77                        87    -10       90
  SINCE JAN 1     84                        99    -15      104
..................................................................


WIND (MPH)
  HIGHEST WIND SPEED    24   HIGHEST WIND DIRECTION    SW (210)
  HIGHEST GUST SPEED    31   HIGHEST GUST DIRECTION     S (200)
  AVERAGE WIND SPEED     9.0


SKY COVER
  POSSIBLE SUNSHINE  MM
  AVERAGE SKY COVER 0.6


WEATHER CONDITIONS
 THE FOLLOWING WEATHER WAS RECORDED TODAY.
  LIGHT RAIN


RELATIVE HUMIDITY (PERCENT)
 HIGHEST    97           300 AM
 LOWEST     57          1200 PM
 AVERAGE    77

..........................................................


THE RHINELANDER WI CLIMATE NORMALS FOR TOMORROW
                         NORMAL    RECORD    YEAR
 MAXIMUM TEMPERATURE (F)   79       105      1936
 MINIMUM TEMPERATURE (F)   55        42      1918


SUNRISE AND SUNSET
JULY 11 2014..........SUNRISE   520 AM CDT   SUNSET   847 PM CDT
JULY 12 2014..........SUNRISE   520 AM CDT   SUNSET   846 PM CDT


-  INDICATES NEGATIVE NUMBERS.
R  INDICATES RECORD WAS SET OR TIED.
MM INDICATES DATA IS MISSING.
T  INDICATES TRACE AMOUNT.




$$
