000
CDUS43 KGRB 230639
CLIRHI


CLIMATE REPORT
NATIONAL WEATHER SERVICE GREEN BAY
139 AM CDT SAT AUG 23 2014


...................................

...THE RHINELANDER WI CLIMATE SUMMARY FOR AUGUST 22 2014...

CLIMATE NORMAL PERIOD 1981 TO 2010
CLIMATE RECORD PERIOD 1908 TO 2014


WEATHER ITEM   OBSERVED TIME   RECORD YEAR NORMAL DEPARTURE LAST
                VALUE   (LST)  VALUE       VALUE  FROM      YEAR
                                                  NORMAL
..................................................................
TEMPERATURE (F)
 YESTERDAY
  MAXIMUM         74    515 PM  92    1947  76     -2       80
  MINIMUM         63    638 AM  35    1920  52     11       52
  AVERAGE         69                        64      5       66

PRECIPITATION (IN)
  YESTERDAY        0.08          2.47 1936   0.10  -0.02     0.01
  MONTH TO DATE    2.87                      2.32   0.55     1.40
  SINCE JUN 1     13.59                     10.23   3.36     9.44
  SINCE JAN 1     24.70                     19.91   4.79    22.77

SNOWFALL (IN)
  YESTERDAY        0.0           0.0    MM  MM     MM        0.0
  MONTH TO DATE    0.0                      MM     MM        0.0
  SINCE JUN 1      0.0                      MM     MM        0.0
  SINCE JUL 1      0.0                      MM     MM        0.0
  SNOW DEPTH       0

DEGREE DAYS
 HEATING
  YESTERDAY        0                         3     -3        0
  MONTH TO DATE   50                        44      6      105
  SINCE JUN 1    267                       229     38      363
  SINCE JUL 1    174                        95     79      189

 COOLING
  YESTERDAY        4                         2      2        1
  MONTH TO DATE    9                        60    -51       23
  SINCE JUN 1    120                       218    -98      195
  SINCE JAN 1    127                       230   -103      209
..................................................................


WIND (MPH)
  HIGHEST WIND SPEED     8   HIGHEST WIND DIRECTION    SE (120)
  HIGHEST GUST SPEED    10   HIGHEST GUST DIRECTION     E (100)
  AVERAGE WIND SPEED     3.5


SKY COVER
  POSSIBLE SUNSHINE  MM
  AVERAGE SKY COVER 1.0


WEATHER CONDITIONS
 THE FOLLOWING WEATHER WAS RECORDED YESTERDAY.
  LIGHT RAIN
  FOG
  FOG W/VISIBILITY <= 1/4 MILE


RELATIVE HUMIDITY (PERCENT)
 HIGHEST   100          1200 AM
 LOWEST     87           500 PM
 AVERAGE    94

..........................................................


THE RHINELANDER WI CLIMATE NORMALS FOR TODAY
                         NORMAL    RECORD    YEAR
 MAXIMUM TEMPERATURE (F)   76        93      1968
 MINIMUM TEMPERATURE (F)   52        36      1940


SUNRISE AND SUNSET
AUGUST 23 2014........SUNRISE   608 AM CDT   SUNSET   752 PM CDT
AUGUST 24 2014........SUNRISE   609 AM CDT   SUNSET   750 PM CDT


-  INDICATES NEGATIVE NUMBERS.
R  INDICATES RECORD WAS SET OR TIED.
MM INDICATES DATA IS MISSING.
T  INDICATES TRACE AMOUNT.




$$
