000
CDUS43 KGRB 300643
CLIRHI


CLIMATE REPORT
NATIONAL WEATHER SERVICE GREEN BAY
1242 AM CST FRI JAN 30 2015


...................................

...THE RHINELANDER WI CLIMATE SUMMARY FOR JANUARY 29 2015...

CLIMATE NORMAL PERIOD 1981 TO 2010
CLIMATE RECORD PERIOD 1908 TO 2015


WEATHER ITEM   OBSERVED TIME   RECORD YEAR NORMAL DEPARTURE LAST
                VALUE   (LST)  VALUE       VALUE  FROM      YEAR
                                                  NORMAL
..................................................................
TEMPERATURE (F)
 YESTERDAY
  MAXIMUM         28   1255 PM  41    1927  22      6       20
                                      1914
  MINIMUM         14   1159 PM -33    1951   3     11      -11
  AVERAGE         21                        13      8        5

PRECIPITATION (IN)
  YESTERDAY        0.01          0.71 1914   0.03  -0.02      T
  MONTH TO DATE    0.68                      1.04  -0.36     0.95
  SINCE DEC 1      2.70                      2.48   0.22     2.61
  SINCE JAN 1      0.68                      1.04  -0.36     0.95

SNOWFALL (IN)
  YESTERDAY        0.1           7.0  1987  MM     MM         T
  MONTH TO DATE    9.4                      MM     MM       16.7
  SINCE DEC 1     28.4                      MM     MM       39.8
  SINCE JUL 1     63.5                      MM     MM       49.6
  SNOW DEPTH      15

DEGREE DAYS
 HEATING
  YESTERDAY       44                        52     -8       60
  MONTH TO DATE 1559                      1531     28     1808
  SINCE DEC 1   2991                      3023    -32     3586
  SINCE JUL 1   5512                      5157    355     5813

 COOLING
  YESTERDAY        0                         0      0        0
  MONTH TO DATE    0                         0      0        0
  SINCE DEC 1      0                         0      0        0
  SINCE JAN 1      0                         0      0        0
..................................................................


WIND (MPH)
  HIGHEST WIND SPEED    24   HIGHEST WIND DIRECTION    NW (330)
  HIGHEST GUST SPEED    37   HIGHEST GUST DIRECTION    NW (320)
  AVERAGE WIND SPEED    11.0


SKY COVER
  POSSIBLE SUNSHINE  MM
  AVERAGE SKY COVER 1.0


WEATHER CONDITIONS
 THE FOLLOWING WEATHER WAS RECORDED YESTERDAY.
  LIGHT SNOW
  FOG


RELATIVE HUMIDITY (PERCENT)
 HIGHEST    92           400 AM
 LOWEST     68           200 PM
 AVERAGE    80

..........................................................


THE RHINELANDER WI CLIMATE NORMALS FOR TODAY
                         NORMAL    RECORD    YEAR
 MAXIMUM TEMPERATURE (F)   22        44      1999
 MINIMUM TEMPERATURE (F)    4       -36      1950


SUNRISE AND SUNSET
JANUARY 30 2015.......SUNRISE   722 AM CST   SUNSET   501 PM CST
JANUARY 31 2015.......SUNRISE   721 AM CST   SUNSET   502 PM CST


-  INDICATES NEGATIVE NUMBERS.
R  INDICATES RECORD WAS SET OR TIED.
MM INDICATES DATA IS MISSING.
T  INDICATES TRACE AMOUNT.




$$
