000
CDUS43 KGRB 110810
CLIRHI


CLIMATE REPORT
NATIONAL WEATHER SERVICE GREEN BAY
208 AM CST MON DEC 11 2017


...................................

...THE RHINELANDER WI CLIMATE SUMMARY FOR DECEMBER 10 2017...

CLIMATE NORMAL PERIOD 1981 TO 2010
CLIMATE RECORD PERIOD 1908 TO 2017


WEATHER ITEM   OBSERVED TIME   RECORD YEAR NORMAL DEPARTURE LAST
                VALUE   (LST)  VALUE       VALUE  FROM      YEAR
                                                  NORMAL
..................................................................
TEMPERATURE (F)
 YESTERDAY
  MAXIMUM         21    249 PM  49    2015  27     -6       12
  MINIMUM          6   1033 PM -24    1927  10     -4        2
                                      1919
  AVERAGE         14                        18     -4        7

PRECIPITATION (IN)
  YESTERDAY        0.02          0.65 1911   0.05  -0.03      T
  MONTH TO DATE    1.03                      0.52   0.51     0.36
  SINCE DEC 1      1.03                      0.52   0.51     0.36
  SINCE JAN 1     39.59                     30.48   9.11    41.24

SNOWFALL (IN)
  YESTERDAY        0.3           5.5  2003  MM     MM         T
  MONTH TO DATE    3.6                      MM     MM        5.2
  SINCE DEC 1      3.6                      MM     MM        5.2
  SINCE JUL 1     17.3                      MM     MM       11.8
  SNOW DEPTH       3

DEGREE DAYS
 HEATING
  YESTERDAY       51                        47      4       58
  MONTH TO DATE  396                       448    -52      411
  SINCE DEC 1    396                       448    -52      411
  SINCE JUL 1   2369                      2582   -213     1893

 COOLING
  YESTERDAY        0                         0      0        0
  MONTH TO DATE    0                         0      0        0
  SINCE DEC 1      0                         0      0        0
  SINCE JAN 1    215                       261    -46      321
..................................................................


WIND (MPH)
  HIGHEST WIND SPEED    12   HIGHEST WIND DIRECTION    NW (320)
  HIGHEST GUST SPEED    17   HIGHEST GUST DIRECTION     N (350)
  AVERAGE WIND SPEED     5.2


SKY COVER
  POSSIBLE SUNSHINE  MM
  AVERAGE SKY COVER 0.9


WEATHER CONDITIONS
 THE FOLLOWING WEATHER WAS RECORDED YESTERDAY.
  LIGHT SNOW
  FOG


RELATIVE HUMIDITY (PERCENT)
 HIGHEST   100           800 AM
 LOWEST     74           900 PM
 AVERAGE    87

..........................................................


THE RHINELANDER WI CLIMATE NORMALS FOR TODAY
                         NORMAL    RECORD    YEAR
 MAXIMUM TEMPERATURE (F)   26        52      1913
 MINIMUM TEMPERATURE (F)   10       -25      1977


SUNRISE AND SUNSET
DECEMBER 11 2017......SUNRISE   728 AM CST   SUNSET   414 PM CST
DECEMBER 12 2017......SUNRISE   729 AM CST   SUNSET   414 PM CST


-  INDICATES NEGATIVE NUMBERS.
R  INDICATES RECORD WAS SET OR TIED.
MM INDICATES DATA IS MISSING.
T  INDICATES TRACE AMOUNT.

$$
