000
CDUS43 KGRB 020704
CLIRHI


CLIMATE REPORT
NATIONAL WEATHER SERVICE GREEN BAY
202 AM CDT MON MAY 2 2016


...................................

...THE RHINELANDER WI CLIMATE SUMMARY FOR MAY 1 2016...

CLIMATE NORMAL PERIOD 1981 TO 2010
CLIMATE RECORD PERIOD 1908 TO 2016


WEATHER ITEM   OBSERVED TIME   RECORD YEAR NORMAL DEPARTURE LAST
                VALUE   (LST)  VALUE       VALUE  FROM      YEAR
                                                  NORMAL
..................................................................
TEMPERATURE (F)
 YESTERDAY
  MAXIMUM         62   1221 PM  86    1952  61      1       68
  MINIMUM         36    540 AM  21    1909  36      0       33
  AVERAGE         49                        48      1       51

PRECIPITATION (IN)
  YESTERDAY        0.00          1.03 1933   0.10  -0.10     0.00
  MONTH TO DATE    0.00                      0.10  -0.10     0.00
  SINCE MAR 1      6.45                      4.25   2.20     4.02
  SINCE JAN 1      8.18                      6.29   1.89     4.91

SNOWFALL (IN)
  YESTERDAY        0.0           1.5  1909  MM     MM        0.0
  MONTH TO DATE    0.0                      MM     MM        0.0
  SINCE MAR 1     21.2                      MM     MM       20.4
  SINCE JUL 1     55.9                      MM     MM       89.3
  SNOW DEPTH       0

DEGREE DAYS
 HEATING
  YESTERDAY       16                        17     -1       14
  MONTH TO DATE   16                        17     -1       14
  SINCE MAR 1   1691                      1895   -204     1829
  SINCE JUL 1   7374                      8517  -1143     9170

 COOLING
  YESTERDAY        0                         0      0        0
  MONTH TO DATE    0                         0      0        0
  SINCE MAR 1      0                         1     -1        0
  SINCE JAN 1      0                         1     -1        0
..................................................................


WIND (MPH)
  HIGHEST WIND SPEED    20   HIGHEST WIND DIRECTION     E (90)
  HIGHEST GUST SPEED    26   HIGHEST GUST DIRECTION     E (80)
  AVERAGE WIND SPEED     5.8


SKY COVER
  POSSIBLE SUNSHINE  MM
  AVERAGE SKY COVER 0.4


WEATHER CONDITIONS
 THE FOLLOWING WEATHER WAS RECORDED YESTERDAY.
  NO SIGNIFICANT WEATHER WAS OBSERVED.


RELATIVE HUMIDITY (PERCENT)
 HIGHEST    89           300 AM
 LOWEST     27           100 PM
 AVERAGE    58

..........................................................


THE RHINELANDER WI CLIMATE NORMALS FOR TODAY
                         NORMAL    RECORD    YEAR
 MAXIMUM TEMPERATURE (F)   61        90      1959
 MINIMUM TEMPERATURE (F)   36        18      1911


SUNRISE AND SUNSET
MAY  2 2016...........SUNRISE   543 AM CDT   SUNSET   807 PM CDT
MAY  3 2016...........SUNRISE   542 AM CDT   SUNSET   808 PM CDT


-  INDICATES NEGATIVE NUMBERS.
R  INDICATES RECORD WAS SET OR TIED.
MM INDICATES DATA IS MISSING.
T  INDICATES TRACE AMOUNT.

$$
