000
CDUS41 KAKQ 292145
CLIRIC


CLIMATE REPORT
NATIONAL WEATHER SERVICE WAKEFIELD, VA
545 PM EDT FRI APR 29 2016


...................................

...THE RICHMOND VA CLIMATE SUMMARY FOR APRIL 29 2016...
VALID TODAY AS OF 0500 PM LOCAL TIME.

CLIMATE NORMAL PERIOD 1981 TO 2010
CLIMATE RECORD PERIOD 1871 TO 2016


WEATHER ITEM   OBSERVED TIME   RECORD YEAR NORMAL DEPARTURE LAST
                VALUE   (LST)  VALUE       VALUE  FROM      YEAR
                                                  NORMAL
..................................................................
TEMPERATURE (F)
 TODAY
  MAXIMUM         61    356 PM  94    1974  74    -13       76
  MINIMUM         50    734 AM  33    1934  50      0       45
  AVERAGE         56

PRECIPITATION (IN)
  TODAY            T             1.46 1994   0.11  -0.11     0.00
  MONTH TO DATE    2.17                      3.17  -1.00     5.33
  SINCE MAR 1      3.19                      7.21  -4.02     9.11
  SINCE JAN 1     10.84                     13.01  -2.17    16.37

SNOWFALL (IN)
  TODAY            0.0
  MONTH TO DATE    0.0
  SINCE NOV 1     15.1
  SINCE JUL 1     15.1
  SNOW DEPTH       0

DEGREE DAYS
 HEATING
  TODAY            9                         5      4        4
  MONTH TO DATE  260                       235     25      176
  SINCE MAR 1    618                       751   -133      711
  SINCE JUL 1   3206                      3687   -481     3813

 COOLING
  TODAY            0                         2     -2        0
  MONTH TO DATE   24                        36    -12       25
  SINCE MAR 1     30                        42    -12       25
  SINCE JAN 1     30                        42    -12       25
..................................................................


WIND (MPH)
  RESULTANT WIND SPEED   5   RESULTANT WIND DIRECTION  NE (30)
  HIGHEST WIND SPEED    13   HIGHEST WIND DIRECTION     N (10)
  HIGHEST GUST SPEED    16   HIGHEST GUST DIRECTION     N (10)


SKY COVER
  POSSIBLE SUNSHINE  MM
  AVERAGE SKY COVER 1.0


WEATHER CONDITIONS
 THE FOLLOWING WEATHER WAS RECORDED TODAY.
  LIGHT RAIN
  FOG


RELATIVE HUMIDITY (PERCENT)
 HIGHEST   100
 LOWEST     75
 AVERAGE    88

..........................................................


THE RICHMOND VA CLIMATE NORMALS FOR TOMORROW
                         NORMAL    RECORD    YEAR
 MAXIMUM TEMPERATURE (F)   74        93      1974
 MINIMUM TEMPERATURE (F)   50        30      1897


SUNRISE AND SUNSET
APRIL 29 2016.........SUNRISE   616 AM EDT   SUNSET   758 PM EDT
APRIL 30 2016.........SUNRISE   615 AM EDT   SUNSET   759 PM EDT


-  INDICATES NEGATIVE NUMBERS.
R  INDICATES RECORD WAS SET OR TIED.
MM INDICATES DATA IS MISSING.
T  INDICATES TRACE AMOUNT.




$$
