011
CDUS41 KAKQ 220534
CLIRIC


CLIMATE REPORT
NATIONAL WEATHER SERVICE WAKEFIELD, VA
133 AM EDT FRI SEP 22 2017


...................................

...THE RICHMOND VA CLIMATE SUMMARY FOR SEPTEMBER 21 2017...

CLIMATE NORMAL PERIOD 1981 TO 2010
CLIMATE RECORD PERIOD 1871 TO 2017


WEATHER ITEM   OBSERVED TIME   RECORD YEAR NORMAL DEPARTURE LAST
                VALUE   (LST)  VALUE       VALUE  FROM      YEAR
                                                  NORMAL
..................................................................
TEMPERATURE (F)
 YESTERDAY
  MAXIMUM         90    228 PM  94    1980  79     11       74
  MINIMUM         65    409 AM  39    1956  58      7       70
  AVERAGE         78                        69      9       72

PRECIPITATION (IN)
  YESTERDAY        0.00          1.70 1966   0.13  -0.13     0.54
  MONTH TO DATE    1.48                      2.99  -1.51     3.93
  SINCE SEP 1      1.48                      2.99  -1.51     3.93
  SINCE JAN 1     30.53                     32.98  -2.45    37.37

SNOWFALL (IN)
  YESTERDAY        0.0           0.0  2002   0.0    0.0
                                      2001
  MONTH TO DATE    0.0                       0.0    0.0
  SINCE NOV 1      7.1                      10.3   -3.2
  SINCE JUL 1      0.0                       0.0    0.0
  SNOW DEPTH       0

DEGREE DAYS
 HEATING
  YESTERDAY        0                         1     -1        0
  MONTH TO DATE    9                         8      1        0
  SINCE SEP 1      9                         8      1        0
  SINCE JUL 1      9                         9      0        0

 COOLING
  YESTERDAY       13                         5      8        7
  MONTH TO DATE  126                       163    -37      221
  SINCE SEP 1    126                       163    -37      221
  SINCE JAN 1   1539                      1470     69     1575
..................................................................


WIND (MPH)
  HIGHEST WIND SPEED    15   HIGHEST WIND DIRECTION    NE (50)
  HIGHEST GUST SPEED    20   HIGHEST GUST DIRECTION     N (350)
  AVERAGE WIND SPEED     5.0


SKY COVER
  POSSIBLE SUNSHINE  MM
  AVERAGE SKY COVER 0.5


WEATHER CONDITIONS
 THE FOLLOWING WEATHER WAS RECORDED YESTERDAY.
  NO SIGNIFICANT WEATHER WAS OBSERVED.


RELATIVE HUMIDITY (PERCENT)
 HIGHEST    93          1200 AM
 LOWEST     43           400 PM
 AVERAGE    68

..........................................................


THE RICHMOND VA CLIMATE NORMALS FOR TODAY
                         NORMAL    RECORD    YEAR
 MAXIMUM TEMPERATURE (F)   79        97      1980
                                             1931
 MINIMUM TEMPERATURE (F)   58        40      1962


SUNRISE AND SUNSET
SEPTEMBER 22 2017.....SUNRISE   657 AM EDT   SUNSET   706 PM EDT
SEPTEMBER 23 2017.....SUNRISE   658 AM EDT   SUNSET   704 PM EDT


-  INDICATES NEGATIVE NUMBERS.
R  INDICATES RECORD WAS SET OR TIED.
MM INDICATES DATA IS MISSING.
T  INDICATES TRACE AMOUNT.




$$
