000
CDUS41 KAKQ 010631
CLIRIC


CLIMATE REPORT
NATIONAL WEATHER SERVICE WAKEFIELD, VA
130 AM EST SUN MAR 1 2015


...................................

...THE RICHMOND VA CLIMATE SUMMARY FOR FEBRUARY 28 2015...

CLIMATE NORMAL PERIOD 1981 TO 2010
CLIMATE RECORD PERIOD 1871 TO 2015


WEATHER ITEM   OBSERVED TIME   RECORD YEAR NORMAL DEPARTURE LAST
                VALUE   (LST)  VALUE       VALUE  FROM      YEAR
                                                  NORMAL
..................................................................
TEMPERATURE (F)
 YESTERDAY
  MAXIMUM         36    442 PM  81    1948  55    -19       36
  MINIMUM         20    713 AM  -1    1934  33    -13       18
  AVERAGE         28                        44    -16       27

PRECIPITATION (IN)
  YESTERDAY        0.00          1.28 1997   0.10  -0.10     0.00
  MONTH TO DATE    3.77                      2.76   1.01     3.03
  SINCE DEC 1     10.40                      9.06   1.34    12.42
  SINCE JAN 1      7.26                      5.80   1.46     6.31

SNOWFALL (IN)
  YESTERDAY        0.0           7.3  1964   0.1   -0.1
  MONTH TO DATE   12.2                       3.4    8.8
  SINCE NOV 1     12.5                       9.6    2.9
  SINCE JUL 1     12.5                       9.6    2.9
  SNOW DEPTH       1

DEGREE DAYS
 HEATING
  YESTERDAY       37                        21     16       38
  MONTH TO DATE  935                       675    260      700
  SINCE DEC 1   2432                      2260    172     2313
  SINCE JUL 1   3102                      2936    166     2953

 COOLING
  YESTERDAY        0                         0      0        0
  MONTH TO DATE    0                         0      0        0
  SINCE DEC 1      0                         1     -1        4
  SINCE JAN 1      0                         0      0        0
..................................................................


WIND (MPH)
  HIGHEST WIND SPEED    16   HIGHEST WIND DIRECTION    NE (30)
  HIGHEST GUST SPEED    21   HIGHEST GUST DIRECTION    NE (30)
  AVERAGE WIND SPEED     5.5


SKY COVER
  POSSIBLE SUNSHINE  MM
  AVERAGE SKY COVER 0.6


WEATHER CONDITIONS
 THE FOLLOWING WEATHER WAS RECORDED YESTERDAY.
  NO SIGNIFICANT WEATHER WAS OBSERVED.


RELATIVE HUMIDITY (PERCENT)
 HIGHEST    68          1200 AM
 LOWEST     29           300 PM
 AVERAGE    49

..........................................................


THE RICHMOND VA CLIMATE NORMALS FOR TODAY
                         NORMAL    RECORD    YEAR
 MAXIMUM TEMPERATURE (F)   55        80      1976
                                             1918
 MINIMUM TEMPERATURE (F)   33        11      1937


SUNRISE AND SUNSET
MARCH  1 2015.........SUNRISE   641 AM EST   SUNSET   603 PM EST
MARCH  2 2015.........SUNRISE   640 AM EST   SUNSET   604 PM EST


-  INDICATES NEGATIVE NUMBERS.
R  INDICATES RECORD WAS SET OR TIED.
MM INDICATES DATA IS MISSING.
T  INDICATES TRACE AMOUNT.




$$
