303
CDUS41 KAKQ 210627
CLIRIC


CLIMATE REPORT
NATIONAL WEATHER SERVICE WAKEFIELD, VA
127 AM EST TUE NOV 21 2017


...................................

...THE RICHMOND VA CLIMATE SUMMARY FOR NOVEMBER 20 2017...

CLIMATE NORMAL PERIOD 1981 TO 2010
CLIMATE RECORD PERIOD 1871 TO 2017


WEATHER ITEM   OBSERVED TIME   RECORD YEAR NORMAL DEPARTURE LAST
                VALUE   (LST)  VALUE       VALUE  FROM      YEAR
                                                  NORMAL
..................................................................
TEMPERATURE (F)
 YESTERDAY
  MAXIMUM         54    250 PM  80    1913  60     -6       50
  MINIMUM         33    728 AM  21    1951  38     -5       34
  AVERAGE         44                        49     -5       42

PRECIPITATION (IN)
  YESTERDAY        0.00          1.79 1952   0.11  -0.11     0.00
  MONTH TO DATE    1.38                      2.15  -0.77     0.82
  SINCE SEP 1      7.81                      9.26  -1.45    16.25
  SINCE JAN 1     36.86                     39.25  -2.39    49.69

SNOWFALL (IN)
  YESTERDAY        0.0           T    1947   0.0    0.0
  MONTH TO DATE    0.0                       0.1   -0.1
  SINCE NOV 1      0.0                       0.1   -0.1
  SINCE JUL 1      0.0                       0.1   -0.1
  SNOW DEPTH       0

DEGREE DAYS
 HEATING
  YESTERDAY       21                        16      5       23
  MONTH TO DATE  299                       263     36      272
  SINCE SEP 1    433                       495    -62      408
  SINCE JUL 1    433                       496    -63      408

 COOLING
  YESTERDAY        0                         0      0        0
  MONTH TO DATE    6                         0      6        4
  SINCE SEP 1    293                       236     57      345
  SINCE JAN 1   1706                      1543    163     1699
..................................................................


WIND (MPH)
  HIGHEST WIND SPEED    13   HIGHEST WIND DIRECTION     W (270)
  HIGHEST GUST SPEED    17   HIGHEST GUST DIRECTION     W (260)
  AVERAGE WIND SPEED     5.5


SKY COVER
  POSSIBLE SUNSHINE  MM
  AVERAGE SKY COVER 0.1


WEATHER CONDITIONS
 THE FOLLOWING WEATHER WAS RECORDED YESTERDAY.
  NO SIGNIFICANT WEATHER WAS OBSERVED.


RELATIVE HUMIDITY (PERCENT)
 HIGHEST    82           800 AM
 LOWEST     28           300 PM
 AVERAGE    55

..........................................................


THE RICHMOND VA CLIMATE NORMALS FOR TODAY
                         NORMAL    RECORD    YEAR
 MAXIMUM TEMPERATURE (F)   59        78      1931
                                             1900
 MINIMUM TEMPERATURE (F)   38        18      1951


SUNRISE AND SUNSET
NOVEMBER 21 2017......SUNRISE   655 AM EST   SUNSET   455 PM EST
NOVEMBER 22 2017......SUNRISE   657 AM EST   SUNSET   454 PM EST


-  INDICATES NEGATIVE NUMBERS.
R  INDICATES RECORD WAS SET OR TIED.
MM INDICATES DATA IS MISSING.
T  INDICATES TRACE AMOUNT.




$$
