000
CDUS41 KAKQ 230637
CLIRIC


CLIMATE REPORT
NATIONAL WEATHER SERVICE WAKEFIELD, VA
137 AM EST MON JAN 23 2017


...................................

...THE RICHMOND VA CLIMATE SUMMARY FOR JANUARY 22 2017...

CLIMATE NORMAL PERIOD 1981 TO 2010
CLIMATE RECORD PERIOD 1871 TO 2017


WEATHER ITEM   OBSERVED TIME   RECORD YEAR NORMAL DEPARTURE LAST
                VALUE   (LST)  VALUE       VALUE  FROM      YEAR
                                                  NORMAL
..................................................................
TEMPERATURE (F)
 YESTERDAY
  MAXIMUM         51    355 PM  75    1906  48      3       28
  MINIMUM         48    909 AM  -1    1970  28     20       22
  AVERAGE         50                        38     12       25

PRECIPITATION (IN)
  YESTERDAY        0.49          1.67 1954   0.10   0.39     0.89
  MONTH TO DATE    3.35                      2.16   1.19     2.42
  SINCE DEC 1      6.15                      5.42   0.73     8.36
  SINCE JAN 1      3.35                      2.16   1.19     2.42

SNOWFALL (IN)
  YESTERDAY        0.0           7.4  1987   0.2   -0.2
  MONTH TO DATE    7.1                       2.6    4.5
  SINCE NOV 1      7.1                       4.9    2.2
  SINCE JUL 1      7.1                       4.9    2.2
  SNOW DEPTH       0

DEGREE DAYS
 HEATING
  YESTERDAY       15                        27    -12       40
  MONTH TO DATE  525                       594    -69      639
  SINCE DEC 1   1259                      1337    -78     1042
  SINCE JUL 1   1849                      2013   -164     1634

 COOLING
  YESTERDAY        0                         0      0        0
  MONTH TO DATE    0                         0      0        0
  SINCE DEC 1      0                         1     -1        8
  SINCE JAN 1      0                         0      0        0
..................................................................


WIND (MPH)
  HIGHEST WIND SPEED    15   HIGHEST WIND DIRECTION    NE (40)
  HIGHEST GUST SPEED    20   HIGHEST GUST DIRECTION    NE (30)
  AVERAGE WIND SPEED     7.3


SKY COVER
  POSSIBLE SUNSHINE  MM
  AVERAGE SKY COVER 1.0


WEATHER CONDITIONS
 THE FOLLOWING WEATHER WAS RECORDED YESTERDAY.
  HEAVY RAIN
  RAIN
  LIGHT RAIN
  FOG
  FOG W/VISIBILITY <= 1/4 MILE


RELATIVE HUMIDITY (PERCENT)
 HIGHEST   100          1200 AM
 LOWEST     93           500 PM
 AVERAGE    97

..........................................................


THE RICHMOND VA CLIMATE NORMALS FOR TODAY
                         NORMAL    RECORD    YEAR
 MAXIMUM TEMPERATURE (F)   48        76      1974
 MINIMUM TEMPERATURE (F)   28         6      1936


SUNRISE AND SUNSET
JANUARY 23 2017.......SUNRISE   719 AM EST   SUNSET   524 PM EST
JANUARY 24 2017.......SUNRISE   718 AM EST   SUNSET   525 PM EST


-  INDICATES NEGATIVE NUMBERS.
R  INDICATES RECORD WAS SET OR TIED.
MM INDICATES DATA IS MISSING.
T  INDICATES TRACE AMOUNT.




$$
