000
CDUS45 KGJT 230732
CLIRIL


CLIMATE REPORT
NATIONAL WEATHER SERVICE GRAND JUNCTION CO
128 AM MDT SAT SEP 23 2017


...................................

...THE RIFLE CO CLIMATE SUMMARY FOR SEPTEMBER 22 2017...

CLIMATE NORMAL PERIOD 1981 TO 2010
CLIMATE RECORD PERIOD 9999 TO 9999


WEATHER ITEM   OBSERVED TIME   RECORD YEAR NORMAL DEPARTURE LAST
                VALUE   (LST)  VALUE       VALUE  FROM      YEAR
                                                  NORMAL
..................................................................
TEMPERATURE (F)
 YESTERDAY
  MAXIMUM         77    253 PM  MM      MM  75      2       86
  MINIMUM         56   1159 PM  MM      MM  42     14       52
  AVERAGE         67                        59      8       69

PRECIPITATION (IN)
  YESTERDAY        0.01         MM      MM   0.05  -0.04      T
  MONTH TO DATE    0.39                      1.12  -0.73     0.43
  SINCE SEP 1      0.39                      1.12  -0.73     0.43
  SINCE JAN 1      4.19                     10.09  -5.90     7.51

SNOWFALL (IN)
  YESTERDAY       MM            MM      MM  MM     MM       MM
  MONTH TO DATE   MM                        MM     MM       MM
  SINCE SEP 1     MM                        MM     MM       MM
  SINCE JUL 1     MM                        MM     MM       MM
  SNOW DEPTH      MM

DEGREE DAYS
 HEATING
  YESTERDAY        0                         6     -6        0
  MONTH TO DATE   24                        73    -49       30
  SINCE SEP 1     24                        73    -49       30
  SINCE JUL 1     24                        80    -56       35

 COOLING
  YESTERDAY        2                         0      2        4
  MONTH TO DATE  102                        22     80       34
  SINCE SEP 1    102                        22     80       34
  SINCE JAN 1    872                       538    334      675
..................................................................


WIND (MPH)
  HIGHEST WIND SPEED    35   HIGHEST WIND DIRECTION     S (190)
  HIGHEST GUST SPEED    50   HIGHEST GUST DIRECTION    SW (210)
  AVERAGE WIND SPEED    14.2


SKY COVER
  POSSIBLE SUNSHINE  MM
  AVERAGE SKY COVER 0.4


WEATHER CONDITIONS
 THE FOLLOWING WEATHER WAS RECORDED YESTERDAY.
  THUNDERSTORM
  LIGHT RAIN


RELATIVE HUMIDITY (PERCENT)
 HIGHEST    60           900 AM
 LOWEST     12          1200 AM
 AVERAGE    36

..........................................................


THE RIFLE CO CLIMATE NORMALS FOR TODAY
                         NORMAL    RECORD    YEAR
 MAXIMUM TEMPERATURE (F)   75        MM        MM
 MINIMUM TEMPERATURE (F)   42        MM        MM


SUNRISE AND SUNSET
SEPTEMBER 23 2017.....SUNRISE   700 AM MDT   SUNSET   706 PM MDT
SEPTEMBER 24 2017.....SUNRISE   701 AM MDT   SUNSET   704 PM MDT


-  INDICATES NEGATIVE NUMBERS.
R  INDICATES RECORD WAS SET OR TIED.
MM INDICATES DATA IS MISSING.
T  INDICATES TRACE AMOUNT.




$$
