000
CDUS45 KRIW 240741
CLIRIW


CLIMATE REPORT
NATIONAL WEATHER SERVICE RIVERTON WY
136 AM MDT THU APR 24 2014


...................................

...THE RIVERTON WY CLIMATE SUMMARY FOR APRIL 23 2014...

CLIMATE NORMAL PERIOD 1981 TO 2010
CLIMATE RECORD PERIOD 1995 TO 2014


WEATHER ITEM   OBSERVED TIME   RECORD YEAR NORMAL DEPARTURE LAST
                VALUE   (LST)  VALUE       VALUE  FROM      YEAR
                                                  NORMAL
..................................................................
TEMPERATURE (F)
 YESTERDAY
  MAXIMUM         53    242 PM  83    2012  60     -7       40
  MINIMUM         31   1122 PM   9    2013  33     -2        9
  AVERAGE         42                        46     -4       25

PRECIPITATION (IN)
  YESTERDAY        T             0.71 2010   0.04  -0.04      T
  MONTH TO DATE    0.07                      0.91  -0.84     1.17
  SINCE MAR 1      0.57                      1.46  -0.89     1.28
  SINCE JAN 1      1.47                      1.97  -0.50     1.93

SNOWFALL (IN)
  YESTERDAY        0.0                                       0.1
  MONTH TO DATE    0.4                                      13.7
  SINCE MAR 1      3.8                                      14.8
  SINCE JUL 1     53.0                                      33.6
  SNOW DEPTH       0

DEGREE DAYS
 HEATING
  YESTERDAY       23                        19      4       40
  MONTH TO DATE  474                       502    -28      655
  SINCE MAR 1   1390                      1420    -30     1531
  SINCE JUL 1   7271                      7274     -3     7097

 COOLING
  YESTERDAY        0                         0      0        0
  MONTH TO DATE    0                         0      0        0
  SINCE MAR 1      0                         0      0        0
  SINCE JAN 1      0                         0      0        0
..................................................................


WIND (MPH)
  HIGHEST WIND SPEED    36   HIGHEST WIND DIRECTION     W (270)
  HIGHEST GUST SPEED    46   HIGHEST GUST DIRECTION     W (280)
  AVERAGE WIND SPEED    15.5


SKY COVER
  POSSIBLE SUNSHINE  MM
  AVERAGE SKY COVER 0.3


WEATHER CONDITIONS
 THE FOLLOWING WEATHER WAS RECORDED YESTERDAY.
  LIGHT RAIN


RELATIVE HUMIDITY (PERCENT)
 HIGHEST    76          1200 AM
 LOWEST     14           300 PM
 AVERAGE    45

..........................................................


THE RIVERTON WY CLIMATE NORMALS FOR TODAY
                         NORMAL    RECORD    YEAR
 MAXIMUM TEMPERATURE (F)   60        85      2012
 MINIMUM TEMPERATURE (F)   33        22      2013
                                             2011
                                             2002


SUNRISE AND SUNSET
APRIL 24 2014.........SUNRISE   618 AM MDT   SUNSET   807 PM MDT
APRIL 25 2014.........SUNRISE   616 AM MDT   SUNSET   808 PM MDT


-  INDICATES NEGATIVE NUMBERS.
R  INDICATES RECORD WAS SET OR TIED.
MM INDICATES DATA IS MISSING.
T  INDICATES TRACE AMOUNT.




$$
