000
CDUS45 KRIW 300033
CLIRIW


CLIMATE REPORT
NATIONAL WEATHER SERVICE RIVERTON WY
633 PM MDT SUN MAR 29 2015


...................................

...THE RIVERTON WY CLIMATE SUMMARY FOR MARCH 29 2015...
VALID TODAY AS OF 0500 PM LOCAL TIME.

CLIMATE NORMAL PERIOD 1981 TO 2010
CLIMATE RECORD PERIOD 1995 TO 2015


WEATHER ITEM   OBSERVED TIME   RECORD YEAR NORMAL DEPARTURE LAST
                VALUE   (LST)  VALUE       VALUE  FROM      YEAR
                                                  NORMAL
..................................................................
TEMPERATURE (F)
 TODAY
  MAXIMUM         67R       MM  63    2014  52     15       63
                                      2010
  MINIMUM         31        MM  14    2003  27      4       26
  AVERAGE         49                        40      9       45

PRECIPITATION (IN)
  TODAY            0.00          0.14 2009   0.03  -0.03     0.00
  MONTH TO DATE    0.41                      0.49  -0.08     0.49
  SINCE MAR 1      0.41                      0.49  -0.08     0.49
  SINCE JAN 1      1.48                      1.00   0.48     1.39

SNOWFALL (IN)
  TODAY            0.0                                       0.0
  MONTH TO DATE    6.7                                       3.3
  SINCE MAR 1      6.7                                       3.3
  SINCE JUL 1     35.3                                      52.5
  SNOW DEPTH       0

DEGREE DAYS
 HEATING
  TODAY           16                        25     -9       20
  MONTH TO DATE  763                       867   -104      866
  SINCE MAR 1    763                       867   -104      866
  SINCE JUL 1   6156                      6721   -565     6747

 COOLING
  TODAY            0                         0      0        0
  MONTH TO DATE    0                         0      0        0
  SINCE MAR 1      0                         0      0        0
  SINCE JAN 1      0                         0      0        0
..................................................................


WIND (MPH)
  HIGHEST WIND SPEED    14   HIGHEST WIND DIRECTION    SE (150)
  HIGHEST GUST SPEED    23   HIGHEST GUST DIRECTION    SE (150)
  AVERAGE WIND SPEED     8.3


SKY COVER
  POSSIBLE SUNSHINE  MM
  AVERAGE SKY COVER 0.0


WEATHER CONDITIONS
 THE FOLLOWING WEATHER WAS RECORDED TODAY.
  NO SIGNIFICANT WEATHER WAS OBSERVED.


RELATIVE HUMIDITY (PERCENT)
 HIGHEST    44           700 AM
 LOWEST     12           400 PM
 AVERAGE    28

..........................................................


THE RIVERTON WY CLIMATE NORMALS FOR TOMORROW
                         NORMAL    RECORD    YEAR
 MAXIMUM TEMPERATURE (F)   52        72      2012
 MINIMUM TEMPERATURE (F)   28        14      2009


SUNRISE AND SUNSET
MARCH 29 2015.........SUNRISE   701 AM MDT   SUNSET   736 PM MDT
MARCH 30 2015.........SUNRISE   700 AM MDT   SUNSET   738 PM MDT


-  INDICATES NEGATIVE NUMBERS.
R  INDICATES RECORD WAS SET OR TIED.
MM INDICATES DATA IS MISSING.
T  INDICATES TRACE AMOUNT.




$$
