320
CDUS45 KRIW 250733
CLIRIW


CLIMATE REPORT
NATIONAL WEATHER SERVICE RIVERTON WY
133 AM MDT MON JUL 25 2016


...................................

...THE RIVERTON WY CLIMATE SUMMARY FOR JULY 24 2016...

CLIMATE NORMAL PERIOD 1981 TO 2010
CLIMATE RECORD PERIOD 1995 TO 2016


WEATHER ITEM   OBSERVED TIME   RECORD YEAR NORMAL DEPARTURE LAST
                VALUE   (LST)  VALUE       VALUE  FROM      YEAR
                                                  NORMAL
..................................................................
TEMPERATURE (F)
 YESTERDAY
  MAXIMUM         88    512 PM 100    2003  89     -1       89
  MINIMUM         56    512 AM  46    2004  58     -2       56
  AVERAGE         72                        73     -1       73

PRECIPITATION (IN)
  YESTERDAY        0.00          0.47 1998   0.03  -0.03     0.00
  MONTH TO DATE    T                         0.74  -0.74     1.10
  SINCE JUN 1      0.39                      2.02  -1.63     1.89
  SINCE JAN 1      9.28                      6.10   3.18     8.74

SNOWFALL (IN)
  YESTERDAY        0.0                                       0.0
  MONTH TO DATE    0.0                                       0.0
  SINCE JUN 1      0.0                                        T
  SINCE JUL 1      0.0                                       0.0
  SNOW DEPTH       0

DEGREE DAYS
 HEATING
  YESTERDAY        0                         0      0        0
  MONTH TO DATE    4                         8     -4        6
  SINCE JUN 1     20                       127   -107       29
  SINCE JUL 1      4                         8     -4        6

 COOLING
  YESTERDAY        7                         8     -1        8
  MONTH TO DATE  181                       162     19      115
  SINCE JUN 1    343                       228    115      246
  SINCE JAN 1    343                       237    106      246
..................................................................


WIND (MPH)
  HIGHEST WIND SPEED    14   HIGHEST WIND DIRECTION     N (360)
  HIGHEST GUST SPEED    18   HIGHEST GUST DIRECTION     N (10)
  AVERAGE WIND SPEED     6.0


SKY COVER
  POSSIBLE SUNSHINE  MM
  AVERAGE SKY COVER 0.0


WEATHER CONDITIONS
 THE FOLLOWING WEATHER WAS RECORDED YESTERDAY.
  NO SIGNIFICANT WEATHER WAS OBSERVED.


RELATIVE HUMIDITY (PERCENT)
 HIGHEST    40           500 AM
 LOWEST     10           300 PM
 AVERAGE    25

..........................................................


THE RIVERTON WY CLIMATE NORMALS FOR TODAY
                         NORMAL    RECORD    YEAR
 MAXIMUM TEMPERATURE (F)   89        96      2011
 MINIMUM TEMPERATURE (F)   58        50      2004


SUNRISE AND SUNSET
JULY 25 2016..........SUNRISE   558 AM MDT   SUNSET   842 PM MDT
JULY 26 2016..........SUNRISE   559 AM MDT   SUNSET   841 PM MDT


-  INDICATES NEGATIVE NUMBERS.
R  INDICATES RECORD WAS SET OR TIED.
MM INDICATES DATA IS MISSING.
T  INDICATES TRACE AMOUNT.




$$
