000
CDUS45 KRIW 270738
CLIRIW


CLIMATE REPORT
NATIONAL WEATHER SERVICE RIVERTON WY
135 AM MDT SAT MAY 27 2017


...................................

...THE RIVERTON WY CLIMATE SUMMARY FOR MAY 26 2017...

CLIMATE NORMAL PERIOD 1981 TO 2010
CLIMATE RECORD PERIOD 1995 TO 2017


WEATHER ITEM   OBSERVED TIME   RECORD YEAR NORMAL DEPARTURE LAST
                VALUE   (LST)  VALUE       VALUE  FROM      YEAR
                                                  NORMAL
..................................................................
TEMPERATURE (F)
 YESTERDAY
  MAXIMUM         48   1220 AM  87    2006  70    -22       67
                                      2003
  MINIMUM         39    357 AM  34    2012  43     -4       42
  AVERAGE         44                        57    -13       55

PRECIPITATION (IN)
  YESTERDAY        0.10          2.00 2008   0.04   0.06      T
  MONTH TO DATE    1.40                      1.49  -0.09     2.73
  SINCE MAR 1      8.30                      3.34   4.96     8.17
  SINCE JAN 1     10.16                      3.85   6.31     8.85

SNOWFALL (IN)
  YESTERDAY        0.0                                       0.0
  MONTH TO DATE    4.2                                        T
  SINCE MAR 1     18.7                                      34.2
  SINCE JUL 1     66.4                                      62.4
  SNOW DEPTH       0

DEGREE DAYS
 HEATING
  YESTERDAY       21                         8     13       10
  MONTH TO DATE  330                       313     17      359
  SINCE MAR 1   1661                      1855   -194     1731
  SINCE JUL 1   7535                      7709   -174     7052

 COOLING
  YESTERDAY        0                         0      0        0
  MONTH TO DATE    0                         0      0        0
  SINCE MAR 1      0                         0      0        0
  SINCE JAN 1      0                         0      0        0
..................................................................


WIND (MPH)
  HIGHEST WIND SPEED    18   HIGHEST WIND DIRECTION     N (360)
  HIGHEST GUST SPEED    23   HIGHEST GUST DIRECTION     N (360)
  AVERAGE WIND SPEED     5.8


SKY COVER
  POSSIBLE SUNSHINE  MM
  AVERAGE SKY COVER 0.9


WEATHER CONDITIONS
 THE FOLLOWING WEATHER WAS RECORDED YESTERDAY.
  LIGHT RAIN


RELATIVE HUMIDITY (PERCENT)
 HIGHEST   100          1200 PM
 LOWEST     49          1200 AM
 AVERAGE    75

..........................................................


THE RIVERTON WY CLIMATE NORMALS FOR TODAY
                         NORMAL    RECORD    YEAR
 MAXIMUM TEMPERATURE (F)   71        87      2014
 MINIMUM TEMPERATURE (F)   44        35      2012


SUNRISE AND SUNSET
MAY 27 2017...........SUNRISE   540 AM MDT   SUNSET   843 PM MDT
MAY 28 2017...........SUNRISE   539 AM MDT   SUNSET   843 PM MDT


-  INDICATES NEGATIVE NUMBERS.
R  INDICATES RECORD WAS SET OR TIED.
MM INDICATES DATA IS MISSING.
T  INDICATES TRACE AMOUNT.




$$
