000
CDUS45 KRIW 220743
CLIRIW


CLIMATE REPORT
NATIONAL WEATHER SERVICE RIVERTON WY
1241 AM MST WED NOV 22 2017


...................................

...THE RIVERTON WY CLIMATE SUMMARY FOR NOVEMBER 21 2017...

CLIMATE NORMAL PERIOD 1981 TO 2010
CLIMATE RECORD PERIOD 1995 TO 2017


WEATHER ITEM   OBSERVED TIME   RECORD YEAR NORMAL DEPARTURE LAST
                VALUE   (LST)  VALUE       VALUE  FROM      YEAR
                                                  NORMAL
..................................................................
TEMPERATURE (F)
 YESTERDAY
  MAXIMUM         48    310 PM  61    2006  39      9       39
  MINIMUM         33    737 AM  -4    2015  16     17       21
  AVERAGE         41                        27     14       30

PRECIPITATION (IN)
  YESTERDAY        T             0.09 2016   0.02  -0.02     0.09
  MONTH TO DATE    0.43                      0.36   0.07     0.48
  SINCE SEP 1      2.77                      2.15   0.62     3.85
  SINCE JAN 1     14.22                      8.97   5.25    13.57

SNOWFALL (IN)
  YESTERDAY        0.0                                       0.1
  MONTH TO DATE    4.2                                       4.3
  SINCE SEP 1      6.9                                       4.4
  SINCE JUL 1      6.9                                       4.4
  SNOW DEPTH       0

DEGREE DAYS
 HEATING
  YESTERDAY       24                        38    -14       35
  MONTH TO DATE  656                       676    -20      523
  SINCE SEP 1   1605                      1518     87     1227
  SINCE JUL 1   1612                      1556     56     1278

 COOLING
  YESTERDAY        0                         0      0        0
  MONTH TO DATE    0                         0      0        0
  SINCE SEP 1     67                        26     41       35
  SINCE JAN 1    547                       494     53      605
..................................................................


WIND (MPH)
  HIGHEST WIND SPEED    16   HIGHEST WIND DIRECTION     W (250)
  HIGHEST GUST SPEED    17   HIGHEST GUST DIRECTION     W (250)
  AVERAGE WIND SPEED     5.3


SKY COVER
  POSSIBLE SUNSHINE  MM
  AVERAGE SKY COVER 0.3


WEATHER CONDITIONS
 THE FOLLOWING WEATHER WAS RECORDED YESTERDAY.
  NO SIGNIFICANT WEATHER WAS OBSERVED.


RELATIVE HUMIDITY (PERCENT)
 HIGHEST    89           700 AM
 LOWEST     54           300 PM
 AVERAGE    72

..........................................................


THE RIVERTON WY CLIMATE NORMALS FOR TODAY
                         NORMAL    RECORD    YEAR
 MAXIMUM TEMPERATURE (F)   38        61      2006
 MINIMUM TEMPERATURE (F)   16        -1      2013


SUNRISE AND SUNSET
NOVEMBER 22 2017......SUNRISE   715 AM MST   SUNSET   444 PM MST
NOVEMBER 23 2017......SUNRISE   717 AM MST   SUNSET   444 PM MST


-  INDICATES NEGATIVE NUMBERS.
R  INDICATES RECORD WAS SET OR TIED.
MM INDICATES DATA IS MISSING.
T  INDICATES TRACE AMOUNT.




$$
