000
CDUS45 KRIW 240744
CLIRIW


CLIMATE REPORT
NATIONAL WEATHER SERVICE RIVERTON WY
1242 AM MST FRI FEB 24 2017


...................................

...THE RIVERTON WY CLIMATE SUMMARY FOR FEBRUARY 23 2017...

CLIMATE NORMAL PERIOD 1981 TO 2010
CLIMATE RECORD PERIOD 1995 TO 2017


WEATHER ITEM   OBSERVED TIME   RECORD YEAR NORMAL DEPARTURE LAST
                VALUE   (LST)  VALUE       VALUE  FROM      YEAR
                                                  NORMAL
..................................................................
TEMPERATURE (F)
 YESTERDAY
  MAXIMUM         30   1257 AM  62    2002  39     -9       40
  MINIMUM         18   1159 PM -11    2003  15      3       20
  AVERAGE         24                        27     -3       30

PRECIPITATION (IN)
  YESTERDAY        0.62R         0.05 2013   0.01   0.61     0.00
  MONTH TO DATE    0.79                      0.21   0.58     0.28
  SINCE DEC 1      2.57                      0.77   1.80     0.76
  SINCE JAN 1      1.80                      0.45   1.35     0.68

SNOWFALL (IN)
  YESTERDAY       11.9                                       0.0
  MONTH TO DATE   13.3                                       2.6
  SINCE DEC 1     42.3                                      10.1
  SINCE JUL 1     46.7                                      28.2
  SNOW DEPTH       6

DEGREE DAYS
 HEATING
  YESTERDAY       41                        38      3       35
  MONTH TO DATE  873                       957    -84      781
  SINCE DEC 1   4026                      3756    270     3623
  SINCE JUL 1   5622                      5672    -50     5162

 COOLING
  YESTERDAY        0                         0      0        0
  MONTH TO DATE    0                         0      0        0
  SINCE DEC 1      0                         0      0        0
  SINCE JAN 1      0                         0      0        0
..................................................................


WIND (MPH)
  HIGHEST WIND SPEED    26   HIGHEST WIND DIRECTION     N (10)
  HIGHEST GUST SPEED    35   HIGHEST GUST DIRECTION     N (10)
  AVERAGE WIND SPEED    15.1


SKY COVER
  POSSIBLE SUNSHINE  MM
  AVERAGE SKY COVER 1.0


WEATHER CONDITIONS
 THE FOLLOWING WEATHER WAS RECORDED YESTERDAY.
  HEAVY SNOW
  SNOW
  LIGHT SNOW
  FOG
  FOG W/VISIBILITY <= 1/4 MILE


RELATIVE HUMIDITY (PERCENT)
 HIGHEST   100           700 AM
 LOWEST     84           700 PM
 AVERAGE    92

..........................................................


THE RIVERTON WY CLIMATE NORMALS FOR TODAY
                         NORMAL    RECORD    YEAR
 MAXIMUM TEMPERATURE (F)   39        57      2009
 MINIMUM TEMPERATURE (F)   16       -20      2003


SUNRISE AND SUNSET
FEBRUARY 24 2017......SUNRISE   657 AM MST   SUNSET   557 PM MST
FEBRUARY 25 2017......SUNRISE   656 AM MST   SUNSET   558 PM MST


-  INDICATES NEGATIVE NUMBERS.
R  INDICATES RECORD WAS SET OR TIED.
MM INDICATES DATA IS MISSING.
T  INDICATES TRACE AMOUNT.




$$
