000
CDUS45 KRIW 040746
CLIRIW


CLIMATE REPORT
NATIONAL WEATHER SERVICE RIVERTON WY
139 AM MDT TUE AUG 4 2015


...................................

...THE RIVERTON WY CLIMATE SUMMARY FOR AUGUST 3 2015...

CLIMATE NORMAL PERIOD 1981 TO 2010
CLIMATE RECORD PERIOD 1995 TO 2015


WEATHER ITEM   OBSERVED TIME   RECORD YEAR NORMAL DEPARTURE LAST
                VALUE   (LST)  VALUE       VALUE  FROM      YEAR
                                                  NORMAL
..................................................................
TEMPERATURE (F)
 YESTERDAY
  MAXIMUM         82   1153 AM  97    2001  88     -6       89
  MINIMUM         60   1159 PM  53    2012  57      3       56
  AVERAGE         71                        73     -2       73

PRECIPITATION (IN)
  YESTERDAY        0.02          0.18 2000   0.02   0.00     0.00
  MONTH TO DATE    0.02                      0.05  -0.03     0.00
  SINCE JUN 1      1.91                      2.22  -0.31     1.90
  SINCE JAN 1      8.76                      6.30   2.46     4.22

SNOWFALL (IN)
  YESTERDAY        0.0                                       0.0
  MONTH TO DATE    0.0                                       0.0
  SINCE JUN 1      T                                         0.0
  SINCE JUL 1      0.0                                       0.0
  SNOW DEPTH       0

DEGREE DAYS
 HEATING
  YESTERDAY        0                         0      0        0
  MONTH TO DATE    0                         0      0        0
  SINCE JUN 1     33                       131    -98      130
  SINCE JUL 1     10                        12     -2        4

 COOLING
  YESTERDAY        6                         8     -2        8
  MONTH TO DATE   29                        24      5       23
  SINCE JUN 1    314                       310      4      284
  SINCE JAN 1    314                       319     -5      299
..................................................................


WIND (MPH)
  HIGHEST WIND SPEED    30   HIGHEST WIND DIRECTION     S (190)
  HIGHEST GUST SPEED    37   HIGHEST GUST DIRECTION     S (180)
  AVERAGE WIND SPEED     8.4


SKY COVER
  POSSIBLE SUNSHINE  MM
  AVERAGE SKY COVER 0.3


WEATHER CONDITIONS
 THE FOLLOWING WEATHER WAS RECORDED YESTERDAY.
  LIGHT RAIN


RELATIVE HUMIDITY (PERCENT)
 HIGHEST    78           900 PM
 LOWEST     25           300 PM
 AVERAGE    52

..........................................................


THE RIVERTON WY CLIMATE NORMALS FOR TODAY
                         NORMAL    RECORD    YEAR
 MAXIMUM TEMPERATURE (F)   88        93      2013
                                             2009
 MINIMUM TEMPERATURE (F)   57        45      2012


SUNRISE AND SUNSET
AUGUST  4 2015........SUNRISE   608 AM MDT   SUNSET   832 PM MDT
AUGUST  5 2015........SUNRISE   609 AM MDT   SUNSET   830 PM MDT


-  INDICATES NEGATIVE NUMBERS.
R  INDICATES RECORD WAS SET OR TIED.
MM INDICATES DATA IS MISSING.
T  INDICATES TRACE AMOUNT.




$$
