000
CDUS45 KRIW 140744
CLIRKS


CLIMATE REPORT
NATIONAL WEATHER SERVICE RIVERTON WY
1233 AM MST SUN FEB 14 2016


...................................

...THE ROCK SPRINGS WY CLIMATE SUMMARY FOR FEBRUARY 13 2016...

CLIMATE NORMAL PERIOD 1981 TO 2010
CLIMATE RECORD PERIOD 1948 TO 2016


WEATHER ITEM   OBSERVED TIME   RECORD YEAR NORMAL DEPARTURE LAST
                VALUE   (LST)  VALUE       VALUE  FROM      YEAR
                                                  NORMAL
..................................................................
TEMPERATURE (F)
 YESTERDAY
  MAXIMUM         44    156 PM  55    2015  32     12       55
  MINIMUM         28   1036 PM -11    1949  14     14       29
  AVERAGE         36                        23     13       42

PRECIPITATION (IN)
  YESTERDAY        0.00          0.19 1968   0.02  -0.02     0.00
  MONTH TO DATE    0.01                      0.23  -0.22     0.05
  SINCE DEC 1      0.08                      1.18  -1.10     0.17
  SINCE JAN 1      0.04                      0.68  -0.64     0.06

DEGREE DAYS
 HEATING
  YESTERDAY       29                        42    -13       23
  MONTH TO DATE  519                       555    -36      337
  SINCE DEC 1   3358                      3266     92     2699
  SINCE JUL 1   5024                      5259   -235     4515

 COOLING
  YESTERDAY        0                         0      0        0
  MONTH TO DATE    0                         0      0        0
  SINCE DEC 1      0                         0      0        0
  SINCE JAN 1      0                         0      0        0
..................................................................


WIND (MPH)
  HIGHEST WIND SPEED    29   HIGHEST WIND DIRECTION     W (270)
  HIGHEST GUST SPEED    38   HIGHEST GUST DIRECTION     W (260)
  AVERAGE WIND SPEED    16.3


SKY COVER
  POSSIBLE SUNSHINE  MM
  AVERAGE SKY COVER 0.1


WEATHER CONDITIONS
 THE FOLLOWING WEATHER WAS RECORDED YESTERDAY.
  NO SIGNIFICANT WEATHER WAS OBSERVED.


RELATIVE HUMIDITY (PERCENT)
 HIGHEST    63          1100 PM
 LOWEST     40          1100 AM
 AVERAGE    52

..........................................................


THE ROCK SPRINGS WY CLIMATE NORMALS FOR TODAY
                         NORMAL    RECORD    YEAR
 MAXIMUM TEMPERATURE (F)   33        55      2015
 MINIMUM TEMPERATURE (F)   14        -6      2004
                                             1949


SUNRISE AND SUNSET
FEBRUARY 14 2016......SUNRISE   713 AM MST   SUNSET   548 PM MST
FEBRUARY 15 2016......SUNRISE   712 AM MST   SUNSET   549 PM MST


-  INDICATES NEGATIVE NUMBERS.
R  INDICATES RECORD WAS SET OR TIED.
MM INDICATES DATA IS MISSING.
T  INDICATES TRACE AMOUNT.




$$
