000
CDUS45 KRIW 310033
CLIRKS


CLIMATE REPORT
NATIONAL WEATHER SERVICE RIVERTON WY
633 PM MDT SAT JUL 30 2016


...................................

...THE ROCK SPRINGS WY CLIMATE SUMMARY FOR JULY 30 2016...
VALID TODAY AS OF 0500 PM LOCAL TIME.

CLIMATE NORMAL PERIOD 1981 TO 2010
CLIMATE RECORD PERIOD 1948 TO 2016


WEATHER ITEM   OBSERVED TIME   RECORD YEAR NORMAL DEPARTURE LAST
                VALUE   (LST)  VALUE       VALUE  FROM      YEAR
                                                  NORMAL
..................................................................
TEMPERATURE (F)
 TODAY
  MAXIMUM         91        MM  95    1966  85      6       84
  MINIMUM         57        MM  40    1950  55      2       49
  AVERAGE         74                        70      4       67

PRECIPITATION (IN)
  TODAY            T                         0.02  -0.02     0.00
  MONTH TO DATE    0.22                      0.62  -0.40     2.12
  SINCE JUN 1      0.43                      1.41  -0.98     3.23
  SINCE JAN 1      4.89                      5.14  -0.25     7.31

DEGREE DAYS
 HEATING
  TODAY            0                         0      0        0
  MONTH TO DATE   13                        19     -6       26
  SINCE JUN 1     52                       186   -134       75
  SINCE JUL 1     13                        19     -6       26

 COOLING
  TODAY            9                         5      4        2
  MONTH TO DATE  167                       135     32       78
  SINCE JUN 1    248                       170     78      166
  SINCE JAN 1    248                       171     77      166
..................................................................


WIND (MPH)
  HIGHEST WIND SPEED    22   HIGHEST WIND DIRECTION     W (280)
  HIGHEST GUST SPEED    45   HIGHEST GUST DIRECTION     W (270)
  AVERAGE WIND SPEED     8.5


SKY COVER
  POSSIBLE SUNSHINE  MM
  AVERAGE SKY COVER 0.1


WEATHER CONDITIONS
 THE FOLLOWING WEATHER WAS RECORDED TODAY.
  NO SIGNIFICANT WEATHER WAS OBSERVED.


RELATIVE HUMIDITY (PERCENT)
 HIGHEST    57           600 AM
 LOWEST     11           200 PM
 AVERAGE    34

..........................................................


THE ROCK SPRINGS WY CLIMATE NORMALS FOR TOMORROW
                         NORMAL    RECORD    YEAR
 MAXIMUM TEMPERATURE (F)   85        94      2003
                                             1988
 MINIMUM TEMPERATURE (F)   55        42      1995


SUNRISE AND SUNSET
JULY 30 2016..........SUNRISE   609 AM MDT   SUNSET   835 PM MDT
JULY 31 2016..........SUNRISE   610 AM MDT   SUNSET   834 PM MDT


-  INDICATES NEGATIVE NUMBERS.
R  INDICATES RECORD WAS SET OR TIED.
MM INDICATES DATA IS MISSING.
T  INDICATES TRACE AMOUNT.




$$
