918
CDUS45 KRIW 220730
CLIRKS


CLIMATE REPORT
NATIONAL WEATHER SERVICE RIVERTON WY
129 AM MDT THU JUN 22 2017


...................................

...THE ROCK SPRINGS WY CLIMATE SUMMARY FOR JUNE 21 2017...

CLIMATE NORMAL PERIOD 1981 TO 2010
CLIMATE RECORD PERIOD 1948 TO 2017


WEATHER ITEM   OBSERVED TIME   RECORD YEAR NORMAL DEPARTURE LAST
                VALUE   (LST)  VALUE       VALUE  FROM      YEAR
                                                  NORMAL
..................................................................
TEMPERATURE (F)
 YESTERDAY
  MAXIMUM         90    221 PM  91    2016  77     13       91
                                      1988
  MINIMUM         56    543 AM  33    1960  48      8       58
  AVERAGE         73                        63     10       75

PRECIPITATION (IN)
  YESTERDAY        0.01          0.39 2003   0.02  -0.01     0.00
  MONTH TO DATE    0.02                      0.60  -0.58     0.17
  SINCE JUN 1      0.02                      0.60  -0.58     0.17
  SINCE JAN 1      3.54                      4.33  -0.79     4.63

DEGREE DAYS
 HEATING
  YESTERDAY        0                         4     -4        0
  MONTH TO DATE   67                       140    -73       35
  SINCE JUN 1     67                       140    -73       35
  SINCE JUL 1   7682                      8115   -433     7620

 COOLING
  YESTERDAY        8                         1      7       10
  MONTH TO DATE   31                        13     18       38
  SINCE JUN 1     31                        13     18       38
  SINCE JAN 1     31                        14     17       38
..................................................................


WIND (MPH)
  HIGHEST WIND SPEED    35   HIGHEST WIND DIRECTION     W (250)
  HIGHEST GUST SPEED    43   HIGHEST GUST DIRECTION     W (260)
  AVERAGE WIND SPEED    12.1


SKY COVER
  POSSIBLE SUNSHINE  MM
  AVERAGE SKY COVER 0.1


WEATHER CONDITIONS
 THE FOLLOWING WEATHER WAS RECORDED YESTERDAY.
  NO SIGNIFICANT WEATHER WAS OBSERVED.


RELATIVE HUMIDITY (PERCENT)
 HIGHEST    47           400 AM
 LOWEST     11           200 PM
 AVERAGE    29

..........................................................


THE ROCK SPRINGS WY CLIMATE NORMALS FOR TODAY
                         NORMAL    RECORD    YEAR
 MAXIMUM TEMPERATURE (F)   77        92      1954
 MINIMUM TEMPERATURE (F)   49        34      1989


SUNRISE AND SUNSET
JUNE 22 2017..........SUNRISE   543 AM MDT   SUNSET   854 PM MDT
JUNE 23 2017..........SUNRISE   543 AM MDT   SUNSET   854 PM MDT


-  INDICATES NEGATIVE NUMBERS.
R  INDICATES RECORD WAS SET OR TIED.
MM INDICATES DATA IS MISSING.
T  INDICATES TRACE AMOUNT.




$$
