341
CDUS45 KRIW 230035
CLIRKS


CLIMATE REPORT
NATIONAL WEATHER SERVICE RIVERTON WY
535 PM MST WED FEB 22 2017


...................................

...THE ROCK SPRINGS WY CLIMATE SUMMARY FOR FEBRUARY 22 2017...
VALID TODAY AS OF 0500 PM LOCAL TIME.

CLIMATE NORMAL PERIOD 1981 TO 2010
CLIMATE RECORD PERIOD 1948 TO 2017


WEATHER ITEM   OBSERVED TIME   RECORD YEAR NORMAL DEPARTURE LAST
                VALUE   (LST)  VALUE       VALUE  FROM      YEAR
                                                  NORMAL
..................................................................
TEMPERATURE (F)
 TODAY
  MAXIMUM         31        MM  54    1982  35     -4       39
  MINIMUM         26    700 AM -10    1973  17      9       25
  AVERAGE         29                        26      3       32

PRECIPITATION (IN)
  TODAY            T                         0.02  -0.02     0.06
  MONTH TO DATE    0.18                      0.38  -0.20     0.18
  SINCE DEC 1      0.75                      1.33  -0.58     0.25
  SINCE JAN 1      0.67                      0.83  -0.16     0.21

DEGREE DAYS
 HEATING
  TODAY           36                        39     -3       33
  MONTH TO DATE  756                       919   -163      793
  SINCE DEC 1   3719                      3630     89     3632
  SINCE JUL 1   5439                      5623   -184     5298

 COOLING
  TODAY            0                         0      0        0
  MONTH TO DATE    0                         0      0        0
  SINCE DEC 1      0                         0      0        0
  SINCE JAN 1      0                         0      0        0
..................................................................


WIND (MPH)
  HIGHEST WIND SPEED    13   HIGHEST WIND DIRECTION     W (260)
  HIGHEST GUST SPEED    MM   HIGHEST GUST DIRECTION    MM
  AVERAGE WIND SPEED     8.6


SKY COVER
  POSSIBLE SUNSHINE  MM
  AVERAGE SKY COVER 1.0


WEATHER CONDITIONS
 THE FOLLOWING WEATHER WAS RECORDED TODAY.
  LIGHT SNOW
  FOG


RELATIVE HUMIDITY (PERCENT)
 HIGHEST    92          1200 AM
 LOWEST     69           400 PM
 AVERAGE    81

..........................................................


THE ROCK SPRINGS WY CLIMATE NORMALS FOR TOMORROW
                         NORMAL    RECORD    YEAR
 MAXIMUM TEMPERATURE (F)   36        54      2002
 MINIMUM TEMPERATURE (F)   17        -5      1969


SUNRISE AND SUNSET
FEBRUARY 22 2017......SUNRISE   701 AM MST   SUNSET   559 PM MST
FEBRUARY 23 2017......SUNRISE   700 AM MST   SUNSET   600 PM MST


-  INDICATES NEGATIVE NUMBERS.
R  INDICATES RECORD WAS SET OR TIED.
MM INDICATES DATA IS MISSING.
T  INDICATES TRACE AMOUNT.




$$
