000
CDUS45 KRIW 300753
CLIRKS


CLIMATE REPORT
NATIONAL WEATHER SERVICE RIVERTON WY
151 AM MDT SAT MAY 30 2015


...................................

...THE ROCK SPRINGS WY CLIMATE SUMMARY FOR MAY 29 2015...

CLIMATE NORMAL PERIOD 1981 TO 2010
CLIMATE RECORD PERIOD 1948 TO 2015


WEATHER ITEM   OBSERVED TIME   RECORD YEAR NORMAL DEPARTURE LAST
                VALUE   (LST)  VALUE       VALUE  FROM      YEAR
                                                  NORMAL
..................................................................
TEMPERATURE (F)
 YESTERDAY
  MAXIMUM         63    522 PM  89    2003  68     -5       77
  MINIMUM         39    252 AM  31    2007  41     -2       57
                                      2006
                                      1977
  AVERAGE         51                        55     -4       67

PRECIPITATION (IN)
  YESTERDAY        T             0.71 1967   0.03  -0.03     0.10
  MONTH TO DATE    3.10                      1.13   1.97     0.38
  SINCE MAR 1      3.99                      2.72   1.27     1.05
  SINCE JAN 1      4.08                      3.65   0.43     1.20

DEGREE DAYS
 HEATING
  YESTERDAY       14                        10      4        0
  MONTH TO DATE  500                       423     77      347
  SINCE MAR 1   1945                      2103   -158     1890
  SINCE JUL 1   7058                      7955   -897     7342

 COOLING
  YESTERDAY        0                         0      0        2
  MONTH TO DATE    0                         0      0        7
  SINCE MAR 1      0                         0      0        7
  SINCE JAN 1      0                         0      0        7
..................................................................


WIND (MPH)
  HIGHEST WIND SPEED    18   HIGHEST WIND DIRECTION     E (80)
  HIGHEST GUST SPEED    22   HIGHEST GUST DIRECTION     E (70)
  AVERAGE WIND SPEED     6.0


SKY COVER
  POSSIBLE SUNSHINE  MM
  AVERAGE SKY COVER 0.4


WEATHER CONDITIONS
 THE FOLLOWING WEATHER WAS RECORDED YESTERDAY.
  LIGHT RAIN


RELATIVE HUMIDITY (PERCENT)
 HIGHEST    89           600 AM
 LOWEST     39           500 PM
 AVERAGE    64

..........................................................


THE ROCK SPRINGS WY CLIMATE NORMALS FOR TODAY
                         NORMAL    RECORD    YEAR
 MAXIMUM TEMPERATURE (F)   69        87      2002
 MINIMUM TEMPERATURE (F)   42        29      1979


SUNRISE AND SUNSET
MAY 30 2015...........SUNRISE   546 AM MDT   SUNSET   842 PM MDT
MAY 31 2015...........SUNRISE   545 AM MDT   SUNSET   843 PM MDT


-  INDICATES NEGATIVE NUMBERS.
R  INDICATES RECORD WAS SET OR TIED.
MM INDICATES DATA IS MISSING.
T  INDICATES TRACE AMOUNT.




$$
