000
CDUS45 KRIW 280743
CLIRKS


CLIMATE REPORT
NATIONAL WEATHER SERVICE RIVERTON WY
131 AM MDT FRI APR 28 2017


...................................

...THE ROCK SPRINGS WY CLIMATE SUMMARY FOR APRIL 27 2017...

CLIMATE NORMAL PERIOD 1981 TO 2010
CLIMATE RECORD PERIOD 1948 TO 2017


WEATHER ITEM   OBSERVED TIME   RECORD YEAR NORMAL DEPARTURE LAST
                VALUE   (LST)  VALUE       VALUE  FROM      YEAR
                                                  NORMAL
..................................................................
TEMPERATURE (F)
 YESTERDAY
  MAXIMUM         45    319 PM  76    1992  57    -12       46
  MINIMUM         30   1159 PM  15    1984  32     -2       32
  AVERAGE         38                        45     -7       39

PRECIPITATION (IN)
  YESTERDAY        T             0.44 1978   0.04  -0.04      T
  MONTH TO DATE    0.54                      0.80  -0.26     1.48
  SINCE MAR 1      1.97                      1.48   0.49     2.04
  SINCE JAN 1      2.87                      2.41   0.46     2.26

DEGREE DAYS
 HEATING
  YESTERDAY       27                        20      7       26
  MONTH TO DATE  586                       644    -58      560
  SINCE MAR 1   1366                      1621   -255     1467
  SINCE JUL 1   7104                      7473   -369     6984

 COOLING
  YESTERDAY        0                         0      0        0
  MONTH TO DATE    0                         0      0        0
  SINCE MAR 1      0                         0      0        0
  SINCE JAN 1      0                         0      0        0
..................................................................


WIND (MPH)
  HIGHEST WIND SPEED    39   HIGHEST WIND DIRECTION     W (260)
  HIGHEST GUST SPEED    47   HIGHEST GUST DIRECTION     W (260)
  AVERAGE WIND SPEED    24.7


SKY COVER
  POSSIBLE SUNSHINE  MM
  AVERAGE SKY COVER 0.8


WEATHER CONDITIONS
 THE FOLLOWING WEATHER WAS RECORDED YESTERDAY.
  LIGHT SNOW
  FOG


RELATIVE HUMIDITY (PERCENT)
 HIGHEST    85          1200 AM
 LOWEST     32           500 PM
 AVERAGE    59

..........................................................


THE ROCK SPRINGS WY CLIMATE NORMALS FOR TODAY
                         NORMAL    RECORD    YEAR
 MAXIMUM TEMPERATURE (F)   58        76      2007
 MINIMUM TEMPERATURE (F)   33        17      1955


SUNRISE AND SUNSET
APRIL 28 2017.........SUNRISE   617 AM MDT   SUNSET   811 PM MDT
APRIL 29 2017.........SUNRISE   615 AM MDT   SUNSET   812 PM MDT


-  INDICATES NEGATIVE NUMBERS.
R  INDICATES RECORD WAS SET OR TIED.
MM INDICATES DATA IS MISSING.
T  INDICATES TRACE AMOUNT.




$$
