000
CDUS45 KRIW 270756
CLIRKS


CLIMATE REPORT
NATIONAL WEATHER SERVICE RIVERTON WY
130 AM MDT TUE SEP 27 2016


...................................

...THE ROCK SPRINGS WY CLIMATE SUMMARY FOR SEPTEMBER 26 2016...

CLIMATE NORMAL PERIOD 1981 TO 2010
CLIMATE RECORD PERIOD 1948 TO 2016


WEATHER ITEM   OBSERVED TIME   RECORD YEAR NORMAL DEPARTURE LAST
                VALUE   (LST)  VALUE       VALUE  FROM      YEAR
                                                  NORMAL
..................................................................
TEMPERATURE (F)
 YESTERDAY
  MAXIMUM         68    352 PM  83    2015  66      2       83
  MINIMUM         42    651 AM  24    1996  39      3       48
  AVERAGE         55                        52      3       66

PRECIPITATION (IN)
  YESTERDAY        0.00          0.58 2001   0.03  -0.03     0.00
                                      1959
  MONTH TO DATE    1.59                      0.79   0.80     0.55
  SINCE SEP 1      1.59                      0.79   0.80     0.55
  SINCE JAN 1      6.76                      6.57   0.19     8.23

DEGREE DAYS
 HEATING
  YESTERDAY       10                        13     -3        0
  MONTH TO DATE  211                       208      3      101
  SINCE SEP 1    211                       208      3      101
  SINCE JUL 1    270                       272     -2      156

 COOLING
  YESTERDAY        0                         0      0        1
  MONTH TO DATE   12                         7      5       13
  SINCE SEP 1     12                         7      5       13
  SINCE JAN 1    354                       284     70      265
..................................................................


WIND (MPH)
  HIGHEST WIND SPEED    12   HIGHEST WIND DIRECTION    SW (220)
  HIGHEST GUST SPEED    14   HIGHEST GUST DIRECTION    SW (220)
  AVERAGE WIND SPEED     3.6


SKY COVER
  POSSIBLE SUNSHINE  MM
  AVERAGE SKY COVER 0.0


WEATHER CONDITIONS
 THE FOLLOWING WEATHER WAS RECORDED YESTERDAY.
  NO SIGNIFICANT WEATHER WAS OBSERVED.


RELATIVE HUMIDITY (PERCENT)
 HIGHEST    76           700 AM
 LOWEST     34           400 PM
 AVERAGE    55

..........................................................


THE ROCK SPRINGS WY CLIMATE NORMALS FOR TODAY
                         NORMAL    RECORD    YEAR
 MAXIMUM TEMPERATURE (F)   65        82      2015
                                             2001
                                             1969
 MINIMUM TEMPERATURE (F)   38        18      1996


SUNRISE AND SUNSET
SEPTEMBER 27 2016.....SUNRISE   709 AM MDT   SUNSET   704 PM MDT
SEPTEMBER 28 2016.....SUNRISE   710 AM MDT   SUNSET   702 PM MDT


-  INDICATES NEGATIVE NUMBERS.
R  INDICATES RECORD WAS SET OR TIED.
MM INDICATES DATA IS MISSING.
T  INDICATES TRACE AMOUNT.




$$
