000
CDUS45 KRIW 220734
CLIRKS


CLIMATE REPORT
NATIONAL WEATHER SERVICE RIVERTON WY
133 AM MDT SUN OCT 22 2017


...................................

...THE ROCK SPRINGS WY CLIMATE SUMMARY FOR OCTOBER 21 2017...

CLIMATE NORMAL PERIOD 1981 TO 2010
CLIMATE RECORD PERIOD 1948 TO 2017


WEATHER ITEM   OBSERVED TIME   RECORD YEAR NORMAL DEPARTURE LAST
                VALUE   (LST)  VALUE       VALUE  FROM      YEAR
                                                  NORMAL
..................................................................
TEMPERATURE (F)
 YESTERDAY
  MAXIMUM         42    353 PM  77    2003  54    -12       63
  MINIMUM         25    654 AM  13    1984  31     -6       29
  AVERAGE         34                        43     -9       46

PRECIPITATION (IN)
  YESTERDAY        0.00          0.59 2004   0.03  -0.03     0.00
  MONTH TO DATE    0.02                      0.61  -0.59     0.42
  SINCE SEP 1      0.79                      1.53  -0.74     2.01
  SINCE JAN 1      5.17                      7.31  -2.14     7.18

DEGREE DAYS
 HEATING
  YESTERDAY       31                        22      9       19
  MONTH TO DATE  465                       393     72      402
  SINCE SEP 1    774                       657    117      640
  SINCE JUL 1    791                       721     70      699

 COOLING
  YESTERDAY        0                         0      0        0
  MONTH TO DATE    0                         0      0        0
  SINCE SEP 1     26                         9     17       12
  SINCE JAN 1    394                       286    108      354
..................................................................


WIND (MPH)
  HIGHEST WIND SPEED    32   HIGHEST WIND DIRECTION     W (250)
  HIGHEST GUST SPEED    37   HIGHEST GUST DIRECTION     W (250)
  AVERAGE WIND SPEED    19.4


SKY COVER
  POSSIBLE SUNSHINE  MM
  AVERAGE SKY COVER 0.1


WEATHER CONDITIONS
 THE FOLLOWING WEATHER WAS RECORDED YESTERDAY.
  NO SIGNIFICANT WEATHER WAS OBSERVED.


RELATIVE HUMIDITY (PERCENT)
 HIGHEST    74           700 AM
 LOWEST     25           400 PM
 AVERAGE    50

..........................................................


THE ROCK SPRINGS WY CLIMATE NORMALS FOR TODAY
                         NORMAL    RECORD    YEAR
 MAXIMUM TEMPERATURE (F)   54        77      2003
 MINIMUM TEMPERATURE (F)   31        17      1984


SUNRISE AND SUNSET
OCTOBER 22 2017.......SUNRISE   737 AM MDT   SUNSET   624 PM MDT
OCTOBER 23 2017.......SUNRISE   738 AM MDT   SUNSET   623 PM MDT


-  INDICATES NEGATIVE NUMBERS.
R  INDICATES RECORD WAS SET OR TIED.
MM INDICATES DATA IS MISSING.
T  INDICATES TRACE AMOUNT.




$$
