000
CDUS45 KRIW 100731
CLIRKS


CLIMATE REPORT
NATIONAL WEATHER SERVICE RIVERTON WY
130 AM MDT THU JUL 10 2014


...................................

...THE ROCK SPRINGS WY CLIMATE SUMMARY FOR JULY 9 2014...

CLIMATE NORMAL PERIOD 1981 TO 2010
CLIMATE RECORD PERIOD 1948 TO 2014


WEATHER ITEM   OBSERVED TIME   RECORD YEAR NORMAL DEPARTURE LAST
                VALUE   (LST)  VALUE       VALUE  FROM      YEAR
                                                  NORMAL
..................................................................
TEMPERATURE (F)
 YESTERDAY
  MAXIMUM         93    336 PM  95    1976  83     10       90
  MINIMUM         63    419 AM  43    2010  53     10       57
  AVERAGE         78                        68     10       74

PRECIPITATION (IN)
  YESTERDAY        T             0.39 1984   0.02  -0.02      T
  MONTH TO DATE    T                         0.17  -0.17     0.18
  SINCE JUN 1      0.29                      0.96  -0.67     0.18
  SINCE JAN 1      1.60                      4.69  -3.09     1.67

DEGREE DAYS
 HEATING
  YESTERDAY        0                         1     -1        0
  MONTH TO DATE    3                        12     -9        0
  SINCE JUN 1    150                       179    -29       62
  SINCE JUL 1      3                        12     -9        0

 COOLING
  YESTERDAY       13                         4      9        9
  MONTH TO DATE   63                        32     31       62
  SINCE JUN 1     80                        67     13      155
  SINCE JAN 1     87                        68     19      156
..................................................................


WIND (MPH)
  HIGHEST WIND SPEED    28   HIGHEST WIND DIRECTION     W (260)
  HIGHEST GUST SPEED    33   HIGHEST GUST DIRECTION     W (250)
  AVERAGE WIND SPEED    10.2


SKY COVER
  POSSIBLE SUNSHINE  MM
  AVERAGE SKY COVER 0.2


WEATHER CONDITIONS
 THE FOLLOWING WEATHER WAS RECORDED YESTERDAY.
  THUNDERSTORM


RELATIVE HUMIDITY (PERCENT)
 HIGHEST    34          1100 PM
 LOWEST     12           100 PM
 AVERAGE    23

..........................................................


THE ROCK SPRINGS WY CLIMATE NORMALS FOR TODAY
                         NORMAL    RECORD    YEAR
 MAXIMUM TEMPERATURE (F)   83        95      1976
 MINIMUM TEMPERATURE (F)   54        42      1951


SUNRISE AND SUNSET
JULY 10 2014..........SUNRISE   551 AM MDT   SUNSET   852 PM MDT
JULY 11 2014..........SUNRISE   552 AM MDT   SUNSET   851 PM MDT


-  INDICATES NEGATIVE NUMBERS.
R  INDICATES RECORD WAS SET OR TIED.
MM INDICATES DATA IS MISSING.
T  INDICATES TRACE AMOUNT.




$$
