000
CDUS45 KRIW 270741
CLIRKS


CLIMATE REPORT
NATIONAL WEATHER SERVICE RIVERTON WY
128 AM MDT THU AUG 27 2015


...................................

...THE ROCK SPRINGS WY CLIMATE SUMMARY FOR AUGUST 26 2015...

CLIMATE NORMAL PERIOD 1981 TO 2010
CLIMATE RECORD PERIOD 1948 TO 2015


WEATHER ITEM   OBSERVED TIME   RECORD YEAR NORMAL DEPARTURE LAST
                VALUE   (LST)  VALUE       VALUE  FROM      YEAR
                                                  NORMAL
..................................................................
TEMPERATURE (F)
 YESTERDAY
  MAXIMUM         78   1200 PM  90    2011  79     -1       74
                                      1969
  MINIMUM         55    523 AM  34    1992  50      5       48
  AVERAGE         67                        64      3       61

PRECIPITATION (IN)
  YESTERDAY        0.02          0.21 1977   0.02   0.00      T
  MONTH TO DATE    0.19                      0.51  -0.32     0.40
  SINCE JUN 1      3.42                      1.94   1.48     1.05
  SINCE JAN 1      7.50                      5.67   1.83     2.36

DEGREE DAYS
 HEATING
  YESTERDAY        0                         2     -2        4
  MONTH TO DATE   28                        25      3       52
  SINCE JUN 1    103                       216   -113      213
  SINCE JUL 1     54                        49      5       66

 COOLING
  YESTERDAY        2                         2      0        0
  MONTH TO DATE   69                        91    -22       70
  SINCE JUN 1    238                       270    -32      292
  SINCE JAN 1    238                       271    -33      299
..................................................................


WIND (MPH)
  HIGHEST WIND SPEED    26   HIGHEST WIND DIRECTION     S (190)
  HIGHEST GUST SPEED    34   HIGHEST GUST DIRECTION     S (200)
  AVERAGE WIND SPEED     8.2


SKY COVER
  POSSIBLE SUNSHINE  MM
  AVERAGE SKY COVER 0.4


WEATHER CONDITIONS
 THE FOLLOWING WEATHER WAS RECORDED YESTERDAY.
  LIGHT RAIN
  FOG


RELATIVE HUMIDITY (PERCENT)
 HIGHEST    93           800 PM
 LOWEST     29          1200 AM
 AVERAGE    61

..........................................................


THE ROCK SPRINGS WY CLIMATE NORMALS FOR TODAY
                         NORMAL    RECORD    YEAR
 MAXIMUM TEMPERATURE (F)   79        90      2011
 MINIMUM TEMPERATURE (F)   50        35      1976


SUNRISE AND SUNSET
AUGUST 27 2015........SUNRISE   637 AM MDT   SUNSET   758 PM MDT
AUGUST 28 2015........SUNRISE   638 AM MDT   SUNSET   756 PM MDT


-  INDICATES NEGATIVE NUMBERS.
R  INDICATES RECORD WAS SET OR TIED.
MM INDICATES DATA IS MISSING.
T  INDICATES TRACE AMOUNT.




$$
