000
CDUS42 KFFC 280818
CLIRMG


CLIMATE REPORT
NATIONAL WEATHER SERVICE PEACHTREE CITY GA
418 AM EDT SAT MAY 28 2016


...................................

...THE ROME  CLIMATE SUMMARY FOR MAY 27 2016...

CLIMATE NORMAL PERIOD 1981 TO 2010
CLIMATE RECORD PERIOD 9999 TO 9999


WEATHER ITEM   OBSERVED TIME   RECORD YEAR NORMAL DEPARTURE LAST
                VALUE   (LST)  VALUE       VALUE  FROM      YEAR
                                                  NORMAL
..................................................................
TEMPERATURE (F)
 YESTERDAY
  MAXIMUM         88    220 PM  MM      MM  84      4       84
  MINIMUM         62    556 AM  MM      MM  59      3       66
  AVERAGE         75                        71      4       75

PRECIPITATION (IN)
  YESTERDAY        0.00         MM      MM   0.12  -0.12     0.33
  MONTH TO DATE    1.35                      3.70  -2.35     2.24
  SINCE MAR 1      8.11                     12.70  -4.59    10.81
  SINCE JAN 1     17.12                     22.39  -5.27    18.89

DEGREE DAYS
 COOLING
  YESTERDAY       10                         7      3       10
  MONTH TO DATE  117                       106     11      167
  SINCE MAR 1    177                       139     38      221
  SINCE JAN 1    177                       139     38      221
..................................................................


WIND (MPH)
  RESULTANT WIND SPEED   3   RESULTANT WIND DIRECTION  SE (140)
  HIGHEST WIND SPEED    15   HIGHEST WIND DIRECTION    SE (140)
  HIGHEST GUST SPEED    20   HIGHEST GUST DIRECTION    SE (150)
  AVERAGE WIND SPEED     3.9


SKY COVER
  AVERAGE SKY COVER 0.2


WEATHER CONDITIONS
 THE FOLLOWING WEATHER WAS RECORDED YESTERDAY.
  THUNDERSTORM
  FOG


RELATIVE HUMIDITY (PERCENT)
 HIGHEST    93           300 AM
 LOWEST     42           600 PM
 AVERAGE    68

..........................................................


THE ROME  CLIMATE NORMALS FOR TODAY
                         NORMAL    RECORD    YEAR
 MAXIMUM TEMPERATURE (F)   84        MM        MM
 MINIMUM TEMPERATURE (F)   60        MM        MM


SUNRISE AND SUNSET
MAY 28 2016...........SUNRISE   631 AM EDT   SUNSET   846 PM EDT
MAY 29 2016...........SUNRISE   630 AM EDT   SUNSET   846 PM EDT


-  INDICATES NEGATIVE NUMBERS.
R  INDICATES RECORD WAS SET OR TIED.
MM INDICATES DATA IS MISSING.
T  INDICATES TRACE AMOUNT.




$$
