000
CDUS42 KFFC 200021
CLIRMG


CLIMATE REPORT
NATIONAL WEATHER SERVICE PEACHTREE CITY GA
821 PM EDT FRI SEP 19 2014


...................................

...THE ROME  CLIMATE SUMMARY FOR SEPTEMBER 19 2014...
VALID AS OF 0800 PM LOCAL TIME.

CLIMATE NORMAL PERIOD 1981 TO 2010
CLIMATE RECORD PERIOD 9999 TO 9999


WEATHER ITEM   OBSERVED TIME   RECORD YEAR NORMAL DEPARTURE LAST
                VALUE   (LST)  VALUE       VALUE  FROM      YEAR
                                                  NORMAL
..................................................................
TEMPERATURE (F)
 TODAY
  MAXIMUM         87    139 PM  MM      MM  83      4       86
  MINIMUM         60    632 AM  MM      MM  59      1       58
  AVERAGE         74                        71      3       72

PRECIPITATION (IN)
  TODAY            0.13         MM      MM   0.11   0.02     0.00
  MONTH TO DATE    1.69                      1.97  -0.28     0.95
  SINCE SEP 1      1.69                      1.97  -0.28     0.95

SNOWFALL (IN)
  TODAY           MM            MM      MM  MM     MM       MM
  MONTH TO DATE    0.0                      MM     MM        0.0
  SINCE SEP 1      0.0                      MM     MM        0.0
  SINCE JUL 1      0.0                      MM     MM        0.0

DEGREE DAYS
 HEATING
  TODAY            0                         0      0        0
  MONTH TO DATE    0                         0      0        0
  SINCE SEP 1      0                         0      0        0
  SINCE JUL 1      0                         0      0        0

 COOLING
  TODAY            9                         6      3        7
  MONTH TO DATE  250                       170     80      206
  SINCE SEP 1    250                       170     80      206
  SINCE JAN 1   1616                      1536     80     1489
..................................................................


WIND (MPH)
  RESULTANT WIND SPEED   2   RESULTANT WIND DIRECTION   E (80)
  HIGHEST WIND SPEED    15   HIGHEST WIND DIRECTION     E (80)
  HIGHEST GUST SPEED    20   HIGHEST GUST DIRECTION     E (70)
  AVERAGE WIND SPEED     3.4


SKY COVER
  AVERAGE SKY COVER 0.3


WEATHER CONDITIONS
 THE FOLLOWING WEATHER WAS RECORDED TODAY.
  NO SIGNIFICANT WEATHER WAS OBSERVED.


RELATIVE HUMIDITY (PERCENT)
 HIGHEST    97           600 AM
 LOWEST     55           100 PM
 AVERAGE    76

..........................................................


THE ROME  CLIMATE NORMALS FOR TOMORROW
                         NORMAL    RECORD    YEAR
 MAXIMUM TEMPERATURE (F)   83        MM        MM
 MINIMUM TEMPERATURE (F)   59        MM        MM


SUNRISE AND SUNSET
SEPTEMBER 19 2014.....SUNRISE   727 AM EDT   SUNSET   742 PM EDT
SEPTEMBER 20 2014.....SUNRISE   727 AM EDT   SUNSET   740 PM EDT


-  INDICATES NEGATIVE NUMBERS.
R  INDICATES RECORD WAS SET OR TIED.
MM INDICATES DATA IS MISSING.
T  INDICATES TRACE AMOUNT.




$$
