000
CDUS46 KSGX 171420
CLIRNM


CLIMATE REPORT
NATIONAL WEATHER SERVICE SAN DIEGO, CA
720 AM PDT WED SEP 17 2014


...................................

...THE RAMONA AIRPORT CA CLIMATE SUMMARY FOR SEPTEMBER 16 2014...

CLIMATE NORMAL PERIOD 1981 TO 2010
CLIMATE RECORD PERIOD 1974 TO 2014


WEATHER ITEM   OBSERVED TIME   RECORD YEAR NORMAL DEPARTURE LAST
                VALUE   (LST)  VALUE       VALUE  FROM      YEAR
                                                  NORMAL
..................................................................
TEMPERATURE (F)
 YESTERDAY
  MAXIMUM        101    238 PM 102    2000  87     14       94
  MINIMUM         68    438 AM  43    2007  54     14       56
  AVERAGE         85                        70     15       75

PRECIPITATION (IN)
  YESTERDAY        0.00          0.22 1978   0.01  -0.01     0.00
  MONTH TO DATE    0.00                      0.17  -0.17     0.00
  SINCE JUL 1      0.41                      0.45  -0.04     0.09
  SINCE JAN 1      5.50                     11.78  -6.28     4.59

SNOWFALL (IN)
  YESTERDAY        0.0
  MONTH TO DATE    0.0
  SINCE JAN 1      0.0
  SINCE JUL 1      0.0
  SNOW DEPTH       0

DEGREE DAYS
 HEATING
  YESTERDAY        0                         0      0        0
  MONTH TO DATE    0                         0      0        0
  SINCE SEP 1      0                         0      0        0
  SINCE JUL 1      0                         3     -3        1

 COOLING
  YESTERDAY       20                         6     14       10
  MONTH TO DATE  207                       117     90      198
  SINCE SEP 1    207                       117     90      198
  SINCE JAN 1    946                       730    216      862
..................................................................


WIND (MPH)
  RESULTANT WIND SPEED   7   RESULTANT WIND DIRECTION   E (80)
  HIGHEST WIND SPEED    24   HIGHEST WIND DIRECTION     E (90)
  HIGHEST GUST SPEED    31   HIGHEST GUST DIRECTION     E (90)
  AVERAGE WIND SPEED     9.5


SKY COVER
  POSSIBLE SUNSHINE  MM
  AVERAGE SKY COVER 0.1


WEATHER CONDITIONS
 THE FOLLOWING WEATHER WAS RECORDED YESTERDAY.
  NO SIGNIFICANT WEATHER WAS OBSERVED.


RELATIVE HUMIDITY (PERCENT)
 HIGHEST    57           300 AM
 LOWEST     29          1200 PM
 AVERAGE    43

..........................................................


THE RAMONA AIRPORT CA CLIMATE NORMALS FOR TODAY
                         NORMAL    RECORD    YEAR
 MAXIMUM TEMPERATURE (F)   87       103      1981
 MINIMUM TEMPERATURE (F)   54        40      2006


SUNRISE AND SUNSET
SEPTEMBER 17 2014.....SUNRISE   633 AM PDT   SUNSET   651 PM PDT
SEPTEMBER 18 2014.....SUNRISE   633 AM PDT   SUNSET   650 PM PDT


-  INDICATES NEGATIVE NUMBERS.
R  INDICATES RECORD WAS SET OR TIED.
MM INDICATES DATA IS MISSING.
T  INDICATES TRACE AMOUNT.




$$
