000
CDUS46 KSGX 261426
CLIRNM


CLIMATE REPORT
NATIONAL WEATHER SERVICE SAN DIEGO, CA
726 AM PDT SAT JUL 26 2014


...................................

...THE RAMONA AIRPORT CA CLIMATE SUMMARY FOR JULY 25 2014...

CLIMATE NORMAL PERIOD 1981 TO 2010
CLIMATE RECORD PERIOD 1974 TO 2014


WEATHER ITEM   OBSERVED TIME   RECORD YEAR NORMAL DEPARTURE LAST
                VALUE   (LST)  VALUE       VALUE  FROM      YEAR
                                                  NORMAL
..................................................................
TEMPERATURE (F)
 YESTERDAY
  MAXIMUM         87    217 PM 101    1977  89     -2       90
  MINIMUM         64   1159 PM  49    1995  57      7       55
  AVERAGE         76                        73      3       73

PRECIPITATION (IN)
  YESTERDAY        0.15R         0.02 1976   0.01   0.14      T
  MONTH TO DATE    0.15                      0.10   0.05     0.08
  SINCE JUL 1      0.15                      0.10   0.05     0.08
  SINCE JAN 1      5.24                     11.43  -6.19     4.58

SNOWFALL (IN)
  YESTERDAY        0.0
  MONTH TO DATE    0.0
  SINCE JAN 1      0.0
  SINCE JUL 1      0.0
  SNOW DEPTH       0

DEGREE DAYS
 HEATING
  YESTERDAY        0                         0      0        0
  MONTH TO DATE    0                         0      0        0
  SINCE JUN 1      7                        27    -20        2
  SINCE JUL 1      0                         0      0        0

 COOLING
  YESTERDAY       11                         8      3        8
  MONTH TO DATE  216                       173     43      217
  SINCE JUN 1    304                       259     45      327
  SINCE JAN 1    387                       286    101      375
..................................................................


WIND (MPH)
  RESULTANT WIND SPEED   3   RESULTANT WIND DIRECTION   W (290)
  HIGHEST WIND SPEED    16   HIGHEST WIND DIRECTION     W (260)
  HIGHEST GUST SPEED    19   HIGHEST GUST DIRECTION     W (270)
  AVERAGE WIND SPEED     4.3


SKY COVER
  POSSIBLE SUNSHINE  MM
  AVERAGE SKY COVER 0.2


WEATHER CONDITIONS
 THE FOLLOWING WEATHER WAS RECORDED YESTERDAY.
  LIGHT RAIN
  FOG


RELATIVE HUMIDITY (PERCENT)
 HIGHEST    93           300 AM
 LOWEST     43           100 PM
 AVERAGE    68

..........................................................


THE RAMONA AIRPORT CA CLIMATE NORMALS FOR TODAY
                         NORMAL    RECORD    YEAR
 MAXIMUM TEMPERATURE (F)   89       102      1977
 MINIMUM TEMPERATURE (F)   57        49      1990


SUNRISE AND SUNSET
JULY 26 2014..........SUNRISE   557 AM PDT   SUNSET   751 PM PDT
JULY 27 2014..........SUNRISE   558 AM PDT   SUNSET   750 PM PDT


-  INDICATES NEGATIVE NUMBERS.
R  INDICATES RECORD WAS SET OR TIED.
MM INDICATES DATA IS MISSING.
T  INDICATES TRACE AMOUNT.




$$
