000
CDUS46 KSGX 111230
CLIRNM


CLIMATE REPORT
NATIONAL WEATHER SERVICE SAN DIEGO, CA
430 AM PST MON DEC 11 2017


...................................

...THE RAMONA AIRPORT CA CLIMATE SUMMARY FOR DECEMBER 10 2017...

CLIMATE NORMAL PERIOD 1981 TO 2010
CLIMATE RECORD PERIOD 1974 TO 2017


WEATHER ITEM   OBSERVED TIME   RECORD YEAR NORMAL DEPARTURE LAST
                VALUE   (LST)  VALUE       VALUE  FROM      YEAR
                                                  NORMAL
..................................................................
TEMPERATURE (F)
 YESTERDAY
  MAXIMUM         79   1208 PM  81    2004  65     14       66
                                      1975
  MINIMUM         52   1124 PM  27    2011  34     18       37
                                      1997
  AVERAGE         66                        50     16       52

PRECIPITATION (IN)
  YESTERDAY        0.00          0.73 1996   0.05  -0.05      T
  MONTH TO DATE    0.00                      0.54  -0.54      T
  SINCE OCT 1      T                         2.45  -2.45     1.63
  SINCE JAN 1     15.94                     14.35   1.59    11.79

DEGREE DAYS
 HEATING
  YESTERDAY        0                        15    -15       13
  MONTH TO DATE   82                       147    -65      151
  SINCE DEC 1     82                       147    -65      151
  SINCE JUL 1    263                       558   -295      402

 COOLING
  YESTERDAY        1                         0      1        0
  MONTH TO DATE    1                         0      1        0
  SINCE DEC 1      1                         0      1        0
  SINCE JAN 1   1291                       850    441     1019
..................................................................


WIND (MPH)
  RESULTANT WIND SPEED  13   RESULTANT WIND DIRECTION   E (80)
  HIGHEST WIND SPEED    26   HIGHEST WIND DIRECTION     E (70)
  HIGHEST GUST SPEED    33   HIGHEST GUST DIRECTION     E (80)
  AVERAGE WIND SPEED    12.7


SKY COVER
  POSSIBLE SUNSHINE  MM
  AVERAGE SKY COVER 0.0


WEATHER CONDITIONS
 THE FOLLOWING WEATHER WAS RECORDED YESTERDAY.
  NO SIGNIFICANT WEATHER WAS OBSERVED.


RELATIVE HUMIDITY (PERCENT)
 HIGHEST    17          1100 PM
 LOWEST      7          1000 AM
 AVERAGE    12

..........................................................


THE RAMONA AIRPORT CA CLIMATE NORMALS FOR TODAY
                         NORMAL    RECORD    YEAR
 MAXIMUM TEMPERATURE (F)   65        81      2010
 MINIMUM TEMPERATURE (F)   34        24      2011


SUNRISE AND SUNSET
DECEMBER 11 2017......SUNRISE   641 AM PST   SUNSET   441 PM PST
DECEMBER 12 2017......SUNRISE   641 AM PST   SUNSET   442 PM PST


-  INDICATES NEGATIVE NUMBERS.
R  INDICATES RECORD WAS SET OR TIED.
MM INDICATES DATA IS MISSING.
T  INDICATES TRACE AMOUNT.




$$
