000
CDUS46 KSGX 031427
CLIRNM


CLIMATE REPORT
NATIONAL WEATHER SERVICE SAN DIEGO, CA
726 AM PDT FRI JUL 3 2015


...................................

...THE RAMONA AIRPORT CA CLIMATE SUMMARY FOR JULY 2 2015...

CLIMATE NORMAL PERIOD 1981 TO 2010
CLIMATE RECORD PERIOD 1974 TO 2015


WEATHER ITEM   OBSERVED TIME   RECORD YEAR NORMAL DEPARTURE LAST
                VALUE   (LST)  VALUE       VALUE  FROM      YEAR
                                                  NORMAL
..................................................................
TEMPERATURE (F)
 YESTERDAY
  MAXIMUM         91    123 PM 101    1985  87      4       88
  MINIMUM         61   1152 PM  44    2010  54      7       56
                                      1976
  AVERAGE         76                        70      6       72

PRECIPITATION (IN)
  YESTERDAY        0.00          0.01 2006   0.00   0.00     0.00
                                      2006
                                      2012
  MONTH TO DATE    T                         0.00   0.00     0.00
  SINCE OCT 1      9.64                     15.47  -5.83     7.76
  SINCE JAN 1      5.04                     11.33  -6.29     5.09

SNOWFALL (IN)
  YESTERDAY        0.0
  MONTH TO DATE    0.0
  SINCE JUN 1      0.0
  SINCE JUL 1      0.0
  SNOW DEPTH       0

DEGREE DAYS
 HEATING
  YESTERDAY        0                         0      0        0
  MONTH TO DATE    0                         0      0        0
  SINCE JUN 1      8                        27    -19        7
  SINCE JUL 1      0                         0      0        0

 COOLING
  YESTERDAY       11                         5      6        7
  MONTH TO DATE   24                        10     14       13
  SINCE JUN 1    216                        96    120      101
  SINCE JAN 1    251                       123    128      184
..................................................................


WIND (MPH)
  RESULTANT WIND SPEED   4   RESULTANT WIND DIRECTION   W (280)
  HIGHEST WIND SPEED    17   HIGHEST WIND DIRECTION     W (260)
  HIGHEST GUST SPEED    20   HIGHEST GUST DIRECTION     W (260)
  AVERAGE WIND SPEED     5.2


SKY COVER
  POSSIBLE SUNSHINE  MM
  AVERAGE SKY COVER 0.3


WEATHER CONDITIONS
 THE FOLLOWING WEATHER WAS RECORDED YESTERDAY.
  FOG
  FOG W/VISIBILITY <= 1/4 MILE
  HAZE


RELATIVE HUMIDITY (PERCENT)
 HIGHEST   100           600 AM
 LOWEST     34           100 PM
 AVERAGE    67

..........................................................


THE RAMONA AIRPORT CA CLIMATE NORMALS FOR TODAY
                         NORMAL    RECORD    YEAR
 MAXIMUM TEMPERATURE (F)   87       103      1985
 MINIMUM TEMPERATURE (F)   54        42      1974


SUNRISE AND SUNSET
JULY  3 2015..........SUNRISE   543 AM PDT   SUNSET   800 PM PDT
JULY  4 2015..........SUNRISE   544 AM PDT   SUNSET   800 PM PDT


-  INDICATES NEGATIVE NUMBERS.
R  INDICATES RECORD WAS SET OR TIED.
MM INDICATES DATA IS MISSING.
T  INDICATES TRACE AMOUNT.




$$
