000
CDUS46 KSGX 290016
CLIRNM


CLIMATE REPORT
NATIONAL WEATHER SERVICE SAN DIEGO, CA
516 PM PDT SUN MAY 28 2017


...................................

...THE RAMONA AIRPORT CA CLIMATE SUMMARY FOR MAY 28 2017...
VALID TODAY AS OF 0500 PM LOCAL TIME.

CLIMATE NORMAL PERIOD 1981 TO 2010
CLIMATE RECORD PERIOD 1974 TO 2017


WEATHER ITEM   OBSERVED TIME   RECORD YEAR NORMAL DEPARTURE LAST
                VALUE   (LST)  VALUE       VALUE  FROM      YEAR
                                                  NORMAL
..................................................................
TEMPERATURE (F)
 TODAY
  MAXIMUM         80   1237 PM  99    1978  78      2       75
  MINIMUM         41R   432 AM  41    2012  49     -8       53
  AVERAGE         61                        63     -2       64

PRECIPITATION (IN)
  TODAY            0.00          0.47 1990   0.00   0.00     0.00
  MONTH TO DATE    1.14                      0.30   0.84     0.25
  SINCE OCT 1     22.72                     15.35   7.37    13.19
  SINCE JAN 1     15.70                     11.21   4.49     9.66

DEGREE DAYS
 HEATING
  TODAY            4                         3      1        1
  MONTH TO DATE  100                       125    -25      135
  SINCE MAR 1    474                       776   -302      645
  SINCE JUL 1   1909                      2517   -608     2148

 COOLING
  TODAY            0                         1     -1        0
  MONTH TO DATE   36                        16     20        6
  SINCE MAR 1     48                        20     28        7
  SINCE JAN 1     48                        21     27       12
..................................................................


WIND (MPH)
  RESULTANT WIND SPEED   4   RESULTANT WIND DIRECTION   W (290)
  HIGHEST WIND SPEED    14   HIGHEST WIND DIRECTION     W (290)
  HIGHEST GUST SPEED    18   HIGHEST GUST DIRECTION     W (280)
  AVERAGE WIND SPEED     4.5


SKY COVER
  POSSIBLE SUNSHINE  MM
  AVERAGE SKY COVER 0.0


WEATHER CONDITIONS
 THE FOLLOWING WEATHER WAS RECORDED TODAY.
  FOG


RELATIVE HUMIDITY (PERCENT)
 HIGHEST   100          1200 AM
 LOWEST     42          1200 PM
 AVERAGE    71

..........................................................


THE RAMONA AIRPORT CA CLIMATE NORMALS FOR TOMORROW
                         NORMAL    RECORD    YEAR
 MAXIMUM TEMPERATURE (F)   78       102      1984
 MINIMUM TEMPERATURE (F)   49        41      2010
                                             2006


SUNRISE AND SUNSET
MAY 28 2017...........SUNRISE   541 AM PDT   SUNSET   749 PM PDT
MAY 29 2017...........SUNRISE   541 AM PDT   SUNSET   750 PM PDT


-  INDICATES NEGATIVE NUMBERS.
R  INDICATES RECORD WAS SET OR TIED.
MM INDICATES DATA IS MISSING.
T  INDICATES TRACE AMOUNT.




$$
