000
CDUS46 KSGX 180117
CLIRNM


CLIMATE REPORT
NATIONAL WEATHER SERVICE SAN DIEGO, CA
517 PM PST SAT FEB 17 2018


...................................

...THE RAMONA AIRPORT CA CLIMATE SUMMARY FOR FEBRUARY 17 2018...
VALID TODAY AS OF 0500 PM LOCAL TIME.

CLIMATE NORMAL PERIOD 1981 TO 2010
CLIMATE RECORD PERIOD 1974 TO 2018


WEATHER ITEM   OBSERVED TIME   RECORD YEAR NORMAL DEPARTURE LAST
                VALUE   (LST)  VALUE       VALUE  FROM      YEAR
                                                  NORMAL
..................................................................
TEMPERATURE (F)
 TODAY
  MAXIMUM         74    254 PM  86    1981  65      9       61
  MINIMUM         33    607 AM  28    2012  37     -4       48
                                      1975
  AVERAGE         54                        51      3       55

PRECIPITATION (IN)
  TODAY            0.00          1.71 1980   0.13  -0.13     0.88
  MONTH TO DATE    0.05                      1.70  -1.65     1.52
  SINCE OCT 1      3.38                      9.16  -5.78    15.88
  SINCE JAN 1      3.34                      5.02  -1.68     8.86

DEGREE DAYS
 HEATING
  TODAY           11                        14     -3       10
  MONTH TO DATE  143                       246   -103      163
  SINCE DEC 1    700                      1182   -482     1019
  SINCE JUL 1    881                      1593   -712     1270

 COOLING
  TODAY            0                         0      0        0
  MONTH TO DATE    0                         0      0        0
  SINCE DEC 1     17                         1     16        1
  SINCE JAN 1     16                         1     15        0
..................................................................


WIND (MPH)
  RESULTANT WIND SPEED   1   RESULTANT WIND DIRECTION  NW (300)
  HIGHEST WIND SPEED    15   HIGHEST WIND DIRECTION    NW (300)
  HIGHEST GUST SPEED    18   HIGHEST GUST DIRECTION    NW (300)
  AVERAGE WIND SPEED     3.9


SKY COVER
  POSSIBLE SUNSHINE  MM
  AVERAGE SKY COVER 0.0


WEATHER CONDITIONS
 THE FOLLOWING WEATHER WAS RECORDED TODAY.
  NO SIGNIFICANT WEATHER WAS OBSERVED.


RELATIVE HUMIDITY (PERCENT)
 HIGHEST    75           400 AM
 LOWEST     14          1000 AM
 AVERAGE    45

..........................................................


THE RAMONA AIRPORT CA CLIMATE NORMALS FOR TOMORROW
                         NORMAL    RECORD    YEAR
 MAXIMUM TEMPERATURE (F)   65        88      1981
 MINIMUM TEMPERATURE (F)   38        27      2012
                                             1975
                                             1974


SUNRISE AND SUNSET
FEBRUARY 17 2018......SUNRISE   629 AM PST   SUNSET   535 PM PST
FEBRUARY 18 2018......SUNRISE   628 AM PST   SUNSET   536 PM PST


-  INDICATES NEGATIVE NUMBERS.
R  INDICATES RECORD WAS SET OR TIED.
MM INDICATES DATA IS MISSING.
T  INDICATES TRACE AMOUNT.




$$
