000
CDUS46 KSGX 191517
CLIRNM


CLIMATE REPORT
NATIONAL WEATHER SERVICE SAN DIEGO, CA
717 AM PST SUN FEB 19 2017


...................................

...THE RAMONA AIRPORT CA CLIMATE SUMMARY FOR FEBRUARY 18 2017...

CLIMATE NORMAL PERIOD 1981 TO 2010
CLIMATE RECORD PERIOD 1974 TO 2017


WEATHER ITEM   OBSERVED TIME   RECORD YEAR NORMAL DEPARTURE LAST
                VALUE   (LST)  VALUE       VALUE  FROM      YEAR
                                                  NORMAL
..................................................................
TEMPERATURE (F)
 YESTERDAY
  MAXIMUM         56    115 PM  88    1981  65     -9       64
  MINIMUM         47    636 AM  27    2012  38      9       43
                                      1975
  AVERAGE         52                        51      1       54

PRECIPITATION (IN)
  YESTERDAY        0.36          1.51 1980   0.12   0.24     0.10
  MONTH TO DATE    1.88                      1.82   0.06     0.11
  SINCE OCT 1     16.24                      9.28   6.96    10.18
  SINCE JAN 1      9.22                      5.14   4.08     6.65

DEGREE DAYS
 HEATING
  YESTERDAY       13                        14     -1       11
  MONTH TO DATE  176                       260    -84      133
  SINCE DEC 1   1032                      1196   -164     1075
  SINCE JUL 1   1283                      1607   -324     1414

 COOLING
  YESTERDAY        0                         0      0        0
  MONTH TO DATE    0                         0      0        5
  SINCE DEC 1      1                         1      0        5
  SINCE JAN 1      0                         1     -1        5
..................................................................


WIND (MPH)
  RESULTANT WIND SPEED   1   RESULTANT WIND DIRECTION   W (280)
  HIGHEST WIND SPEED    14   HIGHEST WIND DIRECTION     W (260)
  HIGHEST GUST SPEED    16   HIGHEST GUST DIRECTION    NW (300)
  AVERAGE WIND SPEED     3.7


SKY COVER
  POSSIBLE SUNSHINE  MM
  AVERAGE SKY COVER 1.0


WEATHER CONDITIONS
 THE FOLLOWING WEATHER WAS RECORDED YESTERDAY.
  HEAVY RAIN
  RAIN
  LIGHT RAIN
  FOG


RELATIVE HUMIDITY (PERCENT)
 HIGHEST   100           100 AM
 LOWEST     72          1200 PM
 AVERAGE    86

..........................................................


THE RAMONA AIRPORT CA CLIMATE NORMALS FOR TODAY
                         NORMAL    RECORD    YEAR
 MAXIMUM TEMPERATURE (F)   65        88      1995
 MINIMUM TEMPERATURE (F)   38        28      1974


SUNRISE AND SUNSET
FEBRUARY 19 2017......SUNRISE   627 AM PST   SUNSET   537 PM PST
FEBRUARY 20 2017......SUNRISE   626 AM PST   SUNSET   538 PM PST


-  INDICATES NEGATIVE NUMBERS.
R  INDICATES RECORD WAS SET OR TIED.
MM INDICATES DATA IS MISSING.
T  INDICATES TRACE AMOUNT.




$$
