000
CDUS46 KSGX 300020
CLIRNM


CLIMATE REPORT
NATIONAL WEATHER SERVICE SAN DIEGO, CA
519 PM PDT FRI JUL 29 2016


...................................

...THE RAMONA AIRPORT CA CLIMATE SUMMARY FOR JULY 29 2016...
VALID TODAY AS OF 0500 PM LOCAL TIME.

CLIMATE NORMAL PERIOD 1981 TO 2010
CLIMATE RECORD PERIOD 1974 TO 2016


WEATHER ITEM   OBSERVED TIME   RECORD YEAR NORMAL DEPARTURE LAST
                VALUE   (LST)  VALUE       VALUE  FROM      YEAR
                                                  NORMAL
..................................................................
TEMPERATURE (F)
 TODAY
  MAXIMUM         95   1247 PM 104    1980  89      6       89
  MINIMUM         62    441 AM  46    2012  57      5       61
  AVERAGE         79                        73      6       75

PRECIPITATION (IN)
  TODAY            0.00          T    2003   0.01  -0.01     0.00
  MONTH TO DATE    0.00                      0.12  -0.12     2.38
  SINCE OCT 1     13.19                     15.59  -2.40    12.02
  SINCE JAN 1      9.66                     11.45  -1.79     7.42

DEGREE DAYS
 HEATING
  TODAY            0                         0      0        0
  MONTH TO DATE    0                         0      0        0
  SINCE JUN 1      4                        27    -23        8
  SINCE JUL 1      0                         0      0        0

 COOLING
  TODAY           14                         8      6       10
  MONTH TO DATE  266                       205     61      195
  SINCE JUN 1    460                       291    169      387
  SINCE JAN 1    472                       318    154      422
..................................................................


WIND (MPH)
  RESULTANT WIND SPEED   5   RESULTANT WIND DIRECTION   W (290)
  HIGHEST WIND SPEED    14   HIGHEST WIND DIRECTION     W (270)
  HIGHEST GUST SPEED    19   HIGHEST GUST DIRECTION     W (270)
  AVERAGE WIND SPEED     5.0


SKY COVER
  POSSIBLE SUNSHINE  MM
  AVERAGE SKY COVER 0.0


WEATHER CONDITIONS
 THE FOLLOWING WEATHER WAS RECORDED TODAY.
  NO SIGNIFICANT WEATHER WAS OBSERVED.


RELATIVE HUMIDITY (PERCENT)
 HIGHEST    60           200 AM
 LOWEST     25           800 AM
 AVERAGE    43

..........................................................


THE RAMONA AIRPORT CA CLIMATE NORMALS FOR TOMORROW
                         NORMAL    RECORD    YEAR
 MAXIMUM TEMPERATURE (F)   89       104      1980
 MINIMUM TEMPERATURE (F)   57        46      1983


SUNRISE AND SUNSET
JULY 29 2016..........SUNRISE   559 AM PDT   SUNSET   748 PM PDT
JULY 30 2016..........SUNRISE   600 AM PDT   SUNSET   748 PM PDT


-  INDICATES NEGATIVE NUMBERS.
R  INDICATES RECORD WAS SET OR TIED.
MM INDICATES DATA IS MISSING.
T  INDICATES TRACE AMOUNT.




$$
