000
CDUS46 KSGX 010019
CLIRNM


CLIMATE REPORT
NATIONAL WEATHER SERVICE SAN DIEGO, CA
419 PM PST SAT JAN 31 2015


...................................

...THE RAMONA AIRPORT CA CLIMATE SUMMARY FOR JANUARY 31 2015...
VALID TODAY AS OF 0400 PM LOCAL TIME.

CLIMATE NORMAL PERIOD 1981 TO 2010
CLIMATE RECORD PERIOD 1974 TO 2015


WEATHER ITEM   OBSERVED TIME   RECORD YEAR NORMAL DEPARTURE LAST
                VALUE   (LST)  VALUE       VALUE  FROM      YEAR
                                                  NORMAL
..................................................................
TEMPERATURE (F)
 TODAY
  MAXIMUM         65    345 PM  88    2003  65      0       58
  MINIMUM         39    703 AM  25    2012  36      3       39
  AVERAGE         52                        50      2       49

PRECIPITATION (IN)
  TODAY            0.00          1.73 1979   0.11  -0.11     0.17
  MONTH TO DATE    0.79                      3.32  -2.53     0.19
  SINCE OCT 1      5.39                      7.46  -2.07     2.86
  SINCE JAN 1      0.79                      3.32  -2.53     0.19

SNOWFALL (IN)
  TODAY            0.0
  MONTH TO DATE    0.0
  SINCE JAN 1      0.0
  SINCE JUL 1      0.0
  SNOW DEPTH       0

DEGREE DAYS
 HEATING
  TODAY           13                        15     -2       16
  MONTH TO DATE  348                       465   -117      288
  SINCE DEC 1    748                       936   -188      699
  SINCE JUL 1    948                      1347   -399     1128

 COOLING
  TODAY            0                         0      0        0
  MONTH TO DATE    0                         1     -1        0
  SINCE DEC 1      0                         1     -1        1
  SINCE JAN 1      0                         1     -1        0
..................................................................


WIND (MPH)
  RESULTANT WIND SPEED   1   RESULTANT WIND DIRECTION   N (340)
  HIGHEST WIND SPEED    15   HIGHEST WIND DIRECTION     W (280)
  HIGHEST GUST SPEED    17   HIGHEST GUST DIRECTION     W (270)
  AVERAGE WIND SPEED     2.8


SKY COVER
  POSSIBLE SUNSHINE  MM
  AVERAGE SKY COVER 0.8


WEATHER CONDITIONS
 THE FOLLOWING WEATHER WAS RECORDED TODAY.
  FOG
  FOG W/VISIBILITY <= 1/4 MILE
  HAZE


RELATIVE HUMIDITY (PERCENT)
 HIGHEST   100           100 AM
 LOWEST     56           300 PM
 AVERAGE    78

..........................................................


THE RAMONA AIRPORT CA CLIMATE NORMALS FOR TOMORROW
                         NORMAL    RECORD    YEAR
 MAXIMUM TEMPERATURE (F)   65        85      1995
 MINIMUM TEMPERATURE (F)   36        26      1985


SUNRISE AND SUNSET
JANUARY 31 2015.......SUNRISE   644 AM PST   SUNSET   519 PM PST
FEBRUARY  1 2015......SUNRISE   643 AM PST   SUNSET   520 PM PST


-  INDICATES NEGATIVE NUMBERS.
R  INDICATES RECORD WAS SET OR TIED.
MM INDICATES DATA IS MISSING.
T  INDICATES TRACE AMOUNT.




$$
