000
CDUS45 KREV 290842
CLIRNO


CLIMATE REPORT
NATIONAL WEATHER SERVICE RENO NV
142 AM PDT SAT AUG 29 2015


...................................

...THE RENO TAHOE AIRPORT NV CLIMATE SUMMARY FOR AUGUST 28 2015...

CLIMATE NORMAL PERIOD 1981 TO 2010
CLIMATE RECORD PERIOD 1888 TO 2015


WEATHER ITEM   OBSERVED TIME   RECORD YEAR NORMAL DEPARTURE LAST
                VALUE   (LST)  VALUE       VALUE  FROM      YEAR
                                                  NORMAL
..................................................................
TEMPERATURE (F)
 YESTERDAY
  MAXIMUM         93    204 PM  99    2001  88      5       95
  MINIMUM         61    549 AM  28    1962  53      8       60
  AVERAGE         77                        71      6       78

PRECIPITATION (IN)
  YESTERDAY        0.00          0.40 1929   0.00   0.00     0.00
  MONTH TO DATE    0.11                      0.21  -0.10     1.08
  SINCE OCT 1      5.83                      7.03  -1.20     4.24
  SINCE JAN 1      4.41                      4.67  -0.26     3.28

SNOWFALL (IN)
  YESTERDAY        0.0           0.0    MM   0.0    0.0      0.0
  MONTH TO DATE    0.0                       0.0    0.0      0.0
  SINCE JUN 1      0.0                       T      0.0      0.0
  SINCE JUL 1      0.0                       0.0    0.0      0.0
  SNOW DEPTH       0

DEGREE DAYS
 HEATING
  YESTERDAY        0                         0      0        0
  MONTH TO DATE    0                         0      0        4
  SINCE JUN 1      8                        61    -53       14
  SINCE JUL 1      1                         5     -4        4

 COOLING
  YESTERDAY       12                         6      6       13
  MONTH TO DATE  328                       241     87      258
  SINCE JUN 1    937                       691    246      960
  SINCE JAN 1    971                       728    243     1007
..................................................................


WIND (MPH)
  RESULTANT WIND SPEED   4   RESULTANT WIND DIRECTION   W (250)
  HIGHEST WIND SPEED    20   HIGHEST WIND DIRECTION     S (190)
  HIGHEST GUST SPEED    26   HIGHEST GUST DIRECTION     S (200)
  AVERAGE WIND SPEED     5.9



WEATHER CONDITIONS
 THE FOLLOWING WEATHER WAS RECORDED YESTERDAY.
  NO SIGNIFICANT WEATHER WAS OBSERVED.


RELATIVE HUMIDITY (PERCENT)
 HIGHEST    48           600 AM
 LOWEST     11           100 PM
 AVERAGE    30

..........................................................


THE RENO TAHOE AIRPORT NV CLIMATE NORMALS FOR TODAY
                         NORMAL    RECORD    YEAR
 MAXIMUM TEMPERATURE (F)   88       100      2008
                                             1998
                                             1915
 MINIMUM TEMPERATURE (F)   53        24      1962


SUNRISE AND SUNSET
AUGUST 29 2015........SUNRISE   624 AM PDT   SUNSET   735 PM PDT
AUGUST 30 2015........SUNRISE   625 AM PDT   SUNSET   733 PM PDT


-  INDICATES NEGATIVE NUMBERS.
R  INDICATES RECORD WAS SET OR TIED.
MM INDICATES DATA IS MISSING.
T  INDICATES TRACE AMOUNT.




$$
