709
CDUS45 KREV 270837
CLIRNO


CLIMATE REPORT
NATIONAL WEATHER SERVICE RENO NV
137 AM PDT FRI MAY 27 2016


...................................

...THE RENO TAHOE AIRPORT NV CLIMATE SUMMARY FOR MAY 26 2016...

CLIMATE NORMAL PERIOD 1981 TO 2010
CLIMATE RECORD PERIOD 1888 TO 2016


WEATHER ITEM   OBSERVED TIME   RECORD YEAR NORMAL DEPARTURE LAST
                VALUE   (LST)  VALUE       VALUE  FROM      YEAR
                                                  NORMAL
..................................................................
TEMPERATURE (F)
 YESTERDAY
  MAXIMUM         74    206 PM  91    1983  77     -3       79
                                      1974
                                      1966
  MINIMUM         46    548 AM  25    1899  48     -2       46
  AVERAGE         60                        62     -2       63

PRECIPITATION (IN)
  YESTERDAY        0.00          0.62 1964   0.02  -0.02     0.00
  MONTH TO DATE    1.16                      0.41   0.75     1.01
  SINCE OCT 1      9.16                      6.05   3.11     4.28
  SINCE JAN 1      5.21                      3.69   1.52     2.86

SNOWFALL (IN)
  YESTERDAY        0.0           0.0    MM   0.0    0.0      0.0
  MONTH TO DATE    0.2                       0.3   -0.1       T
  SINCE MAR 1      7.0                       2.8    4.2       T
  SINCE JUL 1     31.1                      21.8    9.3      2.7
  SNOW DEPTH       0

DEGREE DAYS
 HEATING
  YESTERDAY        5                         5      0        2
  MONTH TO DATE  170                       186    -16      185
  SINCE MAR 1    978                      1210   -232      953
  SINCE JUL 1   4315                      4848   -533     3818

 COOLING
  YESTERDAY        0                         2     -2        0
  MONTH TO DATE   12                        24    -12        3
  SINCE MAR 1     12                        25    -13        3
  SINCE JAN 1     12                        25    -13        3
..................................................................


WIND (MPH)
  RESULTANT WIND SPEED   2   RESULTANT WIND DIRECTION  NW (320)
  HIGHEST WIND SPEED    15   HIGHEST WIND DIRECTION    NW (330)
  HIGHEST GUST SPEED    21   HIGHEST GUST DIRECTION     W (290)
  AVERAGE WIND SPEED     5.2



WEATHER CONDITIONS
 THE FOLLOWING WEATHER WAS RECORDED YESTERDAY.
  NO SIGNIFICANT WEATHER WAS OBSERVED.


RELATIVE HUMIDITY (PERCENT)
 HIGHEST    71           300 AM
 LOWEST     20           400 PM
 AVERAGE    46

..........................................................


THE RENO TAHOE AIRPORT NV CLIMATE NORMALS FOR TODAY
                         NORMAL    RECORD    YEAR
 MAXIMUM TEMPERATURE (F)   77        95      2003
 MINIMUM TEMPERATURE (F)   48        30      1893


SUNRISE AND SUNSET
MAY 27 2016...........SUNRISE   536 AM PDT   SUNSET   817 PM PDT
MAY 28 2016...........SUNRISE   535 AM PDT   SUNSET   818 PM PDT


-  INDICATES NEGATIVE NUMBERS.
R  INDICATES RECORD WAS SET OR TIED.
MM INDICATES DATA IS MISSING.
T  INDICATES TRACE AMOUNT.




$$
