000
CDUS45 KREV 010850
CLIRNO


CLIMATE REPORT
NATIONAL WEATHER SERVICE RENO NV
149 AM PDT FRI AUG 1 2014


...................................

...THE RENO TAHOE AIRPORT NV CLIMATE SUMMARY FOR JULY 31 2014...

CLIMATE NORMAL PERIOD 1981 TO 2010
CLIMATE RECORD PERIOD 1888 TO 2014


WEATHER ITEM   OBSERVED TIME   RECORD YEAR NORMAL DEPARTURE LAST
                VALUE   (LST)  VALUE       VALUE  FROM      YEAR
                                                  NORMAL
..................................................................
TEMPERATURE (F)
 YESTERDAY
  MAXIMUM         92    134 PM 103    2000  93     -1       92
  MINIMUM         63    530 AM  37    1964  58      5       67
  AVERAGE         78                        76      2       80

PRECIPITATION (IN)
  YESTERDAY        0.00          0.63 1971   0.01  -0.01     0.00
  MONTH TO DATE    0.20                      0.18   0.02     0.49
  SINCE OCT 1      3.16                      6.82  -3.66     5.00
  SINCE JAN 1      2.20                      4.46  -2.26     1.96

SNOWFALL (IN)
  YESTERDAY        0.0           0.0    MM   0.0    0.0      0.0
  MONTH TO DATE    0.0                       0.0    0.0      0.0
  SINCE JUN 1      0.0                       T      0.0      0.0
  SINCE JUL 1      0.0                       0.0    0.0      0.0
  SNOW DEPTH       0

DEGREE DAYS
 HEATING
  YESTERDAY        0                         0      0        0
  MONTH TO DATE    0                         0      0        0
  SINCE JUN 1     10                        61    -51       16
  SINCE JUL 1      0                         5     -5        0

 COOLING
  YESTERDAY       13                        11      2       15
  MONTH TO DATE  490                       314    176      476
  SINCE JUN 1    702                       450    252      703
  SINCE JAN 1    749                       487    262      739
..................................................................


WIND (MPH)
  RESULTANT WIND SPEED   3   RESULTANT WIND DIRECTION  NW (310)
  HIGHEST WIND SPEED    17   HIGHEST WIND DIRECTION    NW (300)
  HIGHEST GUST SPEED    23   HIGHEST GUST DIRECTION    NW (300)
  AVERAGE WIND SPEED     5.5



WEATHER CONDITIONS
 THE FOLLOWING WEATHER WAS RECORDED YESTERDAY.
  NO SIGNIFICANT WEATHER WAS OBSERVED.


RELATIVE HUMIDITY (PERCENT)
 HIGHEST    56           300 AM
 LOWEST     18          1200 PM
 AVERAGE    37

..........................................................


THE RENO TAHOE AIRPORT NV CLIMATE NORMALS FOR TODAY
                         NORMAL    RECORD    YEAR
 MAXIMUM TEMPERATURE (F)   93       103      2000
 MINIMUM TEMPERATURE (F)   58        36      1942


SUNRISE AND SUNSET
AUGUST  1 2014........SUNRISE   559 AM PDT   SUNSET   812 PM PDT
AUGUST  2 2014........SUNRISE   600 AM PDT   SUNSET   810 PM PDT


-  INDICATES NEGATIVE NUMBERS.
R  INDICATES RECORD WAS SET OR TIED.
MM INDICATES DATA IS MISSING.
T  INDICATES TRACE AMOUNT.




$$
