000
CDUS45 KREV 190036
CLIRNO


CLIMATE REPORT
NATIONAL WEATHER SERVICE RENO NV
536 PM PDT FRI AUG 18 2017


...................................

...THE RENO-TAHOE INTL AIRPORT NV CLIMATE SUMMARY FOR AUGUST 18 2017...
VALID TODAY AS OF 0500 PM LOCAL TIME.

CLIMATE NORMAL PERIOD 1981 TO 2010
CLIMATE RECORD PERIOD 1888 TO 2017


WEATHER ITEM   OBSERVED TIME   RECORD YEAR NORMAL DEPARTURE LAST
                VALUE   (LST)  VALUE       VALUE  FROM      YEAR
                                                  NORMAL
..................................................................
TEMPERATURE (F)
 TODAY
  MAXIMUM         97    329 PM  99    2003  90      7       97
                                      1950
                                      1946
  MINIMUM         62    540 AM  33    1978  56      6       62
  AVERAGE         80                        73      7       80

PRECIPITATION (IN)
  TODAY            0.00          0.78 1933   0.01  -0.01      T
  MONTH TO DATE    0.15                      0.16  -0.01      T
  SINCE OCT 1     15.25                      6.98   8.27     9.16
  SINCE JAN 1     11.46                      4.62   6.84     5.21

SNOWFALL (IN)
  TODAY            0.0           0.0    MM   0.0    0.0      0.0
  MONTH TO DATE    0.0                       0.0    0.0      0.0
  SINCE JUN 1      0.0                       T      0.0      0.0
  SINCE JUL 1      0.0                       0.0    0.0      0.0
  SNOW DEPTH       0

DEGREE DAYS
 HEATING
  TODAY            0                         0      0        0
  MONTH TO DATE    0                         0      0        0
  SINCE JUN 1     45                        61    -16       15
  SINCE JUL 1      0                         5     -5        0

 COOLING
  TODAY           15                         8      7       15
  MONTH TO DATE  249                       172     77      202
  SINCE JUN 1   1013                       622    391      825
  SINCE JAN 1   1067                       659    408      853
..................................................................


WIND (MPH)
  RESULTANT WIND SPEED   0   RESULTANT WIND DIRECTION   S (180)
  HIGHEST WIND SPEED    12   HIGHEST WIND DIRECTION     W (290)
  HIGHEST GUST SPEED    16   HIGHEST GUST DIRECTION     W (250)
  AVERAGE WIND SPEED     2.4



WEATHER CONDITIONS
 THE FOLLOWING WEATHER WAS RECORDED TODAY.
  NO SIGNIFICANT WEATHER WAS OBSERVED.


RELATIVE HUMIDITY (PERCENT)
 HIGHEST    48           200 AM
 LOWEST     11           200 PM
 AVERAGE    30

..........................................................


THE RENO-TAHOE INTL AIRPORT NV CLIMATE NORMALS FOR TOMORROW
                         NORMAL    RECORD    YEAR
 MAXIMUM TEMPERATURE (F)   90        99      2009
                                             2003
                                             1937
 MINIMUM TEMPERATURE (F)   55        34      1974


SUNRISE AND SUNSET
AUGUST 18 2017........SUNRISE   615 AM PDT   SUNSET   750 PM PDT
AUGUST 19 2017........SUNRISE   616 AM PDT   SUNSET   749 PM PDT


-  INDICATES NEGATIVE NUMBERS.
R  INDICATES RECORD WAS SET OR TIED.
MM INDICATES DATA IS MISSING.
T  INDICATES TRACE AMOUNT.




$$
