000
CDUS45 KREV 230847
CLIRNO


CLIMATE REPORT
NATIONAL WEATHER SERVICE RENO NV
146 AM PDT SUN APR 23 2017


...................................

...THE RENO-TAHOE INTL AIRPORT NV CLIMATE SUMMARY FOR APRIL 22 2017...

CLIMATE NORMAL PERIOD 1981 TO 2010
CLIMATE RECORD PERIOD 1888 TO 2017


WEATHER ITEM   OBSERVED TIME   RECORD YEAR NORMAL DEPARTURE LAST
                VALUE   (LST)  VALUE       VALUE  FROM      YEAR
                                                  NORMAL
..................................................................
TEMPERATURE (F)
 YESTERDAY
  MAXIMUM         75   1204 PM  90    2012  66      9       63
  MINIMUM         40    453 AM  16    1968  39      1       40
                                      1896
  AVERAGE         58                        52      6       52

PRECIPITATION (IN)
  YESTERDAY        0.00          1.00 1931   0.01  -0.01     0.10
  MONTH TO DATE    0.65                      0.34   0.31     0.78
  SINCE OCT 1     14.30                      5.51   8.79     7.82
  SINCE JAN 1     10.51                      3.15   7.36     3.87

SNOWFALL (IN)
  YESTERDAY        0.0           4.0  1964   0.0    0.0      0.0
  MONTH TO DATE    T                         0.4   -0.4      0.0
  SINCE MAR 1      2.9                       2.4    0.5      6.8
  SINCE JUL 1     27.0                      21.4    5.6     30.9
  SNOW DEPTH       0

DEGREE DAYS
 HEATING
  YESTERDAY        7                        13     -6       13
  MONTH TO DATE  305                       334    -29      183
  SINCE MAR 1    806                       932   -126      694
  SINCE JUL 1   4179                      4570   -391     4031

 COOLING
  YESTERDAY        0                         0      0        0
  MONTH TO DATE    0                         0      0        0
  SINCE MAR 1      0                         0      0        0
  SINCE JAN 1      0                         0      0        0
..................................................................


WIND (MPH)
  RESULTANT WIND SPEED   6   RESULTANT WIND DIRECTION   W (250)
  HIGHEST WIND SPEED    31   HIGHEST WIND DIRECTION     S (200)
  HIGHEST GUST SPEED    36   HIGHEST GUST DIRECTION    SW (220)
  AVERAGE WIND SPEED     9.1



WEATHER CONDITIONS
 THE FOLLOWING WEATHER WAS RECORDED YESTERDAY.
  NO SIGNIFICANT WEATHER WAS OBSERVED.


RELATIVE HUMIDITY (PERCENT)
 HIGHEST    62           600 AM
 LOWEST     15          1200 PM
 AVERAGE    39

..........................................................


THE RENO-TAHOE INTL AIRPORT NV CLIMATE NORMALS FOR TODAY
                         NORMAL    RECORD    YEAR
 MAXIMUM TEMPERATURE (F)   66        84      1910
 MINIMUM TEMPERATURE (F)   39        19      1963
                                             1958


SUNRISE AND SUNSET
APRIL 23 2017.........SUNRISE   610 AM PDT   SUNSET   745 PM PDT
APRIL 24 2017.........SUNRISE   609 AM PDT   SUNSET   746 PM PDT


-  INDICATES NEGATIVE NUMBERS.
R  INDICATES RECORD WAS SET OR TIED.
MM INDICATES DATA IS MISSING.
T  INDICATES TRACE AMOUNT.




$$
