000
CDUS45 KREV 030837
CLIRNO


CLIMATE REPORT
NATIONAL WEATHER SERVICE RENO NV
1237 AM PST SAT DEC 3 2016


...................................

...THE RENO TAHOE AIRPORT NV CLIMATE SUMMARY FOR DECEMBER 2 2016...

CLIMATE NORMAL PERIOD 1981 TO 2010
CLIMATE RECORD PERIOD 1888 TO 2016


WEATHER ITEM   OBSERVED TIME   RECORD YEAR NORMAL DEPARTURE LAST
                VALUE   (LST)  VALUE       VALUE  FROM      YEAR
                                                  NORMAL
..................................................................
TEMPERATURE (F)
 YESTERDAY
  MAXIMUM         40    259 PM  68    1977  48     -8       52
                                      1939
  MINIMUM         21    702 AM   5    1922  27     -6       28
  AVERAGE         31                        37     -6       40

PRECIPITATION (IN)
  YESTERDAY        0.00          1.30 1919   0.03  -0.03     0.00
  MONTH TO DATE    T                         0.06  -0.06     0.00
  SINCE OCT 1      2.58                      1.39   1.19     3.20
  SINCE JAN 1      7.83                      6.43   1.40     7.77

SNOWFALL (IN)
  YESTERDAY        0.0          10.6  1919   0.1   -0.1      0.0
  MONTH TO DATE    T                         0.2   -0.2      0.0
  SINCE DEC 1      T                         0.2   -0.2      0.0
  SINCE JUL 1      0.6                       3.7   -3.1      5.1
  SNOW DEPTH       0

DEGREE DAYS
 HEATING
  YESTERDAY       34                        28      6       25
  MONTH TO DATE   63                        55      8       54
  SINCE DEC 1     63                        55      8       54
  SINCE JUL 1    941                      1158   -217     1047

 COOLING
  YESTERDAY        0                         0      0        0
  MONTH TO DATE    0                         0      0        0
  SINCE DEC 1      0                         0      0        0
  SINCE JAN 1   1088                       839    249     1194
..................................................................


WIND (MPH)
  RESULTANT WIND SPEED   4   RESULTANT WIND DIRECTION   E (80)
  HIGHEST WIND SPEED    14   HIGHEST WIND DIRECTION     E (90)
  HIGHEST GUST SPEED    17   HIGHEST GUST DIRECTION    NE (40)
  AVERAGE WIND SPEED     4.4



WEATHER CONDITIONS
 THE FOLLOWING WEATHER WAS RECORDED YESTERDAY.
  NO SIGNIFICANT WEATHER WAS OBSERVED.


RELATIVE HUMIDITY (PERCENT)
 HIGHEST    71           700 AM
 LOWEST     34           100 PM
 AVERAGE    53

..........................................................


THE RENO TAHOE AIRPORT NV CLIMATE NORMALS FOR TODAY
                         NORMAL    RECORD    YEAR
 MAXIMUM TEMPERATURE (F)   48        71      1940
 MINIMUM TEMPERATURE (F)   27         6      1948


SUNRISE AND SUNSET
DECEMBER  3 2016......SUNRISE   703 AM PST   SUNSET   435 PM PST
DECEMBER  4 2016......SUNRISE   704 AM PST   SUNSET   435 PM PST


-  INDICATES NEGATIVE NUMBERS.
R  INDICATES RECORD WAS SET OR TIED.
MM INDICATES DATA IS MISSING.
T  INDICATES TRACE AMOUNT.




$$
