000
CDUS45 KREV 230837
CLIRNO


CLIMATE REPORT
NATIONAL WEATHER SERVICE RENO NV
137 AM PDT THU MAR 23 2017


...................................

...THE RENO-TAHOE INTL AIRPORT NV CLIMATE SUMMARY FOR MARCH 22 2017...

CLIMATE NORMAL PERIOD 1981 TO 2010
CLIMATE RECORD PERIOD 1888 TO 2017


WEATHER ITEM   OBSERVED TIME   RECORD YEAR NORMAL DEPARTURE LAST
                VALUE   (LST)  VALUE       VALUE  FROM      YEAR
                                                  NORMAL
..................................................................
TEMPERATURE (F)
 YESTERDAY
  MAXIMUM         53    208 PM  77    2004  59     -6       49
                                      1940
  MINIMUM         38   1159 PM   5    1952  34      4       34
  AVERAGE         46                        47     -1       42

PRECIPITATION (IN)
  YESTERDAY        T             0.51 1995   0.02  -0.02      T
  MONTH TO DATE    0.66                      0.60   0.06     0.29
  SINCE OCT 1     13.44                      5.01   8.43     6.36
  SINCE JAN 1      9.65                      2.65   7.00     2.41

SNOWFALL (IN)
  YESTERDAY        0.0           5.2  1962   0.0    0.0       T
  MONTH TO DATE    2.9                       1.6    1.3       T
  SINCE MAR 1      2.9                       1.6    1.3       T
  SINCE JUL 1     27.0                      20.6    6.4     24.1
  SNOW DEPTH       0

DEGREE DAYS
 HEATING
  YESTERDAY       19                        18      1       23
  MONTH TO DATE  340                       438    -98      346
  SINCE MAR 1    340                       438    -98      346
  SINCE JUL 1   3713                      4076   -363     3683

 COOLING
  YESTERDAY        0                         0      0        0
  MONTH TO DATE    0                         0      0        0
  SINCE MAR 1      0                         0      0        0
  SINCE JAN 1      0                         0      0        0
..................................................................


WIND (MPH)
  RESULTANT WIND SPEED   5   RESULTANT WIND DIRECTION  NW (310)
  HIGHEST WIND SPEED    24   HIGHEST WIND DIRECTION     S (170)
  HIGHEST GUST SPEED    31   HIGHEST GUST DIRECTION    SE (150)
  AVERAGE WIND SPEED    10.7



WEATHER CONDITIONS
 THE FOLLOWING WEATHER WAS RECORDED YESTERDAY.
  LIGHT RAIN


RELATIVE HUMIDITY (PERCENT)
 HIGHEST    65           100 PM
 LOWEST     32           400 PM
 AVERAGE    49

..........................................................


THE RENO-TAHOE INTL AIRPORT NV CLIMATE NORMALS FOR TODAY
                         NORMAL    RECORD    YEAR
 MAXIMUM TEMPERATURE (F)   59        76      1960
 MINIMUM TEMPERATURE (F)   34        12      1898


SUNRISE AND SUNSET
MARCH 23 2017.........SUNRISE   657 AM PDT   SUNSET   715 PM PDT
MARCH 24 2017.........SUNRISE   656 AM PDT   SUNSET   716 PM PDT


-  INDICATES NEGATIVE NUMBERS.
R  INDICATES RECORD WAS SET OR TIED.
MM INDICATES DATA IS MISSING.
T  INDICATES TRACE AMOUNT.




$$
