564
CDUS45 KREV 150838
CLIRNO


CLIMATE REPORT
NATIONAL WEATHER SERVICE RENO NV
1237 AM PST FRI DEC 15 2017


...................................

...THE RENO-TAHOE INTL AIRPORT NV CLIMATE SUMMARY FOR DECEMBER 14 2017...

CLIMATE NORMAL PERIOD 1981 TO 2010
CLIMATE RECORD PERIOD 1888 TO 2017


WEATHER ITEM   OBSERVED TIME   RECORD YEAR NORMAL DEPARTURE LAST
                VALUE   (LST)  VALUE       VALUE  FROM      YEAR
                                                  NORMAL
..................................................................
TEMPERATURE (F)
 YESTERDAY
  MAXIMUM         50    340 PM  67    1969  45      5       64
  MINIMUM         19    724 AM  -6    1932  25     -6       38
  AVERAGE         35                        35      0       51

PRECIPITATION (IN)
  YESTERDAY        0.00          0.43 2003   0.03  -0.03      T
  MONTH TO DATE    0.06                      0.42  -0.36     0.39
  SINCE OCT 1      1.52                      1.75  -0.23     2.97
  SINCE JAN 1     13.68                      6.79   6.89     8.22

SNOWFALL (IN)
  YESTERDAY        0.0           2.0  2003   0.1   -0.1      0.0
  MONTH TO DATE    0.3                       1.5   -1.2      0.8
  SINCE DEC 1      0.3                       1.5   -1.2      0.8
  SINCE JUL 1      0.3                       5.0   -4.7      1.4
  SNOW DEPTH       0

DEGREE DAYS
 HEATING
  YESTERDAY       30                        30      0       14
  MONTH TO DATE  426                       403     23      338
  SINCE DEC 1    426                       403     23      338
  SINCE JUL 1   1366                      1506   -140     1216

 COOLING
  YESTERDAY        0                         0      0        0
  MONTH TO DATE    0                         0      0        0
  SINCE DEC 1      0                         0      0        0
  SINCE JAN 1   1401                       839    562     1088
..................................................................


WIND (MPH)
  RESULTANT WIND SPEED   0   RESULTANT WIND DIRECTION   S (180)
  HIGHEST WIND SPEED     7   HIGHEST WIND DIRECTION     N (20)
  HIGHEST GUST SPEED    10   HIGHEST GUST DIRECTION     W (260)
  AVERAGE WIND SPEED     0.6



WEATHER CONDITIONS
 THE FOLLOWING WEATHER WAS RECORDED YESTERDAY.
  NO SIGNIFICANT WEATHER WAS OBSERVED.


RELATIVE HUMIDITY (PERCENT)
 HIGHEST    84           500 AM
 LOWEST     29           200 PM
 AVERAGE    57

..........................................................


THE RENO-TAHOE INTL AIRPORT NV CLIMATE NORMALS FOR TODAY
                         NORMAL    RECORD    YEAR
 MAXIMUM TEMPERATURE (F)   45        65      1962
                                             1939
 MINIMUM TEMPERATURE (F)   25         0      1967
                                             1948
                                             1932


SUNRISE AND SUNSET
DECEMBER 15 2017......SUNRISE   712 AM PST   SUNSET   436 PM PST
DECEMBER 16 2017......SUNRISE   713 AM PST   SUNSET   437 PM PST


-  INDICATES NEGATIVE NUMBERS.
R  INDICATES RECORD WAS SET OR TIED.
MM INDICATES DATA IS MISSING.
T  INDICATES TRACE AMOUNT.




$$
