000
CDUS45 KREV 270837
CLIRNO


CLIMATE REPORT
NATIONAL WEATHER SERVICE RENO NV
1236 AM PST SAT DEC 27 2014


...................................

...THE RENO TAHOE AIRPORT NV CLIMATE SUMMARY FOR DECEMBER 26 2014...

CLIMATE NORMAL PERIOD 1981 TO 2010
CLIMATE RECORD PERIOD 1888 TO 2014


WEATHER ITEM   OBSERVED TIME   RECORD YEAR NORMAL DEPARTURE LAST
                VALUE   (LST)  VALUE       VALUE  FROM      YEAR
                                                  NORMAL
..................................................................
TEMPERATURE (F)
 YESTERDAY
  MAXIMUM         37    255 PM  63    1975  44     -7       47
                                      1928
  MINIMUM         24   1126 PM  -1    1988  24      0       20
  AVERAGE         31                        34     -3       34

PRECIPITATION (IN)
  YESTERDAY        0.00          0.31 1955   0.03  -0.03     0.00
  MONTH TO DATE    0.87                      0.84   0.03     0.41
  SINCE OCT 1      1.36                      2.17  -0.81     0.96
  SINCE JAN 1      4.93                      7.21  -2.28     4.02

SNOWFALL (IN)
  YESTERDAY        0.0           5.0  1941   0.2   -0.2      0.0
  MONTH TO DATE    0.4                       3.7   -3.3      4.3
  SINCE DEC 1      0.4                       3.7   -3.3      4.3
  SINCE JUL 1      0.4                       7.2   -6.8      4.7
  SNOW DEPTH       0

DEGREE DAYS
 HEATING
  YESTERDAY       34                        31      3       31
  MONTH TO DATE  585                       769   -184      963
  SINCE DEC 1    585                       769   -184      963
  SINCE JUL 1   1410                      1872   -462     2081

 COOLING
  YESTERDAY        0                         0      0        0
  MONTH TO DATE    0                         0      0        0
  SINCE DEC 1      0                         0      0        0
  SINCE JAN 1   1211                       839    372     1174
..................................................................


WIND (MPH)
  RESULTANT WIND SPEED   2   RESULTANT WIND DIRECTION  NE (30)
  HIGHEST WIND SPEED    12   HIGHEST WIND DIRECTION    NE (40)
  HIGHEST GUST SPEED    16   HIGHEST GUST DIRECTION    NE (50)
  AVERAGE WIND SPEED     4.3



WEATHER CONDITIONS
 THE FOLLOWING WEATHER WAS RECORDED YESTERDAY.
  NO SIGNIFICANT WEATHER WAS OBSERVED.


RELATIVE HUMIDITY (PERCENT)
 HIGHEST    63           500 AM
 LOWEST     40           200 PM
 AVERAGE    52

..........................................................


THE RENO TAHOE AIRPORT NV CLIMATE NORMALS FOR TODAY
                         NORMAL    RECORD    YEAR
 MAXIMUM TEMPERATURE (F)   44        65      1980
 MINIMUM TEMPERATURE (F)   24        -4      1988


SUNRISE AND SUNSET
DECEMBER 27 2014......SUNRISE   718 AM PST   SUNSET   442 PM PST
DECEMBER 28 2014......SUNRISE   719 AM PST   SUNSET   443 PM PST


-  INDICATES NEGATIVE NUMBERS.
R  INDICATES RECORD WAS SET OR TIED.
MM INDICATES DATA IS MISSING.
T  INDICATES TRACE AMOUNT.




$$
