000
CDUS41 KRNK 100911
CLIROA


CLIMATE REPORT
NATIONAL WEATHER SERVICE BLACKSBURG VA
510 AM EDT THU JUL 10 2014


...................................

...THE ROANOKE VA CLIMATE SUMMARY FOR JULY 9 2014...

CLIMATE NORMAL PERIOD 1981 TO 2010
CLIMATE RECORD PERIOD 1912 TO 2014


WEATHER ITEM   OBSERVED TIME   RECORD YEAR NORMAL DEPARTURE LAST
                VALUE   (LST)  VALUE       VALUE  FROM      YEAR
                                                  NORMAL
..................................................................
TEMPERATURE (F)
 YESTERDAY
  MAXIMUM         84   1126 AM 101    1936  87     -3       88
  MINIMUM         68   1159 PM  48    1918  66      2       71
  AVERAGE         76                        77     -1       80

PRECIPITATION (IN)
  YESTERDAY        0.36          2.60 2010   0.13   0.23     0.00
  MONTH TO DATE    1.11                      1.14  -0.03     6.44
  SINCE JUN 1      4.16                      4.97  -0.81    12.93
  SINCE JAN 1     19.76                     21.67  -1.91    33.47

SNOWFALL (IN)
  YESTERDAY        0.0
  MONTH TO DATE    0.0
  SINCE JUN 1      0.0
  SINCE JUL 1      0.0
  SNOW DEPTH       0

DEGREE DAYS
 HEATING
  YESTERDAY        0                         0      0        0
  MONTH TO DATE    0                         0      0        0
  SINCE JUN 1      0                        11    -11        1
  SINCE JUL 1      0                         0      0        0

 COOLING
  YESTERDAY       11                        12     -1       15
  MONTH TO DATE  104                       103      1      104
  SINCE JUN 1    401                       349     52      370
  SINCE JAN 1    550                       465     85      520
..................................................................


WIND (MPH)
  HIGHEST WIND SPEED    22   HIGHEST WIND DIRECTION     W (280)
  HIGHEST GUST SPEED    30   HIGHEST GUST DIRECTION     W (280)
  AVERAGE WIND SPEED     4.5


SKY COVER
  POSSIBLE SUNSHINE  MM
  AVERAGE SKY COVER 0.7


WEATHER CONDITIONS
 THE FOLLOWING WEATHER WAS RECORDED YESTERDAY.
  THUNDERSTORM
  RAIN
  LIGHT RAIN
  FOG


RELATIVE HUMIDITY (PERCENT)
 HIGHEST    90           800 PM
 LOWEST     51          1100 AM
 AVERAGE    71

..........................................................


THE ROANOKE VA CLIMATE NORMALS FOR TODAY
                         NORMAL    RECORD    YEAR
 MAXIMUM TEMPERATURE (F)   87       105      1936
 MINIMUM TEMPERATURE (F)   66        50      1961


SUNRISE AND SUNSET
JULY 10 2014..........SUNRISE   608 AM EDT   SUNSET   842 PM EDT
JULY 11 2014..........SUNRISE   609 AM EDT   SUNSET   842 PM EDT


-  INDICATES NEGATIVE NUMBERS.
R  INDICATES RECORD WAS SET OR TIED.
MM INDICATES DATA IS MISSING.
T  INDICATES TRACE AMOUNT.




$$
