000
CDUS41 KRNK 220925
CLIROA


CLIMATE REPORT
NATIONAL WEATHER SERVICE BLACKSBURG VA
523 AM EDT WED OCT 22 2014


...................................

...THE ROANOKE VA CLIMATE SUMMARY FOR OCTOBER 21 2014...

CLIMATE NORMAL PERIOD 1981 TO 2010
CLIMATE RECORD PERIOD 1912 TO 2014


WEATHER ITEM   OBSERVED TIME   RECORD YEAR NORMAL DEPARTURE LAST
                VALUE   (LST)  VALUE       VALUE  FROM      YEAR
                                                  NORMAL
..................................................................
TEMPERATURE (F)
 YESTERDAY
  MAXIMUM         66   1133 AM  85    1941  68     -2       66
  MINIMUM         48    615 AM  24    1972  45      3       36
  AVERAGE         57                        56      1       51

PRECIPITATION (IN)
  YESTERDAY        T             1.40 1970   0.10  -0.10     0.00
  MONTH TO DATE    3.42                      1.91   1.51     2.46
  SINCE SEP 1      4.65                      5.80  -1.15     3.59
  SINCE JAN 1     33.23                     33.93  -0.70    45.90

SNOWFALL (IN)
  YESTERDAY        0.0
  MONTH TO DATE    0.0
  SINCE SEP 1      0.0
  SINCE JUL 1      0.0
  SNOW DEPTH       0

DEGREE DAYS
 HEATING
  YESTERDAY        8                         9     -1       14
  MONTH TO DATE  113                       142    -29       88
  SINCE SEP 1    132                       190    -58      121
  SINCE JUL 1    132                       191    -59      122

 COOLING
  YESTERDAY        0                         0      0        0
  MONTH TO DATE   17                        18     -1       38
  SINCE SEP 1    157                       157      0      165
  SINCE JAN 1   1127                      1204    -77     1225
..................................................................


WIND (MPH)
  HIGHEST WIND SPEED    28   HIGHEST WIND DIRECTION    NW (300)
  HIGHEST GUST SPEED    36   HIGHEST GUST DIRECTION    NW (310)
  AVERAGE WIND SPEED     8.9


SKY COVER
  POSSIBLE SUNSHINE  MM
  AVERAGE SKY COVER 0.7


WEATHER CONDITIONS
 THE FOLLOWING WEATHER WAS RECORDED YESTERDAY.
  LIGHT RAIN


RELATIVE HUMIDITY (PERCENT)
 HIGHEST    80           700 AM
 LOWEST     46           400 PM
 AVERAGE    63

..........................................................


THE ROANOKE VA CLIMATE NORMALS FOR TODAY
                         NORMAL    RECORD    YEAR
 MAXIMUM TEMPERATURE (F)   67        85      1920
 MINIMUM TEMPERATURE (F)   45        22      1930


SUNRISE AND SUNSET
OCTOBER 22 2014.......SUNRISE   734 AM EDT   SUNSET   634 PM EDT
OCTOBER 23 2014.......SUNRISE   735 AM EDT   SUNSET   632 PM EDT


-  INDICATES NEGATIVE NUMBERS.
R  INDICATES RECORD WAS SET OR TIED.
MM INDICATES DATA IS MISSING.
T  INDICATES TRACE AMOUNT.




$$
