000
CDUS41 KRNK 240926
CLIROA


CLIMATE REPORT
NATIONAL WEATHER SERVICE BLACKSBURG VA
524 AM EDT SAT JUN 24 2017


...................................

...THE ROANOKE VA CLIMATE SUMMARY FOR JUNE 23 2017...

CLIMATE NORMAL PERIOD 1981 TO 2010
CLIMATE RECORD PERIOD 1912 TO 2017


WEATHER ITEM   OBSERVED TIME   RECORD YEAR NORMAL DEPARTURE LAST
                VALUE   (LST)  VALUE       VALUE  FROM      YEAR
                                                  NORMAL
..................................................................
TEMPERATURE (F)
 YESTERDAY
  MAXIMUM         87    346 PM  98    1914  85      2       77
  MINIMUM         71    517 AM  46    1947  64      7       67
  AVERAGE         79                        75      4       72

PRECIPITATION (IN)
  YESTERDAY        0.03          1.80 2016   0.12  -0.09     1.80
  MONTH TO DATE    4.45                      3.00   1.45     5.18
  SINCE JUN 1      4.45                      3.00   1.45     5.18
  SINCE JAN 1     25.47                     19.70   5.77    22.91

SNOWFALL (IN)
  YESTERDAY        0.0                                       0.0
  MONTH TO DATE    0.0                                       0.0
  SINCE JUN 1      0.0                                       0.0
  SINCE JUL 1      4.6                                      23.0
  SNOW DEPTH       0

DEGREE DAYS
 HEATING
  YESTERDAY        0                         0      0        0
  MONTH TO DATE    4                         9     -5        0
  SINCE JUN 1      4                         9     -5        0
  SINCE JUL 1   3213                      4142   -929     3505

 COOLING
  YESTERDAY       14                        10      4        7
  MONTH TO DATE  195                       173     22      209
  SINCE JUN 1    195                       173     22      209
  SINCE JAN 1    379                       289     90      334
..................................................................


WIND (MPH)
  HIGHEST WIND SPEED    26   HIGHEST WIND DIRECTION    SW (210)
  HIGHEST GUST SPEED    36   HIGHEST GUST DIRECTION    SW (220)
  AVERAGE WIND SPEED     7.5


SKY COVER
  AVERAGE SKY COVER 0.7


WEATHER CONDITIONS
 THE FOLLOWING WEATHER WAS RECORDED YESTERDAY.
  RAIN
  LIGHT RAIN


RELATIVE HUMIDITY (PERCENT)
 HIGHEST   100           100 AM
 LOWEST     57           400 PM
 AVERAGE    79

..........................................................


THE ROANOKE VA CLIMATE NORMALS FOR TODAY
                         NORMAL    RECORD    YEAR
 MAXIMUM TEMPERATURE (F)   86       103      1930
 MINIMUM TEMPERATURE (F)   65        49      1915


SUNRISE AND SUNSET
JUNE 24 2017..........SUNRISE   600 AM EDT   SUNSET   844 PM EDT
JUNE 25 2017..........SUNRISE   601 AM EDT   SUNSET   844 PM EDT


-  INDICATES NEGATIVE NUMBERS.
R  INDICATES RECORD WAS SET OR TIED.
MM INDICATES DATA IS MISSING.
T  INDICATES TRACE AMOUNT.

$$

RAB
