000
CDUS41 KRNK 062107
CLIROA


CLIMATE REPORT
NATIONAL WEATHER SERVICE BLACKSBURG VA
506 PM EDT MON JUL 6 2015


...................................

...THE ROANOKE VA CLIMATE SUMMARY FOR JULY 6 2015...
VALID TODAY AS OF 0500 PM LOCAL TIME.

CLIMATE NORMAL PERIOD 1981 TO 2010
CLIMATE RECORD PERIOD 1912 TO 2015


WEATHER ITEM   OBSERVED TIME   RECORD YEAR NORMAL DEPARTURE LAST
                VALUE   (LST)  VALUE       VALUE  FROM      YEAR
                                                  NORMAL
..................................................................
TEMPERATURE (F)
 TODAY
  MAXIMUM         82    400 PM 100    1999  87     -5       87
                                      1977
  MINIMUM         69    817 AM  48    1979  66      3       55
  AVERAGE         76                        76      0       71

PRECIPITATION (IN)
  TODAY            1.68          2.36 1989   0.13   1.55     0.00
  MONTH TO DATE    2.19                      0.75   1.44     0.68
  SINCE JUN 1     11.26                      4.58   6.68     3.73
  SINCE JAN 1     26.24                     21.28   4.96    19.33

SNOWFALL (IN)
  TODAY           MM                                         0.0
  MONTH TO DATE    0.0                                       0.0
  SINCE JUN 1      T                                         0.0
  SINCE JUL 1      0.0                                       0.0
  SNOW DEPTH       0

DEGREE DAYS
 HEATING
  TODAY            0                         0      0        0
  MONTH TO DATE    0                         0      0        0
  SINCE JUN 1      7                        11     -4        0
  SINCE JUL 1      0                         0      0        0

 COOLING
  TODAY           11                        12     -1        6
  MONTH TO DATE   51                        67    -16       62
  SINCE JUN 1    377                       313     64      359
  SINCE JAN 1    545                       429    116      508
..................................................................


WIND (MPH)
  HIGHEST WIND SPEED    15   HIGHEST WIND DIRECTION    SW (220)
  HIGHEST GUST SPEED    19   HIGHEST GUST DIRECTION    SW (240)
  AVERAGE WIND SPEED     6.8


SKY COVER
  AVERAGE SKY COVER 0.9


WEATHER CONDITIONS
 THE FOLLOWING WEATHER WAS RECORDED TODAY.
  HEAVY RAIN
  RAIN
  LIGHT RAIN
  FOG


RELATIVE HUMIDITY (PERCENT)
 HIGHEST   100           100 AM
 LOWEST     63           300 PM
 AVERAGE    82

..........................................................


THE ROANOKE VA CLIMATE NORMALS FOR TOMORROW
                         NORMAL    RECORD    YEAR
 MAXIMUM TEMPERATURE (F)   87       102      2012
 MINIMUM TEMPERATURE (F)   66        48      1983
                                             1972


SUNRISE AND SUNSET
JULY  6 2015..........SUNRISE   605 AM EDT   SUNSET   844 PM EDT
JULY  7 2015..........SUNRISE   606 AM EDT   SUNSET   843 PM EDT


-  INDICATES NEGATIVE NUMBERS.
R  INDICATES RECORD WAS SET OR TIED.
MM INDICATES DATA IS MISSING.
T  INDICATES TRACE AMOUNT.




$$
