000
CDUS41 KRNK 282151
CLIROA


CLIMATE REPORT
NATIONAL WEATHER SERVICE BLACKSBURG VA
449 PM EST SAT FEB 28 2015


...................................

...THE ROANOKE VA CLIMATE SUMMARY FOR FEBRUARY 28 2015...
VALID TODAY AS OF 0400 PM LOCAL TIME.

CLIMATE NORMAL PERIOD 1981 TO 2010
CLIMATE RECORD PERIOD 1912 TO 2015


WEATHER ITEM   OBSERVED TIME   RECORD YEAR NORMAL DEPARTURE LAST
                VALUE   (LST)  VALUE       VALUE  FROM      YEAR
                                                  NORMAL
..................................................................
TEMPERATURE (F)
 TODAY
  MAXIMUM         32    317 PM  83    1918  53    -21       36
  MINIMUM         17    455 AM  -1    1934  32    -15       18
  AVERAGE         25                        42    -17       27

PRECIPITATION (IN)
  TODAY            0.00          1.76 1954   0.10  -0.10     0.00
  MONTH TO DATE    2.61                      2.89  -0.28     4.47
  SINCE DEC 1      6.46                      8.75  -2.29    10.66
  SINCE JAN 1      3.92                      5.81  -1.89     6.28

SNOWFALL (IN)
  TODAY            0.0
  MONTH TO DATE   19.1
  SINCE DEC 1     19.3
  SINCE JUL 1     19.8
  SNOW DEPTH      MM

DEGREE DAYS
 HEATING
  TODAY           40                        23     17       38
  MONTH TO DATE  957                       713    244      764
  SINCE DEC 1   2551                      2401    150     2530
  SINCE JUL 1   3429                      3205    224     3402

 COOLING
  TODAY            0                         0      0        0
  MONTH TO DATE    0                         0      0        0
  SINCE DEC 1      0                         0      0        0
  SINCE JAN 1      0                         0      0        0
..................................................................


WIND (MPH)
  HIGHEST WIND SPEED     9   HIGHEST WIND DIRECTION    NE (60)
  HIGHEST GUST SPEED    21   HIGHEST GUST DIRECTION    SE (120)
  AVERAGE WIND SPEED     4.2


SKY COVER
  POSSIBLE SUNSHINE  MM
  AVERAGE SKY COVER 0.5


WEATHER CONDITIONS
 THE FOLLOWING WEATHER WAS RECORDED TODAY.
  NO SIGNIFICANT WEATHER WAS OBSERVED.


RELATIVE HUMIDITY (PERCENT)
 HIGHEST    67           800 AM
 LOWEST     43           300 PM
 AVERAGE    55

..........................................................


THE ROANOKE VA CLIMATE NORMALS FOR TOMORROW
                         NORMAL    RECORD    YEAR
 MAXIMUM TEMPERATURE (F)   53        76      1972
                                             1918
 MINIMUM TEMPERATURE (F)   33        10      1980
                                             1937


SUNRISE AND SUNSET
FEBRUARY 28 2015......SUNRISE   653 AM EST   SUNSET   613 PM EST
MARCH  1 2015.........SUNRISE   651 AM EST   SUNSET   614 PM EST


-  INDICATES NEGATIVE NUMBERS.
R  INDICATES RECORD WAS SET OR TIED.
MM INDICATES DATA IS MISSING.
T  INDICATES TRACE AMOUNT.




$$
