000
CDUS41 KRNK 302121
CLIROA


CLIMATE REPORT
NATIONAL WEATHER SERVICE BLACKSBURG VA
518 PM EDT WED JUL 30 2014


...................................

...THE ROANOKE VA CLIMATE SUMMARY FOR JULY 30 2014...
VALID TODAY AS OF 0500 PM LOCAL TIME.

CLIMATE NORMAL PERIOD 1981 TO 2010
CLIMATE RECORD PERIOD 1912 TO 2014


WEATHER ITEM   OBSERVED TIME   RECORD YEAR NORMAL DEPARTURE LAST
                VALUE   (LST)  VALUE       VALUE  FROM      YEAR
                                                  NORMAL
..................................................................
TEMPERATURE (F)
 TODAY
  MAXIMUM         77    327 PM 101    1931  87    -10       84
  MINIMUM         55    558 AM  54    1997  66    -11       56
  AVERAGE         66                        77    -11       70

PRECIPITATION (IN)
  TODAY            0.00          2.14 1966   0.13  -0.13     0.00
  MONTH TO DATE    3.40                      3.91  -0.51    12.59
  SINCE JUN 1      6.45                      7.74  -1.29    19.08
  SINCE JAN 1     22.05                     24.44  -2.39    39.62

SNOWFALL (IN)
  TODAY            0.0
  MONTH TO DATE    0.0
  SINCE JUN 1      0.0
  SINCE JUL 1      0.0
  SNOW DEPTH       0

DEGREE DAYS
 HEATING
  TODAY            0                         0      0        0
  MONTH TO DATE    0                         0      0        0
  SINCE JUN 1      0                        11    -11        1
  SINCE JUL 1      0                         0      0        0

 COOLING
  TODAY            1                        12    -11        5
  MONTH TO DATE  299                       355    -56      376
  SINCE JUN 1    596                       601     -5      642
  SINCE JAN 1    745                       717     28      792
..................................................................


WIND (MPH)
  HIGHEST WIND SPEED    10   HIGHEST WIND DIRECTION     S (170)
  HIGHEST GUST SPEED    20   HIGHEST GUST DIRECTION    SE (120)
  AVERAGE WIND SPEED     2.1


SKY COVER
  POSSIBLE SUNSHINE  MM
  AVERAGE SKY COVER 0.4


WEATHER CONDITIONS
 THE FOLLOWING WEATHER WAS RECORDED TODAY.
  NO SIGNIFICANT WEATHER WAS OBSERVED.


RELATIVE HUMIDITY (PERCENT)
 HIGHEST    86           600 AM
 LOWEST     43          1200 PM
 AVERAGE    65

..........................................................


THE ROANOKE VA CLIMATE NORMALS FOR TOMORROW
                         NORMAL    RECORD    YEAR
 MAXIMUM TEMPERATURE (F)   87       101      1953
 MINIMUM TEMPERATURE (F)   66        49      1914


SUNRISE AND SUNSET
JULY 30 2014..........SUNRISE   623 AM EDT   SUNSET   829 PM EDT
JULY 31 2014..........SUNRISE   624 AM EDT   SUNSET   828 PM EDT


-  INDICATES NEGATIVE NUMBERS.
R  INDICATES RECORD WAS SET OR TIED.
MM INDICATES DATA IS MISSING.
T  INDICATES TRACE AMOUNT.



$$
