000
CDUS41 KRNK 120643
CLIROA


CLIMATE REPORT
NATIONAL WEATHER SERVICE BLACKSBURG VA
142 AM EST FRI FEB 12 2016


...................................

...THE ROANOKE VA CLIMATE SUMMARY FOR FEBRUARY 11 2016...

CLIMATE NORMAL PERIOD 1981 TO 2010
CLIMATE RECORD PERIOD 1912 TO 2016


WEATHER ITEM   OBSERVED TIME   RECORD YEAR NORMAL DEPARTURE LAST
                VALUE   (LST)  VALUE       VALUE  FROM      YEAR
                                                  NORMAL
..................................................................
TEMPERATURE (F)
 YESTERDAY
  MAXIMUM         32    337 PM  80    1932  48    -16       53
  MINIMUM         17    743 AM   5    1936  29    -12       24
  AVERAGE         25                        39    -14       39

PRECIPITATION (IN)
  YESTERDAY        0.00          2.44 1994   0.10  -0.10     0.00
  MONTH TO DATE    1.25                      1.13   0.12     0.23
  SINCE DEC 1      8.79                      6.99   1.80     4.08
  SINCE JAN 1      4.24                      4.05   0.19     1.54

SNOWFALL (IN)
  YESTERDAY        0.0                                       0.0
  MONTH TO DATE    T                                          T
  SINCE DEC 1     13.5                                       0.2
  SINCE JUL 1     13.5                                       0.7
  SNOW DEPTH       0

DEGREE DAYS
 HEATING
  YESTERDAY       40                        26     14       26
  MONTH TO DATE  308                       297     11      268
  SINCE DEC 1   1739                      1985   -246     1862
  SINCE JUL 1   2381                      2789   -408     2740

 COOLING
  YESTERDAY        0                         0      0        0
  MONTH TO DATE    0                         0      0        0
  SINCE DEC 1      0                         0      0        0
  SINCE JAN 1      0                         0      0        0
..................................................................


WIND (MPH)
  HIGHEST WIND SPEED    30   HIGHEST WIND DIRECTION    NW (300)
  HIGHEST GUST SPEED    37   HIGHEST GUST DIRECTION    NW (300)
  AVERAGE WIND SPEED    14.9


SKY COVER
  AVERAGE SKY COVER 0.1


WEATHER CONDITIONS
 THE FOLLOWING WEATHER WAS RECORDED YESTERDAY.
  NO SIGNIFICANT WEATHER WAS OBSERVED.


RELATIVE HUMIDITY (PERCENT)
 HIGHEST    54           300 AM
 LOWEST     27           400 PM
 AVERAGE    41

..........................................................


THE ROANOKE VA CLIMATE NORMALS FOR TODAY
                         NORMAL    RECORD    YEAR
 MAXIMUM TEMPERATURE (F)   49        73      1999
 MINIMUM TEMPERATURE (F)   29         4      1981


SUNRISE AND SUNSET
FEBRUARY 12 2016......SUNRISE   713 AM EST   SUNSET   556 PM EST
FEBRUARY 13 2016......SUNRISE   712 AM EST   SUNSET   557 PM EST


-  INDICATES NEGATIVE NUMBERS.
R  INDICATES RECORD WAS SET OR TIED.
MM INDICATES DATA IS MISSING.
T  INDICATES TRACE AMOUNT.

$$

RAB
