000
CDUS41 KRNK 182107
CLIROA


CLIMATE REPORT
NATIONAL WEATHER SERVICE BLACKSBURG VA
504 PM EDT WED OCT 18 2017


...................................

...THE ROANOKE VA CLIMATE SUMMARY FOR OCTOBER 18 2017...
VALID TODAY AS OF 0500 PM LOCAL TIME.

CLIMATE NORMAL PERIOD 1981 TO 2010
CLIMATE RECORD PERIOD 1912 TO 2017


WEATHER ITEM   OBSERVED TIME   RECORD YEAR NORMAL DEPARTURE LAST
                VALUE   (LST)  VALUE       VALUE  FROM      YEAR
                                                  NORMAL
..................................................................
TEMPERATURE (F)
 TODAY
  MAXIMUM         68    302 PM  91    1938  68      0       84
  MINIMUM         37    642 AM  28    1978  46     -9       57
  AVERAGE         53                        57     -4       71

PRECIPITATION (IN)
  TODAY            0.00          3.43 1968   0.09  -0.09     0.00
  MONTH TO DATE    2.33                      1.63   0.70     4.30
  SINCE SEP 1      4.71                      5.52  -0.81     9.05
  SINCE JAN 1     34.61                     33.65   0.96    42.82

SNOWFALL (IN)
  TODAY            0.0                                       0.0
  MONTH TO DATE    0.0                                       0.0
  SINCE SEP 1      0.0                                       0.0
  SINCE JUL 1      0.0                                       0.0
  SNOW DEPTH       0

DEGREE DAYS
 HEATING
  TODAY           12                         8      4        0
  MONTH TO DATE   56                       115    -59       64
  SINCE SEP 1     93                       163    -70       64
  SINCE JUL 1     93                       164    -71       64

 COOLING
  TODAY            0                         0      0        6
  MONTH TO DATE   77                        18     59       20
  SINCE SEP 1    237                       157     80      284
  SINCE JAN 1   1414                      1204    210     1533
..................................................................


WIND (MPH)
  HIGHEST WIND SPEED    12   HIGHEST WIND DIRECTION    SE (130)
  HIGHEST GUST SPEED    14   HIGHEST GUST DIRECTION    SE (120)
  AVERAGE WIND SPEED     2.5


SKY COVER
  AVERAGE SKY COVER 0.0


WEATHER CONDITIONS
 THE FOLLOWING WEATHER WAS RECORDED TODAY.
  NO SIGNIFICANT WEATHER WAS OBSERVED.


RELATIVE HUMIDITY (PERCENT)
 HIGHEST    93           200 AM
 LOWEST     34           300 PM
 AVERAGE    64

..........................................................


THE ROANOKE VA CLIMATE NORMALS FOR TOMORROW
                         NORMAL    RECORD    YEAR
 MAXIMUM TEMPERATURE (F)   68        91      1938
 MINIMUM TEMPERATURE (F)   45        25      1976


SUNRISE AND SUNSET
OCTOBER 18 2017.......SUNRISE   731 AM EDT   SUNSET   638 PM EDT
OCTOBER 19 2017.......SUNRISE   732 AM EDT   SUNSET   637 PM EDT


-  INDICATES NEGATIVE NUMBERS.
R  INDICATES RECORD WAS SET OR TIED.
MM INDICATES DATA IS MISSING.
T  INDICATES TRACE AMOUNT.


$$

PW
