000
CDUS41 KBUF 301033
CLIROC


CLIMATE REPORT
NATIONAL WEATHER SERVICE BUFFALO NY
531 AM EST FRI JAN 30 2015


...................................

...THE ROCHESTER NY CLIMATE SUMMARY FOR JANUARY 29 2015...

CLIMATE NORMAL PERIOD 1981 TO 2010
CLIMATE RECORD PERIOD 1871 TO 2015


WEATHER ITEM   OBSERVED TIME   RECORD YEAR NORMAL DEPARTURE LAST
                VALUE   (LST)  VALUE       VALUE  FROM      YEAR
                                                  NORMAL
..................................................................
TEMPERATURE (F)
 YESTERDAY
  MAXIMUM         37    327 PM  59    1914  32      5       15
  MINIMUM          2    301 AM  -9    1873  17    -15       -1
  AVERAGE         20                        24     -4        7

PRECIPITATION (IN)
  YESTERDAY        0.12          1.41 1925   0.07   0.05      T
  MONTH TO DATE    1.66                      2.27  -0.61     1.23
  SINCE DEC 1      3.97                      4.90  -0.93     4.22
  SINCE JAN 1      1.66                      2.27  -0.61     1.23

SNOWFALL (IN)
  YESTERDAY        1.3           8.5  1925   0.9    0.4       T
  MONTH TO DATE   16.3                      26.5  -10.2     20.8
  SINCE DEC 1     32.9                      48.3  -15.4     43.3
  SINCE JUL 1     42.0                      55.7  -13.7     56.8
  SNOW DEPTH       2

DEGREE DAYS
 HEATING
  YESTERDAY       45                        41      4       58
  MONTH TO DATE 1306                      1172    134     1292
  SINCE DEC 1   2246                      2257    -11     2417
  SINCE JUL 1   3526                      3625    -99     3789

 COOLING
  YESTERDAY        0                         0      0        0
  MONTH TO DATE    0                         0      0        0
  SINCE DEC 1      0                         0      0        0
  SINCE JAN 1      0                         0      0        0
..................................................................


WIND (MPH)
  HIGHEST WIND SPEED    25   HIGHEST WIND DIRECTION    SW (220)
  HIGHEST GUST SPEED    32   HIGHEST GUST DIRECTION    SW (230)
  AVERAGE WIND SPEED     7.2


SKY COVER
  AVERAGE SKY COVER 0.8


WEATHER CONDITIONS
 THE FOLLOWING WEATHER WAS RECORDED YESTERDAY.
  LIGHT SNOW
  FOG


RELATIVE HUMIDITY (PERCENT)
 HIGHEST    92           900 PM
 LOWEST     27           100 PM
 AVERAGE    60

..........................................................


THE ROCHESTER NY CLIMATE NORMALS FOR TODAY
                         NORMAL    RECORD    YEAR
 MAXIMUM TEMPERATURE (F)   32        64      2013
 MINIMUM TEMPERATURE (F)   17       -12      1873


SUNRISE AND SUNSET
JANUARY 30 2015.......SUNRISE   728 AM EST   SUNSET   520 PM EST
JANUARY 31 2015.......SUNRISE   727 AM EST   SUNSET   521 PM EST


-  INDICATES NEGATIVE NUMBERS.
R  INDICATES RECORD WAS SET OR TIED.
MM INDICATES DATA IS MISSING.
T  INDICATES TRACE AMOUNT.




$$
