000
CDUS45 KABQ 260844
CLIROW


CLIMATE REPORT
NATIONAL WEATHER SERVICE ALBUQUERQUE NM
244 AM MDT FRI MAY 26 2017


...................................

...THE ROSWELL NM CLIMATE SUMMARY FOR MAY 25 2017...

CLIMATE NORMAL PERIOD 1981 TO 2010
CLIMATE RECORD PERIOD 1893 TO 2017


WEATHER ITEM   OBSERVED TIME   RECORD YEAR NORMAL DEPARTURE
                VALUE   (LST)  VALUE       VALUE  FROM
                                                  NORMAL
...............................................................
TEMPERATURE (F)
 YESTERDAY
  MAXIMUM        100    139 PM 102    2006  88     12
  MINIMUM         64    542 AM  45    2010  58      6
                                      1971
  AVERAGE         82                        73      9

PRECIPITATION (IN)
  YESTERDAY        0.00          0.95 1936   0.04  -0.04
  MONTH TO DATE    0.54                      0.99  -0.45
  SINCE MAR 1      2.31                      2.11   0.20
  SINCE JAN 1      3.56                      2.91   0.65

SNOWFALL (IN)
  YESTERDAY        0.0
  MONTH TO DATE    0.0
  SINCE MAR 1      0.0
  SINCE JUL 1      2.5

DEGREE DAYS
 HEATING
  YESTERDAY        0                         0      0
  MONTH TO DATE   10                        27    -17
  SINCE MAR 1    297                       578   -281
  SINCE JUL 1   2442                      3285   -843

 COOLING
  YESTERDAY       17                         8      9
  MONTH TO DATE  121                       131    -10
  SINCE MAR 1    229                       171     58
  SINCE JAN 1    229                       171     58
...............................................................


WIND (MPH)
  HIGHEST WIND SPEED    29   HIGHEST WIND DIRECTION     W (250)
  HIGHEST GUST SPEED    37   HIGHEST GUST DIRECTION     W (260)
  AVERAGE WIND SPEED    15.7


SKY COVER
  AVERAGE SKY COVER 0.0


WEATHER CONDITIONS
 THE FOLLOWING WEATHER WAS RECORDED YESTERDAY.
  NO SIGNIFICANT WEATHER WAS OBSERVED.


RELATIVE HUMIDITY (PERCENT)
 HIGHEST    26          1200 AM
 LOWEST      5          1200 PM
 AVERAGE    16

..........................................................


THE ROSWELL NM CLIMATE NORMALS FOR TODAY
                         NORMAL    RECORD    YEAR
 MAXIMUM TEMPERATURE (F)   89       106      1896
 MINIMUM TEMPERATURE (F)   58        36      1913


SUNRISE AND SUNSET
MAY 26 2017...........SUNRISE   552 AM MDT   SUNSET   759 PM MDT
MAY 27 2017...........SUNRISE   551 AM MDT   SUNSET   800 PM MDT


-  INDICATES NEGATIVE NUMBERS.
R  INDICATES RECORD WAS SET OR TIED.
MM INDICATES DATA IS MISSING.
T  INDICATES TRACE AMOUNT.




$$
