000
CDUS45 KABQ 220838
CLIROW


CLIMATE REPORT
NATIONAL WEATHER SERVICE ALBUQUERQUE NM
237 AM MDT MON SEP 22 2014


...................................

...THE ROSWELL NM CLIMATE SUMMARY FOR SEPTEMBER 21 2014...

CLIMATE NORMAL PERIOD 1981 TO 2010
CLIMATE RECORD PERIOD 1893 TO 2014


WEATHER ITEM   OBSERVED TIME   RECORD YEAR NORMAL DEPARTURE
                VALUE   (LST)  VALUE       VALUE  FROM
                                                  NORMAL
...............................................................
TEMPERATURE (F)
 YESTERDAY
  MAXIMUM         73    423 PM  97    1998  84    -11
                                      1959
  MINIMUM         66   1044 AM  40    1913  57      9
  AVERAGE         70                        70      0

PRECIPITATION (IN)
  YESTERDAY        0.80          1.95 1936   0.05   0.75
  MONTH TO DATE    3.89                      1.12   2.77
  SINCE SEP 1      3.89                      1.12   2.77
  SINCE JAN 1     16.13                     10.05   6.08

SNOWFALL (IN)
  YESTERDAY        0.0
  MONTH TO DATE    0.0
  SINCE SEP 1      0.0
  SINCE JUL 1      0.0

DEGREE DAYS
 HEATING
  YESTERDAY        0                         1     -1
  MONTH TO DATE   16                         4     12
  SINCE SEP 1     16                         4     12
  SINCE JUL 1     16                         4     12

 COOLING
  YESTERDAY        5                         6     -1
  MONTH TO DATE  170                       186    -16
  SINCE SEP 1    170                       186    -16
  SINCE JAN 1   1855                      1710    145
...............................................................


WIND (MPH)
  HIGHEST WIND SPEED    25   HIGHEST WIND DIRECTION     S (160)
  HIGHEST GUST SPEED    31   HIGHEST GUST DIRECTION     S (160)
  AVERAGE WIND SPEED     6.5


SKY COVER
  AVERAGE SKY COVER 0.9


WEATHER CONDITIONS
 THE FOLLOWING WEATHER WAS RECORDED YESTERDAY.
  THUNDERSTORM
  HEAVY RAIN
  RAIN
  LIGHT RAIN
  FOG


RELATIVE HUMIDITY (PERCENT)
 HIGHEST    93           700 AM
 LOWEST     84           500 PM
 AVERAGE    89

..........................................................


THE ROSWELL NM CLIMATE NORMALS FOR TODAY
                         NORMAL    RECORD    YEAR
 MAXIMUM TEMPERATURE (F)   84        96      2005
                                             2000
                                             1930
 MINIMUM TEMPERATURE (F)   56        40      1912


SUNRISE AND SUNSET
SEPTEMBER 22 2014.....SUNRISE   646 AM MDT   SUNSET   655 PM MDT
SEPTEMBER 23 2014.....SUNRISE   647 AM MDT   SUNSET   653 PM MDT


-  INDICATES NEGATIVE NUMBERS.
R  INDICATES RECORD WAS SET OR TIED.
MM INDICATES DATA IS MISSING.
T  INDICATES TRACE AMOUNT.




$$
