685
CDUS45 KABQ 250826
CLIROW


CLIMATE REPORT
NATIONAL WEATHER SERVICE ALBUQUERQUE NM
226 AM MDT TUE JUL 25 2017


...................................

...THE ROSWELL NM CLIMATE SUMMARY FOR JULY 24 2017...

CLIMATE NORMAL PERIOD 1981 TO 2010
CLIMATE RECORD PERIOD 1893 TO 2017


WEATHER ITEM   OBSERVED TIME   RECORD YEAR NORMAL DEPARTURE
                VALUE   (LST)  VALUE       VALUE  FROM
                                                  NORMAL
...............................................................
TEMPERATURE (F)
 YESTERDAY
  MAXIMUM         98    341 PM 106    1958  93      5
  MINIMUM         71    535 AM  57    1894  67      4
  AVERAGE         85                        80      5

PRECIPITATION (IN)
  YESTERDAY        0.00          1.89 1950   0.06  -0.06
  MONTH TO DATE    0.65                      1.65  -1.00
  SINCE JUN 1      1.21                      3.38  -2.17
  SINCE JAN 1      4.77                      6.55  -1.78

SNOWFALL (IN)
  YESTERDAY        0.0
  MONTH TO DATE    0.0
  SINCE JUN 1      0.0
  SINCE JUL 1      0.0

DEGREE DAYS
 HEATING
  YESTERDAY        0                         0      0
  MONTH TO DATE    0                         0      0
  SINCE JUN 1      0                         1     -1
  SINCE JUL 1      0                         0      0

 COOLING
  YESTERDAY       20                        15      5
  MONTH TO DATE  418                       372     46
  SINCE JUN 1    923                       769    154
  SINCE JAN 1   1204                       994    210
...............................................................


WIND (MPH)
  HIGHEST WIND SPEED    18   HIGHEST WIND DIRECTION     S (180)
  HIGHEST GUST SPEED    24   HIGHEST GUST DIRECTION     S (170)
  AVERAGE WIND SPEED     7.1


SKY COVER
  AVERAGE SKY COVER 0.1


WEATHER CONDITIONS
 THE FOLLOWING WEATHER WAS RECORDED YESTERDAY.
  NO SIGNIFICANT WEATHER WAS OBSERVED.


RELATIVE HUMIDITY (PERCENT)
 HIGHEST    73          1200 AM
 LOWEST     22           400 PM
 AVERAGE    48

..........................................................


THE ROSWELL NM CLIMATE NORMALS FOR TODAY
                         NORMAL    RECORD    YEAR
 MAXIMUM TEMPERATURE (F)   93       105      1995
 MINIMUM TEMPERATURE (F)   67        57      1894


SUNRISE AND SUNSET
JULY 25 2017..........SUNRISE   606 AM MDT   SUNSET   803 PM MDT
JULY 26 2017..........SUNRISE   607 AM MDT   SUNSET   802 PM MDT


-  INDICATES NEGATIVE NUMBERS.
R  INDICATES RECORD WAS SET OR TIED.
MM INDICATES DATA IS MISSING.
T  INDICATES TRACE AMOUNT.




$$
