524
CDUS45 KABQ 290848
CLIROW


CLIMATE REPORT
NATIONAL WEATHER SERVICE ALBUQUERQUE NM
247 AM MDT WED MAR 29 2017


...................................

...THE ROSWELL NM CLIMATE SUMMARY FOR MARCH 28 2017...

CLIMATE NORMAL PERIOD 1981 TO 2010
CLIMATE RECORD PERIOD 1893 TO 2017


WEATHER ITEM   OBSERVED TIME   RECORD YEAR NORMAL DEPARTURE
                VALUE   (LST)  VALUE       VALUE  FROM
                                                  NORMAL
...............................................................
TEMPERATURE (F)
 YESTERDAY
  MAXIMUM         78    132 PM  94    1967  72      6
  MINIMUM         49   1134 PM  17    1955  39     10
  AVERAGE         64                        56      8

PRECIPITATION (IN)
  YESTERDAY        0.30R         0.25 1966   0.02   0.28
  MONTH TO DATE    0.30                      0.46  -0.16
  SINCE MAR 1      0.30                      0.46  -0.16
  SINCE JAN 1      1.55                      1.26   0.29

SNOWFALL (IN)
  YESTERDAY        0.0
  MONTH TO DATE    0.0
  SINCE MAR 1      0.0
  SINCE JUL 1      2.5

DEGREE DAYS
 HEATING
  YESTERDAY        1                        10     -9
  MONTH TO DATE  154                       361   -207
  SINCE MAR 1    154                       361   -207
  SINCE JUL 1   2299                      3068   -769

 COOLING
  YESTERDAY        0                         0      0
  MONTH TO DATE   32                         0     32
  SINCE MAR 1     32                         0     32
  SINCE JAN 1     32                         0     32
...............................................................


WIND (MPH)
  HIGHEST WIND SPEED    27   HIGHEST WIND DIRECTION    SW (220)
  HIGHEST GUST SPEED    45   HIGHEST GUST DIRECTION    SW (220)
  AVERAGE WIND SPEED    12.4


SKY COVER
  AVERAGE SKY COVER 0.4


WEATHER CONDITIONS
 THE FOLLOWING WEATHER WAS RECORDED YESTERDAY.
  THUNDERSTORM
  RAIN
  LIGHT RAIN


RELATIVE HUMIDITY (PERCENT)
 HIGHEST    86          1100 PM
 LOWEST     13           200 PM
 AVERAGE    50

..........................................................


THE ROSWELL NM CLIMATE NORMALS FOR TODAY
                         NORMAL    RECORD    YEAR
 MAXIMUM TEMPERATURE (F)   72        92      1967
 MINIMUM TEMPERATURE (F)   40        19      1944


SUNRISE AND SUNSET
MARCH 29 2017.........SUNRISE   649 AM MDT   SUNSET   717 PM MDT
MARCH 30 2017.........SUNRISE   648 AM MDT   SUNSET   717 PM MDT


-  INDICATES NEGATIVE NUMBERS.
R  INDICATES RECORD WAS SET OR TIED.
MM INDICATES DATA IS MISSING.
T  INDICATES TRACE AMOUNT.




$$
