000
CDUS43 KARX 230711
CLIRST


CLIMATE REPORT
NATIONAL WEATHER SERVICE LA CROSSE WI
204 AM CDT SAT JUL 23 2016

...THE ROCHESTER MN CLIMATE SUMMARY FOR JULY 22 2016...

CLIMATE NORMAL PERIOD 1981 TO 2010
CLIMATE RECORD PERIOD 1886 TO 2016

WEATHER ITEM   OBSERVED TIME   RECORD YEAR NORMAL DEPARTURE LAST
                VALUE   (LST)  VALUE       VALUE  FROM      YEAR
                                                  NORMAL
..................................................................
TEMPERATURE (F)
 YESTERDAY
  MAXIMUM         90    433 PM 101    1934  81      9       78
  MINIMUM         75 R  640 AM  42    1947  61     14       57
  AVERAGE         83                        71     12       68

PRECIPITATION (IN)
  YESTERDAY        0.00          1.54 1978   0.15  -0.15     0.00
  MONTH TO DATE    4.30                      3.27   1.03     2.77
  SINCE JUN 1      9.54                      7.95   1.59     7.23
  SINCE JAN 1     21.23                     18.39   2.84    19.84

SNOWFALL (IN)
  YESTERDAY        0.0           0.0  2012   0.0    0.0      0.0
  MONTH TO DATE    0.0                       0.0    0.0      0.0
  SINCE JUL 1      0.0                       0.0    0.0      0.0
  SNOW DEPTH       0

DEGREE DAYS
 HEATING
  YESTERDAY        0                         0      0        0
  MONTH TO DATE    4                         0      4       17
  SINCE JUL 1      4                         0      4       17

 COOLING
  YESTERDAY       18                         7     11        3
  MONTH TO DATE  145                       154     -9      100
  SINCE JAN 1    334                       318     16      213
..................................................................

WIND (MPH)
  HIGHEST WIND SPEED     9   HIGHEST WIND DIRECTION    NE (60)
  HIGHEST GUST SPEED    14   HIGHEST GUST DIRECTION     E (70)
  AVERAGE WIND SPEED     4.1

SKY COVER
  POSSIBLE SUNSHINE  MM
  AVERAGE SKY COVER 0.6

WEATHER CONDITIONS
 THE FOLLOWING WEATHER WAS RECORDED YESTERDAY.
  FOG
  FOG W/VISIBILITY <= 1/4 MILE

RELATIVE HUMIDITY (PERCENT)
 HIGHEST   100          1200 AM
 LOWEST     70           300 PM
 AVERAGE    85
..........................................................

THE ROCHESTER MN CLIMATE NORMALS FOR TODAY
                         NORMAL    RECORD    YEAR
 MAXIMUM TEMPERATURE (F)   81       101      1934
 MINIMUM TEMPERATURE (F)   61        44      1887

SUNRISE AND SUNSET
JULY 23 2016..........SUNRISE   550 AM CDT   SUNSET   843 PM CDT
JULY 24 2016..........SUNRISE   551 AM CDT   SUNSET   842 PM CDT

-  INDICATES NEGATIVE NUMBERS.
R  INDICATES RECORD WAS SET OR TIED.
MM INDICATES DATA IS MISSING.
T  INDICATES TRACE AMOUNT.

$$

BOYNE
