000
CDUS43 KARX 250649
CLIRST


CLIMATE REPORT
NATIONAL WEATHER SERVICE LA CROSSE WI
1248 AM CST SUN JAN 25 2015


...................................

...THE ROCHESTER MN CLIMATE SUMMARY FOR JANUARY 24 2015...

CLIMATE NORMAL PERIOD 1981 TO 2010
CLIMATE RECORD PERIOD 1886 TO 2015


WEATHER ITEM   OBSERVED TIME   RECORD YEAR NORMAL DEPARTURE LAST
                VALUE   (LST)  VALUE       VALUE  FROM      YEAR
                                                  NORMAL
..................................................................
TEMPERATURE (F)
 YESTERDAY
  MAXIMUM         36    242 PM  55    1981  24     12       33
  MINIMUM         22    135 AM -34    1935   8     14       -2
  AVERAGE         29                        16     13       16

PRECIPITATION (IN)
  YESTERDAY        0.00          1.42 1967   0.02  -0.02     0.06
  MONTH TO DATE    0.46                      0.66  -0.20     0.64
  SINCE DEC 1      1.48                      1.89  -0.41     1.74
  SINCE JAN 1      0.46                      0.66  -0.20     0.64

SNOWFALL (IN)
  YESTERDAY        0.0           5.4  1997   0.4   -0.4      0.7
  MONTH TO DATE    8.2                       9.1   -0.9      9.7
  SINCE JUL 1     25.6                      28.5   -2.9     24.1
  SNOW DEPTH       4

DEGREE DAYS
 HEATING
  YESTERDAY       36                        49    -13       49
  MONTH TO DATE 1209                      1189     20     1374
  SINCE JUL 1   4429                      4267    162     4668

 COOLING
  YESTERDAY        0                         0      0        0
  MONTH TO DATE    0                         0      0        0
  SINCE JAN 1      0                         0      0        0
..................................................................


WIND (MPH)
  HIGHEST WIND SPEED    14   HIGHEST WIND DIRECTION     W (280)
  HIGHEST GUST SPEED    17   HIGHEST GUST DIRECTION     W (280)
  AVERAGE WIND SPEED     7.8


SKY COVER
  POSSIBLE SUNSHINE  MM
  AVERAGE SKY COVER 0.5


WEATHER CONDITIONS
 THE FOLLOWING WEATHER WAS RECORDED YESTERDAY.
  FOG
  FOG W/VISIBILITY <= 1/4 MILE


RELATIVE HUMIDITY (PERCENT)
 HIGHEST   100           300 AM
 LOWEST     82          1200 PM
 AVERAGE    91

..........................................................


THE ROCHESTER MN CLIMATE NORMALS FOR TODAY
                         NORMAL    RECORD    YEAR
 MAXIMUM TEMPERATURE (F)   24        58      1944
 MINIMUM TEMPERATURE (F)    8       -23      1936


SUNRISE AND SUNSET
JANUARY 25 2015.......SUNRISE   734 AM CST   SUNSET   511 PM CST
JANUARY 26 2015.......SUNRISE   733 AM CST   SUNSET   512 PM CST


-  INDICATES NEGATIVE NUMBERS.
R  INDICATES RECORD WAS SET OR TIED.
MM INDICATES DATA IS MISSING.
T  INDICATES TRACE AMOUNT.




$$
