000
CDUS45 KCYS 250326
CLIRWL


CLIMATE REPORT
NATIONAL WEATHER SERVICE CHEYENNE WY
926 PM MDT SUN JUL 24 2016


...................................

...THE RAWLINS WY AIRPORT CLIMATE SUMMARY FOR JULY 24 2016...
VALID TODAY AS OF 0900 PM LOCAL TIME.

CLIMATE NORMAL PERIOD 1981 TO 2010
CLIMATE RECORD PERIOD 1951 TO 2016


WEATHER ITEM   OBSERVED TIME   RECORD YEAR NORMAL DEPARTURE LAST
                VALUE   (LST)  VALUE       VALUE  FROM      YEAR
                                                  NORMAL
..................................................................
TEMPERATURE (F)
 TODAY
  MAXIMUM         88    452 PM  95    2003  85      3       87
  MINIMUM         49    515 AM  45    1999  52     -3       47
                                      1978
                                      1970
  AVERAGE         69                        68      1       67

PRECIPITATION (IN)
  TODAY            0.00          0.46 1993   0.03  -0.03     0.00
  MONTH TO DATE    0.06                      0.63  -0.57     0.95
  SINCE JAN 1      6.06                      5.58   0.48     7.82

DEGREE DAYS
 HEATING
  TODAY            0                         1     -1        0
  MONTH TO DATE   16                        31    -15       22
  SINCE JUN 1     70                       221   -151       88
  SINCE JUL 1     16                        31    -15       22

 COOLING
  TODAY            4                         4      0        2
  MONTH TO DATE   87                        74     13       48
  SINCE JUN 1    128                        93     35      109
  SINCE JAN 1    128                        93     35      109
..................................................................


WIND (MPH)
  HIGHEST WIND SPEED    23   HIGHEST WIND DIRECTION     W (290)
  HIGHEST GUST SPEED    28   HIGHEST GUST DIRECTION     W (290)
  AVERAGE WIND SPEED    10.0


SKY COVER
  AVERAGE SKY COVER 0.0


WEATHER CONDITIONS
 THE FOLLOWING WEATHER WAS RECORDED TODAY.
  NO SIGNIFICANT WEATHER WAS OBSERVED.


RELATIVE HUMIDITY (PERCENT)
 HIGHEST    27           600 AM
 LOWEST      7           400 PM
 AVERAGE    17

..........................................................


THE RAWLINS WY AIRPORT CLIMATE NORMALS FOR TOMORROW
                         NORMAL    RECORD    YEAR
 MAXIMUM TEMPERATURE (F)   85        93      2011
 MINIMUM TEMPERATURE (F)   52        42      1975


SUNRISE AND SUNSET
JULY 24 2016..........SUNRISE   556 AM MDT   SUNSET   834 PM MDT
JULY 25 2016..........SUNRISE   557 AM MDT   SUNSET   834 PM MDT


-  INDICATES NEGATIVE NUMBERS.
R  INDICATES RECORD WAS SET OR TIED.
MM INDICATES DATA IS MISSING.
T  INDICATES TRACE AMOUNT.




$$
