000
CDUS45 KCYS 250740
CLIRWL


CLIMATE REPORT
NATIONAL WEATHER SERVICE CHEYENNE WY
138 AM MDT FRI APR 25 2014


...................................

...THE RAWLINS WY AIRPORT CLIMATE SUMMARY FOR APRIL 24 2014...

CLIMATE NORMAL PERIOD 1981 TO 2010
CLIMATE RECORD PERIOD 1951 TO 2014


WEATHER ITEM   OBSERVED TIME   RECORD YEAR NORMAL DEPARTURE LAST
                VALUE   (LST)  VALUE       VALUE  FROM      YEAR
                                                  NORMAL
..................................................................
TEMPERATURE (F)
 YESTERDAY
  MAXIMUM         58    257 PM  79    2012  56      2       48
  MINIMUM         27    513 AM  17    1958  29     -2       19
  AVERAGE         43                        42      1       34

PRECIPITATION (IN)
  YESTERDAY        0.00          0.62 1951   0.04  -0.04     0.00
  MONTH TO DATE    0.44                      0.82  -0.38     0.90
  SINCE JAN 1      1.49                      2.28  -0.79     1.58

DEGREE DAYS
 HEATING
  YESTERDAY       22                        23     -1       31
  MONTH TO DATE  560                       618    -58      787
  SINCE MAR 1   1501                      1633   -132     1779
  SINCE JUL 1   7265                      7590   -325     7380

 COOLING
  YESTERDAY        0                         0      0        0
  MONTH TO DATE    0                         0      0        0
  SINCE MAR 1      0                         0      0        0
  SINCE JAN 1      0                         0      0        0
..................................................................


WIND (MPH)
  HIGHEST WIND SPEED    33   HIGHEST WIND DIRECTION    SW (240)
  HIGHEST GUST SPEED    43   HIGHEST GUST DIRECTION    SW (220)
  AVERAGE WIND SPEED    20.3


SKY COVER
  AVERAGE SKY COVER 0.2


WEATHER CONDITIONS
 THE FOLLOWING WEATHER WAS RECORDED YESTERDAY.
  NO SIGNIFICANT WEATHER WAS OBSERVED.


RELATIVE HUMIDITY (PERCENT)
 HIGHEST    57           500 AM
 LOWEST     18           200 PM
 AVERAGE    38

..........................................................


THE RAWLINS WY AIRPORT CLIMATE NORMALS FOR TODAY
                         NORMAL    RECORD    YEAR
 MAXIMUM TEMPERATURE (F)   57        75      1981
 MINIMUM TEMPERATURE (F)   29        19      2006
                                             1968


SUNRISE AND SUNSET
APRIL 25 2014.........SUNRISE   613 AM MDT   SUNSET   801 PM MDT
APRIL 26 2014.........SUNRISE   612 AM MDT   SUNSET   802 PM MDT


-  INDICATES NEGATIVE NUMBERS.
R  INDICATES RECORD WAS SET OR TIED.
MM INDICATES DATA IS MISSING.
T  INDICATES TRACE AMOUNT.




$$
