423
CDUS45 KCYS 062228
CLIRWL


CLIMATE REPORT
NATIONAL WEATHER SERVICE CHEYENNE WY
328 PM MST TUE DEC 6 2016


...................................

...THE RAWLINS WY AIRPORT CLIMATE SUMMARY FOR DECEMBER 6 2016...
VALID AS OF 0300 PM LOCAL TIME.

CLIMATE NORMAL PERIOD 1981 TO 2010
CLIMATE RECORD PERIOD 1951 TO 2016


WEATHER ITEM   OBSERVED TIME   RECORD YEAR NORMAL DEPARTURE LAST
                VALUE   (LST)  VALUE       VALUE  FROM      YEAR
                                                  NORMAL
..................................................................
TEMPERATURE (F)
 TODAY
  MAXIMUM         14    159 PM  52    1965  32    -18       42
  MINIMUM        -11    713 AM -22    1972  13    -24       10
  AVERAGE          2                        22    -20       26

PRECIPITATION (IN)
  TODAY            0.00          0.49 1956   0.01  -0.01     0.00
  MONTH TO DATE    0.03                      0.08  -0.05     0.00
  SINCE JAN 1      7.69                      8.90  -1.21    10.07

DEGREE DAYS
 HEATING
  TODAY           63                        43     20       39
  MONTH TO DATE  289                       254     35      235
  SINCE DEC 1    289                       254     35      235
  SINCE JUL 1   2032                      2360   -328     1932

 COOLING
  TODAY            0                         0      0        0
  MONTH TO DATE    0                         0      0        0
  SINCE DEC 1      0                         0      0        0
  SINCE JAN 1    235                       186     49      214
..................................................................


WIND (MPH)
  HIGHEST WIND SPEED    14   HIGHEST WIND DIRECTION    SW (240)
  HIGHEST GUST SPEED    19   HIGHEST GUST DIRECTION     W (250)
  AVERAGE WIND SPEED     5.6


SKY COVER
  AVERAGE SKY COVER 0.1


WEATHER CONDITIONS
 THE FOLLOWING WEATHER WAS RECORDED TODAY.
  NO SIGNIFICANT WEATHER WAS OBSERVED.


RELATIVE HUMIDITY (PERCENT)
 HIGHEST    65           600 AM
 LOWEST     33           300 PM
 AVERAGE    49

..........................................................


THE RAWLINS WY AIRPORT CLIMATE NORMALS FOR TOMORROW
                         NORMAL    RECORD    YEAR
 MAXIMUM TEMPERATURE (F)   31        50      2008
                                             1965
 MINIMUM TEMPERATURE (F)   13       -26      2005


SUNRISE AND SUNSET
DECEMBER  6 2016......SUNRISE   722 AM MST   SUNSET   438 PM MST
DECEMBER  7 2016......SUNRISE   723 AM MST   SUNSET   438 PM MST


-  INDICATES NEGATIVE NUMBERS.
R  INDICATES RECORD WAS SET OR TIED.
MM INDICATES DATA IS MISSING.
T  INDICATES TRACE AMOUNT.




$$
