000
CDUS45 KCYS 270326
CLIRWL


CLIMATE REPORT
NATIONAL WEATHER SERVICE CHEYENNE WY
925 PM MDT THU MAY 26 2016


...................................

...THE RAWLINS WY AIRPORT CLIMATE SUMMARY FOR MAY 26 2016...
VALID TODAY AS OF 0900 PM LOCAL TIME.

CLIMATE NORMAL PERIOD 1981 TO 2010
CLIMATE RECORD PERIOD 1951 TO 2016


WEATHER ITEM   OBSERVED TIME   RECORD YEAR NORMAL DEPARTURE LAST
                VALUE   (LST)  VALUE       VALUE  FROM      YEAR
                                                  NORMAL
..................................................................
TEMPERATURE (F)
 TODAY
  MAXIMUM         62    305 PM  84    2006  67     -5       64
  MINIMUM         32    508 AM  26    1975  38     -6       38
  AVERAGE         47                        52     -5       51

PRECIPITATION (IN)
  TODAY            0.00          0.47 1967   0.05  -0.05     0.10
  MONTH TO DATE    0.31                      1.17  -0.86     3.80
  SINCE JAN 1      5.81                      3.68   2.13     5.70

DEGREE DAYS
 HEATING
  TODAY           18                        13      5       14
  MONTH TO DATE  449                       425     24      467
  SINCE MAR 1   2078                      2187   -109     1984
  SINCE JUL 1   7550                      8144   -594     7215

 COOLING
  TODAY            0                         0      0        0
  MONTH TO DATE    0                         0      0        0
  SINCE MAR 1      0                         0      0        0
  SINCE JAN 1      0                         0      0        0
..................................................................


WIND (MPH)
  HIGHEST WIND SPEED    21   HIGHEST WIND DIRECTION     N (20)
  HIGHEST GUST SPEED    27   HIGHEST GUST DIRECTION     N (20)
  AVERAGE WIND SPEED     6.2


SKY COVER
  AVERAGE SKY COVER 0.2


WEATHER CONDITIONS
 THE FOLLOWING WEATHER WAS RECORDED TODAY.
  THUNDERSTORM


RELATIVE HUMIDITY (PERCENT)
 HIGHEST    82           300 AM
 LOWEST     25           300 PM
 AVERAGE    54

..........................................................


THE RAWLINS WY AIRPORT CLIMATE NORMALS FOR TOMORROW
                         NORMAL    RECORD    YEAR
 MAXIMUM TEMPERATURE (F)   68        83      1969
 MINIMUM TEMPERATURE (F)   38        28      1965
                                             1952


SUNRISE AND SUNSET
MAY 26 2016...........SUNRISE   539 AM MDT   SUNSET   833 PM MDT
MAY 27 2016...........SUNRISE   539 AM MDT   SUNSET   834 PM MDT


-  INDICATES NEGATIVE NUMBERS.
R  INDICATES RECORD WAS SET OR TIED.
MM INDICATES DATA IS MISSING.
T  INDICATES TRACE AMOUNT.




$$
