455
CDUS45 KPIH 232323
CLIRXE


CLIMATE REPORT
NATIONAL WEATHER SERVICE POCATELLO ID
423 PM MST FRI FEB 23 2018


...................................

...THE REXBURG ID CLIMATE SUMMARY FOR FEBRUARY 23 2018...
VALID TODAY AS OF 0400 PM LOCAL TIME.

CLIMATE NORMAL PERIOD 1981 TO 2010
CLIMATE RECORD PERIOD 1998 TO 2018


WEATHER ITEM   OBSERVED TIME   RECORD YEAR NORMAL DEPARTURE LAST
                VALUE   (LST)  VALUE       VALUE  FROM      YEAR
                                                  NORMAL
..................................................................
TEMPERATURE (F)
 TODAY
  MAXIMUM         25    335 PM  44    2000  35    -10       30
  MINIMUM         13    808 AM  -4    2010  14     -1       23
  AVERAGE         19                        25     -6       27

PRECIPITATION (IN)
  TODAY            T            MM      MM   0.03  -0.03     0.03
  MONTH TO DATE    0.05                      0.68  -0.63     1.04
  SINCE OCT 1      3.47                      4.63  -1.16     7.94
  SINCE JAN 1      1.37                      1.42  -0.05     2.18

SNOWFALL (IN)
  TODAY           MM
  MONTH TO DATE   MM
  SINCE DEC 1     MM
  SINCE JUL 1     MM
  SNOW DEPTH      MM

DEGREE DAYS
 HEATING
  TODAY           46                        40      6       38
  MONTH TO DATE  826                      1000   -174      781
  SINCE DEC 1   3357                      3765   -408     3918
  SINCE JUL 1   5236                      5777   -541     5565

 COOLING
  TODAY            0                         0      0        0
  MONTH TO DATE    0                         0      0        0
  SINCE DEC 1      0                         0      0        0
  SINCE JAN 1      0                         0      0        0
..................................................................


WIND (MPH)
  HIGHEST WIND SPEED    15   HIGHEST WIND DIRECTION    SW (220)
  HIGHEST GUST SPEED    19   HIGHEST GUST DIRECTION    SW (220)
  AVERAGE WIND SPEED     7.6


SKY COVER
  POSSIBLE SUNSHINE  MM
  AVERAGE SKY COVER 0.9


WEATHER CONDITIONS
 THE FOLLOWING WEATHER WAS RECORDED TODAY.
  LIGHT SNOW
  FOG


RELATIVE HUMIDITY (PERCENT)
 HIGHEST    96           700 AM
 LOWEST     60           200 PM
 AVERAGE    78

..........................................................


THE REXBURG ID CLIMATE NORMALS FOR TOMORROW
                         NORMAL    RECORD    YEAR
 MAXIMUM TEMPERATURE (F)   35        50      2014
 MINIMUM TEMPERATURE (F)   15        -4      2013


SUNRISE AND SUNSET
FEBRUARY 23 2018......SUNRISE   714 AM MST   SUNSET   608 PM MST
FEBRUARY 24 2018......SUNRISE   712 AM MST   SUNSET   609 PM MST


-  INDICATES NEGATIVE NUMBERS.
R  INDICATES RECORD WAS SET OR TIED.
MM INDICATES DATA IS MISSING.
T  INDICATES TRACE AMOUNT.




$$
