000
CDUS45 KPIH 270730
CLIRXE


CLIMATE REPORT
NATIONAL WEATHER SERVICE POCATELLO ID
128 AM MDT FRI MAY 27 2016


...................................

...THE REXBURG ID CLIMATE SUMMARY FOR MAY 26 2016...

CLIMATE NORMAL PERIOD 1981 TO 2010
CLIMATE RECORD PERIOD 1998 TO 2016


WEATHER ITEM   OBSERVED TIME   RECORD YEAR NORMAL DEPARTURE LAST
                VALUE   (LST)  VALUE       VALUE  FROM      YEAR
                                                  NORMAL
..................................................................
TEMPERATURE (F)
 YESTERDAY
  MAXIMUM         67    506 PM  82    2014  69     -2       64
  MINIMUM         37    513 AM  36    2011  42     -5       46
  AVERAGE         52                        55     -3       55

PRECIPITATION (IN)
  YESTERDAY        0.00         MM      MM   0.05  -0.05     0.52
  MONTH TO DATE    2.03                      1.42   0.61     2.92
  SINCE OCT 1      8.85                      8.74   0.11     7.50
  SINCE JAN 1      5.69                      5.53   0.16     4.73

SNOWFALL (IN)
  YESTERDAY       MM
  MONTH TO DATE   MM
  SINCE MAR 1     MM
  SINCE JUL 1     MM
  SNOW DEPTH      MM

DEGREE DAYS
 HEATING
  YESTERDAY       13                        10      3       10
  MONTH TO DATE  319                       346    -27      302
  SINCE MAR 1   1679                      1938   -259     1638
  SINCE JUL 1   7256                      7911   -655     6722

 COOLING
  YESTERDAY        0                         0      0        0
  MONTH TO DATE    0                         0      0        0
  SINCE MAR 1      0                         0      0        0
  SINCE JAN 1      0                         0      0        0
..................................................................


WIND (MPH)
  HIGHEST WIND SPEED    12   HIGHEST WIND DIRECTION     E (70)
  HIGHEST GUST SPEED    17   HIGHEST GUST DIRECTION     E (80)
  AVERAGE WIND SPEED     4.6


SKY COVER
  POSSIBLE SUNSHINE  MM
  AVERAGE SKY COVER 0.1


WEATHER CONDITIONS
 THE FOLLOWING WEATHER WAS RECORDED YESTERDAY.
  NO SIGNIFICANT WEATHER WAS OBSERVED.


RELATIVE HUMIDITY (PERCENT)
 HIGHEST    92           300 AM
 LOWEST     26           400 PM
 AVERAGE    59

..........................................................


THE REXBURG ID CLIMATE NORMALS FOR TODAY
                         NORMAL    RECORD    YEAR
 MAXIMUM TEMPERATURE (F)   69        82      2007
                                             2003
 MINIMUM TEMPERATURE (F)   42        34      2011


SUNRISE AND SUNSET
MAY 27 2016...........SUNRISE   551 AM MDT   SUNSET   859 PM MDT
MAY 28 2016...........SUNRISE   550 AM MDT   SUNSET   900 PM MDT


-  INDICATES NEGATIVE NUMBERS.
R  INDICATES RECORD WAS SET OR TIED.
MM INDICATES DATA IS MISSING.
T  INDICATES TRACE AMOUNT.




$$
