000
CDUS45 KPIH 172326
CLIRXE


CLIMATE REPORT
NATIONAL WEATHER SERVICE POCATELLO ID
424 PM MST TUE JAN 17 2017


...................................

...THE REXBURG ID CLIMATE SUMMARY FOR JANUARY 17 2017...
VALID TODAY AS OF 0400 PM LOCAL TIME.

CLIMATE NORMAL PERIOD 1981 TO 2010
CLIMATE RECORD PERIOD 1998 TO 2017


WEATHER ITEM   OBSERVED TIME   RECORD YEAR NORMAL DEPARTURE LAST
                VALUE   (LST)  VALUE       VALUE  FROM      YEAR
                                                  NORMAL
..................................................................
TEMPERATURE (F)
 TODAY
  MAXIMUM         17    359 PM  37    2011  29    -12       26
  MINIMUM         -7    301 AM  -9    2013  12    -19       20
                                      2001
  AVERAGE          5                        20    -15       23

PRECIPITATION (IN)
  TODAY            0.00         MM      MM   0.02  -0.02     0.07
  MONTH TO DATE    0.52                      0.48   0.04     0.62
  SINCE OCT 1      6.28                      3.69   2.59     3.78
  SINCE JAN 1      0.52                      0.48   0.04     0.62

SNOWFALL (IN)
  TODAY           MM
  MONTH TO DATE   MM
  SINCE DEC 1     MM
  SINCE JUL 1     MM
  SNOW DEPTH      MM

DEGREE DAYS
 HEATING
  TODAY           60                        45     15       42
  MONTH TO DATE  933                       765    168      754
  SINCE DEC 1   2483                      2135    348     2120
  SINCE JUL 1   4130                      4147    -17     3854

 COOLING
  TODAY            0                         0      0        0
  MONTH TO DATE    0                         0      0        0
  SINCE DEC 1      0                         0      0        0
  SINCE JAN 1      0                         0      0        0
..................................................................


WIND (MPH)
  HIGHEST WIND SPEED     7   HIGHEST WIND DIRECTION    NE (40)
  HIGHEST GUST SPEED     8   HIGHEST GUST DIRECTION     E (70)
  AVERAGE WIND SPEED     2.9


SKY COVER
  POSSIBLE SUNSHINE  MM
  AVERAGE SKY COVER 0.1


WEATHER CONDITIONS
 THE FOLLOWING WEATHER WAS RECORDED TODAY.
  NO SIGNIFICANT WEATHER WAS OBSERVED.


RELATIVE HUMIDITY (PERCENT)
 HIGHEST    91           100 AM
 LOWEST     61           300 PM
 AVERAGE    76

..........................................................


THE REXBURG ID CLIMATE NORMALS FOR TOMORROW
                         NORMAL    RECORD    YEAR
 MAXIMUM TEMPERATURE (F)   29        41      2015
 MINIMUM TEMPERATURE (F)   11        -9      2013


SUNRISE AND SUNSET
JANUARY 17 2017.......SUNRISE   757 AM MST   SUNSET   518 PM MST
JANUARY 18 2017.......SUNRISE   756 AM MST   SUNSET   520 PM MST


-  INDICATES NEGATIVE NUMBERS.
R  INDICATES RECORD WAS SET OR TIED.
MM INDICATES DATA IS MISSING.
T  INDICATES TRACE AMOUNT.




$$
