000
CDUS45 KPIH 220736
CLIRXE


CLIMATE REPORT
NATIONAL WEATHER SERVICE POCATELLO ID
135 AM MDT FRI SEP 22 2017


...................................

...THE REXBURG ID CLIMATE SUMMARY FOR SEPTEMBER 21 2017...

CLIMATE NORMAL PERIOD 1981 TO 2010
CLIMATE RECORD PERIOD 1998 TO 2017


WEATHER ITEM   OBSERVED TIME   RECORD YEAR NORMAL DEPARTURE LAST
                VALUE   (LST)  VALUE       VALUE  FROM      YEAR
                                                  NORMAL
..................................................................
TEMPERATURE (F)
 YESTERDAY
  MAXIMUM         45   1225 AM  82    2001  69    -24       73
  MINIMUM         38   1047 AM  30    2004  38      0       49
  AVERAGE         42                        54    -12       61

PRECIPITATION (IN)
  YESTERDAY        0.64         MM      MM   0.04   0.60     0.31
  MONTH TO DATE    1.75                      0.63   1.12     0.57
  SINCE OCT 1     15.88                     12.76   3.12     9.68
  SINCE JAN 1     10.12                      9.55   0.57     6.52

SNOWFALL (IN)
  YESTERDAY       MM
  MONTH TO DATE   MM
  SINCE SEP 1     MM
  SINCE JUL 1     MM
  SNOW DEPTH      MM

DEGREE DAYS
 HEATING
  YESTERDAY       23                        12     11        4
  MONTH TO DATE  129                       165    -36      165
  SINCE SEP 1    129                       165    -36      165
  SINCE JUL 1    142                       238    -96      229

 COOLING
  YESTERDAY        0                         0      0        0
  MONTH TO DATE   38                         5     33       14
  SINCE SEP 1     38                         5     33       14
  SINCE JAN 1    347                       207    140      261
..................................................................


WIND (MPH)
  HIGHEST WIND SPEED    18   HIGHEST WIND DIRECTION    NE (30)
  HIGHEST GUST SPEED    22   HIGHEST GUST DIRECTION    NE (30)
  AVERAGE WIND SPEED     6.0


SKY COVER
  POSSIBLE SUNSHINE  MM
  AVERAGE SKY COVER 1.0


WEATHER CONDITIONS
 THE FOLLOWING WEATHER WAS RECORDED YESTERDAY.
  LIGHT RAIN
  FOG


RELATIVE HUMIDITY (PERCENT)
 HIGHEST   100          1200 AM
 LOWEST     82           400 PM
 AVERAGE    91

..........................................................


THE REXBURG ID CLIMATE NORMALS FOR TODAY
                         NORMAL    RECORD    YEAR
 MAXIMUM TEMPERATURE (F)   69        83      2015
 MINIMUM TEMPERATURE (F)   38        29      2002


SUNRISE AND SUNSET
SEPTEMBER 22 2017.....SUNRISE   715 AM MDT   SUNSET   724 PM MDT
SEPTEMBER 23 2017.....SUNRISE   716 AM MDT   SUNSET   722 PM MDT


-  INDICATES NEGATIVE NUMBERS.
R  INDICATES RECORD WAS SET OR TIED.
MM INDICATES DATA IS MISSING.
T  INDICATES TRACE AMOUNT.




$$
