000
CDUS45 KPIH 270807
CLIRXE


CLIMATE REPORT
NATIONAL WEATHER SERVICE POCATELLO ID
204 AM MDT WED JUL 27 2016


...................................

...THE REXBURG ID CLIMATE SUMMARY FOR JULY 26 2016...

CLIMATE NORMAL PERIOD 1981 TO 2010
CLIMATE RECORD PERIOD 1998 TO 2016


WEATHER ITEM   OBSERVED TIME   RECORD YEAR NORMAL DEPARTURE LAST
                VALUE   (LST)  VALUE       VALUE  FROM      YEAR
                                                  NORMAL
..................................................................
TEMPERATURE (F)
 YESTERDAY
  MAXIMUM         94R   334 PM  94    2012  86      8       87
  MINIMUM         50    540 AM  44    2014  52     -2       52
                                      1999
  AVERAGE         72                        69      3       70

PRECIPITATION (IN)
  YESTERDAY        0.00         MM      MM   0.02  -0.02      T
  MONTH TO DATE    0.15                      0.62  -0.47     0.74
  SINCE OCT 1      9.07                     11.07  -2.00     9.18
  SINCE JAN 1      5.91                      7.86  -1.95     6.41

SNOWFALL (IN)
  YESTERDAY       MM
  MONTH TO DATE   MM
  SINCE JUN 1     MM
  SINCE JUL 1     MM
  SNOW DEPTH      MM

DEGREE DAYS
 HEATING
  YESTERDAY        0                         0      0        0
  MONTH TO DATE   34                        27      7       16
  SINCE JUN 1    104                       199    -95       56
  SINCE JUL 1     34                        27      7       16

 COOLING
  YESTERDAY        7                         4      3        5
  MONTH TO DATE   80                        69     11       92
  SINCE JUN 1    132                        87     45      181
  SINCE JAN 1    132                        91     41      181
..................................................................


WIND (MPH)
  HIGHEST WIND SPEED    23   HIGHEST WIND DIRECTION     N (20)
  HIGHEST GUST SPEED    32   HIGHEST GUST DIRECTION     N (350)
  AVERAGE WIND SPEED     5.6


SKY COVER
  POSSIBLE SUNSHINE  MM
  AVERAGE SKY COVER 0.0


WEATHER CONDITIONS
 THE FOLLOWING WEATHER WAS RECORDED YESTERDAY.
  NO SIGNIFICANT WEATHER WAS OBSERVED.


RELATIVE HUMIDITY (PERCENT)
 HIGHEST    74           500 AM
 LOWEST     10           300 PM
 AVERAGE    42

..........................................................


THE REXBURG ID CLIMATE NORMALS FOR TODAY
                         NORMAL    RECORD    YEAR
 MAXIMUM TEMPERATURE (F)   86        94      2012
 MINIMUM TEMPERATURE (F)   52        42      2005


SUNRISE AND SUNSET
JULY 27 2016..........SUNRISE   611 AM MDT   SUNSET   856 PM MDT
JULY 28 2016..........SUNRISE   612 AM MDT   SUNSET   855 PM MDT


-  INDICATES NEGATIVE NUMBERS.
R  INDICATES RECORD WAS SET OR TIED.
MM INDICATES DATA IS MISSING.
T  INDICATES TRACE AMOUNT.




$$
