000
CDUS45 KPIH 270738
CLIRXE


CLIMATE REPORT
NATIONAL WEATHER SERVICE POCATELLO ID
137 AM MDT THU JUL 27 2017


...................................

...THE REXBURG ID CLIMATE SUMMARY FOR JULY 26 2017...

CLIMATE NORMAL PERIOD 1981 TO 2010
CLIMATE RECORD PERIOD 1998 TO 2017


WEATHER ITEM   OBSERVED TIME   RECORD YEAR NORMAL DEPARTURE LAST
                VALUE   (LST)  VALUE       VALUE  FROM      YEAR
                                                  NORMAL
..................................................................
TEMPERATURE (F)
 YESTERDAY
  MAXIMUM         81    436 PM  94    2016  86     -5       94
                                      2012
  MINIMUM         55    509 AM  44    2014  52      3       50
                                      1999
  AVERAGE         68                        69     -1       72

PRECIPITATION (IN)
  YESTERDAY        0.12         MM      MM   0.02   0.10     0.00
  MONTH TO DATE    0.15                      0.62  -0.47     0.15
  SINCE OCT 1     14.07                     11.07   3.00     9.07
  SINCE JAN 1      8.31                      7.86   0.45     5.91

SNOWFALL (IN)
  YESTERDAY       MM
  MONTH TO DATE   MM
  SINCE JUN 1     MM
  SINCE JUL 1     MM
  SNOW DEPTH      MM

DEGREE DAYS
 HEATING
  YESTERDAY        0                         0      0        0
  MONTH TO DATE    1                        27    -26       34
  SINCE JUN 1    120                       199    -79      104
  SINCE JUL 1      1                        27    -26       34

 COOLING
  YESTERDAY        3                         4     -1        7
  MONTH TO DATE  175                        69    106       80
  SINCE JUN 1    206                        87    119      132
  SINCE JAN 1    207                        91    116      132
..................................................................


WIND (MPH)
  HIGHEST WIND SPEED    15   HIGHEST WIND DIRECTION    SW (210)
  HIGHEST GUST SPEED    19   HIGHEST GUST DIRECTION    SW (210)
  AVERAGE WIND SPEED     5.0


SKY COVER
  POSSIBLE SUNSHINE  MM
  AVERAGE SKY COVER 0.3


WEATHER CONDITIONS
 THE FOLLOWING WEATHER WAS RECORDED YESTERDAY.
  THUNDERSTORM
  LIGHT RAIN


RELATIVE HUMIDITY (PERCENT)
 HIGHEST    90          1000 PM
 LOWEST     45           400 PM
 AVERAGE    68

..........................................................


THE REXBURG ID CLIMATE NORMALS FOR TODAY
                         NORMAL    RECORD    YEAR
 MAXIMUM TEMPERATURE (F)   86        94      2012
 MINIMUM TEMPERATURE (F)   52        42      2005


SUNRISE AND SUNSET
JULY 27 2017..........SUNRISE   611 AM MDT   SUNSET   856 PM MDT
JULY 28 2017..........SUNRISE   612 AM MDT   SUNSET   855 PM MDT


-  INDICATES NEGATIVE NUMBERS.
R  INDICATES RECORD WAS SET OR TIED.
MM INDICATES DATA IS MISSING.
T  INDICATES TRACE AMOUNT.




$$
