000
CDUS45 KPIH 060729
CLIRXE


CLIMATE REPORT
NATIONAL WEATHER SERVICE POCATELLO ID
129 AM MDT FRI MAY 6 2016


...................................

...THE REXBURG ID CLIMATE SUMMARY FOR MAY 5 2016...

CLIMATE NORMAL PERIOD 1981 TO 2010
CLIMATE RECORD PERIOD 1998 TO 2016


WEATHER ITEM   OBSERVED TIME   RECORD YEAR NORMAL DEPARTURE LAST
                VALUE   (LST)  VALUE       VALUE  FROM      YEAR
                                                  NORMAL
..................................................................
TEMPERATURE (F)
 YESTERDAY
  MAXIMUM         81R   327 PM  79    2004  63     18       72
  MINIMUM         44    611 AM  23    2010  36      8       43
  AVERAGE         63                        49     14       58

PRECIPITATION (IN)
  YESTERDAY        0.00         MM      MM   0.05  -0.05     0.15
  MONTH TO DATE    0.00                      0.27  -0.27     0.16
  SINCE OCT 1      6.82                      7.59  -0.77     4.74
  SINCE JAN 1      3.66                      4.38  -0.72     1.97

SNOWFALL (IN)
  YESTERDAY       MM
  MONTH TO DATE   MM
  SINCE MAR 1     MM
  SINCE JUL 1     MM
  SNOW DEPTH      MM

DEGREE DAYS
 HEATING
  YESTERDAY        2                        16    -14        7
  MONTH TO DATE   54                        82    -28       46
  SINCE MAR 1   1414                      1674   -260     1382
  SINCE JUL 1   6991                      7647   -656     6466

 COOLING
  YESTERDAY        0                         0      0        0
  MONTH TO DATE    0                         0      0        0
  SINCE MAR 1      0                         0      0        0
  SINCE JAN 1      0                         0      0        0
..................................................................


WIND (MPH)
  HIGHEST WIND SPEED    16   HIGHEST WIND DIRECTION     S (200)
  HIGHEST GUST SPEED    22   HIGHEST GUST DIRECTION     S (190)
  AVERAGE WIND SPEED     5.1


SKY COVER
  POSSIBLE SUNSHINE  MM
  AVERAGE SKY COVER 0.0


WEATHER CONDITIONS
 THE FOLLOWING WEATHER WAS RECORDED YESTERDAY.
  NO SIGNIFICANT WEATHER WAS OBSERVED.


RELATIVE HUMIDITY (PERCENT)
 HIGHEST    65           300 AM
 LOWEST     15           300 PM
 AVERAGE    40

..........................................................


THE REXBURG ID CLIMATE NORMALS FOR TODAY
                         NORMAL    RECORD    YEAR
 MAXIMUM TEMPERATURE (F)   63        78      2004
 MINIMUM TEMPERATURE (F)   36        24      1999


SUNRISE AND SUNSET
MAY  6 2016...........SUNRISE   612 AM MDT   SUNSET   837 PM MDT
MAY  7 2016...........SUNRISE   610 AM MDT   SUNSET   838 PM MDT


-  INDICATES NEGATIVE NUMBERS.
R  INDICATES RECORD WAS SET OR TIED.
MM INDICATES DATA IS MISSING.
T  INDICATES TRACE AMOUNT.




$$
