000
CDUS45 KPIH 292334
CLIRXE


CLIMATE REPORT
NATIONAL WEATHER SERVICE POCATELLO ID
525 PM MDT WED JUL 29 2015


...................................

...THE REXBURG ID CLIMATE SUMMARY FOR JULY 29 2015...
VALID TODAY AS OF 0500 PM LOCAL TIME.

CLIMATE NORMAL PERIOD 1981 TO 2010
CLIMATE RECORD PERIOD 1998 TO 2015


WEATHER ITEM   OBSERVED TIME   RECORD YEAR NORMAL DEPARTURE LAST
                VALUE   (LST)  VALUE       VALUE  FROM      YEAR
                                                  NORMAL
..................................................................
TEMPERATURE (F)
 TODAY
  MAXIMUM         78    349 PM  95    2007  87     -9       75
                                      2006
                                      2000
  MINIMUM         40R   602 AM  45    2011  52    -12       62
  AVERAGE         59                        69    -10       69

PRECIPITATION (IN)
  TODAY            0.00         MM      MM   0.02  -0.02      T
  MONTH TO DATE    0.92                      0.68   0.24     1.30
  SINCE OCT 1      9.36                     11.13  -1.77     8.95
  SINCE JAN 1      6.59                      7.92  -1.33     7.09

SNOWFALL (IN)
  TODAY           MM
  MONTH TO DATE   MM
  SINCE JUN 1     MM
  SINCE JUL 1     MM
  SNOW DEPTH      MM

DEGREE DAYS
 HEATING
  TODAY            6                         0      6        0
  MONTH TO DATE   44                        27     17        8
  SINCE JUN 1     84                       199   -115      163
  SINCE JUL 1     44                        27     17        8

 COOLING
  TODAY            0                         4     -4        4
  MONTH TO DATE   92                        81     11      156
  SINCE JUN 1    181                        99     82      159
  SINCE JAN 1    181                       103     78      159
..................................................................


WIND (MPH)
  HIGHEST WIND SPEED     8   HIGHEST WIND DIRECTION     W (250)
  HIGHEST GUST SPEED    14   HIGHEST GUST DIRECTION     S (200)
  AVERAGE WIND SPEED     3.2


SKY COVER
  POSSIBLE SUNSHINE  MM
  AVERAGE SKY COVER 0.0


WEATHER CONDITIONS
 THE FOLLOWING WEATHER WAS RECORDED TODAY.
  NO SIGNIFICANT WEATHER WAS OBSERVED.


RELATIVE HUMIDITY (PERCENT)
 HIGHEST    89           300 AM
 LOWEST     21           200 PM
 AVERAGE    55

..........................................................


THE REXBURG ID CLIMATE NORMALS FOR TOMORROW
                         NORMAL    RECORD    YEAR
 MAXIMUM TEMPERATURE (F)   87        99      2000
 MINIMUM TEMPERATURE (F)   52        45      2009


SUNRISE AND SUNSET
JULY 29 2015..........SUNRISE   612 AM MDT   SUNSET   854 PM MDT
JULY 30 2015..........SUNRISE   614 AM MDT   SUNSET   853 PM MDT


-  INDICATES NEGATIVE NUMBERS.
R  INDICATES RECORD WAS SET OR TIED.
MM INDICATES DATA IS MISSING.
T  INDICATES TRACE AMOUNT.




$$
