000
CDUS46 KSTO 040835
CLISAC

CLIMATE REPORT
NATIONAL WEATHER SERVICE SACRAMENTO, CA
1235 AM PST SUN DEC 4 2016


...................................

...THE SACRAMENTO EXEC. AIRPORT CA CLIMATE SUMMARY FOR DECEMBER 3 2016...

CLIMATE NORMAL PERIOD 1981 TO 2010
CLIMATE RECORD PERIOD 1930 TO 2016


WEATHER ITEM   OBSERVED TIME   RECORD YEAR NORMAL DEPARTURE LAST
                VALUE   (LST)  VALUE       VALUE  FROM      YEAR
                                                  NORMAL
..................................................................
TEMPERATURE (F)
 YESTERDAY
  MAXIMUM         60    323 PM  71    1959  57      3       54
  MINIMUM         35    740 AM  27    2004  39     -4       39
  AVERAGE         48

PRECIPITATION (IN)
  YESTERDAY        0.00          2.20 2014   0.09  -0.09     0.40
  MONTH TO DATE    0.00                      0.27  -0.27     0.40
  SINCE OCT 1      5.84                      3.30   2.54     2.09
  SINCE JAN 1     18.59                     15.54   3.05     7.16

SNOWFALL (IN)
  YESTERDAY        0.0          MM      MM   0.0            MM
  MONTH TO DATE    0.0                       0.0             0.0
  SINCE DEC 1      0.0                       0.0             0.0
  SINCE JUL 1      0.0                       0.0             0.0

DEGREE DAYS
 HEATING
  YESTERDAY       17

 COOLING
  YESTERDAY        0
..................................................................


WIND (MPH)
  RESULTANT WIND SPEED   1   RESULTANT WIND DIRECTION   E (70)
  HIGHEST WIND SPEED     9   HIGHEST WIND DIRECTION     N (360)
  HIGHEST GUST SPEED    12   HIGHEST GUST DIRECTION     N (10)


SKY COVER
  POSSIBLE SUNSHINE  MM
  AVERAGE SKY COVER 0.0


WEATHER CONDITIONS
 THE FOLLOWING WEATHER WAS RECORDED YESTERDAY.
  FOG


RELATIVE HUMIDITY (PERCENT)
 HIGHEST   100
 LOWEST     47
 AVERAGE    74

..........................................................


THE SACRAMENTO EXEC. AIRPORT CA CLIMATE NORMALS FOR TODAY
                         NORMAL    RECORD    YEAR
 MAXIMUM TEMPERATURE (F)   56        69      2014
                                             1975
 MINIMUM TEMPERATURE (F)   39        28      2004


SUNRISE AND SUNSET
DECEMBER  4 2016......SUNRISE   708 AM PST   SUNSET   445 PM PST
DECEMBER  5 2016......SUNRISE   709 AM PST   SUNSET   445 PM PST


-  INDICATES NEGATIVE NUMBERS.
R  INDICATES RECORD WAS SET OR TIED.
MM INDICATES DATA IS MISSING.
T  INDICATES TRACE AMOUNT.

&&
....................................................................

SACRAMENTO CITY CLIMATE DATA FOR SATURDAY DECEMBER 3 2016

HIGH...   59  RECORD HIGH    71 IN 1958    NORMAL    HIGH   57
LOW....   37  RECORD LOW     31 IN 2004    NORMAL    LOW    42

RAIN SINCE MIDNIGHT....  0.00   RECORD THIS DATE.......    2 IN 1890
TOTAL THIS MONTH.......  0.00   NORMAL SINCE OCT 1ST..........  3.78
TOTAL SINCE OCT 1ST....  5.74   PERCENT OF NORMAL.............  152%

$$
