310
CDUS46 KSTO 220848
CLISAC

CLIMATE REPORT
NATIONAL WEATHER SERVICE SACRAMENTO, CA
1243 AM PST WED FEB 22 2017


.................................................................

...THE SACRAMENTO EXEC. AIRPORT CA CLIMATE SUMMARY FOR FEBRUARY 21 2017...

CLIMATE NORMAL PERIOD 1981 TO 2010
CLIMATE RECORD PERIOD 1930 TO 2017


WEATHER ITEM   OBSERVED TIME   RECORD YEAR NORMAL DEPARTURE LAST
                VALUE   (LST)  VALUE       VALUE  FROM      YEAR
                                                  NORMAL
..................................................................
TEMPERATURE (F)
 YESTERDAY
  MAXIMUM         59   1257 PM  73    1985  62     -3       65
  MINIMUM         49   1159 PM  29    2006  42      7       37
                                      1953
  AVERAGE         54

PRECIPITATION (IN)
  YESTERDAY        0.07          1.26 1996   0.13  -0.06     0.00
  MONTH TO DATE    8.25                      2.63   5.62     0.82
  SINCE OCT 1     27.62                     12.55  15.07     9.70
  SINCE JAN 1     18.17                      6.27  11.90     6.26

SNOWFALL (IN)
  YESTERDAY       MM            MM      MM   0.0             0.0
  MONTH TO DATE    0.0                       0.0             0.0
  SINCE DEC 1      0.0                       0.0             0.0
  SINCE JUL 1      0.0                       0.0             0.0

DEGREE DAYS
 HEATING
  YESTERDAY       11

 COOLING
  YESTERDAY        0
..................................................................


WIND (MPH)
  RESULTANT WIND SPEED   7   RESULTANT WIND DIRECTION   S (200)
  HIGHEST WIND SPEED    18   HIGHEST WIND DIRECTION     S (170)
  HIGHEST GUST SPEED    29   HIGHEST GUST DIRECTION     S (170)


SKY COVER
  POSSIBLE SUNSHINE  MM
  AVERAGE SKY COVER 0.7


WEATHER CONDITIONS
 THE FOLLOWING WEATHER WAS RECORDED YESTERDAY.
  LIGHT RAIN
  FOG


RELATIVE HUMIDITY (PERCENT)
 HIGHEST    96
 LOWEST     72
 AVERAGE    84

..........................................................


THE SACRAMENTO EXEC. AIRPORT CA CLIMATE NORMALS FOR TODAY
                         NORMAL    RECORD    YEAR
 MAXIMUM TEMPERATURE (F)   62        75      1985
 MINIMUM TEMPERATURE (F)   42        30      1975


SUNRISE AND SUNSET
FEBRUARY 22 2017......SUNRISE   647 AM PST   SUNSET   552 PM PST
FEBRUARY 23 2017......SUNRISE   646 AM PST   SUNSET   553 PM PST


-  INDICATES NEGATIVE NUMBERS.
R  INDICATES RECORD WAS SET OR TIED.
MM INDICATES DATA IS MISSING.
T  INDICATES TRACE AMOUNT.

&&
....................................................................

SACRAMENTO CITY CLIMATE DATA FOR TUESDAY FEBRUARY 21 2017

HIGH...   62  RECORD HIGH    75 IN 1995    NORMAL    HIGH   63
LOW....   51  RECORD LOW     31 IN 1955    NORMAL    LOW    45

RAIN SINCE MIDNIGHT....  0.14   RECORD THIS DATE....... 1.26 IN 1917
TOTAL THIS MONTH.......  8.04   NORMAL SINCE OCT 1ST.........  13.71
TOTAL SINCE OCT 1ST...  27.40   PERCENT OF NORMAL.............  200%


$$
NNNN
