000
CDUS46 KSTO 160838
CLISAC

CLIMATE REPORT
NATIONAL WEATHER SERVICE SACRAMENTO, CA
1238 AM PST MON JAN 16 2017


...................................

...THE SACRAMENTO EXEC. AIRPORT CA CLIMATE SUMMARY FOR JANUARY 15 2017...

CLIMATE NORMAL PERIOD 1981 TO 2010
CLIMATE RECORD PERIOD 1930 TO 2017


WEATHER ITEM   OBSERVED TIME   RECORD YEAR NORMAL DEPARTURE LAST
                VALUE   (LST)  VALUE       VALUE  FROM      YEAR
                                                  NORMAL
..................................................................
TEMPERATURE (F)
 YESTERDAY
  MAXIMUM         50    238 PM  68    2009  53     -3       55
  MINIMUM         36   1027 PM  21    2007  39     -3       41
  AVERAGE         43

PRECIPITATION (IN)
  YESTERDAY        0.00          0.61 1993   0.12  -0.12     0.12
  MONTH TO DATE    7.21                      1.77   5.44     2.73
  SINCE OCT 1     16.66                      8.05   8.61     6.17
  SINCE JAN 1      7.21                      1.77   5.44     2.73

SNOWFALL (IN)
  YESTERDAY        0.0           0.0  2002   0.0             0.0
  MONTH TO DATE    0.0                       0.0             0.0
  SINCE DEC 1      0.0                       0.0             0.0
  SINCE JUL 1      0.0                       0.0             0.0

DEGREE DAYS
 HEATING
  YESTERDAY       22

 COOLING
  YESTERDAY        0
..................................................................


WIND (MPH)
  RESULTANT WIND SPEED   0   RESULTANT WIND DIRECTION   N (350)
  HIGHEST WIND SPEED     8   HIGHEST WIND DIRECTION    NW (300)
  HIGHEST GUST SPEED     9   HIGHEST GUST DIRECTION    SE (150)


SKY COVER
  POSSIBLE SUNSHINE  MM
  AVERAGE SKY COVER 0.7


WEATHER CONDITIONS
 THE FOLLOWING WEATHER WAS RECORDED YESTERDAY.
  FOG
  FOG W/VISIBILITY <= 1/4 MILE


RELATIVE HUMIDITY (PERCENT)
 HIGHEST   100
 LOWEST     71
 AVERAGE    86

..........................................................


THE SACRAMENTO EXEC. AIRPORT CA CLIMATE NORMALS FOR TODAY
                         NORMAL    RECORD    YEAR
 MAXIMUM TEMPERATURE (F)   54        69      2014
 MINIMUM TEMPERATURE (F)   39        23      2007


SUNRISE AND SUNSET
JANUARY 16 2017.......SUNRISE   722 AM PST   SUNSET   511 PM PST
JANUARY 17 2017.......SUNRISE   721 AM PST   SUNSET   512 PM PST


-  INDICATES NEGATIVE NUMBERS.
R  INDICATES RECORD WAS SET OR TIED.
MM INDICATES DATA IS MISSING.
T  INDICATES TRACE AMOUNT.

&&
....................................................................

SACRAMENTO CITY CLIMATE DATA FOR SUNDAY JANUARY 15 2017

HIGH...   51  RECORD HIGH    69 IN 2014    NORMAL    HIGH   54
LOW....   38  RECORD LOW     19 IN 1888    NORMAL    LOW    41

RAIN SINCE MIDNIGHT....  0.00   RECORD THIS DATE....... 2.25 IN 1894
TOTAL THIS MONTH.......  7.18   NORMAL SINCE OCT 1ST..........  8.93
TOTAL SINCE OCT 1ST.... 16.69   PERCENT OF NORMAL.............  187%

$$
