000
CDUS46 KSTO 050836
CLISAC

CLIMATE REPORT
NATIONAL WEATHER SERVICE SACRAMENTO, CA
135 AM PDT SAT SEP 5 2015


...................................

...THE SACRAMENTO EXEC. AIRPORT CA CLIMATE SUMMARY FOR SEPTEMBER 4 2015...

CLIMATE NORMAL PERIOD 1981 TO 2010
CLIMATE RECORD PERIOD 1930 TO 2015


WEATHER ITEM   OBSERVED TIME   RECORD YEAR NORMAL DEPARTURE LAST
                VALUE   (LST)  VALUE       VALUE  FROM      YEAR
                                                  NORMAL
..................................................................
TEMPERATURE (F)
 YESTERDAY
  MAXIMUM         82    349 PM 108    1988  89     -7       96
  MINIMUM         57    522 AM  50    2000  57      0       57
                                      1960
  AVERAGE         70

PRECIPITATION (IN)
  YESTERDAY        0.00          T    1998   0.01  -0.01     0.00
                                      1972
  MONTH TO DATE    0.00                      0.02  -0.02     0.00
  SINCE OCT 1     15.41                     18.25  -2.84     9.21
  SINCE JAN 1      5.03                     11.97  -6.94     7.90

SNOWFALL (IN)
  YESTERDAY        0.0          MM      MM   0.0             0.0
  MONTH TO DATE    0.0                       0.0             0.0
  SINCE SEP 1      0.0                       0.0             0.0
  SINCE JUL 1      0.0                       0.0             0.0

DEGREE DAYS
 HEATING
  YESTERDAY        0

 COOLING
  YESTERDAY        5
..................................................................


WIND (MPH)
  RESULTANT WIND SPEED   7   RESULTANT WIND DIRECTION   S (200)
  HIGHEST WIND SPEED    17   HIGHEST WIND DIRECTION    SW (230)
  HIGHEST GUST SPEED    23   HIGHEST GUST DIRECTION    SW (230)


SKY COVER
  POSSIBLE SUNSHINE  MM
  AVERAGE SKY COVER 0.0


WEATHER CONDITIONS
 THE FOLLOWING WEATHER WAS RECORDED YESTERDAY.
  NO SIGNIFICANT WEATHER WAS OBSERVED.


RELATIVE HUMIDITY (PERCENT)
 HIGHEST    77
 LOWEST     23
 AVERAGE    50

..........................................................


THE SACRAMENTO EXEC. AIRPORT CA CLIMATE NORMALS FOR TODAY
                         NORMAL    RECORD    YEAR
 MAXIMUM TEMPERATURE (F)   89       108      1988
 MINIMUM TEMPERATURE (F)   57        50      1996


SUNRISE AND SUNSET
SEPTEMBER  5 2015.....SUNRISE   639 AM PDT   SUNSET   730 PM PDT
SEPTEMBER  6 2015.....SUNRISE   640 AM PDT   SUNSET   728 PM PDT


-  INDICATES NEGATIVE NUMBERS.
R  INDICATES RECORD WAS SET OR TIED.
MM INDICATES DATA IS MISSING.
T  INDICATES TRACE AMOUNT.




&&
....................................................................

SACRAMENTO CITY CLIMATE DATA FOR FRIDAY SEPTEMBER 4 2015

HIGH...   83  RECORD HIGH   108 IN 1988    NORMAL    HIGH   90
LOW....   57  RECORD LOW     47 IN 1914    NORMAL    LOW    60

RAIN SINCE MIDNIGHT....  0.00   RECORD THIS DATE.......    T IN 1900
TOTAL THIS MONTH.......  0.00   NORMAL SINCE OCT 1ST.........  19.94
TOTAL SINCE OCT 1ST... 13.80   PERCENT OF NORMAL.............  69%


$$
NNNN
