000
CDUS46 KSTO 280042
CLISAC

CLIMATE REPORT
NATIONAL WEATHER SERVICE SACRAMENTO, CA
438 PM PST TUE JAN 27 2015


...................................

...THE SACRAMENTO EXEC. AIRPORT CA CLIMATE SUMMARY FOR JANUARY 27 2015...
VALID TODAY AS OF 400 PM LOCAL TIME.

CLIMATE NORMAL PERIOD 1981 TO 2010
CLIMATE RECORD PERIOD 1930 TO 2015


WEATHER ITEM   OBSERVED TIME   RECORD YEAR NORMAL DEPARTURE LAST
                VALUE   (LST)  VALUE       VALUE  FROM      YEAR
                                                  NORMAL
..................................................................
TEMPERATURE (F)
 TODAY
  MAXIMUM         63    329 PM  66    1988  56      7       64
  MINIMUM         47   1247 AM  27    1949  39      8       37
  AVERAGE         55

PRECIPITATION (IN)
  TODAY            0.00          1.38 1981   0.12  -0.12     0.00
  MONTH TO DATE    T                         3.16  -3.16     0.00
  SINCE OCT 1     10.38                      9.44   0.94     1.31
  SINCE JAN 1      T                         3.16  -3.16     0.00

SNOWFALL (IN)
  TODAY            0.0           0.0  2002   0.0             0.0
  MONTH TO DATE    0.0                       0.0             0.0
  SINCE DEC 1      0.0                       0.0             0.0
  SINCE JUL 1      0.0                       0.0             0.0

DEGREE DAYS
 HEATING
  TODAY           10

 COOLING
  TODAY            0
..................................................................


WIND (MPH)
  RESULTANT WIND SPEED   2   RESULTANT WIND DIRECTION   S (160)
  HIGHEST WIND SPEED     6   HIGHEST WIND DIRECTION     S (160)
  HIGHEST GUST SPEED    16   HIGHEST GUST DIRECTION    SW (230)


SKY COVER
  POSSIBLE SUNSHINE  MM
  AVERAGE SKY COVER 0.3


WEATHER CONDITIONS
 THE FOLLOWING WEATHER WAS RECORDED TODAY.
  FOG
  HAZE


RELATIVE HUMIDITY (PERCENT)
 HIGHEST    86
 LOWEST     67
 AVERAGE    77

..........................................................


THE SACRAMENTO EXEC. AIRPORT CA CLIMATE NORMALS FOR TOMORROW
                         NORMAL    RECORD    YEAR
 MAXIMUM TEMPERATURE (F)   56        70      2014
 MINIMUM TEMPERATURE (F)   40        25      1975


SUNRISE AND SUNSET
JANUARY 27 2015.......SUNRISE   716 AM PST   SUNSET   522 PM PST
JANUARY 28 2015.......SUNRISE   715 AM PST   SUNSET   523 PM PST


-  INDICATES NEGATIVE NUMBERS.
R  INDICATES RECORD WAS SET OR TIED.
MM INDICATES DATA IS MISSING.
T  INDICATES TRACE AMOUNT.

&&
....................................................................

SACRAMENTO CITY CLIMATE DATA FOR TUESDAY JANUARY 27 2015

HIGH...   64  RECORD HIGH    68 IN 1988    NORMAL    HIGH   56
LOW....   49  RECORD LOW     27 IN 1957    NORMAL    LOW    41

RAIN SINCE MIDNIGHT....  0.00   RECORD THIS DATE....... 1.78 IN 1896
TOTAL THIS MONTH.......  0.01   NORMAL SINCE OCT 1ST.........  10.42
TOTAL SINCE OCT 1ST...   9.29   PERCENT OF NORMAL.............  89%


$$
NNNN
