000
CDUS46 KSTO 050838 RRA
CLISAC

CLIMATE REPORT
NATIONAL WEATHER SERVICE SACRAMENTO, CA
135 AM PDT THU MAY 5 2016


...................................

...THE SACRAMENTO EXEC. AIRPORT CA CLIMATE SUMMARY FOR MAY 4 2016...

CLIMATE NORMAL PERIOD 1981 TO 2010
CLIMATE RECORD PERIOD 1930 TO 2016


WEATHER ITEM   OBSERVED TIME   RECORD YEAR NORMAL DEPARTURE LAST
                VALUE   (LST)  VALUE       VALUE  FROM      YEAR
                                                  NORMAL
..................................................................
TEMPERATURE (F)
 YESTERDAY
  MAXIMUM         78    216 PM  98    1990  77      1       74
  MINIMUM         58   1159 PM  38    1952  49      9       50
                                      1950
  AVERAGE         68

PRECIPITATION (IN)
  YESTERDAY        0.00          0.17 2005   0.02  -0.02     0.00
  MONTH TO DATE    T                         0.11  -0.11     0.00
  SINCE OCT 1     15.80                     17.40  -1.60    15.27
  SINCE JAN 1     12.36                     11.12   1.24     4.89

SNOWFALL (IN)
  YESTERDAY        0.0          MM      MM   0.0             0.0
  MONTH TO DATE    0.0                       0.0             0.0
  SINCE MAR 1      0.0                       0.0             0.0
  SINCE JUL 1      0.0                       0.0             0.0

DEGREE DAYS
 HEATING
  YESTERDAY        0

 COOLING
  YESTERDAY        3
..................................................................


WIND (MPH)
  RESULTANT WIND SPEED   6   RESULTANT WIND DIRECTION   S (200)
  HIGHEST WIND SPEED    16   HIGHEST WIND DIRECTION    SW (230)
  HIGHEST GUST SPEED    23   HIGHEST GUST DIRECTION    SW (220)


SKY COVER
  POSSIBLE SUNSHINE  MM
  AVERAGE SKY COVER 0.0


WEATHER CONDITIONS
 THE FOLLOWING WEATHER WAS RECORDED YESTERDAY.
  NO SIGNIFICANT WEATHER WAS OBSERVED.


RELATIVE HUMIDITY (PERCENT)
 HIGHEST    80
 LOWEST     42
 AVERAGE    61

..........................................................


THE SACRAMENTO EXEC. AIRPORT CA CLIMATE NORMALS FOR TODAY
                         NORMAL    RECORD    YEAR
 MAXIMUM TEMPERATURE (F)   77        96      1990
 MINIMUM TEMPERATURE (F)   49        38      1965


SUNRISE AND SUNSET
MAY  5 2016...........SUNRISE   604 AM PDT   SUNSET   802 PM PDT
MAY  6 2016...........SUNRISE   603 AM PDT   SUNSET   803 PM PDT


-  INDICATES NEGATIVE NUMBERS.
R  INDICATES RECORD WAS SET OR TIED.
MM INDICATES DATA IS MISSING.
T  INDICATES TRACE AMOUNT.

&&
....................................................................

SACRAMENTO CITY CLIMATE DATA FOR WEDNESDAY MAY 4 2016

HIGH...   80  RECORD HIGH   100 IN 1990    NORMAL    HIGH   78
LOW....   58  RECORD LOW     42 IN 1952    NORMAL    LOW    52

RAIN SINCE MIDNIGHT....  0.00   RECORD THIS DATE....... 0.85 IN 1883
TOTAL THIS MONTH.......  0.00   NORMAL SINCE OCT 1ST.........  19.07
TOTAL SINCE OCT 1ST... 16.38   PERCENT OF NORMAL.............  86%


$$
