000
CDUS46 KSTO 301442
CLISAC

CLIMATE REPORT
NATIONAL WEATHER SERVICE SACRAMENTO, CA
741 AM PDT TUE SEP 30 2014


...................................

...THE SACRAMENTO EXEC. AIRPORT CA CLIMATE SUMMARY FOR SEPTEMBER 29 2014...

CLIMATE NORMAL PERIOD 1981 TO 2010
CLIMATE RECORD PERIOD 1930 TO 2014


WEATHER ITEM   OBSERVED TIME   RECORD YEAR NORMAL DEPARTURE LAST
                VALUE   (LST)  VALUE       VALUE  FROM      YEAR
                                                  NORMAL
..................................................................
TEMPERATURE (F)
 YESTERDAY
  MAXIMUM         81    405 PM 102    2010  84     -3       79
                                      1966
  MINIMUM         53    557 AM  46    1986  54     -1       58
                                      1947
  AVERAGE         67

PRECIPITATION (IN)
  YESTERDAY        0.00          0.70 1957   0.02  -0.02     0.00
  MONTH TO DATE    0.46                      0.27   0.19     0.59
  SINCE JUL 1      0.47                      0.32   0.15     0.59
  SINCE JAN 1      8.36                     12.22  -3.86     4.50

SNOWFALL (IN)
  YESTERDAY        0.0           0.0  2002   0.0             0.0
                                      2001
  MONTH TO DATE    0.0                       0.0             0.0
  SINCE SEP 1      0.0                       0.0             0.0
  SINCE JUL 1      0.0                       0.0             0.0

DEGREE DAYS
 HEATING
  YESTERDAY        0

 COOLING
  YESTERDAY        2
..................................................................


WIND (MPH)
  RESULTANT WIND SPEED   3   RESULTANT WIND DIRECTION  SW (210)
  HIGHEST WIND SPEED     9   HIGHEST WIND DIRECTION    SW (210)
  HIGHEST GUST SPEED    15   HIGHEST GUST DIRECTION    SW (220)


SKY COVER
  POSSIBLE SUNSHINE  MM
  AVERAGE SKY COVER 0.0


WEATHER CONDITIONS
 THE FOLLOWING WEATHER WAS RECORDED YESTERDAY.
  FOG


RELATIVE HUMIDITY (PERCENT)
 HIGHEST    93
 LOWEST     39
 AVERAGE    66

..........................................................


THE SACRAMENTO EXEC. AIRPORT CA CLIMATE NORMALS FOR TODAY
                         NORMAL    RECORD    YEAR
 MAXIMUM TEMPERATURE (F)   84       101      1991
 MINIMUM TEMPERATURE (F)   54        42      2007


SUNRISE AND SUNSET
SEPTEMBER 30 2014.....SUNRISE   701 AM PDT   SUNSET   650 PM PDT
OCTOBER  1 2014.......SUNRISE   702 AM PDT   SUNSET   649 PM PDT


-  INDICATES NEGATIVE NUMBERS.
R  INDICATES RECORD WAS SET OR TIED.
MM INDICATES DATA IS MISSING.
T  INDICATES TRACE AMOUNT.

&&
....................................................................

SACRAMENTO CITY CLIMATE DATA FOR MONDAY SEPTEMBER 29 2014

HIGH...   83  RECORD HIGH   103 IN 1966    NORMAL    HIGH   85
LOW....   56  RECORD LOW     47 IN 2007    NORMAL    LOW    56

RAIN SINCE MIDNIGHT....  0.00   RECORD THIS DATE.......  0.8 IN 1890
TOTAL THIS MONTH.......  0.54   NORMAL SEASON TO DATE.........  0.36
TOTAL SINCE JULY 1ST...  0.56   PERCENT OF NORMAL.............  155%


$$
NNNN
