000
CDUS46 KSTO 200042
CLISAC

CLIMATE REPORT
NATIONAL WEATHER SERVICE SACRAMENTO, CA
538 PM PDT TUE SEP 19 2017


...................................

...THE SACRAMENTO EXEC. AIRPORT CA CLIMATE SUMMARY FOR SEPTEMBER 19 2017...
VALID TODAY AS OF 0500 PM LOCAL TIME.

CLIMATE NORMAL PERIOD 1981 TO 2010
CLIMATE RECORD PERIOD 1930 TO 2017


WEATHER ITEM   OBSERVED TIME   RECORD YEAR NORMAL DEPARTURE LAST
                VALUE   (LST)  VALUE       VALUE  FROM      YEAR
                                                  NORMAL
..................................................................
TEMPERATURE (F)
 TODAY
  MAXIMUM         80    331 PM 101    2000  87     -7       98
  MINIMUM         51    605 AM  44    1947  55     -4       60
  AVERAGE         66

PRECIPITATION (IN)
  TODAY            0.00          0.83 1956   0.01  -0.01     0.00
  MONTH TO DATE    T                         0.15  -0.15     0.00
  SINCE OCT 1     33.08                     18.38  14.70    16.19
  SINCE JAN 1     23.63                     12.10  11.53    12.75

SNOWFALL (IN)
  TODAY            0.0           0.0  2002   0.0             0.0
                                      2001
  MONTH TO DATE    0.0                       0.0             0.0
  SINCE SEP 1      0.0                       0.0             0.0
  SINCE JUL 1      0.0                       0.0             0.0

DEGREE DAYS
 HEATING
  TODAY            0

 COOLING
  TODAY            1
..................................................................


WIND (MPH)
  RESULTANT WIND SPEED   4   RESULTANT WIND DIRECTION   N (340)
  HIGHEST WIND SPEED    16   HIGHEST WIND DIRECTION     N (350)
  HIGHEST GUST SPEED    22   HIGHEST GUST DIRECTION     N (350)


SKY COVER
  POSSIBLE SUNSHINE  MM
  AVERAGE SKY COVER 0.0


WEATHER CONDITIONS
 THE FOLLOWING WEATHER WAS RECORDED TODAY.
  NO SIGNIFICANT WEATHER WAS OBSERVED.


RELATIVE HUMIDITY (PERCENT)
 HIGHEST    96
 LOWEST     23
 AVERAGE    60

..........................................................


THE SACRAMENTO EXEC. AIRPORT CA CLIMATE NORMALS FOR TOMORROW
                         NORMAL    RECORD    YEAR
 MAXIMUM TEMPERATURE (F)   87        99      2015
                                             2000
                                             1994
 MINIMUM TEMPERATURE (F)   55        43      1978


SUNRISE AND SUNSET
SEPTEMBER 19 2017.....SUNRISE   651 AM PDT   SUNSET   707 PM PDT
SEPTEMBER 20 2017.....SUNRISE   652 AM PDT   SUNSET   706 PM PDT


-  INDICATES NEGATIVE NUMBERS.
R  INDICATES RECORD WAS SET OR TIED.
MM INDICATES DATA IS MISSING.
T  INDICATES TRACE AMOUNT.




&&
....................................................................

SACRAMENTO CITY CLIMATE DATA FOR TUESDAY SEPTEMBER 19 2017

HIGH...   79  RECORD HIGH   102 IN 2016    NORMAL    HIGH   87
LOW....   55  RECORD LOW     46 IN 1947    NORMAL    LOW    58

RAIN SINCE MIDNIGHT....  0.00   RECORD THIS DATE....... 1.93 IN 2004
TOTAL THIS MONTH.......  0.00   NORMAL SINCE OCT 1ST.........  20.09
TOTAL SINCE OCT 1ST... 33.94   PERCENT OF NORMAL.............  169%


$$
NNNN
