000
CDUS46 KSTO 280912
CLISAC

CLIMATE REPORT
NATIONAL WEATHER SERVICE SACRAMENTO, CA
108 AM PST SUN DEC 28 2014


...................................

...THE SACRAMENTO EXEC. AIRPORT CA CLIMATE SUMMARY FOR DECEMBER 27 2014...

CLIMATE NORMAL PERIOD 1981 TO 2010
CLIMATE RECORD PERIOD 1930 TO 2014


WEATHER ITEM   OBSERVED TIME   RECORD YEAR NORMAL DEPARTURE LAST
                VALUE   (LST)  VALUE       VALUE  FROM      YEAR
                                                  NORMAL
..................................................................
TEMPERATURE (F)
 YESTERDAY
  MAXIMUM         55    230 PM  68    1953  52      3       58
  MINIMUM         33    748 AM  26    1990  38     -5       31
                                      1976
                                      1956
  AVERAGE         44

PRECIPITATION (IN)
  YESTERDAY        0.00          0.78 1971   0.11  -0.11     0.00
  MONTH TO DATE    8.60                      2.80   5.80     0.43
  SINCE JUL 1     10.85                      6.17   4.68     1.90
  SINCE JAN 1     18.74                     18.07   0.67     5.81

SNOWFALL (IN)
  YESTERDAY        0.0           0.0  2001   0.0             0.0
  MONTH TO DATE    0.0                       0.0             0.0
  SINCE DEC 1      0.0                       0.0             0.0
  SINCE JUL 1      0.0                       0.0             0.0

DEGREE DAYS
 HEATING
  YESTERDAY       21

 COOLING
  YESTERDAY        0
..................................................................


WIND (MPH)
  RESULTANT WIND SPEED   1   RESULTANT WIND DIRECTION   S (170)
  HIGHEST WIND SPEED     7   HIGHEST WIND DIRECTION     E (100)
  HIGHEST GUST SPEED     9   HIGHEST GUST DIRECTION     S (180)


SKY COVER
  POSSIBLE SUNSHINE  MM
  AVERAGE SKY COVER 0.0


WEATHER CONDITIONS
 THE FOLLOWING WEATHER WAS RECORDED YESTERDAY.
  FOG
  HAZE


RELATIVE HUMIDITY (PERCENT)
 HIGHEST    92
 LOWEST     54
 AVERAGE    73

..........................................................


THE SACRAMENTO EXEC. AIRPORT CA CLIMATE NORMALS FOR TODAY
                         NORMAL    RECORD    YEAR
 MAXIMUM TEMPERATURE (F)   52        72      1967
 MINIMUM TEMPERATURE (F)   38        25      1990


SUNRISE AND SUNSET
DECEMBER 28 2014......SUNRISE   723 AM PST   SUNSET   453 PM PST
DECEMBER 29 2014......SUNRISE   723 AM PST   SUNSET   453 PM PST


-  INDICATES NEGATIVE NUMBERS.
R  INDICATES RECORD WAS SET OR TIED.
MM INDICATES DATA IS MISSING.
T  INDICATES TRACE AMOUNT.






&&
....................................................................

SACRAMENTO CITY CLIMATE DATA FOR SATURDAY DECEMBER 27 2014

HIGH...   56  RECORD HIGH    68 IN 1953    NORMAL    HIGH   53
LOW....   34  RECORD LOW     27 IN 1879    NORMAL    LOW    40

RAIN SINCE MIDNIGHT....  0.00   RECORD THIS DATE....... 1.96 IN 1931
TOTAL THIS MONTH.......  7.63   NORMAL SEASON TO DATE.........  6.85
TOTAL SINCE JULY 1ST...  9.84   PERCENT OF NORMAL.............  143%


$$
JCLAPP
