000
CDUS46 KSTO 310836
CLISAC

CLIMATE REPORT
NATIONAL WEATHER SERVICE SACRAMENTO, CA
134 AM PDT FRI JUL 31 2015


................................................................

...THE SACRAMENTO EXEC. AIRPORT CA CLIMATE SUMMARY FOR JULY 30 2015...

CLIMATE NORMAL PERIOD 1981 TO 2010
CLIMATE RECORD PERIOD 1930 TO 2015


WEATHER ITEM   OBSERVED TIME   RECORD YEAR NORMAL DEPARTURE LAST
                VALUE   (LST)  VALUE       VALUE  FROM      YEAR
                                                  NORMAL
..................................................................
TEMPERATURE (F)
 YESTERDAY
  MAXIMUM         99    323 PM 106    1996  93      6       99
                                      1977
  MINIMUM         65    602 AM  53    1987  59      6       64
                                      1978
                                      1969
  AVERAGE         82

PRECIPITATION (IN)
  YESTERDAY        0.00          0.09 1966   0.00   0.00     0.00
  MONTH TO DATE    T                         0.00   0.00     0.01
  SINCE OCT 1     15.41                     18.18  -2.77     9.21
  SINCE JAN 1      5.03                     11.90  -6.87     7.90

SNOWFALL (IN)
  YESTERDAY        0.0          MM      MM   0.0             0.0
  MONTH TO DATE    0.0                       0.0             0.0
  SINCE JUN 1      0.0                       0.0             0.0
  SINCE JUL 1      0.0                       0.0             0.0

DEGREE DAYS
 HEATING
  YESTERDAY        0

 COOLING
  YESTERDAY       17
..................................................................


WIND (MPH)
  RESULTANT WIND SPEED   6   RESULTANT WIND DIRECTION   S (200)
  HIGHEST WIND SPEED    15   HIGHEST WIND DIRECTION    SW (220)
  HIGHEST GUST SPEED    20   HIGHEST GUST DIRECTION    SW (210)


SKY COVER
  POSSIBLE SUNSHINE  MM
  AVERAGE SKY COVER 0.0


WEATHER CONDITIONS
 THE FOLLOWING WEATHER WAS RECORDED YESTERDAY.
  NO SIGNIFICANT WEATHER WAS OBSERVED.


RELATIVE HUMIDITY (PERCENT)
 HIGHEST    73
 LOWEST     22
 AVERAGE    48

..........................................................


THE SACRAMENTO EXEC. AIRPORT CA CLIMATE NORMALS FOR TODAY
                         NORMAL    RECORD    YEAR
 MAXIMUM TEMPERATURE (F)   93       108      1996
 MINIMUM TEMPERATURE (F)   59        53      1992
                                             1989
                                             1981


SUNRISE AND SUNSET
JULY 31 2015..........SUNRISE   607 AM PDT   SUNSET   817 PM PDT
AUGUST  1 2015........SUNRISE   608 AM PDT   SUNSET   816 PM PDT


-  INDICATES NEGATIVE NUMBERS.
R  INDICATES RECORD WAS SET OR TIED.
MM INDICATES DATA IS MISSING.
T  INDICATES TRACE AMOUNT.

&&
....................................................................

SACRAMENTO CITY CLIMATE DATA FOR THURSDAY JULY 30 2015

HIGH...  101  RECORD HIGH   109 IN 1977    NORMAL    HIGH   94
LOW....   67  RECORD LOW     50 IN 1919    NORMAL    LOW    61

RAIN SINCE MIDNIGHT....  0.00   RECORD THIS DATE....... 0.07 IN 1966
TOTAL THIS MONTH.......  0.00   NORMAL SINCE OCT 1ST.........  19.89
TOTAL SINCE OCT 1ST...  13.80   PERCENT OF NORMAL.............  69%


$$
NNNN
