000
CDUS46 KSTO 231711
CLISAC

CLIMATE REPORT
NATIONAL WEATHER SERVICE SACRAMENTO, CA
950 AM PDT TUE SEP 23 2014


...................................

...THE SACRAMENTO EXEC. AIRPORT CA CLIMATE SUMMARY FOR SEPTEMBER 22
2014...

CLIMATE NORMAL PERIOD 1981 TO 2010
CLIMATE RECORD PERIOD 1930 TO 2014


WEATHER ITEM   OBSERVED TIME   RECORD YEAR NORMAL DEPARTURE LAST
                VALUE   (LST)  VALUE       VALUE  FROM      YEAR
                                                  NORMAL
..................................................................
TEMPERATURE (F)
 YESTERDAY
  MAXIMUM         89    242 PM 102    1949  86      3       75
  MINIMUM         60    627 AM  45    1986  55      5       54
  AVERAGE         75

PRECIPITATION (IN)
  YESTERDAY        0.00          0.31 1973   0.01  -0.01     0.00
  MONTH TO DATE    0.00                      0.18  -0.18     0.59
  SINCE JUL 1      0.01                      0.23  -0.22     0.59
  SINCE JAN 1      7.90                     12.13  -4.23     4.50

SNOWFALL (IN)
  YESTERDAY        0.0           0.0  2002   0.0             0.0
                                      2001
  MONTH TO DATE    0.0                       0.0             0.0
  SINCE SEP 1      0.0                       0.0             0.0
  SINCE JUL 1      0.0                       0.0             0.0

DEGREE DAYS
 HEATING
  YESTERDAY        0

 COOLING
  YESTERDAY       10
..................................................................


WIND (MPH)
  RESULTANT WIND SPEED   3   RESULTANT WIND DIRECTION   S (190)
  HIGHEST WIND SPEED    13   HIGHEST WIND DIRECTION    SW (230)
  HIGHEST GUST SPEED    17   HIGHEST GUST DIRECTION    SW (230)


SKY COVER
  POSSIBLE SUNSHINE  MM
  AVERAGE SKY COVER 0.0


WEATHER CONDITIONS
THE FOLLOWING WEATHER WAS RECORDED YESTERDAY.
  NO SIGNIFICANT WEATHER WAS OBSERVED.


RELATIVE HUMIDITY (PERCENT)
 HIGHEST    90
 LOWEST     34
 AVERAGE    62

..........................................................


THE SACRAMENTO EXEC. AIRPORT CA CLIMATE NORMALS FOR TODAY
                         NORMAL    RECORD    YEAR
 MAXIMUM TEMPERATURE (F)   86       103      1964
 MINIMUM TEMPERATURE (F)   55        48      1993
                                             1981
                                             1948


SUNRISE AND SUNSET
SEPTEMBER 23 2014.....SUNRISE   655 AM PDT   SUNSET   701 PM PDT
SEPTEMBER 24 2014.....SUNRISE   656 AM PDT   SUNSET   700 PM PDT


-  INDICATES NEGATIVE NUMBERS.
R  INDICATES RECORD WAS SET OR TIED.
MM INDICATES DATA IS MISSING.
T  INDICATES TRACE AMOUNT.






&&
....................................................................

SACRAMENTO CITY CLIMATE DATA FOR MONDAY SEPTEMBER 22 2014

HIGH...   90  RECORD HIGH   103 IN 2003    NORMAL    HIGH   87
LOW....   59  RECORD LOW     46 IN 1895    NORMAL    LOW    58

RAIN SINCE MIDNIGHT....  0.00   RECORD THIS DATE.......  0.5 IN 1917
TOTAL THIS MONTH.......  0.00   NORMAL SEASON TO DATE.........  0.24
TOTAL SINCE JULY 1ST...  0.02   PERCENT OF NORMAL.............    8%


$$
