000
CDUS46 KSGX 271142
CLISAN


CLIMATE REPORT
NATIONAL WEATHER SERVICE SAN DIEGO, CA
441 AM PDT THU APR 27 2017


...................................

...THE SAN DIEGO INTL AIRPORT CA CLIMATE SUMMARY FOR APRIL 26 2017...

CLIMATE NORMAL PERIOD 1981 TO 2010
CLIMATE RECORD PERIOD 1874 TO 2017


WEATHER ITEM   OBSERVED TIME   RECORD YEAR NORMAL DEPARTURE LAST
                VALUE   (LST)  VALUE       VALUE  FROM      YEAR
                                                  NORMAL
..................................................................
TEMPERATURE (F)
 YESTERDAY
  MAXIMUM         71    229 PM  88    2004  68      3       69
  MINIMUM         59    539 AM  47    1932  57      2       56
                                      1882
  AVERAGE         65                        63      2       63

PRECIPITATION (IN)
  YESTERDAY        0.00          1.06 1931   0.02  -0.02     0.00
  MONTH TO DATE    0.01                      0.72  -0.71     0.55
  SINCE OCT 1     11.71                      9.89   1.82     7.42
  SINCE JAN 1      6.81                      6.78   0.03     4.57

DEGREE DAYS
 HEATING
  YESTERDAY        0                         3     -3        2
  MONTH TO DATE   19                       101    -82       18
  SINCE MAR 1     95                       279   -184       87
  SINCE JUL 1    687                      1137   -450      627

 COOLING
  YESTERDAY        0                         1     -1        0
  MONTH TO DATE   21                         8     13       49
  SINCE MAR 1     32                        13     19       54
  SINCE JAN 1     32                        18     14       99
..................................................................


WIND (MPH)
  RESULTANT WIND SPEED   4   RESULTANT WIND DIRECTION  SW (210)
  HIGHEST WIND SPEED    15   HIGHEST WIND DIRECTION    SW (210)
  HIGHEST GUST SPEED    19   HIGHEST GUST DIRECTION     W (270)
  AVERAGE WIND SPEED     5.7


SKY COVER
  POSSIBLE SUNSHINE  MM
  AVERAGE SKY COVER 0.4


WEATHER CONDITIONS
 THE FOLLOWING WEATHER WAS RECORDED YESTERDAY.
  NO SIGNIFICANT WEATHER WAS OBSERVED.


RELATIVE HUMIDITY (PERCENT)
 HIGHEST    84           200 AM
 LOWEST     53          1200 PM
 AVERAGE    69

..........................................................


THE SAN DIEGO INTL AIRPORT CA CLIMATE NORMALS FOR TODAY
                         NORMAL    RECORD    YEAR
 MAXIMUM TEMPERATURE (F)   68        94      2008
 MINIMUM TEMPERATURE (F)   57        45      1883


SUNRISE AND SUNSET
APRIL 27 2017.........SUNRISE   605 AM PDT   SUNSET   728 PM PDT
APRIL 28 2017.........SUNRISE   604 AM PDT   SUNSET   728 PM PDT


-  INDICATES NEGATIVE NUMBERS.
R  INDICATES RECORD WAS SET OR TIED.
MM INDICATES DATA IS MISSING.
T  INDICATES TRACE AMOUNT.




$$
