000
CDUS46 KSGX 240019
CLISAN


CLIMATE REPORT
NATIONAL WEATHER SERVICE SAN DIEGO, CA
518 PM PDT MON OCT 23 2017


...................................

...THE SAN DIEGO INTL AIRPORT CA CLIMATE SUMMARY FOR OCTOBER 23 2017...
VALID TODAY AS OF 0500 PM LOCAL TIME.

CLIMATE NORMAL PERIOD 1981 TO 2010
CLIMATE RECORD PERIOD 1874 TO 2017


WEATHER ITEM   OBSERVED TIME   RECORD YEAR NORMAL DEPARTURE LAST
                VALUE   (LST)  VALUE       VALUE  FROM      YEAR
                                                  NORMAL
..................................................................
TEMPERATURE (F)
 TODAY
  MAXIMUM         92   1229 PM  93    1965  72     20       82
  MINIMUM         62    516 AM  47    1886  59      3       63
  AVERAGE         77                        66     11       73

PRECIPITATION (IN)
  TODAY            0.00          0.88 1941   0.02  -0.02     0.00
  MONTH TO DATE    T                         0.38  -0.38      T
  SINCE OCT 1      T                         0.38  -0.38      T
  SINCE JAN 1      7.83                      7.61   0.22     5.33

DEGREE DAYS
 HEATING
  TODAY            0                         1     -1        0
  MONTH TO DATE    0                         6     -6        0
  SINCE SEP 1      0                         7     -7        0
  SINCE JUL 1      0                         8     -8        0

 COOLING
  TODAY           12                         2     10        8
  MONTH TO DATE  135                        61     74      145
  SINCE SEP 1    376                       229    147      364
  SINCE JAN 1   1079                       697    382     1046
..................................................................


WIND (MPH)
  RESULTANT WIND SPEED   4   RESULTANT WIND DIRECTION  NW (310)
  HIGHEST WIND SPEED    13   HIGHEST WIND DIRECTION    NW (310)
  HIGHEST GUST SPEED    16   HIGHEST GUST DIRECTION    NW (300)
  AVERAGE WIND SPEED     3.9


SKY COVER
  POSSIBLE SUNSHINE  MM
  AVERAGE SKY COVER 0.1


WEATHER CONDITIONS
 THE FOLLOWING WEATHER WAS RECORDED TODAY.
  NO SIGNIFICANT WEATHER WAS OBSERVED.


RELATIVE HUMIDITY (PERCENT)
 HIGHEST    44           200 AM
 LOWEST     14          1200 PM
 AVERAGE    29

..........................................................


THE SAN DIEGO INTL AIRPORT CA CLIMATE NORMALS FOR TOMORROW
                         NORMAL    RECORD    YEAR
 MAXIMUM TEMPERATURE (F)   72        94      1965
                                             1909
 MINIMUM TEMPERATURE (F)   59        47      1892


SUNRISE AND SUNSET
OCTOBER 23 2017.......SUNRISE   659 AM PDT   SUNSET   606 PM PDT
OCTOBER 24 2017.......SUNRISE   700 AM PDT   SUNSET   605 PM PDT


-  INDICATES NEGATIVE NUMBERS.
R  INDICATES RECORD WAS SET OR TIED.
MM INDICATES DATA IS MISSING.
T  INDICATES TRACE AMOUNT.




$$
