000
CDUS46 KSGX 241427
CLISAN


CLIMATE REPORT
NATIONAL WEATHER SERVICE SAN DIEGO, CA
726 AM PDT FRI MAR 24 2017


...................................

...THE SAN DIEGO INTL AIRPORT CA CLIMATE SUMMARY FOR MARCH 23 2017...

CLIMATE NORMAL PERIOD 1981 TO 2010
CLIMATE RECORD PERIOD 1874 TO 2017


WEATHER ITEM   OBSERVED TIME   RECORD YEAR NORMAL DEPARTURE LAST
                VALUE   (LST)  VALUE       VALUE  FROM      YEAR
                                                  NORMAL
..................................................................
TEMPERATURE (F)
 YESTERDAY
  MAXIMUM         66    142 PM  88    1926  66      0       73
  MINIMUM         57   1159 PM  40    1898  54      3       54
                                      1897
  AVERAGE         62                        60      2       64

PRECIPITATION (IN)
  YESTERDAY        0.00          0.81 1904   0.05  -0.05     0.00
  MONTH TO DATE    0.08                      1.45  -1.37     0.72
  SINCE OCT 1     11.70                      8.81   2.89     6.83
  SINCE JAN 1      6.80                      5.70   1.10     3.98

DEGREE DAYS
 HEATING
  YESTERDAY        3                         5     -2        1
  MONTH TO DATE   59                       138    -79       47
  SINCE MAR 1     59                       138    -79       47
  SINCE JUL 1    651                       996   -345      587

 COOLING
  YESTERDAY        0                         0      0        0
  MONTH TO DATE    9                         0      9        3
  SINCE MAR 1      9                         0      9        3
  SINCE JAN 1      9                         5      4       48
..................................................................


WIND (MPH)
  RESULTANT WIND SPEED   9   RESULTANT WIND DIRECTION   W (280)
  HIGHEST WIND SPEED    18   HIGHEST WIND DIRECTION     W (280)
  HIGHEST GUST SPEED    24   HIGHEST GUST DIRECTION     W (270)
  AVERAGE WIND SPEED     8.9


SKY COVER
  POSSIBLE SUNSHINE  MM
  AVERAGE SKY COVER 0.5


WEATHER CONDITIONS
 THE FOLLOWING WEATHER WAS RECORDED YESTERDAY.
  NO SIGNIFICANT WEATHER WAS OBSERVED.


RELATIVE HUMIDITY (PERCENT)
 HIGHEST    67          1200 AM
 LOWEST     42          1200 PM
 AVERAGE    55

..........................................................


THE SAN DIEGO INTL AIRPORT CA CLIMATE NORMALS FOR TODAY
                         NORMAL    RECORD    YEAR
 MAXIMUM TEMPERATURE (F)   66        85      1896
 MINIMUM TEMPERATURE (F)   54        43      1929
                                             1898
                                             1884


SUNRISE AND SUNSET
MARCH 24 2017.........SUNRISE   647 AM PDT   SUNSET   703 PM PDT
MARCH 25 2017.........SUNRISE   645 AM PDT   SUNSET   704 PM PDT


-  INDICATES NEGATIVE NUMBERS.
R  INDICATES RECORD WAS SET OR TIED.
MM INDICATES DATA IS MISSING.
T  INDICATES TRACE AMOUNT.




$$
