000
CDUS46 KSGX 270021
CLISAN


CLIMATE REPORT
NATIONAL WEATHER SERVICE SAN DIEGO, CA
420 PM PST MON JAN 26 2015


...................................

...THE SAN DIEGO/LINDBERGH FIELD CA CLIMATE SUMMARY FOR JANUARY 26 2015...
VALID TODAY AS OF 0400 PM LOCAL TIME.

CLIMATE NORMAL PERIOD 1981 TO 2010
CLIMATE RECORD PERIOD 1850 TO 2015


WEATHER ITEM   OBSERVED TIME   RECORD YEAR NORMAL DEPARTURE LAST
                VALUE   (LST)  VALUE       VALUE  FROM      YEAR
                                                  NORMAL
..................................................................
TEMPERATURE (F)
 TODAY
  MAXIMUM         72   1142 AM  82    2003  65      7       68
  MINIMUM         60    652 AM  36    1949  50     10       55
  AVERAGE         66                        57      9       62

PRECIPITATION (IN)
  TODAY            0.04          2.04 1914   0.06  -0.02     0.00
  MONTH TO DATE    0.41                      1.66  -1.25     0.00
  SINCE OCT 1      5.28                      4.77   0.51     2.19
  SINCE JAN 1      0.41                      1.66  -1.25     0.00

SNOWFALL (IN)
  TODAY            0.0
  MONTH TO DATE    0.0
  SINCE JAN 1      0.0
  SINCE JUL 1      0.0
  SNOW DEPTH       0

DEGREE DAYS
 HEATING
  TODAY            0                         8     -8        3
  MONTH TO DATE  114                       211    -97       93
  SINCE DEC 1    246                       473   -227      263
  SINCE JUL 1    268                       618   -350      333

 COOLING
  TODAY            1                         0      1        0
  MONTH TO DATE    1                         0      1        7
  SINCE DEC 1      5                         0      5       11
  SINCE JAN 1      1                         0      1        7
..................................................................


WIND (MPH)
  RESULTANT WIND SPEED   2   RESULTANT WIND DIRECTION   S (170)
  HIGHEST WIND SPEED    25   HIGHEST WIND DIRECTION     S (190)
  HIGHEST GUST SPEED    32   HIGHEST GUST DIRECTION     S (180)
  AVERAGE WIND SPEED     3.8


SKY COVER
  POSSIBLE SUNSHINE  MM
  AVERAGE SKY COVER 0.8


WEATHER CONDITIONS
 THE FOLLOWING WEATHER WAS RECORDED TODAY.
  RAIN
  LIGHT RAIN


RELATIVE HUMIDITY (PERCENT)
 HIGHEST    73           100 PM
 LOWEST     30           800 AM
 AVERAGE    52

..........................................................


THE SAN DIEGO/LINDBERGH FIELD CA CLIMATE NORMALS FOR TOMORROW
                         NORMAL    RECORD    YEAR
 MAXIMUM TEMPERATURE (F)   65        83      1984
 MINIMUM TEMPERATURE (F)   50        37      1950
                                             1898
                                             1895


SUNRISE AND SUNSET
JANUARY 26 2015.......SUNRISE   647 AM PST   SUNSET   516 PM PST
JANUARY 27 2015.......SUNRISE   647 AM PST   SUNSET   517 PM PST


-  INDICATES NEGATIVE NUMBERS.
R  INDICATES RECORD WAS SET OR TIED.
MM INDICATES DATA IS MISSING.
T  INDICATES TRACE AMOUNT.




$$
