000
CDUS46 KSGX 011433
CLISAN


CLIMATE REPORT
NATIONAL WEATHER SERVICE SAN DIEGO, CA
732 AM PDT MON SEP 1 2014


...................................

...THE SAN DIEGO/LINDBERGH FIELD CA CLIMATE SUMMARY FOR AUGUST 31 2014...

CLIMATE NORMAL PERIOD 1981 TO 2010
CLIMATE RECORD PERIOD 1850 TO 2014


WEATHER ITEM   OBSERVED TIME   RECORD YEAR NORMAL DEPARTURE LAST
                VALUE   (LST)  VALUE       VALUE  FROM      YEAR
                                                  NORMAL
..................................................................
TEMPERATURE (F)
 YESTERDAY
  MAXIMUM         77    251 PM  98    1955  77      0       83
  MINIMUM         67    421 AM  58    1942  67      0       74
                                      1901
  AVERAGE         72                        72      0       79

PRECIPITATION (IN)
  YESTERDAY        0.00          0.14 1967   0.00   0.00     0.00
  MONTH TO DATE    0.08                      0.02   0.06      T
  SINCE JUL 1      0.08                      0.05   0.03     0.05
  SINCE JAN 1      2.90                      7.08  -4.18     3.38

SNOWFALL (IN)
  YESTERDAY        0.0
  MONTH TO DATE    0.0
  SINCE JAN 1      0.0
  SINCE JUL 1      0.0
  SNOW DEPTH       0

DEGREE DAYS
 HEATING
  YESTERDAY        0                         0      0        0
  MONTH TO DATE    0                         0      0        0
  SINCE JUN 1      0                        19    -19       15
  SINCE JUL 1      0                         1     -1        0

 COOLING
  YESTERDAY        7                         7      0       14
  MONTH TO DATE  278                       203     75      185
  SINCE JUN 1    663                       419    244      425
  SINCE JAN 1    902                       468    434      479
..................................................................


WIND (MPH)
  RESULTANT WIND SPEED   6   RESULTANT WIND DIRECTION   S (180)
  HIGHEST WIND SPEED    12   HIGHEST WIND DIRECTION     S (180)
  HIGHEST GUST SPEED    15   HIGHEST GUST DIRECTION     S (200)
  AVERAGE WIND SPEED     6.2


SKY COVER
  POSSIBLE SUNSHINE  MM
  AVERAGE SKY COVER 0.6


WEATHER CONDITIONS
 THE FOLLOWING WEATHER WAS RECORDED YESTERDAY.
  FOG
  HAZE


RELATIVE HUMIDITY (PERCENT)
 HIGHEST    90          1200 AM
 LOWEST     60           100 PM
 AVERAGE    75

..........................................................


THE SAN DIEGO/LINDBERGH FIELD CA CLIMATE NORMALS FOR TODAY
                         NORMAL    RECORD    YEAR
 MAXIMUM TEMPERATURE (F)   77       104      1955
 MINIMUM TEMPERATURE (F)   67        58      1881


SUNRISE AND SUNSET
SEPTEMBER  1 2014.....SUNRISE   623 AM PDT   SUNSET   713 PM PDT
SEPTEMBER  2 2014.....SUNRISE   624 AM PDT   SUNSET   712 PM PDT


-  INDICATES NEGATIVE NUMBERS.
R  INDICATES RECORD WAS SET OR TIED.
MM INDICATES DATA IS MISSING.
T  INDICATES TRACE AMOUNT.




$$
