000
CDUS46 KSGX 031435
CLISAN


CLIMATE REPORT
NATIONAL WEATHER SERVICE SAN DIEGO, CA
735 AM PDT THU SEP 3 2015


...................................

...THE SAN DIEGO/LINDBERGH FIELD CA CLIMATE SUMMARY FOR SEPTEMBER 2 2015...

CLIMATE NORMAL PERIOD 1981 TO 2010
CLIMATE RECORD PERIOD 1874 TO 2015


WEATHER ITEM   OBSERVED TIME   RECORD YEAR NORMAL DEPARTURE LAST
                VALUE   (LST)  VALUE       VALUE  FROM      YEAR
                                                  NORMAL
..................................................................
TEMPERATURE (F)
 YESTERDAY
  MAXIMUM         76    217 PM  99    1955  77     -1       78
  MINIMUM         69   1159 PM  56    1898  66      3       70
                                      1880
  AVERAGE         73                        72      1       74

PRECIPITATION (IN)
  YESTERDAY        0.00          T    1967   0.00   0.00     0.00
                                      1950
                                      1949
  MONTH TO DATE    0.00                      0.00   0.00     0.00
  SINCE OCT 1     10.67                     10.19   0.48     5.09
  SINCE JAN 1      5.80                      7.08  -1.28     2.90

DEGREE DAYS
 HEATING
  YESTERDAY        0                         0      0        0
  MONTH TO DATE    0                         0      0        0
  SINCE SEP 1      0                         0      0        0
  SINCE JUL 1      0                         1     -1        0

 COOLING
  YESTERDAY        8                         7      1        9
  MONTH TO DATE   17                        14      3       16
  SINCE SEP 1     17                        14      3       16
  SINCE JAN 1    883                       482    401      918
..................................................................


WIND (MPH)
  RESULTANT WIND SPEED   5   RESULTANT WIND DIRECTION   W (250)
  HIGHEST WIND SPEED    13   HIGHEST WIND DIRECTION     W (250)
  HIGHEST GUST SPEED    17   HIGHEST GUST DIRECTION     W (270)
  AVERAGE WIND SPEED     5.2


SKY COVER
  POSSIBLE SUNSHINE  MM
  AVERAGE SKY COVER 0.7


WEATHER CONDITIONS
 THE FOLLOWING WEATHER WAS RECORDED YESTERDAY.
  NO SIGNIFICANT WEATHER WAS OBSERVED.


RELATIVE HUMIDITY (PERCENT)
 HIGHEST    73          1200 AM
 LOWEST     54          1200 PM
 AVERAGE    64

..........................................................


THE SAN DIEGO/LINDBERGH FIELD CA CLIMATE NORMALS FOR TODAY
                         NORMAL    RECORD    YEAR
 MAXIMUM TEMPERATURE (F)   77        92      1998
                                             1988
 MINIMUM TEMPERATURE (F)   66        58      1916
                                             1881


SUNRISE AND SUNSET
SEPTEMBER  3 2015.....SUNRISE   625 AM PDT   SUNSET   711 PM PDT
SEPTEMBER  4 2015.....SUNRISE   625 AM PDT   SUNSET   710 PM PDT


-  INDICATES NEGATIVE NUMBERS.
R  INDICATES RECORD WAS SET OR TIED.
MM INDICATES DATA IS MISSING.
T  INDICATES TRACE AMOUNT.




$$
