000
CDUS46 KSGX 161517
CLISAN


CLIMATE REPORT
NATIONAL WEATHER SERVICE SAN DIEGO, CA
717 AM PST MON JAN 16 2017


...................................

...THE SAN DIEGO INTL AIRPORT CA CLIMATE SUMMARY FOR JANUARY 15 2017...

CLIMATE NORMAL PERIOD 1981 TO 2010
CLIMATE RECORD PERIOD 1874 TO 2017


WEATHER ITEM   OBSERVED TIME   RECORD YEAR NORMAL DEPARTURE LAST
                VALUE   (LST)  VALUE       VALUE  FROM      YEAR
                                                  NORMAL
..................................................................
TEMPERATURE (F)
 YESTERDAY
  MAXIMUM         62    223 PM  82    2014  65     -3       61
  MINIMUM         54   1159 PM  34    1888  49      5       53
  AVERAGE         58                        57      1       57

PRECIPITATION (IN)
  YESTERDAY        0.00          1.80 1993   0.07  -0.07     0.04
  MONTH TO DATE    1.06                      0.98   0.08     3.02
  SINCE OCT 1      5.96                      4.09   1.87     5.87
  SINCE JAN 1      1.06                      0.98   0.08     3.02

DEGREE DAYS
 HEATING
  YESTERDAY        7                         8     -1        8
  MONTH TO DATE   92                       123    -31      122
  SINCE DEC 1    277                       385   -108      330
  SINCE JUL 1    327                       530   -203      399

 COOLING
  YESTERDAY        0                         0      0        0
  MONTH TO DATE    0                         0      0        0
  SINCE DEC 1      4                         0      4        0
  SINCE JAN 1      0                         0      0        0
..................................................................


WIND (MPH)
  RESULTANT WIND SPEED   6   RESULTANT WIND DIRECTION  SE (150)
  HIGHEST WIND SPEED    15   HIGHEST WIND DIRECTION     S (170)
  HIGHEST GUST SPEED    19   HIGHEST GUST DIRECTION     S (190)
  AVERAGE WIND SPEED     6.6


SKY COVER
  POSSIBLE SUNSHINE  MM
  AVERAGE SKY COVER 0.7


WEATHER CONDITIONS
 THE FOLLOWING WEATHER WAS RECORDED YESTERDAY.
  NO SIGNIFICANT WEATHER WAS OBSERVED.


RELATIVE HUMIDITY (PERCENT)
 HIGHEST    77          1200 AM
 LOWEST     64          1000 AM
 AVERAGE    71

..........................................................


THE SAN DIEGO INTL AIRPORT CA CLIMATE NORMALS FOR TODAY
                         NORMAL    RECORD    YEAR
 MAXIMUM TEMPERATURE (F)   65        86      1976
 MINIMUM TEMPERATURE (F)   49        34      1947


SUNRISE AND SUNSET
JANUARY 16 2017.......SUNRISE   651 AM PST   SUNSET   507 PM PST
JANUARY 17 2017.......SUNRISE   650 AM PST   SUNSET   508 PM PST


-  INDICATES NEGATIVE NUMBERS.
R  INDICATES RECORD WAS SET OR TIED.
MM INDICATES DATA IS MISSING.
T  INDICATES TRACE AMOUNT.




$$
