000
CDUS46 KSGX 231150
CLISAN


CLIMATE REPORT
NATIONAL WEATHER SERVICE SAN DIEGO, CA
450 AM PDT WED AUG 23 2017


...................................

...THE SAN DIEGO INTL AIRPORT CA CLIMATE SUMMARY FOR AUGUST 22 2017...

CLIMATE NORMAL PERIOD 1981 TO 2010
CLIMATE RECORD PERIOD 1874 TO 2017


WEATHER ITEM   OBSERVED TIME   RECORD YEAR NORMAL DEPARTURE LAST
                VALUE   (LST)  VALUE       VALUE  FROM      YEAR
                                                  NORMAL
..................................................................
TEMPERATURE (F)
 YESTERDAY
  MAXIMUM         77    142 PM  90    1972  77      0       77
  MINIMUM         69   1148 PM  59    1916  67      2       66
                                      1900
                                      1879
  AVERAGE         73                        72      1       72

PRECIPITATION (IN)
  YESTERDAY        0.00          T    2009   0.00   0.00     0.00
                                      1977
                                      1939
  MONTH TO DATE    T                         0.01  -0.01     0.00
  SINCE OCT 1     12.65                     10.18   2.47     7.86
  SINCE JAN 1      7.75                      7.07   0.68     5.01

DEGREE DAYS
 HEATING
  YESTERDAY        0                         0      0        0
  MONTH TO DATE    0                         0      0        0
  SINCE JUN 1      9                        19    -10        0
  SINCE JUL 1      0                         1     -1        0

 COOLING
  YESTERDAY        8                         7      1        7
  MONTH TO DATE  189                       142     47      190
  SINCE JUN 1    542                       358    184      506
  SINCE JAN 1    634                       407    227      624
..................................................................


WIND (MPH)
  RESULTANT WIND SPEED   7   RESULTANT WIND DIRECTION  NW (310)
  HIGHEST WIND SPEED    16   HIGHEST WIND DIRECTION     W (280)
  HIGHEST GUST SPEED    24   HIGHEST GUST DIRECTION     W (290)
  AVERAGE WIND SPEED     7.9


SKY COVER
  POSSIBLE SUNSHINE  MM
  AVERAGE SKY COVER 0.8


WEATHER CONDITIONS
 THE FOLLOWING WEATHER WAS RECORDED YESTERDAY.
  NO SIGNIFICANT WEATHER WAS OBSERVED.


RELATIVE HUMIDITY (PERCENT)
 HIGHEST    78          1200 AM
 LOWEST     64          1000 AM
 AVERAGE    71

..........................................................


THE SAN DIEGO INTL AIRPORT CA CLIMATE NORMALS FOR TODAY
                         NORMAL    RECORD    YEAR
 MAXIMUM TEMPERATURE (F)   77        89      1968
 MINIMUM TEMPERATURE (F)   67        55      1878


SUNRISE AND SUNSET
AUGUST 23 2017........SUNRISE   618 AM PDT   SUNSET   724 PM PDT
AUGUST 24 2017........SUNRISE   618 AM PDT   SUNSET   723 PM PDT


-  INDICATES NEGATIVE NUMBERS.
R  INDICATES RECORD WAS SET OR TIED.
MM INDICATES DATA IS MISSING.
T  INDICATES TRACE AMOUNT.




$$
