000
CDUS44 KEWX 250725
CLISAT


CLIMATE REPORT
NATIONAL WEATHER SERVICE AUSTIN/SAN ANTONIO, TX
125 AM CST SAT FEB 25 2017


...................................

...THE SAN ANTONIO CLIMATE SUMMARY FOR FEBRUARY 24 2017...

CLIMATE NORMAL PERIOD 1981 TO 2010
CLIMATE RECORD PERIOD 1886 TO 2017


WEATHER ITEM   OBSERVED TIME   RECORD YEAR NORMAL DEPARTURE LAST
                VALUE   (LST)  VALUE       VALUE  FROM      YEAR
                                                  NORMAL
..................................................................
TEMPERATURE (F)
 YESTERDAY
  MAXIMUM         82    241 PM  90    1904  69     13       66
  MINIMUM         50   1158 PM  25    1968  46      4       41
                                      1965
                                      1914
  AVERAGE         66                        58      8       54

PRECIPITATION (IN)
  YESTERDAY        0.00          1.06 1992   0.06  -0.06     0.00
  MONTH TO DATE    3.61                      1.52   2.09     1.55
  SINCE DEC 1     12.55                      5.19   7.36     4.41
  SINCE JAN 1      6.33                      3.28   3.05     2.93

SNOWFALL (IN)
  YESTERDAY        0.0
  MONTH TO DATE    0.0
  SINCE DEC 1      0.0
  SINCE JUL 1      0.0
  SNOW DEPTH       0

DEGREE DAYS
 HEATING
  YESTERDAY        0                         8     -8       11
  MONTH TO DATE   81                       251   -170      154
  SINCE DEC 1    646                      1058   -412      787
  SINCE JUL 1    704                      1269   -565      916

 COOLING
  YESTERDAY        1                         1      0        0
  MONTH TO DATE   62                        20     42       21
  SINCE DEC 1    125                        41     84       49
  SINCE JAN 1     83                        27     56       24
..................................................................


WIND (MPH)
  HIGHEST WIND SPEED    25   HIGHEST WIND DIRECTION     N (340)
  HIGHEST GUST SPEED    36   HIGHEST GUST DIRECTION     N (350)
  AVERAGE WIND SPEED    10.1


SKY COVER
  AVERAGE SKY COVER 0.1


WEATHER CONDITIONS
 THE FOLLOWING WEATHER WAS RECORDED YESTERDAY.
  NO SIGNIFICANT WEATHER WAS OBSERVED.


RELATIVE HUMIDITY (PERCENT)
 HIGHEST   100           300 AM
 LOWEST     13           100 PM
 AVERAGE    57

..........................................................


THE SAN ANTONIO CLIMATE NORMALS FOR TODAY
                         NORMAL    RECORD    YEAR
 MAXIMUM TEMPERATURE (F)   69        92      2008
 MINIMUM TEMPERATURE (F)   47        21      1960


SUNRISE AND SUNSET
FEBRUARY 25 2017......SUNRISE   703 AM CST   SUNSET   631 PM CST
FEBRUARY 26 2017......SUNRISE   702 AM CST   SUNSET   631 PM CST


-  INDICATES NEGATIVE NUMBERS.
R  INDICATES RECORD WAS SET OR TIED.
MM INDICATES DATA IS MISSING.
T  INDICATES TRACE AMOUNT.




$$
