844
CDUS44 KEWX 032255
CLISAT


CLIMATE REPORT
NATIONAL WEATHER SERVICE AUSTIN/SAN ANTONIO, TX
554 PM CDT TUE MAY 3 2016


...................................

...THE SAN ANTONIO CLIMATE SUMMARY FOR MAY 3 2016...
VALID TODAY AS OF 554 PM LOCAL TIME.

CLIMATE NORMAL PERIOD 1981 TO 2010
CLIMATE RECORD PERIOD 1886 TO 2016


WEATHER ITEM   OBSERVED TIME   RECORD YEAR NORMAL DEPARTURE LAST
                VALUE   (LST)  VALUE       VALUE  FROM      YEAR
                                                  NORMAL
..................................................................
TEMPERATURE (F)
 TODAY
  MAXIMUM         80    350 PM  98    1984  84     -4       84
  MINIMUM         56    340 AM  45    2013  63     -7       61
  AVERAGE         68                        74     -6       73

PRECIPITATION (IN)
  TODAY            0.00          2.63 1991   0.11  -0.11     0.00
  MONTH TO DATE    0.01                      0.32  -0.31     0.00
  SINCE MAR 1      9.76                      4.73   5.03    10.51
  SINCE JAN 1     12.69                      8.28   4.41    14.71

SNOWFALL (IN)
  TODAY            0.0
  MONTH TO DATE    0.0
  SINCE MAR 1      T
  SINCE JUL 1      T
  SNOW DEPTH       0

DEGREE DAYS
 HEATING
  TODAY            0                         0      0        0
  MONTH TO DATE    1                         0      1        0
  SINCE MAR 1     89                       193   -104      179
  SINCE JUL 1   1038                      1494   -456     1494

 COOLING
  TODAY            3                         9     -6        8
  MONTH TO DATE   12                        26    -14       16
  SINCE MAR 1    284                       259     25      287
  SINCE JAN 1    313                       285     28      300
..................................................................


WIND (MPH)
  HIGHEST WIND SPEED    16   HIGHEST WIND DIRECTION    NE (50)
  HIGHEST GUST SPEED    21   HIGHEST GUST DIRECTION     E (70)
  AVERAGE WIND SPEED     7.5


SKY COVER
  AVERAGE SKY COVER 0.6


WEATHER CONDITIONS
 THE FOLLOWING WEATHER WAS RECORDED TODAY.
  NO SIGNIFICANT WEATHER WAS OBSERVED.


RELATIVE HUMIDITY (PERCENT)
 HIGHEST    77           300 AM
 LOWEST     32           200 PM
 AVERAGE    55

..........................................................


THE SAN ANTONIO CLIMATE NORMALS FOR TOMORROW
                         NORMAL    RECORD    YEAR
 MAXIMUM TEMPERATURE (F)   84        99      1984
 MINIMUM TEMPERATURE (F)   64        42      2013


SUNRISE AND SUNSET
MAY  3 2016...........SUNRISE   650 AM CDT   SUNSET   812 PM CDT
MAY  4 2016...........SUNRISE   649 AM CDT   SUNSET   813 PM CDT


-  INDICATES NEGATIVE NUMBERS.
R  INDICATES RECORD WAS SET OR TIED.
MM INDICATES DATA IS MISSING.
T  INDICATES TRACE AMOUNT.




$$
