430
CDUS44 KEWX 230821
CLISAT


CLIMATE REPORT
NATIONAL WEATHER SERVICE AUSTIN/SAN ANTONIO, TX
220 AM CST FRI FEB 23 2018


...................................

...THE SAN ANTONIO CLIMATE SUMMARY FOR FEBRUARY 22 2018...

CLIMATE NORMAL PERIOD 1981 TO 2010
CLIMATE RECORD PERIOD 1886 TO 2018


WEATHER ITEM   OBSERVED TIME   RECORD YEAR NORMAL DEPARTURE LAST
                VALUE   (LST)  VALUE       VALUE  FROM      YEAR
                                                  NORMAL
..................................................................
TEMPERATURE (F)
 YESTERDAY
  MAXIMUM         50    543 PM  93    1996  68    -18       88
  MINIMUM         41    917 AM  26    1978  46     -5       49
  AVERAGE         46                        57    -11       69

PRECIPITATION (IN)
  YESTERDAY        0.09          1.30 1992   0.06   0.03     0.00
  MONTH TO DATE    0.51                      1.40  -0.89     3.61
  SINCE DEC 1      4.83                      5.07  -0.24    12.55
  SINCE JAN 1      0.79                      3.16  -2.37     6.33

SNOWFALL (IN)
  YESTERDAY       MM
  MONTH TO DATE    0.0
  SINCE DEC 1      1.9
  SINCE JUL 1      1.9
  SNOW DEPTH       0

DEGREE DAYS
 HEATING
  YESTERDAY       19                         9     10        0
  MONTH TO DATE  212                       234    -22       81
  SINCE DEC 1   1073                      1041     32      646
  SINCE JUL 1   1205                      1252    -47      704

 COOLING
  YESTERDAY        0                         1     -1        4
  MONTH TO DATE   26                        18      8       57
  SINCE DEC 1     44                        39      5      120
  SINCE JAN 1     26                        25      1       78
..................................................................


WIND (MPH)
  HIGHEST WIND SPEED    15   HIGHEST WIND DIRECTION    NE (50)
  HIGHEST GUST SPEED    19   HIGHEST GUST DIRECTION    NE (40)
  AVERAGE WIND SPEED     6.6


SKY COVER
  AVERAGE SKY COVER 1.0


WEATHER CONDITIONS
 THE FOLLOWING WEATHER WAS RECORDED YESTERDAY.
  THUNDERSTORM
  LIGHT RAIN
  FOG


RELATIVE HUMIDITY (PERCENT)
 HIGHEST   100          1100 AM
 LOWEST     86           100 PM
 AVERAGE    93

..........................................................


THE SAN ANTONIO CLIMATE NORMALS FOR TODAY
                         NORMAL    RECORD    YEAR
 MAXIMUM TEMPERATURE (F)   69        97      1996
 MINIMUM TEMPERATURE (F)   46        27      1967
                                             1901


SUNRISE AND SUNSET
FEBRUARY 23 2018......SUNRISE   706 AM CST   SUNSET   629 PM CST
FEBRUARY 24 2018......SUNRISE   705 AM CST   SUNSET   630 PM CST


-  INDICATES NEGATIVE NUMBERS.
R  INDICATES RECORD WAS SET OR TIED.
MM INDICATES DATA IS MISSING.
T  INDICATES TRACE AMOUNT.




$$
