000
CDUS44 KEWX 102225
CLISAT


CLIMATE REPORT
NATIONAL WEATHER SERVICE AUSTIN/SAN ANTONIO, TX
425 PM CST SUN DEC 10 2017


...................................

...THE SAN ANTONIO CLIMATE SUMMARY FOR DECEMBER 10 2017...
VALID TODAY AS OF 0400 PM LOCAL TIME.

CLIMATE NORMAL PERIOD 1981 TO 2010
CLIMATE RECORD PERIOD 1886 TO 2017


WEATHER ITEM   OBSERVED TIME   RECORD YEAR NORMAL DEPARTURE LAST
                VALUE   (LST)  VALUE       VALUE  FROM      YEAR
                                                  NORMAL
..................................................................
TEMPERATURE (F)
 TODAY
  MAXIMUM         66    359 PM  85    1939  65      1       49
  MINIMUM         33    702 AM  18    1978  42     -9       37
  AVERAGE         50                        54     -4       43

PRECIPITATION (IN)
  TODAY            0.00          0.95 1928   0.07  -0.07     0.03
  MONTH TO DATE    2.33                      0.60   1.73     5.82
  SINCE DEC 1      2.33                      0.60   1.73     5.82
  SINCE JAN 1     25.62                     30.96  -5.34    43.52

SNOWFALL (IN)
  TODAY            0.0
  MONTH TO DATE    1.9
  SINCE DEC 1      1.9
  SINCE JUL 1      1.9
  SNOW DEPTH       0

DEGREE DAYS
 HEATING
  TODAY           15                        12      3       22
  MONTH TO DATE  103                       111     -8      151
  SINCE DEC 1    103                       111     -8      151
  SINCE JUL 1    235                       322    -87      209

 COOLING
  TODAY            0                         0      0        0
  MONTH TO DATE   18                         7     11        0
  SINCE DEC 1     18                         7     11        0
  SINCE JAN 1   3467                      3124    343     3346
..................................................................


WIND (MPH)
  HIGHEST WIND SPEED    10   HIGHEST WIND DIRECTION    SW (230)
  HIGHEST GUST SPEED    13   HIGHEST GUST DIRECTION    SW (230)
  AVERAGE WIND SPEED     5.9


SKY COVER
  AVERAGE SKY COVER 0.3


WEATHER CONDITIONS
 THE FOLLOWING WEATHER WAS RECORDED TODAY.
  NO SIGNIFICANT WEATHER WAS OBSERVED.


RELATIVE HUMIDITY (PERCENT)
 HIGHEST    82           700 AM
 LOWEST     22           400 PM
 AVERAGE    52

..........................................................


THE SAN ANTONIO CLIMATE NORMALS FOR TOMORROW
                         NORMAL    RECORD    YEAR
 MAXIMUM TEMPERATURE (F)   65        88      1987
 MINIMUM TEMPERATURE (F)   42        21      1966


SUNRISE AND SUNSET
DECEMBER 10 2017......SUNRISE   718 AM CST   SUNSET   536 PM CST
DECEMBER 11 2017......SUNRISE   719 AM CST   SUNSET   536 PM CST


-  INDICATES NEGATIVE NUMBERS.
R  INDICATES RECORD WAS SET OR TIED.
MM INDICATES DATA IS MISSING.
T  INDICATES TRACE AMOUNT.




$$
