000
CDUS44 KEWX 292252
CLISAT


CLIMATE REPORT
NATIONAL WEATHER SERVICE AUSTIN/SAN ANTONIO, TX
551 PM CDT FRI MAY 29 2015


...................................

...THE SAN ANTONIO CLIMATE SUMMARY FOR MAY 29 2015...
VALID TODAY AS OF 551 PM LOCAL TIME.

CLIMATE NORMAL PERIOD 1981 TO 2010
CLIMATE RECORD PERIOD 1886 TO 2015


WEATHER ITEM   OBSERVED TIME   RECORD YEAR NORMAL DEPARTURE LAST
                VALUE   (LST)  VALUE       VALUE  FROM      YEAR
                                                  NORMAL
..................................................................
TEMPERATURE (F)
 TODAY
  MAXIMUM         88    310 PM 102    1927  90     -2       91
  MINIMUM         65    556 AM  57    1888  70     -5       65
  AVERAGE         77                        80     -3       78

PRECIPITATION (IN)
  TODAY            0.41          3.54 1987   0.15   0.26     0.00
  MONTH TO DATE    7.83                      3.70   4.13     4.97
  SINCE MAR 1     18.34                      8.11  10.23     6.71
  SINCE JAN 1     22.54                     11.66  10.88     7.36

SNOWFALL (IN)
  TODAY            0.0
  MONTH TO DATE    0.0
  SINCE MAR 1      0.0
  SINCE JUL 1      T
  SNOW DEPTH       0

DEGREE DAYS
 HEATING
  TODAY            0                         0      0        0
  MONTH TO DATE    0                         0      0        4
  SINCE MAR 1    179                       193    -14      232
  SINCE JUL 1   1494                      1494      0     1566

 COOLING
  TODAY           12                        15     -3       13
  MONTH TO DATE  336                       340     -4      306
  SINCE MAR 1    607                       573     34      603
  SINCE JAN 1    620                       599     21      668
..................................................................


WIND (MPH)
  HIGHEST WIND SPEED    28   HIGHEST WIND DIRECTION     E (110)
  HIGHEST GUST SPEED    34   HIGHEST GUST DIRECTION    SE (120)
  AVERAGE WIND SPEED    10.3


SKY COVER
  AVERAGE SKY COVER 0.6


WEATHER CONDITIONS
 THE FOLLOWING WEATHER WAS RECORDED TODAY.
  THUNDERSTORM
  HEAVY RAIN
  LIGHT RAIN
  FOG


RELATIVE HUMIDITY (PERCENT)
 HIGHEST    93           400 AM
 LOWEST     51           200 PM
 AVERAGE    72

..........................................................


THE SAN ANTONIO CLIMATE NORMALS FOR TOMORROW
                         NORMAL    RECORD    YEAR
 MAXIMUM TEMPERATURE (F)   90        98      2011
                                             2003
                                             1949
 MINIMUM TEMPERATURE (F)   70        55      1992
                                             1984


SUNRISE AND SUNSET
MAY 29 2015...........SUNRISE   635 AM CDT   SUNSET   828 PM CDT
MAY 30 2015...........SUNRISE   635 AM CDT   SUNSET   828 PM CDT


-  INDICATES NEGATIVE NUMBERS.
R  INDICATES RECORD WAS SET OR TIED.
MM INDICATES DATA IS MISSING.
T  INDICATES TRACE AMOUNT.




$$
