886
CDUS44 KEWX 102225
CLISAT


CLIMATE REPORT
NATIONAL WEATHER SERVICE AUSTIN/SAN ANTONIO, TX
425 PM CST WED FEB 10 2016


...................................

...THE SAN ANTONIO CLIMATE SUMMARY FOR FEBRUARY 10 2016...
VALID TODAY AS OF 425 PM LOCAL TIME.

CLIMATE NORMAL PERIOD 1981 TO 2010
CLIMATE RECORD PERIOD 1886 TO 2016


WEATHER ITEM   OBSERVED TIME   RECORD YEAR NORMAL DEPARTURE LAST
                VALUE   (LST)  VALUE       VALUE  FROM      YEAR
                                                  NORMAL
..................................................................
TEMPERATURE (F)
 TODAY
  MAXIMUM         75    337 PM  88    1954  66      9       80
  MINIMUM         42    136 AM  19    1899  43     -1       46
  AVERAGE         59                        55      4       63

PRECIPITATION (IN)
  TODAY            0.00          1.56 1993   0.06  -0.06     0.00
  MONTH TO DATE    0.00                      0.62  -0.62     0.30
  SINCE DEC 1      2.86                      4.29  -1.43     5.21
  SINCE JAN 1      1.38                      2.38  -1.00     3.97

SNOWFALL (IN)
  TODAY            0.0
  MONTH TO DATE    0.0
  SINCE DEC 1      0.0
  SINCE JUL 1      0.0
  SNOW DEPTH       0

DEGREE DAYS
 HEATING
  TODAY            6                        11     -5        2
  MONTH TO DATE  113                       117     -4      102
  SINCE DEC 1    746                       924   -178      833
  SINCE JUL 1    875                      1135   -260     1080

 COOLING
  TODAY            0                         1     -1        0
  MONTH TO DATE    0                         6     -6        2
  SINCE DEC 1     28                        27      1        9
  SINCE JAN 1      3                        13    -10        2
..................................................................


WIND (MPH)
  HIGHEST WIND SPEED    14   HIGHEST WIND DIRECTION    SW (220)
  HIGHEST GUST SPEED    20   HIGHEST GUST DIRECTION    SW (220)
  AVERAGE WIND SPEED     4.9


SKY COVER
  AVERAGE SKY COVER 0.0


WEATHER CONDITIONS
 THE FOLLOWING WEATHER WAS RECORDED TODAY.
  NO SIGNIFICANT WEATHER WAS OBSERVED.


RELATIVE HUMIDITY (PERCENT)
 HIGHEST    58           100 AM
 LOWEST     20           400 PM
 AVERAGE    39

..........................................................


THE SAN ANTONIO CLIMATE NORMALS FOR TOMORROW
                         NORMAL    RECORD    YEAR
 MAXIMUM TEMPERATURE (F)   66        84      1922
 MINIMUM TEMPERATURE (F)   43        17      1981


SUNRISE AND SUNSET
FEBRUARY 10 2016......SUNRISE   718 AM CST   SUNSET   619 PM CST
FEBRUARY 11 2016......SUNRISE   717 AM CST   SUNSET   620 PM CST


-  INDICATES NEGATIVE NUMBERS.
R  INDICATES RECORD WAS SET OR TIED.
MM INDICATES DATA IS MISSING.
T  INDICATES TRACE AMOUNT.




$$
