000
CDUS44 KEWX 100714
CLISAT


CLIMATE REPORT
NATIONAL WEATHER SERVICE AUSTIN/SAN ANTONIO, TX
212 AM CDT THU JUL 10 2014


...................................

...THE SAN ANTONIO CLIMATE SUMMARY FOR JULY 9 2014...

CLIMATE NORMAL PERIOD 1981 TO 2010
CLIMATE RECORD PERIOD 1886 TO 2014


WEATHER ITEM   OBSERVED TIME   RECORD YEAR NORMAL DEPARTURE LAST
                VALUE   (LST)  VALUE       VALUE  FROM      YEAR
                                                  NORMAL
..................................................................
TEMPERATURE (F)
 YESTERDAY
  MAXIMUM         96    341 PM 105    1939  94      2       98
  MINIMUM         75    512 AM  67    1946  74      1       76
                                      1905
  AVERAGE         86                        84      2       87

PRECIPITATION (IN)
  YESTERDAY        0.00          1.75 1930   0.11  -0.11     0.00
  MONTH TO DATE    0.01                      1.09  -1.08     0.01
  SINCE JUN 1      5.39                      5.23   0.16     2.03
  SINCE JAN 1     12.75                     17.20  -4.45    21.87

SNOWFALL (IN)
  YESTERDAY        0.0
  MONTH TO DATE    0.0
  SINCE JUN 1      0.0
  SINCE JUL 1      0.0
  SNOW DEPTH       0

DEGREE DAYS
 HEATING
  YESTERDAY        0                         0      0        0
  MONTH TO DATE    0                         0      0        0
  SINCE JUN 1      0                         0      0        0
  SINCE JUL 1      0                         0      0        0

 COOLING
  YESTERDAY       21                        19      2       22
  MONTH TO DATE  171                       171      0      166
  SINCE JUN 1    722                       694     28      741
  SINCE JAN 1   1426                      1323    103     1358
..................................................................


WIND (MPH)
  HIGHEST WIND SPEED    24   HIGHEST WIND DIRECTION     S (170)
  HIGHEST GUST SPEED    28   HIGHEST GUST DIRECTION     S (170)
  AVERAGE WIND SPEED    11.3


SKY COVER
  AVERAGE SKY COVER 0.3


WEATHER CONDITIONS
 THE FOLLOWING WEATHER WAS RECORDED YESTERDAY.
  FOG
  HAZE


RELATIVE HUMIDITY (PERCENT)
 HIGHEST    94           600 AM
 LOWEST     33           200 PM
 AVERAGE    64

..........................................................


THE SAN ANTONIO CLIMATE NORMALS FOR TODAY
                         NORMAL    RECORD    YEAR
 MAXIMUM TEMPERATURE (F)   94       102      1917
 MINIMUM TEMPERATURE (F)   75        61      1905


SUNRISE AND SUNSET
JULY 10 2014..........SUNRISE   641 AM CDT   SUNSET   837 PM CDT
JULY 11 2014..........SUNRISE   642 AM CDT   SUNSET   837 PM CDT


-  INDICATES NEGATIVE NUMBERS.
R  INDICATES RECORD WAS SET OR TIED.
MM INDICATES DATA IS MISSING.
T  INDICATES TRACE AMOUNT.




$$
