000
CDUS44 KEWX 282231
CLISAT


CLIMATE REPORT
NATIONAL WEATHER SERVICE AUSTIN/SAN ANTONIO, TX
530 PM CDT FRI AUG 28 2015


...................................

...THE SAN ANTONIO CLIMATE SUMMARY FOR AUGUST 28 2015...
VALID TODAY AS OF 0530 PM LOCAL TIME.

CLIMATE NORMAL PERIOD 1981 TO 2010
CLIMATE RECORD PERIOD 1886 TO 2015


WEATHER ITEM   OBSERVED TIME   RECORD YEAR NORMAL DEPARTURE LAST
                VALUE   (LST)  VALUE       VALUE  FROM      YEAR
                                                  NORMAL
..................................................................
TEMPERATURE (F)
 TODAY
  MAXIMUM         96    307 PM 110    2011  95      1       98
  MINIMUM         72    616 AM  62    1992  74     -2       76
                                      1906
  AVERAGE         84                        84      0       87

PRECIPITATION (IN)
  TODAY            0.00          1.89 1915   0.10  -0.10     0.00
  MONTH TO DATE    0.29                      1.77  -1.48     0.08
  SINCE JUN 1      6.78                      8.65  -1.87     8.71
  SINCE JAN 1     30.06                     20.62   9.44    16.07

SNOWFALL (IN)
  TODAY            0.0
  MONTH TO DATE    0.0
  SINCE JUN 1      0.0
  SINCE JUL 1      0.0
  SNOW DEPTH       0

DEGREE DAYS
 HEATING
  TODAY            0                         0      0        0
  MONTH TO DATE    0                         0      0        0
  SINCE JUN 1      0                         0      0        0
  SINCE JUL 1      0                         0      0        0

 COOLING
  TODAY           19                        19      0       22
  MONTH TO DATE  641                       578     63      653
  SINCE JUN 1   1794                      1709     85     1828
  SINCE JAN 1   2439                      2338    101     2532
..................................................................


WIND (MPH)
  HIGHEST WIND SPEED    13   HIGHEST WIND DIRECTION    SE (140)
  HIGHEST GUST SPEED    22   HIGHEST GUST DIRECTION     S (170)
  AVERAGE WIND SPEED     5.5


SKY COVER
  AVERAGE SKY COVER 0.2


WEATHER CONDITIONS
 THE FOLLOWING WEATHER WAS RECORDED TODAY.
  NO SIGNIFICANT WEATHER WAS OBSERVED.


RELATIVE HUMIDITY (PERCENT)
 HIGHEST    73           600 AM
 LOWEST     30           200 PM
 AVERAGE    52

..........................................................


THE SAN ANTONIO CLIMATE NORMALS FOR TOMORROW
                         NORMAL    RECORD    YEAR
 MAXIMUM TEMPERATURE (F)   95       107      2011
 MINIMUM TEMPERATURE (F)   74        61      1992


SUNRISE AND SUNSET
AUGUST 28 2015........SUNRISE   709 AM CDT   SUNSET   801 PM CDT
AUGUST 29 2015........SUNRISE   710 AM CDT   SUNSET   800 PM CDT


-  INDICATES NEGATIVE NUMBERS.
R  INDICATES RECORD WAS SET OR TIED.
MM INDICATES DATA IS MISSING.
T  INDICATES TRACE AMOUNT.




$$
