000
CDUS42 KCHS 242210
CLISAV


CLIMATE REPORT
NATIONAL WEATHER SERVICE CHARLESTON SC
510 PM EST FRI NOV 24 2017


...................................

...THE SAVANNAH GA CLIMATE SUMMARY FOR NOVEMBER 24 2017...
VALID TODAY AS OF 0500 PM LOCAL TIME.

CLIMATE NORMAL PERIOD 1981 TO 2010
CLIMATE RECORD PERIOD 1871 TO 2017


WEATHER ITEM   OBSERVED TIME   RECORD YEAR NORMAL DEPARTURE LAST
                VALUE   (LST)  VALUE       VALUE  FROM      YEAR
                                                  NORMAL
..................................................................
TEMPERATURE (F)
 TODAY
  MAXIMUM         66    356 PM  83    2014  68     -2       81
                                      1967
  MINIMUM         42    723 AM  20    1970  46     -4       55
  AVERAGE         54                        57     -3       68

PRECIPITATION (IN)
  TODAY            0.00          2.32 1964   0.08  -0.08     0.00
  MONTH TO DATE    1.07                      1.89  -0.82      T
  SINCE SEP 1      8.31                     10.16  -1.85    16.59
  SINCE JAN 1     50.67                     44.53   6.14    50.96

SNOWFALL (IN)
  TODAY            0.0                       0.0    0.0
  SINCE SEP 1      0.0                       0.0    0.0
  SINCE JUL 1      0.0                       0.0    0.0

DEGREE DAYS
 HEATING
  TODAY           11                         9      2        0
  MONTH TO DATE  134                       151    -17      142
  SINCE SEP 1    182                       208    -26      154
  SINCE JUL 1    182                       208    -26      154

 COOLING
  TODAY            0                         1     -1        3
  MONTH TO DATE   36                        34      2       35
  SINCE SEP 1    704                       539    165      677
  SINCE JAN 1   2964                      2446    518     2987
..................................................................


WIND (MPH)
  HIGHEST WIND SPEED    13   HIGHEST WIND DIRECTION     N (340)
  HIGHEST GUST SPEED    19   HIGHEST GUST DIRECTION    NE (30)
  AVERAGE WIND SPEED     8.7


SKY COVER
  POSSIBLE SUNSHINE  MM
  AVERAGE SKY COVER 0.6


WEATHER CONDITIONS
 THE FOLLOWING WEATHER WAS RECORDED TODAY.
  NO SIGNIFICANT WEATHER WAS OBSERVED.


RELATIVE HUMIDITY (PERCENT)
 HIGHEST    93          1200 AM
 LOWEST     37           100 PM
 AVERAGE    65

..........................................................


THE SAVANNAH GA CLIMATE NORMALS FOR TOMORROW
                         NORMAL    RECORD    YEAR
 MAXIMUM TEMPERATURE (F)   68        83      1973
 MINIMUM TEMPERATURE (F)   45        15      1970
                                             1950


SUNRISE AND SUNSET
NOVEMBER 24 2017......SUNRISE   702 AM EST   SUNSET   521 PM EST
NOVEMBER 25 2017......SUNRISE   703 AM EST   SUNSET   521 PM EST


-  INDICATES NEGATIVE NUMBERS.
R  INDICATES RECORD WAS SET OR TIED.
MM INDICATES DATA IS MISSING.
T  INDICATES TRACE AMOUNT.




$$
