000
CDUS42 KCHS 272113
CLISAV


CLIMATE REPORT
NATIONAL WEATHER SERVICE CHARLESTON SC
512 PM EDT TUE SEP 27 2016


...................................

...THE SAVANNAH GA CLIMATE SUMMARY FOR SEPTEMBER 27 2016...
VALID TODAY AS OF 500 PM LOCAL TIME.

CLIMATE NORMAL PERIOD 1981 TO 2010
CLIMATE RECORD PERIOD 1871 TO 2016


WEATHER ITEM   OBSERVED TIME   RECORD YEAR NORMAL DEPARTURE LAST
                VALUE   (LST)  VALUE       VALUE  FROM      YEAR
                                                  NORMAL
..................................................................
TEMPERATURE (F)
 TODAY
  MAXIMUM         90    332 PM  96    1986  83      7       81
  MINIMUM         71    700 AM  50    1940  65      6       69
  AVERAGE         81                        74      7       75

PRECIPITATION (IN)
  TODAY            T             2.78 1929   0.14  -0.14      T
  MONTH TO DATE    3.77                      4.14  -0.37     2.15
  SINCE SEP 1      3.77                      4.14  -0.37     2.15
  SINCE JAN 1     38.14                     38.51  -0.37    38.31

DEGREE DAYS
 HEATING
  TODAY            0                         0      0        0
  MONTH TO DATE    0                         0      0        0
  SINCE SEP 1      0                         0      0        0
  SINCE JUL 1      0                         0      0        0

 COOLING
  TODAY           16                         9      7       10
  MONTH TO DATE  402                       333     69      332
  SINCE SEP 1    402                       333     69      332
  SINCE JAN 1   2712                      2240    472     2486
..................................................................


WIND (MPH)
  HIGHEST WIND SPEED    13   HIGHEST WIND DIRECTION    SE (140)
  HIGHEST GUST SPEED    16   HIGHEST GUST DIRECTION    SE (140)
  AVERAGE WIND SPEED     5.6


SKY COVER
  POSSIBLE SUNSHINE  MM
  AVERAGE SKY COVER 0.6


WEATHER CONDITIONS
 THE FOLLOWING WEATHER WAS RECORDED TODAY.
  LIGHT RAIN
  FOG


RELATIVE HUMIDITY (PERCENT)
 HIGHEST    93           300 AM
 LOWEST     47           300 PM
 AVERAGE    70

..........................................................


THE SAVANNAH GA CLIMATE NORMALS FOR TOMORROW
                         NORMAL    RECORD    YEAR
 MAXIMUM TEMPERATURE (F)   83        98      1986
 MINIMUM TEMPERATURE (F)   64        50      1962


SUNRISE AND SUNSET
SEPTEMBER 27 2016.....SUNRISE   716 AM EDT   SUNSET   714 PM EDT
SEPTEMBER 28 2016.....SUNRISE   717 AM EDT   SUNSET   713 PM EDT


-  INDICATES NEGATIVE NUMBERS.
R  INDICATES RECORD WAS SET OR TIED.
MM INDICATES DATA IS MISSING.
T  INDICATES TRACE AMOUNT.



$$
