000
CDUS42 KCHS 300535
CLISAV


CLIMATE REPORT
NATIONAL WEATHER SERVICE CHARLESTON SC
1235 AM EST FRI JAN 30 2015


...................................

...THE SAVANNAH GA CLIMATE SUMMARY FOR JANUARY 29 2015...

CLIMATE NORMAL PERIOD 1981 TO 2010
CLIMATE RECORD PERIOD 1871 TO 2015


WEATHER ITEM   OBSERVED TIME   RECORD YEAR NORMAL DEPARTURE LAST
                VALUE   (LST)  VALUE       VALUE  FROM      YEAR
                                                  NORMAL
..................................................................
TEMPERATURE (F)
 YESTERDAY
  MAXIMUM         60    359 PM  84    1957  61     -1       34
  MINIMUM         29    642 AM  17    1897  39    -10       30
  AVERAGE         45                        50     -5       32

PRECIPITATION (IN)
  YESTERDAY        0.00          1.29 1994   0.13  -0.13     0.16
  MONTH TO DATE    4.12                      3.44   0.68     2.41
  SINCE DEC 1      8.14                      6.39   1.75     4.79
  SINCE JAN 1      4.12                      3.44   0.68     2.41

SNOWFALL (IN)
  YESTERDAY        0.0                       0.0    0.0
  SINCE DEC 1      0.0                       0.2   -0.2
  SINCE JUL 1      0.0                       0.2   -0.2

DEGREE DAYS
 HEATING
  YESTERDAY       20                        15      5       33
  MONTH TO DATE  435                       456    -21      526
  SINCE DEC 1    719                       879   -160      796
  SINCE JUL 1   1011                      1146   -135     1052

 COOLING
  YESTERDAY        0                         0      0        0
  MONTH TO DATE    5                         0      5        3
  SINCE DEC 1     11                         9      2       41
  SINCE JAN 1      5                         0      5        3
..................................................................


WIND (MPH)
  HIGHEST WIND SPEED    14   HIGHEST WIND DIRECTION     S (190)
  HIGHEST GUST SPEED    21   HIGHEST GUST DIRECTION     S (200)
  AVERAGE WIND SPEED     4.2


SKY COVER
  POSSIBLE SUNSHINE  MM
  AVERAGE SKY COVER 0.6


WEATHER CONDITIONS
 THE FOLLOWING WEATHER WAS RECORDED YESTERDAY.
  NO SIGNIFICANT WEATHER WAS OBSERVED.


RELATIVE HUMIDITY (PERCENT)
 HIGHEST    92           800 AM
 LOWEST     43           100 PM
 AVERAGE    68

..........................................................


THE SAVANNAH GA CLIMATE NORMALS FOR TODAY
                         NORMAL    RECORD    YEAR
 MAXIMUM TEMPERATURE (F)   62        83      1975
 MINIMUM TEMPERATURE (F)   39         9      1966


SUNRISE AND SUNSET
JANUARY 30 2015.......SUNRISE   720 AM EST   SUNSET   556 PM EST
JANUARY 31 2015.......SUNRISE   719 AM EST   SUNSET   557 PM EST


-  INDICATES NEGATIVE NUMBERS.
R  INDICATES RECORD WAS SET OR TIED.
MM INDICATES DATA IS MISSING.
T  INDICATES TRACE AMOUNT.




$$
