000
CDUS42 KCHS 260604
CLISAV


CLIMATE REPORT
NATIONAL WEATHER SERVICE CHARLESTON SC
203 AM EDT MON JUN 26 2017


...................................

...THE SAVANNAH GA CLIMATE SUMMARY FOR JUNE 25 2017...

CLIMATE NORMAL PERIOD 1981 TO 2010
CLIMATE RECORD PERIOD 1871 TO 2017


WEATHER ITEM   OBSERVED TIME   RECORD YEAR NORMAL DEPARTURE LAST
                VALUE   (LST)  VALUE       VALUE  FROM      YEAR
                                                  NORMAL
..................................................................
TEMPERATURE (F)
 YESTERDAY
  MAXIMUM         93   1225 PM 102    1948  91      2       99
  MINIMUM         75    532 AM  59    1889  71      4       78
  AVERAGE         84                        81      3       89

PRECIPITATION (IN)
  YESTERDAY        0.38          3.82 1992   0.20   0.18     0.00
  MONTH TO DATE    2.68                      4.95  -2.27     6.28
  SINCE JUN 1      2.68                      4.95  -2.27     6.28
  SINCE JAN 1     26.43                     21.21   5.22    28.95

DEGREE DAYS
 HEATING
  YESTERDAY        0                         0      0        0
  MONTH TO DATE    0                         0      0        0
  SINCE JUN 1      0                         0      0        0
  SINCE JUL 1   1023                      1812   -789     1215

 COOLING
  YESTERDAY       19                        16      3       24
  MONTH TO DATE  375                       363     12      428
  SINCE JUN 1    375                       363     12      428
  SINCE JAN 1   1049                       766    283      956
..................................................................


WIND (MPH)
  HIGHEST WIND SPEED    23   HIGHEST WIND DIRECTION     W (290)
  HIGHEST GUST SPEED    31   HIGHEST GUST DIRECTION     W (290)
  AVERAGE WIND SPEED     3.8


SKY COVER
  POSSIBLE SUNSHINE  MM
  AVERAGE SKY COVER 0.6


WEATHER CONDITIONS
 THE FOLLOWING WEATHER WAS RECORDED YESTERDAY.
  THUNDERSTORM
  RAIN
  LIGHT RAIN
  FOG


RELATIVE HUMIDITY (PERCENT)
 HIGHEST    94           600 AM
 LOWEST     52          1200 PM
 AVERAGE    73

..........................................................


THE SAVANNAH GA CLIMATE NORMALS FOR TODAY
                         NORMAL    RECORD    YEAR
 MAXIMUM TEMPERATURE (F)   91       103      1952
 MINIMUM TEMPERATURE (F)   72        63      1979
                                             1940


SUNRISE AND SUNSET
JUNE 26 2017..........SUNRISE   620 AM EDT   SUNSET   835 PM EDT
JUNE 27 2017..........SUNRISE   621 AM EDT   SUNSET   835 PM EDT


-  INDICATES NEGATIVE NUMBERS.
R  INDICATES RECORD WAS SET OR TIED.
MM INDICATES DATA IS MISSING.
T  INDICATES TRACE AMOUNT.




$$
