000
CDUS42 KCHS 220526
CLISAV


CLIMATE REPORT
NATIONAL WEATHER SERVICE CHARLESTON SC
126 AM EDT TUE JUL 22 2014


...................................

...THE SAVANNAH GA CLIMATE SUMMARY FOR JULY 21 2014...

CLIMATE NORMAL PERIOD 1981 TO 2010
CLIMATE RECORD PERIOD 1871 TO 2014


WEATHER ITEM   OBSERVED TIME   RECORD YEAR NORMAL DEPARTURE LAST
                VALUE   (LST)  VALUE       VALUE  FROM      YEAR
                                                  NORMAL
..................................................................
TEMPERATURE (F)
 YESTERDAY
  MAXIMUM         90    114 PM 103    1942  93     -3       87
  MINIMUM         74   1159 PM  64    1910  73      1       73
  AVERAGE         82                        83     -1       80

PRECIPITATION (IN)
  YESTERDAY        0.34          1.87 1991   0.18   0.16     0.84
  MONTH TO DATE    1.89                      3.61  -1.72     7.59
  SINCE JUN 1     13.53                      9.56   3.97    15.87
  SINCE JAN 1     29.32                     25.82   3.50    35.41

DEGREE DAYS
 HEATING
  YESTERDAY        0                         0      0        0
  MONTH TO DATE    0                         0      0        0
  SINCE JUN 1      0                         0      0        0
  SINCE JUL 1      0                         0      0        0

 COOLING
  YESTERDAY       17                        18     -1       15
  MONTH TO DATE  368                       370     -2      337
  SINCE JUN 1    859                       816     43      805
  SINCE JAN 1   1348                      1219    129     1163
..................................................................


WIND (MPH)
  HIGHEST WIND SPEED    23   HIGHEST WIND DIRECTION     E (70)
  HIGHEST GUST SPEED    26   HIGHEST GUST DIRECTION    NE (60)
  AVERAGE WIND SPEED     3.3


SKY COVER
  POSSIBLE SUNSHINE  MM
  AVERAGE SKY COVER 0.8


WEATHER CONDITIONS
 THE FOLLOWING WEATHER WAS RECORDED YESTERDAY.
  THUNDERSTORM
  HEAVY RAIN
  LIGHT RAIN
  FOG


RELATIVE HUMIDITY (PERCENT)
 HIGHEST    94           200 AM
 LOWEST     59           200 PM
 AVERAGE    77

..........................................................


THE SAVANNAH GA CLIMATE NORMALS FOR TODAY
                         NORMAL    RECORD    YEAR
 MAXIMUM TEMPERATURE (F)   93       103      1977
 MINIMUM TEMPERATURE (F)   73        62      1929


SUNRISE AND SUNSET
JULY 22 2014..........SUNRISE   633 AM EDT   SUNSET   829 PM EDT
JULY 23 2014..........SUNRISE   634 AM EDT   SUNSET   828 PM EDT


-  INDICATES NEGATIVE NUMBERS.
R  INDICATES RECORD WAS SET OR TIED.
MM INDICATES DATA IS MISSING.
T  INDICATES TRACE AMOUNT.




$$
