000
CDUS42 KCHS 210529
CLISAV


CLIMATE REPORT
NATIONAL WEATHER SERVICE CHARLESTON SC
129 AM EDT THU AUG 21 2014


...................................

...THE SAVANNAH GA CLIMATE SUMMARY FOR AUGUST 20 2014...

CLIMATE NORMAL PERIOD 1981 TO 2010
CLIMATE RECORD PERIOD 1871 TO 2014


WEATHER ITEM   OBSERVED TIME   RECORD YEAR NORMAL DEPARTURE LAST
                VALUE   (LST)  VALUE       VALUE  FROM      YEAR
                                                  NORMAL
..................................................................
TEMPERATURE (F)
 YESTERDAY
  MAXIMUM         96    428 PM 102    1900  90      6       92
  MINIMUM         73    635 AM  65    1961  72      1       73
                                      1948
  AVERAGE         85                        81      4       83

PRECIPITATION (IN)
  YESTERDAY        0.00          3.45 1932   0.22  -0.22     0.05
  MONTH TO DATE    3.41                      4.27  -0.86     5.63
  SINCE JUN 1     19.27                     15.82   3.45    26.23
  SINCE JAN 1     35.06                     32.08   2.98    45.77

DEGREE DAYS
 HEATING
  YESTERDAY        0                         0      0        0
  MONTH TO DATE    0                         0      0        0
  SINCE JUN 1      0                         0      0        0
  SINCE JUL 1      0                         0      0        0

 COOLING
  YESTERDAY       20                        16      4       18
  MONTH TO DATE  372                       338     34      347
  SINCE JUN 1   1426                      1330     96     1321
  SINCE JAN 1   1915                      1733    182     1679
..................................................................


WIND (MPH)
  HIGHEST WIND SPEED    16   HIGHEST WIND DIRECTION    NW (300)
  HIGHEST GUST SPEED    21   HIGHEST GUST DIRECTION     W (280)
  AVERAGE WIND SPEED     6.7


SKY COVER
  POSSIBLE SUNSHINE  MM
  AVERAGE SKY COVER 0.4


WEATHER CONDITIONS
 THE FOLLOWING WEATHER WAS RECORDED YESTERDAY.
  NO SIGNIFICANT WEATHER WAS OBSERVED.


RELATIVE HUMIDITY (PERCENT)
 HIGHEST    87           100 AM
 LOWEST     43           300 PM
 AVERAGE    65

..........................................................


THE SAVANNAH GA CLIMATE NORMALS FOR TODAY
                         NORMAL    RECORD    YEAR
 MAXIMUM TEMPERATURE (F)   90       101      1902
 MINIMUM TEMPERATURE (F)   72        62      1961


SUNRISE AND SUNSET
AUGUST 21 2014........SUNRISE   653 AM EDT   SUNSET   802 PM EDT
AUGUST 22 2014........SUNRISE   654 AM EDT   SUNSET   801 PM EDT


-  INDICATES NEGATIVE NUMBERS.
R  INDICATES RECORD WAS SET OR TIED.
MM INDICATES DATA IS MISSING.
T  INDICATES TRACE AMOUNT.




$$
