000
CDUS42 KCHS 250603
CLISAV


CLIMATE REPORT
NATIONAL WEATHER SERVICE CHARLESTON SC
103 AM EST SUN FEB 25 2018


...................................

...THE SAVANNAH GA CLIMATE SUMMARY FOR FEBRUARY 24 2018...

CLIMATE NORMAL PERIOD 1981 TO 2010
CLIMATE RECORD PERIOD 1871 TO 2018


WEATHER ITEM   OBSERVED TIME   RECORD YEAR NORMAL DEPARTURE LAST
                VALUE   (LST)  VALUE       VALUE  FROM      YEAR
                                                  NORMAL
..................................................................
TEMPERATURE (F)
 YESTERDAY
  MAXIMUM         84    213 PM  86    2012  66     18       81
  MINIMUM         59    718 AM  25    1989  43     16       58
  AVERAGE         72                        55     17       70

PRECIPITATION (IN)
  YESTERDAY        0.00          1.80 1963   0.10  -0.10     0.00
  MONTH TO DATE    1.70                      2.39  -0.69     2.22
  SINCE DEC 1      5.12                      9.03  -3.91    13.12
  SINCE JAN 1      2.77                      6.08  -3.31     8.83

SNOWFALL (IN)
  YESTERDAY        0.0                       0.0    0.0
  SINCE DEC 1      1.2                       0.3    0.9
  SINCE JUL 1      1.2                       0.3    0.9

DEGREE DAYS
 HEATING
  YESTERDAY        0                        11    -11        0
  MONTH TO DATE  102                       303   -201      113
  SINCE DEC 1   1041                      1210   -169      614
  SINCE JUL 1   1265                      1477   -212      795

 COOLING
  YESTERDAY        7                         0      7        5
  MONTH TO DATE   69                         0     69       23
  SINCE DEC 1     81                        12     69       56
  SINCE JAN 1     72                         3     69       46
..................................................................


WIND (MPH)
  HIGHEST WIND SPEED    18   HIGHEST WIND DIRECTION     S (180)
  HIGHEST GUST SPEED    22   HIGHEST GUST DIRECTION    SW (210)
  AVERAGE WIND SPEED     7.8


SKY COVER
  POSSIBLE SUNSHINE  MM
  AVERAGE SKY COVER 0.3


WEATHER CONDITIONS
 THE FOLLOWING WEATHER WAS RECORDED YESTERDAY.
  FOG
  FOG W/VISIBILITY <= 1/4 MILE


RELATIVE HUMIDITY (PERCENT)
 HIGHEST   100          1200 AM
 LOWEST     49           200 PM
 AVERAGE    75

..........................................................


THE SAVANNAH GA CLIMATE NORMALS FOR TODAY
                         NORMAL    RECORD    YEAR
 MAXIMUM TEMPERATURE (F)   67        82      1985
                                             1930
 MINIMUM TEMPERATURE (F)   44        19      1967


SUNRISE AND SUNSET
FEBRUARY 25 2018......SUNRISE   657 AM EST   SUNSET   619 PM EST
FEBRUARY 26 2018......SUNRISE   656 AM EST   SUNSET   620 PM EST


-  INDICATES NEGATIVE NUMBERS.
R  INDICATES RECORD WAS SET OR TIED.
MM INDICATES DATA IS MISSING.
T  INDICATES TRACE AMOUNT.




$$
