000
CDUS42 KCHS 230604
CLISAV


CLIMATE REPORT
NATIONAL WEATHER SERVICE CHARLESTON SC
204 AM EDT SAT MAY 23 2015


...................................

...THE SAVANNAH GA CLIMATE SUMMARY FOR MAY 22 2015...

CLIMATE NORMAL PERIOD 1981 TO 2010
CLIMATE RECORD PERIOD 1871 TO 2015


WEATHER ITEM   OBSERVED TIME   RECORD YEAR NORMAL DEPARTURE LAST
                VALUE   (LST)  VALUE       VALUE  FROM      YEAR
                                                  NORMAL
..................................................................
TEMPERATURE (F)
 YESTERDAY
  MAXIMUM         81    200 PM  99    1938  86     -5       93
  MINIMUM         63   1159 PM  49    1981  64     -1       66
  AVERAGE         72                        75     -3       80

PRECIPITATION (IN)
  YESTERDAY        0.00          2.10 1967   0.10  -0.10     0.00
  MONTH TO DATE    1.17                      1.89  -0.72     2.73
  SINCE MAR 1      9.71                      8.69   1.02    10.93
  SINCE JAN 1     17.27                     15.17   2.10    15.04

DEGREE DAYS
 HEATING
  YESTERDAY        0                         0      0        0
  MONTH TO DATE    2                         6     -4        0
  SINCE MAR 1    158                       292   -134      301
  SINCE JUL 1   1693                      1809   -116     1682

 COOLING
  YESTERDAY        7                        10     -3       15
  MONTH TO DATE  195                       166     29      195
  SINCE MAR 1    432                       292    140      345
  SINCE JAN 1    437                       302    135      363
..................................................................


WIND (MPH)
  HIGHEST WIND SPEED    14   HIGHEST WIND DIRECTION    NE (60)
  HIGHEST GUST SPEED    21   HIGHEST GUST DIRECTION    NE (50)
  AVERAGE WIND SPEED     7.2


SKY COVER
  POSSIBLE SUNSHINE  MM
  AVERAGE SKY COVER 0.5


WEATHER CONDITIONS
 THE FOLLOWING WEATHER WAS RECORDED YESTERDAY.
  NO SIGNIFICANT WEATHER WAS OBSERVED.


RELATIVE HUMIDITY (PERCENT)
 HIGHEST    81          1100 PM
 LOWEST     48           400 PM
 AVERAGE    65

..........................................................


THE SAVANNAH GA CLIMATE NORMALS FOR TODAY
                         NORMAL    RECORD    YEAR
 MAXIMUM TEMPERATURE (F)   86        99      2011
 MINIMUM TEMPERATURE (F)   64        50      2002


SUNRISE AND SUNSET
MAY 23 2015...........SUNRISE   623 AM EDT   SUNSET   821 PM EDT
MAY 24 2015...........SUNRISE   622 AM EDT   SUNSET   821 PM EDT


-  INDICATES NEGATIVE NUMBERS.
R  INDICATES RECORD WAS SET OR TIED.
MM INDICATES DATA IS MISSING.
T  INDICATES TRACE AMOUNT.




$$
