000
CDUS42 KCHS 280524
CLISAV


CLIMATE REPORT
NATIONAL WEATHER SERVICE CHARLESTON SC
123 AM EDT SAT MAR 28 2015


...................................

...THE SAVANNAH GA CLIMATE SUMMARY FOR MARCH 27 2015...

CLIMATE NORMAL PERIOD 1981 TO 2010
CLIMATE RECORD PERIOD 1871 TO 2015


WEATHER ITEM   OBSERVED TIME   RECORD YEAR NORMAL DEPARTURE LAST
                VALUE   (LST)  VALUE       VALUE  FROM      YEAR
                                                  NORMAL
..................................................................
TEMPERATURE (F)
 YESTERDAY
  MAXIMUM         74   1245 PM  86    2011  73      1       68
                                      1994
  MINIMUM         49   1107 PM  26    1955  50     -1       36
  AVERAGE         62                        62      0       52

PRECIPITATION (IN)
  YESTERDAY        0.18          2.57 2005   0.13   0.05     0.00
  MONTH TO DATE    1.99                      3.23  -1.24     2.43
  SINCE MAR 1      1.99                      3.23  -1.24     2.43
  SINCE JAN 1      9.55                      9.71  -0.16     6.54

SNOWFALL (IN)
  YESTERDAY       MM                         0.0   MM
  SINCE MAR 1      0.0                       0.0    0.0
  SINCE JUL 1      0.0                       0.3   -0.3

DEGREE DAYS
 HEATING
  YESTERDAY        3                         5     -2       13
  MONTH TO DATE  102                       192    -90      253
  SINCE MAR 1    102                       192    -90      253
  SINCE JUL 1   1637                      1709    -72     1634

 COOLING
  YESTERDAY        0                         1     -1        0
  MONTH TO DATE   58                        27     31        6
  SINCE MAR 1     58                        27     31        6
  SINCE JAN 1     63                        37     26       24
..................................................................


WIND (MPH)
  HIGHEST WIND SPEED    23   HIGHEST WIND DIRECTION     W (280)
  HIGHEST GUST SPEED    28   HIGHEST GUST DIRECTION     W (270)
  AVERAGE WIND SPEED    10.7


SKY COVER
  POSSIBLE SUNSHINE  MM
  AVERAGE SKY COVER 0.7


WEATHER CONDITIONS
 THE FOLLOWING WEATHER WAS RECORDED YESTERDAY.
  THUNDERSTORM
  RAIN
  LIGHT RAIN
  FOG


RELATIVE HUMIDITY (PERCENT)
 HIGHEST    93           300 AM
 LOWEST     46           700 PM
 AVERAGE    70

..........................................................


THE SAVANNAH GA CLIMATE NORMALS FOR TODAY
                         NORMAL    RECORD    YEAR
 MAXIMUM TEMPERATURE (F)   74        89      1907
 MINIMUM TEMPERATURE (F)   50        33      1955


SUNRISE AND SUNSET
MARCH 28 2015.........SUNRISE   719 AM EDT   SUNSET   742 PM EDT
MARCH 29 2015.........SUNRISE   717 AM EDT   SUNSET   742 PM EDT


-  INDICATES NEGATIVE NUMBERS.
R  INDICATES RECORD WAS SET OR TIED.
MM INDICATES DATA IS MISSING.
T  INDICATES TRACE AMOUNT.

$$
