427
CDUS42 KCHS 290607
CLISAV


CLIMATE REPORT
NATIONAL WEATHER SERVICE CHARLESTON SC
207 AM EDT SAT APR 29 2017


...................................

...THE SAVANNAH GA CLIMATE SUMMARY FOR APRIL 28 2017...

CLIMATE NORMAL PERIOD 1981 TO 2010
CLIMATE RECORD PERIOD 1871 TO 2017


WEATHER ITEM   OBSERVED TIME   RECORD YEAR NORMAL DEPARTURE LAST
                VALUE   (LST)  VALUE       VALUE  FROM      YEAR
                                                  NORMAL
..................................................................
TEMPERATURE (F)
 YESTERDAY
  MAXIMUM         92    119 PM  93    1942  81     11       88
  MINIMUM         67    614 AM  42    1898  57     10       69
  AVERAGE         80                        68     12       79

PRECIPITATION (IN)
  YESTERDAY        0.00          1.91 1997   0.08  -0.08      T
  MONTH TO DATE    2.88                      2.89  -0.01     2.26
  SINCE MAR 1      3.38                      6.62  -3.24     7.27
  SINCE JAN 1     12.21                     13.10  -0.89    13.68

SNOWFALL (IN)
  YESTERDAY        0.0                       0.0    0.0
  SINCE MAR 1      0.0                       T      0.0
  SINCE JUL 1      0.0                       0.3   -0.3

DEGREE DAYS
 HEATING
  YESTERDAY        0                         1     -1        0
  MONTH TO DATE   19                        74    -55       42
  SINCE MAR 1    212                       284    -72      142
  SINCE JUL 1   1022                      1801   -779     1211

 COOLING
  YESTERDAY       15                         5     10       14
  MONTH TO DATE  175                        84     91       81
  SINCE MAR 1    250                       116    134      187
  SINCE JAN 1    308                       126    182      208
..................................................................


WIND (MPH)
  HIGHEST WIND SPEED    17   HIGHEST WIND DIRECTION     S (170)
  HIGHEST GUST SPEED    21   HIGHEST GUST DIRECTION     S (170)
  AVERAGE WIND SPEED     8.2


SKY COVER
  POSSIBLE SUNSHINE  MM
  AVERAGE SKY COVER 0.2


WEATHER CONDITIONS
 THE FOLLOWING WEATHER WAS RECORDED YESTERDAY.
  FOG


RELATIVE HUMIDITY (PERCENT)
 HIGHEST    90           200 AM
 LOWEST     41          1200 PM
 AVERAGE    66

..........................................................


THE SAVANNAH GA CLIMATE NORMALS FOR TODAY
                         NORMAL    RECORD    YEAR
 MAXIMUM TEMPERATURE (F)   81        93      2016
                                             2002
 MINIMUM TEMPERATURE (F)   57        39      1967


SUNRISE AND SUNSET
APRIL 29 2017.........SUNRISE   640 AM EDT   SUNSET   804 PM EDT
APRIL 30 2017.........SUNRISE   639 AM EDT   SUNSET   805 PM EDT


-  INDICATES NEGATIVE NUMBERS.
R  INDICATES RECORD WAS SET OR TIED.
MM INDICATES DATA IS MISSING.
T  INDICATES TRACE AMOUNT.




$$
