782
CDUS42 KCHS 230603
CLISAV


CLIMATE REPORT
NATIONAL WEATHER SERVICE CHARLESTON SC
203 AM EDT SAT SEP 23 2017


...................................

...THE SAVANNAH GA CLIMATE SUMMARY FOR SEPTEMBER 22 2017...

CLIMATE NORMAL PERIOD 1981 TO 2010
CLIMATE RECORD PERIOD 1871 TO 2017


WEATHER ITEM   OBSERVED TIME   RECORD YEAR NORMAL DEPARTURE LAST
                VALUE   (LST)  VALUE       VALUE  FROM      YEAR
                                                  NORMAL
..................................................................
TEMPERATURE (F)
 YESTERDAY
  MAXIMUM         90    145 PM 100    1925  85      5       82
  MINIMUM         69    606 AM  46    1897  66      3       72
  AVERAGE         80                        75      5       77

PRECIPITATION (IN)
  YESTERDAY        0.00          2.30 1897   0.13  -0.13     0.01
  MONTH TO DATE    5.13                      3.49   1.64     3.61
  SINCE SEP 1      5.13                      3.49   1.64     3.61
  SINCE JAN 1     47.49                     37.86   9.63    37.98

DEGREE DAYS
 HEATING
  YESTERDAY        0                         0      0        0
  MONTH TO DATE    0                         0      0        0
  SINCE SEP 1      0                         0      0        0
  SINCE JUL 1      0                         0      0        0

 COOLING
  YESTERDAY       15                        10      5       12
  MONTH TO DATE  296                       285     11      326
  SINCE SEP 1    296                       285     11      326
  SINCE JAN 1   2556                      2192    364     2636
..................................................................


WIND (MPH)
  HIGHEST WIND SPEED    13   HIGHEST WIND DIRECTION     E (100)
  HIGHEST GUST SPEED    18   HIGHEST GUST DIRECTION     E (100)
  AVERAGE WIND SPEED     4.7


SKY COVER
  POSSIBLE SUNSHINE  MM
  AVERAGE SKY COVER 0.3


WEATHER CONDITIONS
 THE FOLLOWING WEATHER WAS RECORDED YESTERDAY.
  FOG


RELATIVE HUMIDITY (PERCENT)
 HIGHEST   100           200 AM
 LOWEST     52           100 PM
 AVERAGE    76

..........................................................


THE SAVANNAH GA CLIMATE NORMALS FOR TODAY
                         NORMAL    RECORD    YEAR
 MAXIMUM TEMPERATURE (F)   84        94      1980
                                             1900
 MINIMUM TEMPERATURE (F)   66        49      1983


SUNRISE AND SUNSET
SEPTEMBER 23 2017.....SUNRISE   714 AM EDT   SUNSET   720 PM EDT
SEPTEMBER 24 2017.....SUNRISE   714 AM EDT   SUNSET   718 PM EDT


-  INDICATES NEGATIVE NUMBERS.
R  INDICATES RECORD WAS SET OR TIED.
MM INDICATES DATA IS MISSING.
T  INDICATES TRACE AMOUNT.




$$
