000
CDUS46 KLOX 280912
CLISBA


CLIMATE REPORT
NATIONAL WEATHER SERVICE LOS ANGELES/OXNARD CA
212 AM PDT SUN AUG 28 2016


...................................

...THE SANTA BARBARA AIRPORT CA CLIMATE SUMMARY FOR AUGUST 27 2016...

CLIMATE NORMAL PERIOD 1981 TO 2010
CLIMATE RECORD PERIOD 1940 TO 2016


WEATHER ITEM   OBSERVED TIME   RECORD YEAR NORMAL DEPARTURE LAST
                VALUE   (LST)  VALUE       VALUE  FROM      YEAR
                                                  NORMAL
..................................................................
TEMPERATURE (F)
 YESTERDAY
  MAXIMUM         70    307 PM  98    1971  75     -5       86
  MINIMUM         56   1137 PM  48    1975  57     -1       65
  AVERAGE         63                        66     -3       76

PRECIPITATION (IN)
  YESTERDAY        0.00          T    1972   0.00   0.00     0.00
  MONTH TO DATE    0.00                      0.10  -0.10      T
  SINCE OCT 1     10.21                     17.48  -7.27     9.63
  SINCE JAN 1      9.33                     12.18  -2.85     3.34

SNOWFALL (IN)
  YESTERDAY        0.0
  MONTH TO DATE    0.0
  SINCE JUN 1      0.0
  SINCE JUL 1      0.0

DEGREE DAYS
 HEATING
  YESTERDAY        2                         1      1        0
  MONTH TO DATE    7                        27    -20        0
  SINCE JUN 1     94                       144    -50       30
  SINCE JUL 1     22                        54    -32        0

 COOLING
  YESTERDAY        0                         2     -2       11
  MONTH TO DATE   35                        54    -19      151
  SINCE JUN 1    124                       112     12      295
  SINCE JAN 1    134                       126      8      333
..................................................................


WIND (MPH)
  HIGHEST WIND SPEED    16   HIGHEST WIND DIRECTION     W (270)
  HIGHEST GUST SPEED    MM   HIGHEST GUST DIRECTION    MM
  AVERAGE WIND SPEED     5.7


SKY COVER
  POSSIBLE SUNSHINE  MM
  AVERAGE SKY COVER 0.5


WEATHER CONDITIONS
 THE FOLLOWING WEATHER WAS RECORDED YESTERDAY.
  NO SIGNIFICANT WEATHER WAS OBSERVED.


RELATIVE HUMIDITY (PERCENT)
 HIGHEST   100           500 AM
 LOWEST     68           500 PM
 AVERAGE    84

..........................................................


THE SANTA BARBARA AIRPORT CA CLIMATE NORMALS FOR TODAY
                         NORMAL    RECORD    YEAR
 MAXIMUM TEMPERATURE (F)   75        92      1971
 MINIMUM TEMPERATURE (F)   57        49      1942


SUNRISE AND SUNSET
AUGUST 28 2016........SUNRISE   630 AM PDT   SUNSET   730 PM PDT
AUGUST 29 2016........SUNRISE   631 AM PDT   SUNSET   729 PM PDT


-  INDICATES NEGATIVE NUMBERS.
R  INDICATES RECORD WAS SET OR TIED.
MM INDICATES DATA IS MISSING.
T  INDICATES TRACE AMOUNT.




$$
