000
CDUS46 KLOX 160130
CLISBA


CLIMATE REPORT
NATIONAL WEATHER SERVICE LOS ANGELES/OXNARD CA
530 PM PST FRI DEC 15 2017


...................................

...THE SANTA BARBARA AIRPORT CA CLIMATE SUMMARY FOR DECEMBER 15 2017...
VALID TODAY AS OF 0500 PM LOCAL TIME.

CLIMATE NORMAL PERIOD 1981 TO 2010
CLIMATE RECORD PERIOD 1940 TO 2017


WEATHER ITEM   OBSERVED TIME   RECORD YEAR NORMAL DEPARTURE LAST
                VALUE   (LST)  VALUE       VALUE  FROM      YEAR
                                                  NORMAL
..................................................................
TEMPERATURE (F)
 TODAY
  MAXIMUM         76    105 PM  82    1942  63     13       61
  MINIMUM         35    551 AM  27    1967  40     -5       51
  AVERAGE         56                        52      4       56

PRECIPITATION (IN)
  TODAY            0.00          1.27 2008   0.09  -0.09     1.12
  MONTH TO DATE    0.00                      1.13  -1.13     1.16
  SINCE OCT 1      0.07                      3.49  -3.42     2.78
  SINCE JAN 1     19.76                     15.95   3.81    12.12

SNOWFALL (IN)
  TODAY            0.0
  MONTH TO DATE    0.0
  SINCE DEC 1      0.0
  SINCE JUL 1      0.0

DEGREE DAYS
 HEATING
  TODAY            9                        13     -4        9
  MONTH TO DATE  162                       189    -27      158
  SINCE DEC 1    162                       189    -27      158
  SINCE JUL 1    413                       667   -254      487

 COOLING
  TODAY            0                         0      0        0
  MONTH TO DATE    0                         0      0        0
  SINCE DEC 1      0                         0      0        0
  SINCE JAN 1    385                       188    197      259
..................................................................


WIND (MPH)
  HIGHEST WIND SPEED    10   HIGHEST WIND DIRECTION     W (260)
  HIGHEST GUST SPEED    13   HIGHEST GUST DIRECTION     W (260)
  AVERAGE WIND SPEED     2.2


SKY COVER
  POSSIBLE SUNSHINE  MM
  AVERAGE SKY COVER 0.0


WEATHER CONDITIONS
 THE FOLLOWING WEATHER WAS RECORDED TODAY.
  HAZE


RELATIVE HUMIDITY (PERCENT)
 HIGHEST    75           300 AM
 LOWEST     15           100 PM
 AVERAGE    45

..........................................................


THE SANTA BARBARA AIRPORT CA CLIMATE NORMALS FOR TOMORROW
                         NORMAL    RECORD    YEAR
 MAXIMUM TEMPERATURE (F)   63        82      2013
                                             1980
 MINIMUM TEMPERATURE (F)   40        28      2003
                                             1975


SUNRISE AND SUNSET
DECEMBER 15 2017......SUNRISE   659 AM PST   SUNSET   451 PM PST
DECEMBER 16 2017......SUNRISE   659 AM PST   SUNSET   451 PM PST


-  INDICATES NEGATIVE NUMBERS.
R  INDICATES RECORD WAS SET OR TIED.
MM INDICATES DATA IS MISSING.
T  INDICATES TRACE AMOUNT.




$$
