000
CDUS46 KLOX 280912
CLISBA


CLIMATE REPORT
NATIONAL WEATHER SERVICE LOS ANGELES/OXNARD CA
212 AM PDT TUE JUL 28 2015


...................................

...THE SANTA BARBARA AIRPORT CA CLIMATE SUMMARY FOR JULY 27 2015...

CLIMATE NORMAL PERIOD 1981 TO 2010
CLIMATE RECORD PERIOD 1940 TO 2015


WEATHER ITEM   OBSERVED TIME   RECORD YEAR NORMAL DEPARTURE LAST
                VALUE   (LST)  VALUE       VALUE  FROM      YEAR
                                                  NORMAL
..................................................................
TEMPERATURE (F)
 YESTERDAY
  MAXIMUM         75    332 PM  97    1947  74      1       75
  MINIMUM         60   1157 PM  48    2012  58      2       62
  AVERAGE         68                        66      2       69

PRECIPITATION (IN)
  YESTERDAY        0.00          T    1993   0.00   0.00     0.00
  MONTH TO DATE    0.01                      0.03  -0.02     0.01
  SINCE OCT 1      9.63                     17.38  -7.75     6.50
  SINCE JAN 1      3.34                     12.08  -8.74     5.21

SNOWFALL (IN)
  YESTERDAY        0.0
  MONTH TO DATE    0.0
  SINCE JUN 1      0.0
  SINCE JUL 1      0.0

DEGREE DAYS
 HEATING
  YESTERDAY        0                         1     -1        0
  MONTH TO DATE    0                        27    -27        0
  SINCE JUN 1     30                       117    -87       52
  SINCE JUL 1      0                        27    -27        0

 COOLING
  YESTERDAY        3                         2      1        4
  MONTH TO DATE  103                        42     61      121
  SINCE JUN 1    127                        56     71      143
  SINCE JAN 1    165                        70     95      211
..................................................................


WIND (MPH)
  HIGHEST WIND SPEED    14   HIGHEST WIND DIRECTION     W (260)
  HIGHEST GUST SPEED    20   HIGHEST GUST DIRECTION     W (260)
  AVERAGE WIND SPEED     6.1


SKY COVER
  POSSIBLE SUNSHINE  MM
  AVERAGE SKY COVER 0.2


WEATHER CONDITIONS
 THE FOLLOWING WEATHER WAS RECORDED YESTERDAY.
  HAZE


RELATIVE HUMIDITY (PERCENT)
 HIGHEST    90           500 AM
 LOWEST     60          1200 PM
 AVERAGE    75

..........................................................


THE SANTA BARBARA AIRPORT CA CLIMATE NORMALS FOR TODAY
                         NORMAL    RECORD    YEAR
 MAXIMUM TEMPERATURE (F)   74        86      1947
 MINIMUM TEMPERATURE (F)   58        49      2010
                                             1949


SUNRISE AND SUNSET
JULY 28 2015..........SUNRISE   607 AM PDT   SUNSET   804 PM PDT
JULY 29 2015..........SUNRISE   608 AM PDT   SUNSET   804 PM PDT


-  INDICATES NEGATIVE NUMBERS.
R  INDICATES RECORD WAS SET OR TIED.
MM INDICATES DATA IS MISSING.
T  INDICATES TRACE AMOUNT.




$$
