000
CDUS46 KLOX 060909
CLISBA


CLIMATE REPORT
NATIONAL WEATHER SERVICE LOS ANGELES/OXNARD CA
209 AM PDT FRI MAY 6 2016


...................................

...THE SANTA BARBARA AIRPORT CA CLIMATE SUMMARY FOR MAY 5 2016...

CLIMATE NORMAL PERIOD 1981 TO 2010
CLIMATE RECORD PERIOD 1940 TO 2016


WEATHER ITEM   OBSERVED TIME   RECORD YEAR NORMAL DEPARTURE LAST
                VALUE   (LST)  VALUE       VALUE  FROM      YEAR
                                                  NORMAL
..................................................................
TEMPERATURE (F)
 YESTERDAY
  MAXIMUM         68    227 PM  89    1953  69     -1       67
  MINIMUM         50    546 AM  39    1975  50      0       50
  AVERAGE         59                        60     -1       59

PRECIPITATION (IN)
  YESTERDAY        T             0.67 1998   0.01  -0.01     0.00
  MONTH TO DATE    T                         0.10  -0.10     0.00
  SINCE OCT 1     10.19                     17.04  -6.85     9.00
  SINCE JAN 1      9.31                     11.74  -2.43     2.71

SNOWFALL (IN)
  YESTERDAY        0.0
  MONTH TO DATE    0.0
  SINCE MAR 1      0.0
  SINCE JUL 1      0.0

DEGREE DAYS
 HEATING
  YESTERDAY        6                         6      0        6
  MONTH TO DATE   30                        30      0       32
  SINCE MAR 1    346                       554   -208      296
  SINCE JUL 1   1409                      2155   -746     1121

 COOLING
  YESTERDAY        0                         0      0        0
  MONTH TO DATE    0                         0      0        0
  SINCE MAR 1      8                         7      1       38
  SINCE JAN 1     10                         7      3       38
..................................................................


WIND (MPH)
  HIGHEST WIND SPEED    10   HIGHEST WIND DIRECTION     W (260)
  HIGHEST GUST SPEED    14   HIGHEST GUST DIRECTION    SW (240)
  AVERAGE WIND SPEED     4.7


SKY COVER
  POSSIBLE SUNSHINE  MM
  AVERAGE SKY COVER 0.6


WEATHER CONDITIONS
 THE FOLLOWING WEATHER WAS RECORDED YESTERDAY.
  LIGHT RAIN


RELATIVE HUMIDITY (PERCENT)
 HIGHEST    96           400 AM
 LOWEST     56          1100 AM
 AVERAGE    76

..........................................................


THE SANTA BARBARA AIRPORT CA CLIMATE NORMALS FOR TODAY
                         NORMAL    RECORD    YEAR
 MAXIMUM TEMPERATURE (F)   69       100      2009
 MINIMUM TEMPERATURE (F)   51        40      1975


SUNRISE AND SUNSET
MAY  6 2016...........SUNRISE   604 AM PDT   SUNSET   748 PM PDT
MAY  7 2016...........SUNRISE   603 AM PDT   SUNSET   749 PM PDT


-  INDICATES NEGATIVE NUMBERS.
R  INDICATES RECORD WAS SET OR TIED.
MM INDICATES DATA IS MISSING.
T  INDICATES TRACE AMOUNT.




$$
