000
CDUS46 KLOX 160906
CLISBA


CLIMATE REPORT
NATIONAL WEATHER SERVICE LOS ANGELES/OXNARD CA
206 AM PDT WED AUG 16 2017


...................................

...THE SANTA BARBARA AIRPORT CA CLIMATE SUMMARY FOR AUGUST 15 2017...

CLIMATE NORMAL PERIOD 1981 TO 2010
CLIMATE RECORD PERIOD 1940 TO 2017


WEATHER ITEM   OBSERVED TIME   RECORD YEAR NORMAL DEPARTURE LAST
                VALUE   (LST)  VALUE       VALUE  FROM      YEAR
                                                  NORMAL
..................................................................
TEMPERATURE (F)
 YESTERDAY
  MAXIMUM         75    221 PM  85    1992  74      1       78
  MINIMUM         58    118 AM  50    1988  58      0       60
  AVERAGE         67                        66      1       69

PRECIPITATION (IN)
  YESTERDAY        0.00          0.47 1984   0.01  -0.01     0.00
  MONTH TO DATE    0.01                      0.05  -0.04     0.00
  SINCE OCT 1     24.28                     17.43   6.85    10.21
  SINCE JAN 1     19.47                     12.13   7.34     9.33

SNOWFALL (IN)
  YESTERDAY        0.0
  MONTH TO DATE    0.0
  SINCE JUN 1      0.0
  SINCE JUL 1      0.0

DEGREE DAYS
 HEATING
  YESTERDAY        0                         1     -1        0
  MONTH TO DATE    0                        15    -15        0
  SINCE JUN 1     50                       132    -82       87
  SINCE JUL 1     11                        42    -31       15

 COOLING
  YESTERDAY        2                         2      0        4
  MONTH TO DATE   61                        30     31       25
  SINCE JUN 1    148                        88     60      114
  SINCE JAN 1    175                       102     73      124
..................................................................


WIND (MPH)
  HIGHEST WIND SPEED    14   HIGHEST WIND DIRECTION     W (260)
  HIGHEST GUST SPEED    17   HIGHEST GUST DIRECTION     W (280)
  AVERAGE WIND SPEED     6.2


SKY COVER
  POSSIBLE SUNSHINE  MM
  AVERAGE SKY COVER 0.6


WEATHER CONDITIONS
 THE FOLLOWING WEATHER WAS RECORDED YESTERDAY.
  NO SIGNIFICANT WEATHER WAS OBSERVED.


RELATIVE HUMIDITY (PERCENT)
 HIGHEST   100           100 AM
 LOWEST     53           400 PM
 AVERAGE    77

..........................................................


THE SANTA BARBARA AIRPORT CA CLIMATE NORMALS FOR TODAY
                         NORMAL    RECORD    YEAR
 MAXIMUM TEMPERATURE (F)   74        84      1962
 MINIMUM TEMPERATURE (F)   58        50      1986


SUNRISE AND SUNSET
AUGUST 16 2017........SUNRISE   621 AM PDT   SUNSET   745 PM PDT
AUGUST 17 2017........SUNRISE   622 AM PDT   SUNSET   744 PM PDT


-  INDICATES NEGATIVE NUMBERS.
R  INDICATES RECORD WAS SET OR TIED.
MM INDICATES DATA IS MISSING.
T  INDICATES TRACE AMOUNT.




$$
