000
CDUS46 KLOX 300857
CLISBA


CLIMATE REPORT
NATIONAL WEATHER SERVICE LOS ANGELES/OXNARD CA
157 AM PDT SAT MAY 30 2015


...................................

...THE SANTA BARBARA AIRPORT CA CLIMATE SUMMARY FOR MAY 29 2015...

CLIMATE NORMAL PERIOD 1981 TO 2010
CLIMATE RECORD PERIOD 1940 TO 2015


WEATHER ITEM   OBSERVED TIME   RECORD YEAR NORMAL DEPARTURE LAST
                VALUE   (LST)  VALUE       VALUE  FROM      YEAR
                                                  NORMAL
..................................................................
TEMPERATURE (F)
 YESTERDAY
  MAXIMUM         66    319 PM  83    2013  69     -3       72
  MINIMUM         56    402 AM  41    1953  52      4       53
  AVERAGE         61                        61      0       63

PRECIPITATION (IN)
  YESTERDAY        0.00          0.07 1948   0.01  -0.01     0.00
  MONTH TO DATE    0.32                      0.33  -0.01      T
  SINCE OCT 1      9.32                     17.27  -7.95     6.49
  SINCE JAN 1      3.03                     11.97  -8.94     5.20

SNOWFALL (IN)
  YESTERDAY        0.0
  MONTH TO DATE    0.0
  SINCE MAR 1      0.0
  SINCE JUL 1      0.0

DEGREE DAYS
 HEATING
  YESTERDAY        4                         4      0        2
  MONTH TO DATE  169                       151     18       51
  SINCE MAR 1    433                       675   -242      376
  SINCE JUL 1   1258                      2276  -1018     1611

 COOLING
  YESTERDAY        0                         0      0        0
  MONTH TO DATE    0                         0      0       52
  SINCE MAR 1     38                         7     31       68
  SINCE JAN 1     38                         7     31       68
..................................................................


WIND (MPH)
  HIGHEST WIND SPEED    15   HIGHEST WIND DIRECTION     W (260)
  HIGHEST GUST SPEED    19   HIGHEST GUST DIRECTION     W (270)
  AVERAGE WIND SPEED     6.6


SKY COVER
  POSSIBLE SUNSHINE  MM
  AVERAGE SKY COVER 0.5


WEATHER CONDITIONS
 THE FOLLOWING WEATHER WAS RECORDED YESTERDAY.
  NO SIGNIFICANT WEATHER WAS OBSERVED.


RELATIVE HUMIDITY (PERCENT)
 HIGHEST    93          1200 AM
 LOWEST     67           500 PM
 AVERAGE    80

..........................................................


THE SANTA BARBARA AIRPORT CA CLIMATE NORMALS FOR TODAY
                         NORMAL    RECORD    YEAR
 MAXIMUM TEMPERATURE (F)   70        82      1943
 MINIMUM TEMPERATURE (F)   52        42      1961


SUNRISE AND SUNSET
MAY 30 2015...........SUNRISE   549 AM PDT   SUNSET   805 PM PDT
MAY 31 2015...........SUNRISE   548 AM PDT   SUNSET   806 PM PDT


-  INDICATES NEGATIVE NUMBERS.
R  INDICATES RECORD WAS SET OR TIED.
MM INDICATES DATA IS MISSING.
T  INDICATES TRACE AMOUNT.




$$
