000
CDUS46 KLOX 230919
CLISBA


CLIMATE REPORT
NATIONAL WEATHER SERVICE LOS ANGELES/OXNARD CA
219 AM PDT THU OCT 23 2014


...................................

...THE SANTA BARBARA AIRPORT CA CLIMATE SUMMARY FOR OCTOBER 22 2014...

CLIMATE NORMAL PERIOD 1981 TO 2010
CLIMATE RECORD PERIOD 1940 TO 2014


WEATHER ITEM   OBSERVED TIME   RECORD YEAR NORMAL DEPARTURE LAST
                VALUE   (LST)  VALUE       VALUE  FROM      YEAR
                                                  NORMAL
..................................................................
TEMPERATURE (F)
 YESTERDAY
  MAXIMUM         79    302 PM  93    1965  72      7       67
  MINIMUM         52    617 AM  40    1949  50      2       55
  AVERAGE         66                        61      5       61

PRECIPITATION (IN)
  YESTERDAY        0.00          1.48 1987   0.03  -0.03     0.00
  MONTH TO DATE    0.00                      0.47  -0.47     0.03
  SINCE JUL 1      0.02                      0.88  -0.86     0.10
  SINCE JAN 1      5.22                     12.93  -7.71     3.45

SNOWFALL (IN)
  YESTERDAY        0.0
  MONTH TO DATE    0.0
  SINCE SEP 1      0.0
  SINCE JUL 1      0.0

DEGREE DAYS
 HEATING
  YESTERDAY        0                         5     -5        4
  MONTH TO DATE    3                        75    -72       81
  SINCE SEP 1      4                       119   -115       95
  SINCE JUL 1      4                       170   -166      125

 COOLING
  YESTERDAY        1                         0      1        0
  MONTH TO DATE   58                        11     47        4
  SINCE SEP 1    191                        55    136       87
  SINCE JAN 1    522                       182    340      285
..................................................................


WIND (MPH)
  HIGHEST WIND SPEED    15   HIGHEST WIND DIRECTION     W (250)
  HIGHEST GUST SPEED    20   HIGHEST GUST DIRECTION     W (250)
  AVERAGE WIND SPEED     3.8


SKY COVER
  POSSIBLE SUNSHINE  MM
  AVERAGE SKY COVER 0.1


WEATHER CONDITIONS
 THE FOLLOWING WEATHER WAS RECORDED YESTERDAY.
  NO SIGNIFICANT WEATHER WAS OBSERVED.


RELATIVE HUMIDITY (PERCENT)
 HIGHEST    93           200 AM
 LOWEST     35           300 PM
 AVERAGE    64

..........................................................


THE SANTA BARBARA AIRPORT CA CLIMATE NORMALS FOR TODAY
                         NORMAL    RECORD    YEAR
 MAXIMUM TEMPERATURE (F)   72        97      1959
 MINIMUM TEMPERATURE (F)   50        40      1975


SUNRISE AND SUNSET
OCTOBER 23 2014.......SUNRISE   712 AM PDT   SUNSET   615 PM PDT
OCTOBER 24 2014.......SUNRISE   712 AM PDT   SUNSET   614 PM PDT


-  INDICATES NEGATIVE NUMBERS.
R  INDICATES RECORD WAS SET OR TIED.
MM INDICATES DATA IS MISSING.
T  INDICATES TRACE AMOUNT.




$$
