000
CDUS46 KLOX 120908
CLISBA


CLIMATE REPORT
NATIONAL WEATHER SERVICE LOS ANGELES/OXNARD CA
107 AM PST FRI FEB 12 2016


...................................

...THE SANTA BARBARA AIRPORT CA CLIMATE SUMMARY FOR FEBRUARY 11 2016...

CLIMATE NORMAL PERIOD 1981 TO 2010
CLIMATE RECORD PERIOD 1940 TO 2016


WEATHER ITEM   OBSERVED TIME   RECORD YEAR NORMAL DEPARTURE LAST
                VALUE   (LST)  VALUE       VALUE  FROM      YEAR
                                                  NORMAL
..................................................................
TEMPERATURE (F)
 YESTERDAY
  MAXIMUM         78   1235 PM  80    1971  64     14       78
  MINIMUM         43    507 AM  31    1999  43      0       45
  AVERAGE         61                        53      8       62

PRECIPITATION (IN)
  YESTERDAY        0.00          1.30 1962   0.13  -0.13     0.00
  MONTH TO DATE    0.00                      1.49  -1.49     0.63
  SINCE OCT 1      6.67                     10.29  -3.62     8.25
  SINCE JAN 1      5.79                      4.99   0.80     1.96

SNOWFALL (IN)
  YESTERDAY        0.0
  MONTH TO DATE    0.0
  SINCE DEC 1      0.0
  SINCE JUL 1      0.0

DEGREE DAYS
 HEATING
  YESTERDAY        4                        12     -8        3
  MONTH TO DATE   91                       132    -41       63
  SINCE DEC 1    731                       938   -207      575
  SINCE JUL 1    973                      1416   -443      708

 COOLING
  YESTERDAY        0                         0      0        0
  MONTH TO DATE    1                         0      1        0
  SINCE DEC 1      1                         0      1        1
  SINCE JAN 1      1                         0      1        0
..................................................................


WIND (MPH)
  HIGHEST WIND SPEED    10   HIGHEST WIND DIRECTION     W (260)
  HIGHEST GUST SPEED    12   HIGHEST GUST DIRECTION    SW (240)
  AVERAGE WIND SPEED     3.0


SKY COVER
  POSSIBLE SUNSHINE  MM
  AVERAGE SKY COVER 0.0


WEATHER CONDITIONS
 THE FOLLOWING WEATHER WAS RECORDED YESTERDAY.
  FOG


RELATIVE HUMIDITY (PERCENT)
 HIGHEST    93           800 PM
 LOWEST     22           100 PM
 AVERAGE    58

..........................................................


THE SANTA BARBARA AIRPORT CA CLIMATE NORMALS FOR TODAY
                         NORMAL    RECORD    YEAR
 MAXIMUM TEMPERATURE (F)   64        83      1943
 MINIMUM TEMPERATURE (F)   43        30      1999


SUNRISE AND SUNSET
FEBRUARY 12 2016......SUNRISE   648 AM PST   SUNSET   540 PM PST
FEBRUARY 13 2016......SUNRISE   647 AM PST   SUNSET   541 PM PST


-  INDICATES NEGATIVE NUMBERS.
R  INDICATES RECORD WAS SET OR TIED.
MM INDICATES DATA IS MISSING.
T  INDICATES TRACE AMOUNT.




$$
