000
CDUS43 KIWX 180020
CLISBN


CLIMATE REPORT
NATIONAL WEATHER SERVICE NORTHERN INDIANA
820 PM EDT THU APR 17 2014


...................................

...THE SOUTH BEND CLIMATE SUMMARY FOR APRIL 17 2014...
VALID AS OF 0800 PM LOCAL TIME.

CLIMATE NORMAL PERIOD 1981 TO 2010
CLIMATE RECORD PERIOD 1893 TO 2014


WEATHER ITEM   OBSERVED TIME   RECORD YEAR NORMAL DEPARTURE LAST
                VALUE   (LST)  VALUE       VALUE  FROM      YEAR
                                                  NORMAL
..................................................................
TEMPERATURE (F)
 TODAY
  MAXIMUM         67    259 PM  85    1977  60      7       53
                                      1896
  MINIMUM         37    610 AM  23    1904  39     -2       44
  AVERAGE         52                        50      2       49

PRECIPITATION (IN)
  TODAY            0.00          1.07 1969   0.11  -0.11     0.77
  MONTH TO DATE    1.41                      1.79  -0.38     3.47
  SINCE MAR 1      3.10                      4.21  -1.11     4.73
  SINCE JAN 1      9.04                      8.45   0.59    12.22

DEGREE DAYS
 HEATING
  TODAY           13                        16     -3       16
  MONTH TO DATE  310                       316     -6      340
  SINCE MAR 1   1386                      1171    215     1354
  SINCE JUL 1   6569                      5860    709     5751

 COOLING
  TODAY            0                         0      0        0
  MONTH TO DATE    2                         0      2        0
  SINCE MAR 1      2                         1      1        0
  SINCE JAN 1      2                         1      1        0
..................................................................


WIND (MPH)
  RESULTANT WIND SPEED  12   RESULTANT WIND DIRECTION   S (190)
  HIGHEST WIND SPEED    23   HIGHEST WIND DIRECTION    SW (230)
  HIGHEST GUST SPEED    31   HIGHEST GUST DIRECTION    SW (230)
  AVERAGE WIND SPEED    14.8


SKY COVER
  POSSIBLE SUNSHINE  MM
  AVERAGE SKY COVER 0.1


WEATHER CONDITIONS
 THE FOLLOWING WEATHER WAS RECORDED TODAY.
  NO SIGNIFICANT WEATHER WAS OBSERVED.


RELATIVE HUMIDITY (PERCENT)
 HIGHEST    59           600 AM
 LOWEST     29           300 PM
 AVERAGE    44

..........................................................


THE SOUTH BEND CLIMATE NORMALS FOR TOMORROW
                         NORMAL    RECORD    YEAR
 MAXIMUM TEMPERATURE (F)   61        87      2004
 MINIMUM TEMPERATURE (F)   40        23      1926


SUNRISE AND SUNSET
APRIL 17 2014.........SUNRISE   702 AM EDT   SUNSET   828 PM EDT
APRIL 18 2014.........SUNRISE   701 AM EDT   SUNSET   829 PM EDT


-  INDICATES NEGATIVE NUMBERS.
R  INDICATES RECORD WAS SET OR TIED.
MM INDICATES DATA IS MISSING.
T  INDICATES TRACE AMOUNT.




$$
