000
CDUS43 KIWX 250524
CLISBN


CLIMATE REPORT
NATIONAL WEATHER SERVICE NORTHERN INDIANA
122 AM EDT TUE JUL 25 2017


...................................

...THE SOUTH BEND CLIMATE SUMMARY FOR JULY 24 2017...

CLIMATE NORMAL PERIOD 1981 TO 2010
CLIMATE RECORD PERIOD 1893 TO 2017


WEATHER ITEM   OBSERVED TIME   RECORD YEAR NORMAL DEPARTURE LAST
                VALUE   (LST)  VALUE       VALUE  FROM      YEAR
                                                  NORMAL
..................................................................
TEMPERATURE (F)
 YESTERDAY
  MAXIMUM         76    531 PM 109    1934  83     -7       89
  MINIMUM         60   1159 PM  50    2013  63     -3       70
                                      1953
                                      1932
  AVERAGE         68                        73     -5       80

PRECIPITATION (IN)
  YESTERDAY        0.00          2.63 2010   0.13  -0.13     0.54
  MONTH TO DATE    3.22                      3.08   0.14     2.81
  SINCE JUN 1      5.64                      6.87  -1.23     6.06
  SINCE JAN 1     24.87                     20.59   4.28    21.17

DEGREE DAYS
 HEATING
  YESTERDAY        0                         0      0        0
  MONTH TO DATE    1                         0      1        8
  SINCE JUN 1     26                        44    -18       43
  SINCE JUL 1      1                         0      1        8

 COOLING
  YESTERDAY        3                         8     -5       15
  MONTH TO DATE  179                       192    -13      203
  SINCE JUN 1    352                       357     -5      379
  SINCE JAN 1    392                       413    -21      448
..................................................................


WIND (MPH)
  HIGHEST WIND SPEED    17   HIGHEST WIND DIRECTION     N (360)
  HIGHEST GUST SPEED    20   HIGHEST GUST DIRECTION     N (20)
  AVERAGE WIND SPEED     8.3


SKY COVER
  AVERAGE SKY COVER 0.5


WEATHER CONDITIONS
 THE FOLLOWING WEATHER WAS RECORDED YESTERDAY.
  NO SIGNIFICANT WEATHER WAS OBSERVED.


RELATIVE HUMIDITY (PERCENT)
 HIGHEST   100           400 AM
 LOWEST     57           500 PM
 AVERAGE    79

..........................................................


THE SOUTH BEND CLIMATE NORMALS FOR TODAY
                         NORMAL    RECORD    YEAR
 MAXIMUM TEMPERATURE (F)   83       105      1934
 MINIMUM TEMPERATURE (F)   63        48      1911


SUNRISE AND SUNSET
JULY 25 2017..........SUNRISE   633 AM EDT   SUNSET   910 PM EDT
JULY 26 2017..........SUNRISE   634 AM EDT   SUNSET   909 PM EDT


-  INDICATES NEGATIVE NUMBERS.
R  INDICATES RECORD WAS SET OR TIED.
MM INDICATES DATA IS MISSING.
T  INDICATES TRACE AMOUNT.




$$
