639
CDUS43 KIWX 010022
CLISBN


CLIMATE REPORT
NATIONAL WEATHER SERVICE NORTHERN INDIANA
821 PM EDT TUE MAY 31 2016


...................................

...THE SOUTH BEND CLIMATE SUMMARY FOR MAY 31 2016...
VALID AS OF 0800 PM LOCAL TIME.

CLIMATE NORMAL PERIOD 1981 TO 2010
CLIMATE RECORD PERIOD 1893 TO 2016


WEATHER ITEM   OBSERVED TIME   RECORD YEAR NORMAL DEPARTURE LAST
                VALUE   (LST)  VALUE       VALUE  FROM      YEAR
                                                  NORMAL
..................................................................
TEMPERATURE (F)
 TODAY
  MAXIMUM         86    348 PM  96    1934  75     11       58
  MINIMUM         58    503 AM  35    1897  54      4       49
  AVERAGE         72                        64      8       54

PRECIPITATION (IN)
  TODAY            0.08          1.17 1954   0.13  -0.05     0.46
  MONTH TO DATE    2.49                      3.83  -1.34     6.01
  SINCE MAR 1     11.33                      9.48   1.85     9.19
  SINCE JAN 1     15.11                     13.72   1.39    13.09

SNOWFALL (IN)
  TODAY            0.0           0.0  2002   0.0    0.0      0.0
                                      2001
  MONTH TO DATE    0.0                       0.0    0.0      0.0
  SINCE MAR 1     10.9                       8.5    2.4      6.1
  SINCE JUL 1     70.2                      66.6    3.6     83.9
  SNOW DEPTH       0

DEGREE DAYS
 HEATING
  TODAY            0                         4     -4       11
  MONTH TO DATE  261                       224     37      132
  SINCE MAR 1   1475                      1565    -90     1507
  SINCE JUL 1   5605                      6254   -649     6604

 COOLING
  TODAY            7                         3      4        0
  MONTH TO DATE   65                        46     19       84
  SINCE MAR 1     69                        56     13       86
  SINCE JAN 1     69                        56     13       86
..................................................................


WIND (MPH)
  RESULTANT WIND SPEED   5   RESULTANT WIND DIRECTION   E (70)
  HIGHEST WIND SPEED    39   HIGHEST WIND DIRECTION     S (200)
  HIGHEST GUST SPEED    48   HIGHEST GUST DIRECTION     S (200)
  AVERAGE WIND SPEED     6.7


SKY COVER
  POSSIBLE SUNSHINE  MM
  AVERAGE SKY COVER 0.2


WEATHER CONDITIONS
 THE FOLLOWING WEATHER WAS RECORDED TODAY.
  THUNDERSTORM
  RAIN
  LIGHT RAIN
  FOG
  HAZE


RELATIVE HUMIDITY (PERCENT)
 HIGHEST    93           700 PM
 LOWEST     32           500 PM
 AVERAGE    63

..........................................................


THE SOUTH BEND CLIMATE NORMALS FOR TOMORROW
                         NORMAL    RECORD    YEAR
 MAXIMUM TEMPERATURE (F)   75       106      1934
 MINIMUM TEMPERATURE (F)   54        36      2003
                                             1993


SUNRISE AND SUNSET
MAY 31 2016...........SUNRISE   613 AM EDT   SUNSET   913 PM EDT
JUNE  1 2016..........SUNRISE   613 AM EDT   SUNSET   914 PM EDT


-  INDICATES NEGATIVE NUMBERS.
R  INDICATES RECORD WAS SET OR TIED.
MM INDICATES DATA IS MISSING.
T  INDICATES TRACE AMOUNT.




$$
