000
CDUS43 KIWX 202030
CLISBN


CLIMATE REPORT
NATIONAL WEATHER SERVICE NORTHERN INDIANA
424 PM EDT WED SEP 20 2017


...................................

...THE SOUTH BEND CLIMATE SUMMARY FOR SEPTEMBER 20 2017...
VALID TODAY AS OF 0400 PM LOCAL TIME.

CLIMATE NORMAL PERIOD 1981 TO 2010
CLIMATE RECORD PERIOD 1893 TO 2017


WEATHER ITEM   OBSERVED TIME   RECORD YEAR NORMAL DEPARTURE LAST
                VALUE   (LST)  VALUE       VALUE  FROM      YEAR
                                                  NORMAL
..................................................................
TEMPERATURE (F)
 TODAY
  MAXIMUM         87    317 PM  95    1908  72     15       82
  MINIMUM         59    239 AM  34    1937  52      7       62
                                      1897
  AVERAGE         73                        62     11       72

PRECIPITATION (IN)
  TODAY            0.00          0.99 1983   0.13  -0.13     0.00
  MONTH TO DATE    1.99                      2.35  -0.36     3.05
  SINCE SEP 1      1.99                      2.35  -0.36     3.05
  SINCE JAN 1     29.58                     27.62   1.96    37.46

DEGREE DAYS
 HEATING
  TODAY            0                         5     -5        0
  MONTH TO DATE   67                        50     17        4
  SINCE SEP 1     67                        50     17        4
  SINCE JUL 1     88                        68     20       12

 COOLING
  TODAY            8                         2      6        7
  MONTH TO DATE   44                        68    -24       94
  SINCE SEP 1     44                        68    -24       94
  SINCE JAN 1    596                       750   -154      903
..................................................................


WIND (MPH)
  HIGHEST WIND SPEED    13   HIGHEST WIND DIRECTION     S (170)
  HIGHEST GUST SPEED    17   HIGHEST GUST DIRECTION     S (160)
  AVERAGE WIND SPEED     5.6


SKY COVER
  POSSIBLE SUNSHINE  MM
  AVERAGE SKY COVER 0.5


WEATHER CONDITIONS
 THE FOLLOWING WEATHER WAS RECORDED TODAY.
  FOG
  FOG W/VISIBILITY <= 1/4 MILE


RELATIVE HUMIDITY (PERCENT)
 HIGHEST   100          1200 AM
 LOWEST     57           300 PM
 AVERAGE    79

..........................................................


THE SOUTH BEND CLIMATE NORMALS FOR TOMORROW
                         NORMAL    RECORD    YEAR
 MAXIMUM TEMPERATURE (F)   72        94      1908
 MINIMUM TEMPERATURE (F)   51        32      1897


SUNRISE AND SUNSET
SEPTEMBER 20 2017.....SUNRISE   731 AM EDT   SUNSET   745 PM EDT
SEPTEMBER 21 2017.....SUNRISE   732 AM EDT   SUNSET   744 PM EDT


-  INDICATES NEGATIVE NUMBERS.
R  INDICATES RECORD WAS SET OR TIED.
MM INDICATES DATA IS MISSING.
T  INDICATES TRACE AMOUNT.




$$
