000
CDUS41 KAKQ 280537
CLISBY


CLIMATE REPORT
NATIONAL WEATHER SERVICE WAKEFIELD, VA
137 AM EDT SUN AUG 28 2016


...................................

...THE SALISBURY MD CLIMATE SUMMARY FOR AUGUST 27 2016...

CLIMATE NORMAL PERIOD 1981 TO 2010
CLIMATE RECORD PERIOD 1900 TO 2016


WEATHER ITEM   OBSERVED TIME   RECORD YEAR NORMAL DEPARTURE LAST
                VALUE   (LST)  VALUE       VALUE  FROM      YEAR
                                                  NORMAL
..................................................................
TEMPERATURE (F)
 YESTERDAY
  MAXIMUM         89    245 PM 100    1948  83      6       81
  MINIMUM         71   1159 PM  47    1944  64      7       60
  AVERAGE         80                        74      6       71

PRECIPITATION (IN)
  YESTERDAY        0.00          5.58 2011   0.13  -0.13     0.00
  MONTH TO DATE    2.70                      3.97  -1.27     5.66
  SINCE JUN 1     15.33                     12.06   3.27    20.18
  SINCE JAN 1     34.06                     30.61   3.45    37.39

SNOWFALL (IN)
  YESTERDAY        0.0           0.0  2002   0.0    0.0
                                      2001
  MONTH TO DATE    0.0                       0.0    0.0
  SINCE NOV 1     19.8                       9.3   10.5
  SINCE JUL 1      0.0                       0.0    0.0
  SNOW DEPTH       0

DEGREE DAYS
 HEATING
  YESTERDAY        0                         0      0        0
  MONTH TO DATE    0                         0      0        0
  SINCE JUN 1      1                        20    -19       15
  SINCE JUL 1      0                         1     -1        0

 COOLING
  YESTERDAY       15                         9      6        6
  MONTH TO DATE  383                       275    108      272
  SINCE JUN 1   1052                       866    186      917
  SINCE JAN 1   1137                       950    187     1073
..................................................................


WIND (MPH)
  HIGHEST WIND SPEED    15   HIGHEST WIND DIRECTION    NE (40)
  HIGHEST GUST SPEED    19   HIGHEST GUST DIRECTION    NE (40)
  AVERAGE WIND SPEED     5.8


SKY COVER
  POSSIBLE SUNSHINE  MM
  AVERAGE SKY COVER 0.0


WEATHER CONDITIONS
 THE FOLLOWING WEATHER WAS RECORDED YESTERDAY.
  FOG


RELATIVE HUMIDITY (PERCENT)
 HIGHEST   100          1200 AM
 LOWEST     40          1200 PM
 AVERAGE    70

..........................................................


THE SALISBURY MD CLIMATE NORMALS FOR TODAY
                         NORMAL    RECORD    YEAR
 MAXIMUM TEMPERATURE (F)   83        98      1948
 MINIMUM TEMPERATURE (F)   64        46      1944


SUNRISE AND SUNSET
AUGUST 28 2016........SUNRISE   628 AM EDT   SUNSET   737 PM EDT
AUGUST 29 2016........SUNRISE   629 AM EDT   SUNSET   736 PM EDT


-  INDICATES NEGATIVE NUMBERS.
R  INDICATES RECORD WAS SET OR TIED.
MM INDICATES DATA IS MISSING.
T  INDICATES TRACE AMOUNT.




$$
