000
CDUS41 KAKQ 290550
CLISBY


CLIMATE REPORT
NATIONAL WEATHER SERVICE WAKEFIELD, VA
150 AM EDT WED JUL 29 2015


...................................

...THE SALISBURY MD CLIMATE SUMMARY FOR JULY 28 2015...

CLIMATE NORMAL PERIOD 1981 TO 2010
CLIMATE RECORD PERIOD 1900 TO 2015


WEATHER ITEM   OBSERVED TIME   RECORD YEAR NORMAL DEPARTURE LAST
                VALUE   (LST)  VALUE       VALUE  FROM      YEAR
                                                  NORMAL
..................................................................
TEMPERATURE (F)
 YESTERDAY
  MAXIMUM         88    143 PM 100    1949  86      2       89
                                      1940
  MINIMUM         69    541 AM  48    1920  67      2       74
  AVERAGE         79                        77      2       82

PRECIPITATION (IN)
  YESTERDAY        1.20          1.92 1987   0.16   1.04     0.00
  MONTH TO DATE    6.15                      3.85   2.30     4.78
  SINCE JUN 1     14.41                      7.56   6.85     6.36
  SINCE JAN 1     31.62                     26.11   5.51    26.07

SNOWFALL (IN)
  YESTERDAY        0.0           0.0  2002   0.0    0.0
                                      2001
  MONTH TO DATE    0.0                       0.0    0.0
  SINCE NOV 1     15.7                       9.3    6.4
  SINCE JUL 1      0.0                       0.0    0.0
  SNOW DEPTH       0

DEGREE DAYS
 HEATING
  YESTERDAY        0                         0      0        0
  MONTH TO DATE    0                         0      0        0
  SINCE JUN 1     15                        19     -4        5
  SINCE JUL 1      0                         0      0        0

 COOLING
  YESTERDAY       14                        12      2       17
  MONTH TO DATE  316                       331    -15      374
  SINCE JUN 1    601                       558     43      667
  SINCE JAN 1    757                       642    115      802
..................................................................


WIND (MPH)
  HIGHEST WIND SPEED    25   HIGHEST WIND DIRECTION     E (90)
  HIGHEST GUST SPEED    32   HIGHEST GUST DIRECTION     E (90)
  AVERAGE WIND SPEED     2.3


SKY COVER
  POSSIBLE SUNSHINE  MM
  AVERAGE SKY COVER 0.2


WEATHER CONDITIONS
 THE FOLLOWING WEATHER WAS RECORDED YESTERDAY.
  THUNDERSTORM
  HEAVY RAIN
  LIGHT RAIN
  FOG


RELATIVE HUMIDITY (PERCENT)
 HIGHEST   100          1200 AM
 LOWEST     63          1100 AM
 AVERAGE    82

..........................................................


THE SALISBURY MD CLIMATE NORMALS FOR TODAY
                         NORMAL    RECORD    YEAR
 MAXIMUM TEMPERATURE (F)   86       100      1913
 MINIMUM TEMPERATURE (F)   67        53      1924


SUNRISE AND SUNSET
JULY 29 2015..........SUNRISE   601 AM EDT   SUNSET   815 PM EDT
JULY 30 2015..........SUNRISE   602 AM EDT   SUNSET   814 PM EDT


-  INDICATES NEGATIVE NUMBERS.
R  INDICATES RECORD WAS SET OR TIED.
MM INDICATES DATA IS MISSING.
T  INDICATES TRACE AMOUNT.




$$
