000
CDUS41 KAKQ 200845
CLISBY


CLIMATE REPORT
NATIONAL WEATHER SERVICE WAKEFIELD, VA
445 AM EDT WED AUG 20 2014


...................................

...THE SALISBURY MD CLIMATE SUMMARY FOR AUGUST 19 2014...

CLIMATE NORMAL PERIOD 1981 TO 2010
CLIMATE RECORD PERIOD 1900 TO 2014


WEATHER ITEM   OBSERVED TIME   RECORD YEAR NORMAL DEPARTURE LAST
                VALUE   (LST)  VALUE       VALUE  FROM      YEAR
                                                  NORMAL
..................................................................
TEMPERATURE (F)
 YESTERDAY
  MAXIMUM         83   1226 PM 101    1914  84     -1       76
  MINIMUM         66   1159 PM  49    2007  65      1       66
  AVERAGE         75                        75      0       71

PRECIPITATION (IN)
  YESTERDAY        T             4.20 1985   0.15  -0.15      T
  MONTH TO DATE    4.15                      2.89   1.26     6.36
  SINCE JUN 1      8.27                     10.98  -2.71    20.09
  SINCE JAN 1     20.09                     29.53  -9.44    38.74

SNOWFALL (IN)
  YESTERDAY        0.0           0.0  2002   0.0    0.0
                                      2001
  MONTH TO DATE    0.0                       0.0    0.0
  SINCE NOV 1     22.5                       9.3   13.2
  SINCE JUL 1      0.0                       0.0    0.0
  SNOW DEPTH       0

DEGREE DAYS
 HEATING
  YESTERDAY        0                         0      0        0
  MONTH TO DATE    0                         0      0        0
  SINCE JUN 1      5                        20    -15        0
  SINCE JUL 1      0                         1     -1        0

 COOLING
  YESTERDAY       10                        10      0        6
  MONTH TO DATE  191                       201    -10      191
  SINCE JUN 1    874                       792     82     1030
  SINCE JAN 1   1009                       876    133     1221
..................................................................


WIND (MPH)
  HIGHEST WIND SPEED    15   HIGHEST WIND DIRECTION     E (90)
  HIGHEST GUST SPEED    18   HIGHEST GUST DIRECTION     E (100)
  AVERAGE WIND SPEED     6.5


SKY COVER
  POSSIBLE SUNSHINE  MM
  AVERAGE SKY COVER 0.6


WEATHER CONDITIONS
 THE FOLLOWING WEATHER WAS RECORDED YESTERDAY.
  NO SIGNIFICANT WEATHER WAS OBSERVED.


RELATIVE HUMIDITY (PERCENT)
 HIGHEST    87           200 AM
 LOWEST     62           500 PM
 AVERAGE    75

..........................................................


THE SALISBURY MD CLIMATE NORMALS FOR TODAY
                         NORMAL    RECORD    YEAR
 MAXIMUM TEMPERATURE (F)   84        99      1914
 MINIMUM TEMPERATURE (F)   65        48      1918


SUNRISE AND SUNSET
AUGUST 20 2014........SUNRISE   621 AM EDT   SUNSET   749 PM EDT
AUGUST 21 2014........SUNRISE   622 AM EDT   SUNSET   748 PM EDT


-  INDICATES NEGATIVE NUMBERS.
R  INDICATES RECORD WAS SET OR TIED.
MM INDICATES DATA IS MISSING.
T  INDICATES TRACE AMOUNT.




$$
