000
CDUS41 KAKQ 210627
CLISBY


CLIMATE REPORT
NATIONAL WEATHER SERVICE WAKEFIELD, VA
127 AM EST TUE NOV 21 2017


...................................

...THE SALISBURY MD CLIMATE SUMMARY FOR NOVEMBER 20 2017...

CLIMATE NORMAL PERIOD 1981 TO 2010
CLIMATE RECORD PERIOD 1900 TO 2017


WEATHER ITEM   OBSERVED TIME   RECORD YEAR NORMAL DEPARTURE LAST
                VALUE   (LST)  VALUE       VALUE  FROM      YEAR
                                                  NORMAL
..................................................................
TEMPERATURE (F)
 YESTERDAY
  MAXIMUM         50    240 PM  77    1913  57     -7       47
  MINIMUM         33   1113 PM  22    1924  37     -4       36
                                      1923
  AVERAGE         42                        47     -5       42

PRECIPITATION (IN)
  YESTERDAY        0.00          1.10 1938   0.12  -0.12     0.00
  MONTH TO DATE    1.33                      2.24  -0.91     0.39
  SINCE SEP 1      7.32                      9.71  -2.39    17.29
  SINCE JAN 1     49.38                     40.78   8.60    51.35

SNOWFALL (IN)
  YESTERDAY        0.0           T    1937   0.0    0.0
  MONTH TO DATE    0.0                       0.1   -0.1
  SINCE NOV 1      0.0                       0.1   -0.1
  SINCE JUL 1      0.0                       0.1   -0.1
  SNOW DEPTH       0

DEGREE DAYS
 HEATING
  YESTERDAY       23                        18      5       23
  MONTH TO DATE  299                       306     -7      296
  SINCE SEP 1    467                       617   -150      471
  SINCE JUL 1    467                       619   -152      471

 COOLING
  YESTERDAY        0                         0      0        0
  MONTH TO DATE    1                         0      1        4
  SINCE SEP 1    248                       167     81      290
  SINCE JAN 1   1415                      1150    265     1479
..................................................................


WIND (MPH)
  HIGHEST WIND SPEED    20   HIGHEST WIND DIRECTION     W (250)
  HIGHEST GUST SPEED    27   HIGHEST GUST DIRECTION     W (270)
  AVERAGE WIND SPEED     8.5


SKY COVER
  POSSIBLE SUNSHINE  MM
  AVERAGE SKY COVER 0.2


WEATHER CONDITIONS
 THE FOLLOWING WEATHER WAS RECORDED YESTERDAY.
  NO SIGNIFICANT WEATHER WAS OBSERVED.


RELATIVE HUMIDITY (PERCENT)
 HIGHEST    82          1100 PM
 LOWEST     38           100 PM
 AVERAGE    60

..........................................................


THE SALISBURY MD CLIMATE NORMALS FOR TODAY
                         NORMAL    RECORD    YEAR
 MAXIMUM TEMPERATURE (F)   57        77      1931
 MINIMUM TEMPERATURE (F)   37        18      1969
                                             1951
                                             1910


SUNRISE AND SUNSET
NOVEMBER 21 2017......SUNRISE   650 AM EST   SUNSET   445 PM EST
NOVEMBER 22 2017......SUNRISE   651 AM EST   SUNSET   445 PM EST


-  INDICATES NEGATIVE NUMBERS.
R  INDICATES RECORD WAS SET OR TIED.
MM INDICATES DATA IS MISSING.
T  INDICATES TRACE AMOUNT.




$$
