000
CDUS41 KAKQ 050545
CLISBY


CLIMATE REPORT
NATIONAL WEATHER SERVICE WAKEFIELD, VA
145 AM EDT THU MAY 5 2016


...................................

...THE SALISBURY MD CLIMATE SUMMARY FOR MAY 4 2016...

CLIMATE NORMAL PERIOD 1981 TO 2010
CLIMATE RECORD PERIOD 1900 TO 2016


WEATHER ITEM   OBSERVED TIME   RECORD YEAR NORMAL DEPARTURE LAST
                VALUE   (LST)  VALUE       VALUE  FROM      YEAR
                                                  NORMAL
..................................................................
TEMPERATURE (F)
 YESTERDAY
  MAXIMUM         56    150 PM  88    2001  70    -14       83
                                      1928
  MINIMUM         50   1159 PM  32    2005  48      2       48
                                      2003
  AVERAGE         53                        59     -6       66

PRECIPITATION (IN)
  YESTERDAY        0.08          1.53 1978   0.11  -0.03     0.00
  MONTH TO DATE    1.60                      0.40   1.20     0.13
  SINCE MAR 1      7.05                      8.37  -1.32     7.87
  SINCE JAN 1     13.90                     15.33  -1.43    15.59

SNOWFALL (IN)
  YESTERDAY        0.0           0.0  2002   0.0    0.0
                                      2001
  MONTH TO DATE    0.0                       0.0    0.0
  SINCE NOV 1     19.8                       9.3   10.5
  SINCE JUL 1     19.8                       9.3   10.5
  SNOW DEPTH       0

DEGREE DAYS
 HEATING
  YESTERDAY       12                         7      5        0
  MONTH TO DATE   26                        28     -2       30
  SINCE MAR 1    832                      1003   -171     1014
  SINCE JUL 1   3503                      4308   -805     4227

 COOLING
  YESTERDAY        0                         1     -1        1
  MONTH TO DATE    2                         4     -2        1
  SINCE MAR 1     26                        21      5        8
  SINCE JAN 1     26                        21      5        8
..................................................................


WIND (MPH)
  HIGHEST WIND SPEED    16   HIGHEST WIND DIRECTION    NE (50)
  HIGHEST GUST SPEED    21   HIGHEST GUST DIRECTION    NE (50)
  AVERAGE WIND SPEED     9.1


SKY COVER
  POSSIBLE SUNSHINE  MM
  AVERAGE SKY COVER 1.0


WEATHER CONDITIONS
 THE FOLLOWING WEATHER WAS RECORDED YESTERDAY.
  RAIN
  LIGHT RAIN
  FOG


RELATIVE HUMIDITY (PERCENT)
 HIGHEST   100           700 AM
 LOWEST     86           200 PM
 AVERAGE    93

..........................................................


THE SALISBURY MD CLIMATE NORMALS FOR TODAY
                         NORMAL    RECORD    YEAR
 MAXIMUM TEMPERATURE (F)   71        90      1930
 MINIMUM TEMPERATURE (F)   48        28      2003


SUNRISE AND SUNSET
MAY  5 2016...........SUNRISE   600 AM EDT   SUNSET   758 PM EDT
MAY  6 2016...........SUNRISE   559 AM EDT   SUNSET   759 PM EDT


-  INDICATES NEGATIVE NUMBERS.
R  INDICATES RECORD WAS SET OR TIED.
MM INDICATES DATA IS MISSING.
T  INDICATES TRACE AMOUNT.




$$
