000
CDUS41 KAKQ 300834
CLISBY


CLIMATE REPORT
NATIONAL WEATHER SERVICE WAKEFIELD, VA
434 AM EDT MON MAR 30 2015


...................................

...THE SALISBURY MD CLIMATE SUMMARY FOR MARCH 29 2015...

CLIMATE NORMAL PERIOD 1981 TO 2010
CLIMATE RECORD PERIOD 1900 TO 2015


WEATHER ITEM   OBSERVED TIME   RECORD YEAR NORMAL DEPARTURE LAST
                VALUE   (LST)  VALUE       VALUE  FROM      YEAR
                                                  NORMAL
..................................................................
TEMPERATURE (F)
 YESTERDAY
  MAXIMUM         43    405 PM  93    1907  59    -16       67
  MINIMUM         24    527 AM  18    1923  38    -14       60
  AVERAGE         34                        49    -15       64

PRECIPITATION (IN)
  YESTERDAY        0.00          1.92 2010   0.15  -0.15     1.60
  MONTH TO DATE    3.90                      4.13  -0.23     4.13
  SINCE MAR 1      3.90                      4.13  -0.23     4.13
  SINCE JAN 1     11.62                     11.09   0.53    11.35

SNOWFALL (IN)
  YESTERDAY        0.0           T    1930   0.0    0.0
  MONTH TO DATE    5.2                       0.8    4.4
  SINCE NOV 1     15.7                       9.1    6.6
  SINCE JUL 1     15.7                       9.1    6.6
  SNOW DEPTH       0

DEGREE DAYS
 HEATING
  YESTERDAY       31                        16     15        1
  MONTH TO DATE  634                       598     36      661
  SINCE MAR 1    634                       598     36      661
  SINCE JUL 1   3847                      3903    -56     3801

 COOLING
  YESTERDAY        0                         0      0        0
  MONTH TO DATE    0                         0      0        0
  SINCE MAR 1      0                         0      0        0
  SINCE JAN 1      0                         0      0        0
..................................................................


WIND (MPH)
  HIGHEST WIND SPEED    21   HIGHEST WIND DIRECTION    NW (320)
  HIGHEST GUST SPEED    28   HIGHEST GUST DIRECTION    NW (310)
  AVERAGE WIND SPEED     9.5


SKY COVER
  POSSIBLE SUNSHINE  MM
  AVERAGE SKY COVER 0.0


WEATHER CONDITIONS
 THE FOLLOWING WEATHER WAS RECORDED YESTERDAY.
  NO SIGNIFICANT WEATHER WAS OBSERVED.


RELATIVE HUMIDITY (PERCENT)
 HIGHEST    63           800 PM
 LOWEST     22           500 PM
 AVERAGE    43

..........................................................


THE SALISBURY MD CLIMATE NORMALS FOR TODAY
                         NORMAL    RECORD    YEAR
 MAXIMUM TEMPERATURE (F)   60        86      1998
 MINIMUM TEMPERATURE (F)   39        24      2007
                                             1941


SUNRISE AND SUNSET
MARCH 30 2015.........SUNRISE   650 AM EDT   SUNSET   723 PM EDT
MARCH 31 2015.........SUNRISE   649 AM EDT   SUNSET   724 PM EDT


-  INDICATES NEGATIVE NUMBERS.
R  INDICATES RECORD WAS SET OR TIED.
MM INDICATES DATA IS MISSING.
T  INDICATES TRACE AMOUNT.




$$
