000
CDUS46 KSTO 011451
CLISCK


CLIMATE REPORT
NATIONAL WEATHER SERVICE SACRAMENTO, CA
745 AM PDT WED OCT 1 2014


...................................

...THE STOCKTON AIRPORT CA CLIMATE SUMMARY FOR SEPTEMBER 30 2014...

CLIMATE NORMAL PERIOD 1981 TO 2010
CLIMATE RECORD PERIOD 1948 TO 2014


WEATHER ITEM   OBSERVED TIME   RECORD YEAR NORMAL DEPARTURE LAST
                VALUE   (LST)  VALUE       VALUE  FROM      YEAR
                                                  NORMAL
..................................................................
TEMPERATURE (F)
 YESTERDAY
  MAXIMUM         82    321 PM  99    1952  84     -2       79
  MINIMUM         56    615 AM  42    1950  54      2       56
  AVERAGE         69

PRECIPITATION (IN)
  YESTERDAY        0.00          0.22 1983   0.02  -0.02     0.00
  MONTH TO DATE    0.59                      0.29   0.30     0.28
  SINCE JUL 1      0.60                      0.30   0.30     0.28
  SINCE JAN 1      6.40                      9.33  -2.93     3.16

SNOWFALL (IN)
  YESTERDAY        0.0           0.0  2002
                                      2001
  MONTH TO DATE    0.0
  SINCE SEP 1      0.0
  SINCE JUL 1      0.0
  SNOW DEPTH       0

DEGREE DAYS
 HEATING
  YESTERDAY        0                         1     -1        0
  MONTH TO DATE    0                         2     -2        6
  SINCE SEP 1      0                         6     -6        6
  SINCE JUL 1      0                         6     -6        6

 COOLING
  YESTERDAY        4                         5     -1        3
  MONTH TO DATE  289                       222     67      204
  SINCE SEP 1    289                       222     67      204
  SINCE JAN 1   1535                      1266    269     1373
..................................................................


WIND (MPH)
  RESULTANT WIND SPEED   7   RESULTANT WIND DIRECTION  NW (300)
  HIGHEST WIND SPEED    17   HIGHEST WIND DIRECTION    NW (300)
  HIGHEST GUST SPEED    20   HIGHEST GUST DIRECTION    NW (320)


SKY COVER
  POSSIBLE SUNSHINE  MM
  AVERAGE SKY COVER 0.0


WEATHER CONDITIONS
 THE FOLLOWING WEATHER WAS RECORDED YESTERDAY.
  NO SIGNIFICANT WEATHER WAS OBSERVED.


RELATIVE HUMIDITY (PERCENT)
 HIGHEST    86           400 AM
 LOWEST     39           200 PM
 AVERAGE    63

..........................................................


THE STOCKTON AIRPORT CA CLIMATE NORMALS FOR TODAY
                         NORMAL    RECORD    YEAR
 MAXIMUM TEMPERATURE (F)   84       100      2001
                                             1952
 MINIMUM TEMPERATURE (F)   54        43      1971
                                             1954
                                             1950


SUNRISE AND SUNSET
OCTOBER  1 2014.......SUNRISE   701 AM PDT   SUNSET   648 PM PDT
OCTOBER  2 2014.......SUNRISE   702 AM PDT   SUNSET   646 PM PDT


-  INDICATES NEGATIVE NUMBERS.
R  INDICATES RECORD WAS SET OR TIED.
MM INDICATES DATA IS MISSING.
T  INDICATES TRACE AMOUNT.




$$
