000
CDUS46 KSTO 030036
CLISCK


CLIMATE REPORT
NATIONAL WEATHER SERVICE SACRAMENTO, CA
535 PM PDT TUE SEP 2 2014


...................................

...THE STOCKTON AIRPORT CA CLIMATE SUMMARY FOR SEPTEMBER 2 2014...
VALID TODAY AS OF 0500 PM LOCAL TIME.

CLIMATE NORMAL PERIOD 1981 TO 2010
CLIMATE RECORD PERIOD 1948 TO 2014


WEATHER ITEM   OBSERVED TIME   RECORD YEAR NORMAL DEPARTURE LAST
                VALUE   (LST)  VALUE       VALUE  FROM      YEAR
                                                  NORMAL
..................................................................
TEMPERATURE (F)
 TODAY
  MAXIMUM         95    334 PM 108    1950  90      5       82
  MINIMUM         64    601 AM  49    1951  58      6       68
  AVERAGE         80

PRECIPITATION (IN)
  TODAY            0.00          0.01 2000   0.00   0.00     0.01
                                      2000
                                      2013
  MONTH TO DATE    0.00                      0.00   0.00     0.01
  SINCE JUL 1      0.01                      0.01   0.00     0.01
  SINCE JAN 1      5.81                      9.04  -3.23     2.89

SNOWFALL (IN)
  TODAY            0.0          MM      MM
  MONTH TO DATE    0.0
  SINCE SEP 1      0.0
  SINCE JUL 1      0.0

DEGREE DAYS
 HEATING
  TODAY            0                         0      0        0
  MONTH TO DATE    0                         0      0        0
  SINCE SEP 1      0                         0      0        0
  SINCE JUL 1      0                         0      0        0

 COOLING
  TODAY           15                         9      6       10
  MONTH TO DATE   31                        19     12       24
  SINCE SEP 1     31                        19     12       24
  SINCE JAN 1   1277                      1063    214     1193
..................................................................


WIND (MPH)
  RESULTANT WIND SPEED   4   RESULTANT WIND DIRECTION   W (290)
  HIGHEST WIND SPEED    18   HIGHEST WIND DIRECTION     W (290)
  HIGHEST GUST SPEED    22   HIGHEST GUST DIRECTION     W (290)


SKY COVER
  POSSIBLE SUNSHINE  MM
  AVERAGE SKY COVER 0.0


WEATHER CONDITIONS
 THE FOLLOWING WEATHER WAS RECORDED TODAY.
  HAZE


RELATIVE HUMIDITY (PERCENT)
 HIGHEST    67           600 AM
 LOWEST     24           100 PM
 AVERAGE    46

..........................................................


THE STOCKTON AIRPORT CA CLIMATE NORMALS FOR TOMORROW
                         NORMAL    RECORD    YEAR
 MAXIMUM TEMPERATURE (F)   90       107      1955
                                             1950
 MINIMUM TEMPERATURE (F)   58        50      1951


SUNRISE AND SUNSET
SEPTEMBER  2 2014.....SUNRISE   636 AM PDT   SUNSET   733 PM PDT
SEPTEMBER  3 2014.....SUNRISE   637 AM PDT   SUNSET   731 PM PDT


-  INDICATES NEGATIVE NUMBERS.
R  INDICATES RECORD WAS SET OR TIED.
MM INDICATES DATA IS MISSING.
T  INDICATES TRACE AMOUNT.




$$
