000
CDUS46 KSTO 270034
CLISCK


CLIMATE REPORT
NATIONAL WEATHER SERVICE SACRAMENTO, CA
534 PM PDT TUE MAY 26 2015


...................................

...THE STOCKTON AIRPORT CA CLIMATE SUMMARY FOR MAY 26 2015...
VALID TODAY AS OF 0500 PM LOCAL TIME.

CLIMATE NORMAL PERIOD 1981 TO 2010
CLIMATE RECORD PERIOD 1948 TO 2015


WEATHER ITEM   OBSERVED TIME   RECORD YEAR NORMAL DEPARTURE LAST
                VALUE   (LST)  VALUE       VALUE  FROM      YEAR
                                                  NORMAL
..................................................................
TEMPERATURE (F)
 TODAY
  MAXIMUM         81    338 PM 101    1974  84     -3       95
  MINIMUM         51    523 AM  43    2011  53     -2       59
                                      1998
  AVERAGE         66

PRECIPITATION (IN)
  TODAY            0.00          0.14 1962   0.01  -0.01     0.00
  MONTH TO DATE    0.01                      0.47  -0.46      T
  SINCE OCT 1     10.61                     13.62  -3.01     7.22
  SINCE JAN 1      2.77                      8.89  -6.12     5.79

SNOWFALL (IN)
  TODAY            0.0          MM      MM
  MONTH TO DATE    0.0
  SINCE MAR 1      0.0
  SINCE JUL 1      0.0

DEGREE DAYS
 HEATING
  TODAY            0                         1     -1        0
  MONTH TO DATE   42                        54    -12       13
  SINCE MAR 1    274                       568   -294      327
  SINCE JUL 1   1713                      2630   -917     2160

 COOLING
  TODAY            1                         4     -3       12
  MONTH TO DATE   27                        77    -50      126
  SINCE MAR 1     76                        94    -18      155
  SINCE JAN 1     76                        94    -18      155
..................................................................


WIND (MPH)
  RESULTANT WIND SPEED   6   RESULTANT WIND DIRECTION  NW (330)
  HIGHEST WIND SPEED    16   HIGHEST WIND DIRECTION     W (270)
  HIGHEST GUST SPEED    24   HIGHEST GUST DIRECTION     W (290)


SKY COVER
  POSSIBLE SUNSHINE  MM
  AVERAGE SKY COVER 0.0


WEATHER CONDITIONS
 THE FOLLOWING WEATHER WAS RECORDED TODAY.
  NO SIGNIFICANT WEATHER WAS OBSERVED.


RELATIVE HUMIDITY (PERCENT)
 HIGHEST    89           300 AM
 LOWEST     36           400 PM
 AVERAGE    63

..........................................................


THE STOCKTON AIRPORT CA CLIMATE NORMALS FOR TOMORROW
                         NORMAL    RECORD    YEAR
 MAXIMUM TEMPERATURE (F)   84       102      1984
 MINIMUM TEMPERATURE (F)   54        43      1998


SUNRISE AND SUNSET
MAY 26 2015...........SUNRISE   547 AM PDT   SUNSET   817 PM PDT
MAY 27 2015...........SUNRISE   547 AM PDT   SUNSET   818 PM PDT


-  INDICATES NEGATIVE NUMBERS.
R  INDICATES RECORD WAS SET OR TIED.
MM INDICATES DATA IS MISSING.
T  INDICATES TRACE AMOUNT.




$$
