000
CDUS46 KSTO 270845
CLISCK


CLIMATE REPORT
NATIONAL WEATHER SERVICE SACRAMENTO, CA
1244 AM PST SAT DEC 27 2014


...................................

...THE STOCKTON AIRPORT CA CLIMATE SUMMARY FOR DECEMBER 26 2014...

CLIMATE NORMAL PERIOD 1981 TO 2010
CLIMATE RECORD PERIOD 1948 TO 2014


WEATHER ITEM   OBSERVED TIME   RECORD YEAR NORMAL DEPARTURE LAST
                VALUE   (LST)  VALUE       VALUE  FROM      YEAR
                                                  NORMAL
..................................................................
TEMPERATURE (F)
 YESTERDAY
  MAXIMUM         57    348 PM  65    2013  52      5       65
  MINIMUM         33    742 AM  23    2011  37     -4       30
  AVERAGE         45

PRECIPITATION (IN)
  YESTERDAY        0.00          1.05 1973   0.08  -0.08     0.00
  MONTH TO DATE    6.09                      1.83   4.26     0.34
  SINCE JUL 1      8.44                      4.64   3.80     1.71
  SINCE JAN 1     14.24                     13.67   0.57     4.59

SNOWFALL (IN)
  YESTERDAY        0.0          MM      MM
  MONTH TO DATE    0.0
  SINCE DEC 1      0.0
  SINCE JUL 1      0.0
  SNOW DEPTH       0

DEGREE DAYS
 HEATING
  YESTERDAY       20                        20      0       17
  MONTH TO DATE  268                       498   -230      540
  SINCE DEC 1    268                       498   -230      540
  SINCE JUL 1    554                       955   -401      939

 COOLING
  YESTERDAY        0                         0      0        0
  MONTH TO DATE    0                         0      0        0
  SINCE DEC 1      0                         0      0        0
  SINCE JAN 1   1658                      1320    338     1375
..................................................................


WIND (MPH)
  RESULTANT WIND SPEED   3   RESULTANT WIND DIRECTION   N (340)
  HIGHEST WIND SPEED    14   HIGHEST WIND DIRECTION    NW (330)
  HIGHEST GUST SPEED    18   HIGHEST GUST DIRECTION    NW (330)


SKY COVER
  POSSIBLE SUNSHINE  MM
  AVERAGE SKY COVER 0.0


WEATHER CONDITIONS
 THE FOLLOWING WEATHER WAS RECORDED YESTERDAY.
  NO SIGNIFICANT WEATHER WAS OBSERVED.


RELATIVE HUMIDITY (PERCENT)
 HIGHEST    92           800 AM
 LOWEST     38           300 PM
 AVERAGE    65

..........................................................


THE STOCKTON AIRPORT CA CLIMATE NORMALS FOR TODAY
                         NORMAL    RECORD    YEAR
 MAXIMUM TEMPERATURE (F)   52        68      1953
 MINIMUM TEMPERATURE (F)   37        22      1956


SUNRISE AND SUNSET
DECEMBER 27 2014......SUNRISE   720 AM PST   SUNSET   453 PM PST
DECEMBER 28 2014......SUNRISE   720 AM PST   SUNSET   454 PM PST


-  INDICATES NEGATIVE NUMBERS.
R  INDICATES RECORD WAS SET OR TIED.
MM INDICATES DATA IS MISSING.
T  INDICATES TRACE AMOUNT.




$$
