000
CDUS46 KSTO 300849
CLISCK


CLIMATE REPORT
NATIONAL WEATHER SERVICE SACRAMENTO, CA
148 AM PDT THU MAR 30 2017


...................................

...THE STOCKTON AIRPORT CA CLIMATE SUMMARY FOR MARCH 29 2017...

CLIMATE NORMAL PERIOD 1981 TO 2010
CLIMATE RECORD PERIOD 1948 TO 2017


WEATHER ITEM   OBSERVED TIME   RECORD YEAR NORMAL DEPARTURE LAST
                VALUE   (LST)  VALUE       VALUE  FROM      YEAR
                                                  NORMAL
..................................................................
TEMPERATURE (F)
 YESTERDAY
  MAXIMUM         77    220 PM  86    2015  68      9       68
  MINIMUM         45    609 AM  35    1975  44      1       39
  AVERAGE         61

PRECIPITATION (IN)
  YESTERDAY        0.00          0.78 1982   0.05  -0.05     0.00
  MONTH TO DATE    2.18                      2.05   0.13     3.55
  SINCE OCT 1     19.82                     12.06   7.76    13.51
  SINCE JAN 1     13.66                      7.33   6.33     8.94

SNOWFALL (IN)
  YESTERDAY        0.0          MM      MM
  MONTH TO DATE    0.0
  SINCE MAR 1      0.0
  SINCE JUL 1      0.0
  SNOW DEPTH       0

DEGREE DAYS
 HEATING
  YESTERDAY        4                         9     -5       11
  MONTH TO DATE  221                       306    -85      216
  SINCE MAR 1    221                       306    -85      216
  SINCE JUL 1   1930                      2368   -438     1934

 COOLING
  YESTERDAY        0                         0      0        0
  MONTH TO DATE    1                         0      1        0
  SINCE MAR 1      1                         0      1        0
  SINCE JAN 1      1                         0      1        0
..................................................................


WIND (MPH)
  RESULTANT WIND SPEED   3   RESULTANT WIND DIRECTION   W (270)
  HIGHEST WIND SPEED    16   HIGHEST WIND DIRECTION    NW (300)
  HIGHEST GUST SPEED    22   HIGHEST GUST DIRECTION    NW (300)


SKY COVER
  POSSIBLE SUNSHINE  MM
  AVERAGE SKY COVER 0.0


WEATHER CONDITIONS
 THE FOLLOWING WEATHER WAS RECORDED YESTERDAY.
  NO SIGNIFICANT WEATHER WAS OBSERVED.


RELATIVE HUMIDITY (PERCENT)
 HIGHEST    93           300 AM
 LOWEST     43           200 PM
 AVERAGE    68

..........................................................


THE STOCKTON AIRPORT CA CLIMATE NORMALS FOR TODAY
                         NORMAL    RECORD    YEAR
 MAXIMUM TEMPERATURE (F)   69        86      2015
 MINIMUM TEMPERATURE (F)   44        34      1985


SUNRISE AND SUNSET
MARCH 30 2017.........SUNRISE   653 AM PDT   SUNSET   727 PM PDT
MARCH 31 2017.........SUNRISE   651 AM PDT   SUNSET   727 PM PDT


-  INDICATES NEGATIVE NUMBERS.
R  INDICATES RECORD WAS SET OR TIED.
MM INDICATES DATA IS MISSING.
T  INDICATES TRACE AMOUNT.




$$
