468
CDUS46 KSTO 220842
CLISCK


CLIMATE REPORT
NATIONAL WEATHER SERVICE SACRAMENTO, CA
141 AM PDT SAT JUL 22 2017


...................................

...THE STOCKTON AIRPORT CA CLIMATE SUMMARY FOR JULY 21 2017...

CLIMATE NORMAL PERIOD 1981 TO 2010
CLIMATE RECORD PERIOD 1948 TO 2017


WEATHER ITEM   OBSERVED TIME   RECORD YEAR NORMAL DEPARTURE LAST
                VALUE   (LST)  VALUE       VALUE  FROM      YEAR
                                                  NORMAL
..................................................................
TEMPERATURE (F)
 YESTERDAY
  MAXIMUM         97    403 PM 111    1960  94      3       91
  MINIMUM         58    357 AM  52    1949  60     -2       59
  AVERAGE         78

PRECIPITATION (IN)
  YESTERDAY        0.00          0.22 1979   0.00   0.00     0.00
  MONTH TO DATE    0.00                      0.00   0.00     0.00
  SINCE OCT 1     21.78                     13.76   8.02    16.69
  SINCE JAN 1     15.62                      9.03   6.59    12.12

SNOWFALL (IN)
  YESTERDAY        0.0          MM      MM
  MONTH TO DATE    0.0
  SINCE JUN 1      0.0
  SINCE JUL 1      0.0
  SNOW DEPTH       0

DEGREE DAYS
 HEATING
  YESTERDAY        0                         0      0        0
  MONTH TO DATE    0                         0      0        0
  SINCE JUN 1      4                         7     -3        2
  SINCE JUL 1      0                         0      0        0

 COOLING
  YESTERDAY       13                        12      1       10
  MONTH TO DATE  332                       244     88      224
  SINCE JUN 1    695                       474    221      544
  SINCE JAN 1    858                       593    265      690
..................................................................


WIND (MPH)
  RESULTANT WIND SPEED   7   RESULTANT WIND DIRECTION  NW (300)
  HIGHEST WIND SPEED    18   HIGHEST WIND DIRECTION     W (280)
  HIGHEST GUST SPEED    23   HIGHEST GUST DIRECTION     W (280)


SKY COVER
  POSSIBLE SUNSHINE  MM
  AVERAGE SKY COVER 0.0


WEATHER CONDITIONS
 THE FOLLOWING WEATHER WAS RECORDED YESTERDAY.
  NO SIGNIFICANT WEATHER WAS OBSERVED.


RELATIVE HUMIDITY (PERCENT)
 HIGHEST    69           300 AM
 LOWEST     24           400 PM
 AVERAGE    47

..........................................................


THE STOCKTON AIRPORT CA CLIMATE NORMALS FOR TODAY
                         NORMAL    RECORD    YEAR
 MAXIMUM TEMPERATURE (F)   94       113      2006
 MINIMUM TEMPERATURE (F)   60        52      2008


SUNRISE AND SUNSET
JULY 22 2017..........SUNRISE   600 AM PDT   SUNSET   822 PM PDT
JULY 23 2017..........SUNRISE   601 AM PDT   SUNSET   821 PM PDT


-  INDICATES NEGATIVE NUMBERS.
R  INDICATES RECORD WAS SET OR TIED.
MM INDICATES DATA IS MISSING.
T  INDICATES TRACE AMOUNT.




$$
