000
CDUS46 KSTO 190840
CLISCK


CLIMATE REPORT
NATIONAL WEATHER SERVICE SACRAMENTO, CA
1239 AM PST THU JAN 19 2017


...................................

...THE STOCKTON AIRPORT CA CLIMATE SUMMARY FOR JANUARY 18 2017...

CLIMATE NORMAL PERIOD 1981 TO 2010
CLIMATE RECORD PERIOD 1948 TO 2017


WEATHER ITEM   OBSERVED TIME   RECORD YEAR NORMAL DEPARTURE LAST
                VALUE   (LST)  VALUE       VALUE  FROM      YEAR
                                                  NORMAL
..................................................................
TEMPERATURE (F)
 YESTERDAY
  MAXIMUM         50    806 PM  69    2009  54     -4       65
  MINIMUM         42    112 AM  25    2012  38      4       50
                                      1963
  AVERAGE         46

PRECIPITATION (IN)
  YESTERDAY        0.95R         0.93 1955   0.08   0.87     0.84
  MONTH TO DATE    4.93                      1.57   3.36     3.13
  SINCE OCT 1     11.09                      6.30   4.79     7.70
  SINCE JAN 1      4.93                      1.57   3.36     3.13

SNOWFALL (IN)
  YESTERDAY        0.0           0.0  2002
  MONTH TO DATE    0.0
  SINCE DEC 1      0.0
  SINCE JUL 1      0.0
  SNOW DEPTH       0

DEGREE DAYS
 HEATING
  YESTERDAY       19                        19      0        7
  MONTH TO DATE  325                       357    -32      297
  SINCE DEC 1    896                       960    -64      849
  SINCE JUL 1   1165                      1417   -252     1254

 COOLING
  YESTERDAY        0                         0      0        0
  MONTH TO DATE    0                         0      0        0
  SINCE DEC 1      0                         0      0        0
  SINCE JAN 1      0                         0      0        0
..................................................................


WIND (MPH)
  RESULTANT WIND SPEED  14   RESULTANT WIND DIRECTION  SE (140)
  HIGHEST WIND SPEED    39   HIGHEST WIND DIRECTION    SE (150)
  HIGHEST GUST SPEED    52   HIGHEST GUST DIRECTION    SE (150)


SKY COVER
  POSSIBLE SUNSHINE  MM
  AVERAGE SKY COVER 1.0


WEATHER CONDITIONS
 THE FOLLOWING WEATHER WAS RECORDED YESTERDAY.
  RAIN
  LIGHT RAIN
  FOG


RELATIVE HUMIDITY (PERCENT)
 HIGHEST   100          1200 AM
 LOWEST     86           700 PM
 AVERAGE    93

..........................................................


THE STOCKTON AIRPORT CA CLIMATE NORMALS FOR TODAY
                         NORMAL    RECORD    YEAR
 MAXIMUM TEMPERATURE (F)   54        71      1981
 MINIMUM TEMPERATURE (F)   38        28      2007
                                             1976


SUNRISE AND SUNSET
JANUARY 19 2017.......SUNRISE   718 AM PST   SUNSET   514 PM PST
JANUARY 20 2017.......SUNRISE   717 AM PST   SUNSET   515 PM PST


-  INDICATES NEGATIVE NUMBERS.
R  INDICATES RECORD WAS SET OR TIED.
MM INDICATES DATA IS MISSING.
T  INDICATES TRACE AMOUNT.




$$
