000
CDUS46 KSTO 010838
CLISCK


CLIMATE REPORT
NATIONAL WEATHER SERVICE SACRAMENTO, CA
1238 AM PST SUN MAR 1 2015


...................................

...THE STOCKTON AIRPORT CA CLIMATE SUMMARY FOR FEBRUARY 28 2015...

CLIMATE NORMAL PERIOD 1981 TO 2010
CLIMATE RECORD PERIOD 1948 TO 2015


WEATHER ITEM   OBSERVED TIME   RECORD YEAR NORMAL DEPARTURE LAST
                VALUE   (LST)  VALUE       VALUE  FROM      YEAR
                                                  NORMAL
..................................................................
TEMPERATURE (F)
 YESTERDAY
  MAXIMUM         64    239 PM  74    1985  64      0       58
  MINIMUM         42   1158 PM  29    1962  42      0       51
                                      1955
  AVERAGE         53

PRECIPITATION (IN)
  YESTERDAY        0.01          1.45 2014   0.08  -0.07     1.45
  MONTH TO DATE    1.44                      2.54  -1.10     2.87
  SINCE OCT 1      9.30                     10.01  -0.71     4.51
  SINCE JAN 1      1.46                      5.28  -3.82     3.08

SNOWFALL (IN)
  YESTERDAY       MM            MM      MM
  MONTH TO DATE    0.0
  SINCE DEC 1      0.0
  SINCE JUL 1      0.0
  SNOW DEPTH       0

DEGREE DAYS
 HEATING
  YESTERDAY       12                        12      0       10
  MONTH TO DATE  273                       408   -135      333
  SINCE DEC 1   1153                      1605   -452     1434
  SINCE JUL 1   1439                      2062   -623     1833

 COOLING
  YESTERDAY        0                         0      0        0
  MONTH TO DATE    0                         0      0        0
  SINCE DEC 1      0                         0      0        0
  SINCE JAN 1      0                         0      0        0
..................................................................


WIND (MPH)
  RESULTANT WIND SPEED   2   RESULTANT WIND DIRECTION   S (200)
  HIGHEST WIND SPEED    13   HIGHEST WIND DIRECTION     W (250)
  HIGHEST GUST SPEED    15   HIGHEST GUST DIRECTION    SW (240)


SKY COVER
  POSSIBLE SUNSHINE  MM
  AVERAGE SKY COVER 0.6


WEATHER CONDITIONS
 THE FOLLOWING WEATHER WAS RECORDED YESTERDAY.
  LIGHT RAIN


RELATIVE HUMIDITY (PERCENT)
 HIGHEST    86           700 AM
 LOWEST     51           100 PM
 AVERAGE    69

..........................................................


THE STOCKTON AIRPORT CA CLIMATE NORMALS FOR TODAY
                         NORMAL    RECORD    YEAR
 MAXIMUM TEMPERATURE (F)   64        75      1994
 MINIMUM TEMPERATURE (F)   42        29      1958
                                             1955


SUNRISE AND SUNSET
MARCH  1 2015.........SUNRISE   637 AM PST   SUNSET   558 PM PST
MARCH  2 2015.........SUNRISE   635 AM PST   SUNSET   559 PM PST


-  INDICATES NEGATIVE NUMBERS.
R  INDICATES RECORD WAS SET OR TIED.
MM INDICATES DATA IS MISSING.
T  INDICATES TRACE AMOUNT.




$$
