000
CDUS46 KLOX 300901
CLISDB


CLIMATE REPORT
NATIONAL WEATHER SERVICE LOS ANGELES/OXNARD CA
201 AM PDT THU JUL 30 2015


...................................

...THE SANDBERG CA CLIMATE SUMMARY FOR JULY 29 2015...

CLIMATE NORMAL PERIOD 1981 TO 2010
CLIMATE RECORD PERIOD 1934 TO 2015


WEATHER ITEM   OBSERVED TIME   RECORD YEAR NORMAL DEPARTURE LAST
                VALUE   (LST)  VALUE       VALUE  FROM      YEAR
                                                  NORMAL
..................................................................
TEMPERATURE (F)
 YESTERDAY
  MAXIMUM         96   1150 AM 100    1995  86     10       94
  MINIMUM         71   1207 AM  55    1950  65      6       73
  AVERAGE         84                        75      9       84

PRECIPITATION (IN)
  YESTERDAY        0.00          0.02 1937   0.00   0.00     0.00
  MONTH TO DATE    1.02                      0.02   1.00     0.01
  SINCE OCT 1      8.41                     12.13  -3.72     4.29
  SINCE JAN 1      3.51                      8.50  -4.99     3.59

DEGREE DAYS
 HEATING
  YESTERDAY        0                         0      0        0
  MONTH TO DATE   10                         4      6        0
  SINCE JUN 1     29                        88    -59        7
  SINCE JUL 1     10                         4      6        0

 COOLING
  YESTERDAY       19                        10      9       19
  MONTH TO DATE  220                       265    -45      392
  SINCE JUN 1    560                       396    164      632
  SINCE JAN 1    673                       441    232      782
..................................................................


WIND (MPH)
  HIGHEST WIND SPEED    21   HIGHEST WIND DIRECTION     S (180)
  HIGHEST GUST SPEED    28   HIGHEST GUST DIRECTION    SW (210)
  AVERAGE WIND SPEED     9.8


SKY COVER
  POSSIBLE SUNSHINE  MM
  AVERAGE SKY COVER 0.1


WEATHER CONDITIONS
 THE FOLLOWING WEATHER WAS RECORDED YESTERDAY.
  NO SIGNIFICANT WEATHER WAS OBSERVED.


RELATIVE HUMIDITY (PERCENT)
 HIGHEST    43           900 PM
 LOWEST      5           700 AM
 AVERAGE    24

..........................................................


THE SANDBERG CA CLIMATE NORMALS FOR TODAY
                         NORMAL    RECORD    YEAR
 MAXIMUM TEMPERATURE (F)   86        97      1943
 MINIMUM TEMPERATURE (F)   65        52      1975


SUNRISE AND SUNSET
JULY 30 2015..........SUNRISE   603 AM PDT   SUNSET   759 PM PDT
JULY 31 2015..........SUNRISE   604 AM PDT   SUNSET   758 PM PDT


-  INDICATES NEGATIVE NUMBERS.
R  INDICATES RECORD WAS SET OR TIED.
MM INDICATES DATA IS MISSING.
T  INDICATES TRACE AMOUNT.




$$
