000
CDUS46 KLOX 090902
CLISDB


CLIMATE REPORT
NATIONAL WEATHER SERVICE LOS ANGELES/OXNARD CA
102 AM PST TUE FEB 9 2016


...................................

...THE SANDBERG CA CLIMATE SUMMARY FOR FEBRUARY 8 2016...

CLIMATE NORMAL PERIOD 1981 TO 2010
CLIMATE RECORD PERIOD 1934 TO 2016


WEATHER ITEM   OBSERVED TIME   RECORD YEAR NORMAL DEPARTURE LAST
                VALUE   (LST)  VALUE       VALUE  FROM      YEAR
                                                  NORMAL
..................................................................
TEMPERATURE (F)
 YESTERDAY
  MAXIMUM         64    343 PM  76    1996  49     15       66
  MINIMUM         47    610 AM  19    1989  38      9       47
  AVERAGE         56                        43     13       57

PRECIPITATION (IN)
  YESTERDAY        0.00          1.27 1976   0.10  -0.10     0.01
  MONTH TO DATE    0.01                      0.63  -0.62     0.01
  SINCE OCT 1      4.72                      6.67  -1.95     6.41
  SINCE JAN 1      3.02                      3.04  -0.02     1.51

DEGREE DAYS
 HEATING
  YESTERDAY        9                        22    -13        8
  MONTH TO DATE  174                       176     -2       43
  SINCE DEC 1   1490                      1562    -72     1033
  SINCE JUL 1   2106                      2341   -235     1423

 COOLING
  YESTERDAY        0                         0      0        0
  MONTH TO DATE    0                         0      0        1
  SINCE DEC 1      0                         0      0        1
  SINCE JAN 1      0                         0      0        1
..................................................................


WIND (MPH)
  HIGHEST WIND SPEED    39   HIGHEST WIND DIRECTION     E (80)
  HIGHEST GUST SPEED    51   HIGHEST GUST DIRECTION     E (90)
  AVERAGE WIND SPEED    29.7


SKY COVER
  POSSIBLE SUNSHINE  MM
  AVERAGE SKY COVER 0.0


WEATHER CONDITIONS
 THE FOLLOWING WEATHER WAS RECORDED YESTERDAY.
  NO SIGNIFICANT WEATHER WAS OBSERVED.


RELATIVE HUMIDITY (PERCENT)
 HIGHEST    31           500 AM
 LOWEST     19           400 PM
 AVERAGE    25

..........................................................


THE SANDBERG CA CLIMATE NORMALS FOR TODAY
                         NORMAL    RECORD    YEAR
 MAXIMUM TEMPERATURE (F)   49        67      1951
 MINIMUM TEMPERATURE (F)   38        19      1939


SUNRISE AND SUNSET
FEBRUARY  9 2016......SUNRISE   647 AM PST   SUNSET   532 PM PST
FEBRUARY 10 2016......SUNRISE   646 AM PST   SUNSET   533 PM PST


-  INDICATES NEGATIVE NUMBERS.
R  INDICATES RECORD WAS SET OR TIED.
MM INDICATES DATA IS MISSING.
T  INDICATES TRACE AMOUNT.




$$
