000
CDUS46 KLOX 260901
CLISDB


CLIMATE REPORT
NATIONAL WEATHER SERVICE LOS ANGELES/OXNARD CA
101 AM PST FRI DEC 26 2014


...................................

...THE SANDBERG CA CLIMATE SUMMARY FOR DECEMBER 25 2014...

CLIMATE NORMAL PERIOD 1981 TO 2010
CLIMATE RECORD PERIOD 1934 TO 2014


WEATHER ITEM   OBSERVED TIME   RECORD YEAR NORMAL DEPARTURE LAST
                VALUE   (LST)  VALUE       VALUE  FROM      YEAR
                                                  NORMAL
..................................................................
TEMPERATURE (F)
 YESTERDAY
  MAXIMUM         41    125 PM  63    2012  47     -6       57
                                      2005
  MINIMUM         31   1159 PM  18    1987  36     -5       47
  AVERAGE         36                        42     -6       52

PRECIPITATION (IN)
  YESTERDAY        0.01          1.67 1946   0.08  -0.07     0.00
  MONTH TO DATE    4.30                      1.66   2.64     0.08
  SINCE JUL 1      5.07                      3.26   1.81     0.78
  SINCE JAN 1      8.65                     11.74  -3.09     3.69

DEGREE DAYS
 HEATING
  YESTERDAY       29                        23      6       13
  MONTH TO DATE  411                       563   -152      467
  SINCE DEC 1    411                       563   -152      467
  SINCE JUL 1    801                      1342   -541     1021

 COOLING
  YESTERDAY        0                         0      0        0
  MONTH TO DATE    0                         0      0        0
  SINCE DEC 1      0                         0      0        0
  SINCE JAN 1   1689                       998    691     1565
..................................................................


WIND (MPH)
  HIGHEST WIND SPEED    46   HIGHEST WIND DIRECTION     N (340)
  HIGHEST GUST SPEED    62   HIGHEST GUST DIRECTION     N (340)
  AVERAGE WIND SPEED    19.5


SKY COVER
  POSSIBLE SUNSHINE  MM
  AVERAGE SKY COVER 0.4


WEATHER CONDITIONS
 THE FOLLOWING WEATHER WAS RECORDED YESTERDAY.
  LIGHT RAIN
  LIGHT SNOW
  FOG
  FOG W/VISIBILITY <= 1/4 MILE


RELATIVE HUMIDITY (PERCENT)
 HIGHEST    89           400 AM
 LOWEST     37           300 PM
 AVERAGE    63

..........................................................


THE SANDBERG CA CLIMATE NORMALS FOR TODAY
                         NORMAL    RECORD    YEAR
 MAXIMUM TEMPERATURE (F)   48        63      1985
 MINIMUM TEMPERATURE (F)   36        20      1962


SUNRISE AND SUNSET
DECEMBER 26 2014......SUNRISE   701 AM PST   SUNSET   451 PM PST
DECEMBER 27 2014......SUNRISE   701 AM PST   SUNSET   451 PM PST


-  INDICATES NEGATIVE NUMBERS.
R  INDICATES RECORD WAS SET OR TIED.
MM INDICATES DATA IS MISSING.
T  INDICATES TRACE AMOUNT.




$$
