000
CDUS46 KLOX 250903
CLISDB


CLIMATE REPORT
NATIONAL WEATHER SERVICE LOS ANGELES/OXNARD CA
203 AM PDT SAT OCT 25 2014


...................................

...THE SANDBERG CA CLIMATE SUMMARY FOR OCTOBER 24 2014...

CLIMATE NORMAL PERIOD 1981 TO 2010
CLIMATE RECORD PERIOD 1934 TO 2014


WEATHER ITEM   OBSERVED TIME   RECORD YEAR NORMAL DEPARTURE LAST
                VALUE   (LST)  VALUE       VALUE  FROM      YEAR
                                                  NORMAL
..................................................................
TEMPERATURE (F)
 YESTERDAY
  MAXIMUM         81    151 PM  87    1959  64     17       77
  MINIMUM         58   1159 PM  28    1956  49      9       58
  AVERAGE         70                        57     13       68

PRECIPITATION (IN)
  YESTERDAY        0.00          0.47 1958   0.02  -0.02     0.00
  MONTH TO DATE    0.00                      0.42  -0.42     0.20
  SINCE JUL 1      0.17                      0.64  -0.47     0.28
  SINCE JAN 1      3.75                      9.12  -5.37     3.19

DEGREE DAYS
 HEATING
  YESTERDAY        0                         9     -9        0
  MONTH TO DATE   33                       153   -120      103
  SINCE SEP 1     54                       214   -160      150
  SINCE JUL 1     54                       231   -177      150

 COOLING
  YESTERDAY        5                         1      4        3
  MONTH TO DATE  153                        46    107       39
  SINCE SEP 1    484                       235    249      317
  SINCE JAN 1   1664                       992    672     1549
..................................................................


WIND (MPH)
  HIGHEST WIND SPEED    25   HIGHEST WIND DIRECTION     S (180)
  HIGHEST GUST SPEED    35   HIGHEST GUST DIRECTION     S (200)
  AVERAGE WIND SPEED    15.0


SKY COVER
  POSSIBLE SUNSHINE  MM
  AVERAGE SKY COVER 0.0


WEATHER CONDITIONS
 THE FOLLOWING WEATHER WAS RECORDED YESTERDAY.
  NO SIGNIFICANT WEATHER WAS OBSERVED.


RELATIVE HUMIDITY (PERCENT)
 HIGHEST    30           700 PM
 LOWEST      7          1000 AM
 AVERAGE    19

..........................................................


THE SANDBERG CA CLIMATE NORMALS FOR TODAY
                         NORMAL    RECORD    YEAR
 MAXIMUM TEMPERATURE (F)   64        82      2013
 MINIMUM TEMPERATURE (F)   49        33      1970


SUNRISE AND SUNSET
OCTOBER 25 2014.......SUNRISE   709 AM PDT   SUNSET   608 PM PDT
OCTOBER 26 2014.......SUNRISE   710 AM PDT   SUNSET   607 PM PDT


-  INDICATES NEGATIVE NUMBERS.
R  INDICATES RECORD WAS SET OR TIED.
MM INDICATES DATA IS MISSING.
T  INDICATES TRACE AMOUNT.




$$
