000
CDUS46 KLOX 240909
CLISDB


CLIMATE REPORT
NATIONAL WEATHER SERVICE LOS ANGELES/OXNARD CA
209 AM PDT SUN MAY 24 2015


...................................

...THE SANDBERG CA CLIMATE SUMMARY FOR MAY 23 2015...

CLIMATE NORMAL PERIOD 1981 TO 2010
CLIMATE RECORD PERIOD 1934 TO 2015


WEATHER ITEM   OBSERVED TIME   RECORD YEAR NORMAL DEPARTURE LAST
                VALUE   (LST)  VALUE       VALUE  FROM      YEAR
                                                  NORMAL
..................................................................
TEMPERATURE (F)
 YESTERDAY
  MAXIMUM         66    301 PM  90    2001  70     -4       75
  MINIMUM         47   1140 PM  28    2010  50     -3       55
  AVERAGE         57                        60     -3       65

PRECIPITATION (IN)
  YESTERDAY        T             0.35 2008   0.01  -0.01     0.00
  MONTH TO DATE    0.23                      0.35  -0.12      T
  SINCE OCT 1      7.25                     11.99  -4.74     4.28
  SINCE JAN 1      2.35                      8.36  -6.01     3.58

DEGREE DAYS
 HEATING
  YESTERDAY        8                         7      1        0
  MONTH TO DATE  234                       206     28      120
  SINCE MAR 1    740                      1222   -482      728
  SINCE JUL 1   2371                      3981  -1610     2513

 COOLING
  YESTERDAY        0                         2     -2        0
  MONTH TO DATE   10                        22    -12       62
  SINCE MAR 1     65                        30     35       86
  SINCE JAN 1     68                        30     38       93
..................................................................


WIND (MPH)
  HIGHEST WIND SPEED    28   HIGHEST WIND DIRECTION    NW (320)
  HIGHEST GUST SPEED    33   HIGHEST GUST DIRECTION     N (340)
  AVERAGE WIND SPEED    12.1


SKY COVER
  POSSIBLE SUNSHINE  MM
  AVERAGE SKY COVER 0.4


WEATHER CONDITIONS
 THE FOLLOWING WEATHER WAS RECORDED YESTERDAY.
  FOG
  HAZE


RELATIVE HUMIDITY (PERCENT)
 HIGHEST    93          1000 PM
 LOWEST     45           300 PM
 AVERAGE    69

..........................................................


THE SANDBERG CA CLIMATE NORMALS FOR TODAY
                         NORMAL    RECORD    YEAR
 MAXIMUM TEMPERATURE (F)   70        87      1936
 MINIMUM TEMPERATURE (F)   51        30      1980


SUNRISE AND SUNSET
MAY 24 2015...........SUNRISE   546 AM PDT   SUNSET   758 PM PDT
MAY 25 2015...........SUNRISE   546 AM PDT   SUNSET   758 PM PDT


-  INDICATES NEGATIVE NUMBERS.
R  INDICATES RECORD WAS SET OR TIED.
MM INDICATES DATA IS MISSING.
T  INDICATES TRACE AMOUNT.




$$
