000
CDUS46 KLOX 230115
CLISDB


CLIMATE REPORT
NATIONAL WEATHER SERVICE LOS ANGELES/OXNARD CA
615 PM PDT FRI SEP 22 2017


...................................

...THE SANDBERG CA CLIMATE SUMMARY FOR SEPTEMBER 22 2017...
VALID TODAY AS OF 0600 PM LOCAL TIME.

CLIMATE NORMAL PERIOD 1981 TO 2010
CLIMATE RECORD PERIOD 1934 TO 2017


WEATHER ITEM   OBSERVED TIME   RECORD YEAR NORMAL DEPARTURE LAST
                VALUE   (LST)  VALUE       VALUE  FROM      YEAR
                                                  NORMAL
..................................................................
TEMPERATURE (F)
 TODAY
  MAXIMUM         63    140 PM  93    1949  77    -14       64
  MINIMUM         42    614 AM  40    1948  58    -16       48
  AVERAGE         53                        68    -15       56

PRECIPITATION (IN)
  TODAY            0.00          0.51 2007   0.01  -0.01     0.00
  MONTH TO DATE    0.22                      0.11   0.11     0.00
  SINCE OCT 1     13.89                     12.27   1.62     6.93
  SINCE JAN 1     10.05                      8.64   1.41     5.23

DEGREE DAYS
 HEATING
  TODAY           12                         3      9        9
  MONTH TO DATE   39                        34      5       25
  SINCE SEP 1     39                        34      5       25
  SINCE JUL 1     40                        51    -11       25

 COOLING
  TODAY            0                         5     -5        0
  MONTH TO DATE  171                       152     19      169
  SINCE SEP 1    171                       152     19      169
  SINCE JAN 1   1643                       909    734     1513
..................................................................


WIND (MPH)
  HIGHEST WIND SPEED    21   HIGHEST WIND DIRECTION    NW (330)
  HIGHEST GUST SPEED    25   HIGHEST GUST DIRECTION     N (340)
  AVERAGE WIND SPEED    13.8


SKY COVER
  POSSIBLE SUNSHINE  MM
  AVERAGE SKY COVER 0.1


WEATHER CONDITIONS
 THE FOLLOWING WEATHER WAS RECORDED TODAY.
  NO SIGNIFICANT WEATHER WAS OBSERVED.


RELATIVE HUMIDITY (PERCENT)
 HIGHEST    83           400 AM
 LOWEST     22           200 PM
 AVERAGE    53

..........................................................


THE SANDBERG CA CLIMATE NORMALS FOR TOMORROW
                         NORMAL    RECORD    YEAR
 MAXIMUM TEMPERATURE (F)   76        93      1949
 MINIMUM TEMPERATURE (F)   58        38      1986


SUNRISE AND SUNSET
SEPTEMBER 22 2017.....SUNRISE   643 AM PDT   SUNSET   651 PM PDT
SEPTEMBER 23 2017.....SUNRISE   644 AM PDT   SUNSET   650 PM PDT


-  INDICATES NEGATIVE NUMBERS.
R  INDICATES RECORD WAS SET OR TIED.
MM INDICATES DATA IS MISSING.
T  INDICATES TRACE AMOUNT.




$$
