000
CDUS46 KLOX 230923
CLISDB


CLIMATE REPORT
NATIONAL WEATHER SERVICE LOS ANGELES/OXNARD CA
223 AM PDT SAT AUG 23 2014


...................................

...THE SANDBERG CA CLIMATE SUMMARY FOR AUGUST 22 2014...

CLIMATE NORMAL PERIOD 1981 TO 2010
CLIMATE RECORD PERIOD 1948 TO 2014


WEATHER ITEM   OBSERVED TIME   RECORD YEAR NORMAL DEPARTURE LAST
                VALUE   (LST)  VALUE       VALUE  FROM      YEAR
                                                  NORMAL
..................................................................
TEMPERATURE (F)
 YESTERDAY
  MAXIMUM         83    151 PM  93    2013  84     -1       93
                                      2006
  MINIMUM         63   1154 PM  40    1968  64     -1       71
  AVERAGE         73                        74     -1       82

PRECIPITATION (IN)
  YESTERDAY        0.00          0.04 2009   0.00   0.00     0.00
  MONTH TO DATE    0.16                      0.02   0.14     0.00
  SINCE JUL 1      0.17                      0.04   0.13     0.06
  SINCE JAN 1      3.75                      8.52  -4.77     2.97

DEGREE DAYS
 HEATING
  YESTERDAY        0                         0      0        0
  MONTH TO DATE    0                         0      0        0
  SINCE JUN 1      7                        92    -85       16
  SINCE JUL 1      0                         8     -8        0

 COOLING
  YESTERDAY        8                         9     -1       17
  MONTH TO DATE  263                       214     49      265
  SINCE JUN 1    933                       632    301      974
  SINCE JAN 1   1083                       677    406     1104
..................................................................


WIND (MPH)
  HIGHEST WIND SPEED    21   HIGHEST WIND DIRECTION     S (170)
  HIGHEST GUST SPEED    29   HIGHEST GUST DIRECTION     S (160)
  AVERAGE WIND SPEED    12.5


SKY COVER
  POSSIBLE SUNSHINE  MM
  AVERAGE SKY COVER 0.1


WEATHER CONDITIONS
 THE FOLLOWING WEATHER WAS RECORDED YESTERDAY.
  NO SIGNIFICANT WEATHER WAS OBSERVED.


RELATIVE HUMIDITY (PERCENT)
 HIGHEST    67          1000 PM
 LOWEST     31           100 PM
 AVERAGE    49

..........................................................


THE SANDBERG CA CLIMATE NORMALS FOR TODAY
                         NORMAL    RECORD    YEAR
 MAXIMUM TEMPERATURE (F)   84        94      1998
 MINIMUM TEMPERATURE (F)   63        44      1963


SUNRISE AND SUNSET
AUGUST 23 2014........SUNRISE   621 AM PDT   SUNSET   733 PM PDT
AUGUST 24 2014........SUNRISE   622 AM PDT   SUNSET   732 PM PDT


-  INDICATES NEGATIVE NUMBERS.
R  INDICATES RECORD WAS SET OR TIED.
MM INDICATES DATA IS MISSING.
T  INDICATES TRACE AMOUNT.




$$
