000
CDUS46 KLOX 250111
CLISDB


CLIMATE REPORT
NATIONAL WEATHER SERVICE LOS ANGELES/OXNARD CA
611 PM PDT THU APR 24 2014


...................................

...THE SANDBERG CA CLIMATE SUMMARY FOR APRIL 24 2014...
VALID TODAY AS OF 0600 PM LOCAL TIME.

CLIMATE NORMAL PERIOD 1981 TO 2010
CLIMATE RECORD PERIOD 1948 TO 2014


WEATHER ITEM   OBSERVED TIME   RECORD YEAR NORMAL DEPARTURE LAST
                VALUE   (LST)  VALUE       VALUE  FROM      YEAR
                                                  NORMAL
..................................................................
TEMPERATURE (F)
 TODAY
  MAXIMUM         67    400 PM  78    1949  61      6       73
  MINIMUM         43    454 AM  25    1964  44     -1       45
  AVERAGE         55                        52      3       59

PRECIPITATION (IN)
  TODAY            0.00          0.07 1994   0.02  -0.02     0.00
  MONTH TO DATE    0.11                      0.54  -0.43     0.01
  SINCE JUL 1      4.11                     11.77  -7.66     3.90
  SINCE JAN 1      3.33                      7.92  -4.59     2.53

DEGREE DAYS
 HEATING
  TODAY           10                        13     -3        6
  MONTH TO DATE  188                       372   -184      214
  SINCE MAR 1    530                       942   -412      520
  SINCE JUL 1   2315                      3701  -1386     2884

 COOLING
  TODAY            0                         0      0        0
  MONTH TO DATE   21                         0     21       13
  SINCE MAR 1     24                         1     23       24
  SINCE JAN 1     31                         1     30       24
..................................................................


WIND (MPH)
  HIGHEST WIND SPEED    28   HIGHEST WIND DIRECTION     N (350)
  HIGHEST GUST SPEED    33   HIGHEST GUST DIRECTION     N (340)
  AVERAGE WIND SPEED    14.0


SKY COVER
  POSSIBLE SUNSHINE  MM
  AVERAGE SKY COVER 0.0


WEATHER CONDITIONS
 THE FOLLOWING WEATHER WAS RECORDED TODAY.
  NO SIGNIFICANT WEATHER WAS OBSERVED.


RELATIVE HUMIDITY (PERCENT)
 HIGHEST    62           500 AM
 LOWEST     30          1100 AM
 AVERAGE    46

..........................................................


THE SANDBERG CA CLIMATE NORMALS FOR TOMORROW
                         NORMAL    RECORD    YEAR
 MAXIMUM TEMPERATURE (F)   61        78      2004
 MINIMUM TEMPERATURE (F)   44        27      1971


SUNRISE AND SUNSET
APRIL 24 2014.........SUNRISE   612 AM PDT   SUNSET   734 PM PDT
APRIL 25 2014.........SUNRISE   611 AM PDT   SUNSET   735 PM PDT


-  INDICATES NEGATIVE NUMBERS.
R  INDICATES RECORD WAS SET OR TIED.
MM INDICATES DATA IS MISSING.
T  INDICATES TRACE AMOUNT.




$$
