000
CDUS46 KLOX 270909
CLISDB


CLIMATE REPORT
NATIONAL WEATHER SERVICE LOS ANGELES/OXNARD CA
209 AM PDT WED JUL 27 2016


...................................

...THE SANDBERG CA CLIMATE SUMMARY FOR JULY 26 2016...

CLIMATE NORMAL PERIOD 1981 TO 2010
CLIMATE RECORD PERIOD 1934 TO 2016


WEATHER ITEM   OBSERVED TIME   RECORD YEAR NORMAL DEPARTURE LAST
                VALUE   (LST)  VALUE       VALUE  FROM      YEAR
                                                  NORMAL
..................................................................
TEMPERATURE (F)
 YESTERDAY
  MAXIMUM        100R  1223 PM  98    1934  86     14       83
  MINIMUM         76    405 AM  50    1941  65     11       61
  AVERAGE         88                        75     13       72

PRECIPITATION (IN)
  YESTERDAY        0.00          T    2013   0.00   0.00     0.00
  MONTH TO DATE    0.00                      0.02  -0.02     1.02
  SINCE OCT 1      6.93                     12.13  -5.20     8.41
  SINCE JAN 1      5.23                      8.50  -3.27     3.51

DEGREE DAYS
 HEATING
  YESTERDAY        0                         0      0        0
  MONTH TO DATE    0                         4     -4       10
  SINCE JUN 1     21                        88    -67       29
  SINCE JUL 1      0                         4     -4       10

 COOLING
  YESTERDAY       23                        10     13        7
  MONTH TO DATE  325                       235     90      181
  SINCE JUN 1    696                       366    330      521
  SINCE JAN 1    777                       411    366      634
..................................................................


WIND (MPH)
  HIGHEST WIND SPEED    18   HIGHEST WIND DIRECTION    NW (320)
  HIGHEST GUST SPEED    22   HIGHEST GUST DIRECTION    NW (320)
  AVERAGE WIND SPEED    11.1


SKY COVER
  POSSIBLE SUNSHINE  MM
  AVERAGE SKY COVER 0.0


WEATHER CONDITIONS
 THE FOLLOWING WEATHER WAS RECORDED YESTERDAY.
  NO SIGNIFICANT WEATHER WAS OBSERVED.


RELATIVE HUMIDITY (PERCENT)
 HIGHEST    25          1200 AM
 LOWEST     10          1100 AM
 AVERAGE    18

..........................................................


THE SANDBERG CA CLIMATE NORMALS FOR TODAY
                         NORMAL    RECORD    YEAR
 MAXIMUM TEMPERATURE (F)   86       102      1934
 MINIMUM TEMPERATURE (F)   65        49      1941


SUNRISE AND SUNSET
JULY 27 2016..........SUNRISE   602 AM PDT   SUNSET   801 PM PDT
JULY 28 2016..........SUNRISE   602 AM PDT   SUNSET   800 PM PDT


-  INDICATES NEGATIVE NUMBERS.
R  INDICATES RECORD WAS SET OR TIED.
MM INDICATES DATA IS MISSING.
T  INDICATES TRACE AMOUNT.




$$
