000
CDUS46 KLOX 060858
CLISDB


CLIMATE REPORT
NATIONAL WEATHER SERVICE LOS ANGELES/OXNARD CA
1258 AM PST FRI MAR 6 2015


...................................

...THE SANDBERG CA CLIMATE SUMMARY FOR MARCH 5 2015...

CLIMATE NORMAL PERIOD 1981 TO 2010
CLIMATE RECORD PERIOD 1934 TO 2015


WEATHER ITEM   OBSERVED TIME   RECORD YEAR NORMAL DEPARTURE LAST
                VALUE   (LST)  VALUE       VALUE  FROM      YEAR
                                                  NORMAL
..................................................................
TEMPERATURE (F)
 YESTERDAY
  MAXIMUM         59    314 PM  75    1972  52      7       70
  MINIMUM         40    147 AM  22    1971  39      1       53
  AVERAGE         50                        46      4       62

PRECIPITATION (IN)
  YESTERDAY        0.00          1.65 2001   0.08  -0.08     0.00
  MONTH TO DATE    0.27                      0.39  -0.12     0.24
  SINCE OCT 1      6.81                      9.67  -2.86     3.85
  SINCE JAN 1      1.91                      6.04  -4.13     3.15

DEGREE DAYS
 HEATING
  YESTERDAY       15                        19     -4        3
  MONTH TO DATE  104                        99      5       79
  SINCE MAR 1    104                        99      5       79
  SINCE JUL 1   1735                      2858  -1123     1864

 COOLING
  YESTERDAY        0                         0      0        0
  MONTH TO DATE    0                         0      0        0
  SINCE MAR 1      0                         0      0        0
  SINCE JAN 1      3                         0      3        7
..................................................................


WIND (MPH)
  HIGHEST WIND SPEED    29   HIGHEST WIND DIRECTION     E (80)
  HIGHEST GUST SPEED    34   HIGHEST GUST DIRECTION     E (80)
  AVERAGE WIND SPEED    16.7


SKY COVER
  POSSIBLE SUNSHINE  MM
  AVERAGE SKY COVER 0.0


WEATHER CONDITIONS
 THE FOLLOWING WEATHER WAS RECORDED YESTERDAY.
  NO SIGNIFICANT WEATHER WAS OBSERVED.


RELATIVE HUMIDITY (PERCENT)
 HIGHEST    33          1200 AM
 LOWEST     18           300 PM
 AVERAGE    26

..........................................................


THE SANDBERG CA CLIMATE NORMALS FOR TODAY
                         NORMAL    RECORD    YEAR
 MAXIMUM TEMPERATURE (F)   53        73      1972
 MINIMUM TEMPERATURE (F)   39        19      1956


SUNRISE AND SUNSET
MARCH  6 2015.........SUNRISE   618 AM PST   SUNSET   555 PM PST
MARCH  7 2015.........SUNRISE   617 AM PST   SUNSET   556 PM PST


-  INDICATES NEGATIVE NUMBERS.
R  INDICATES RECORD WAS SET OR TIED.
MM INDICATES DATA IS MISSING.
T  INDICATES TRACE AMOUNT.




$$
