000
CDUS46 KLOX 260121
CLISDB


CLIMATE REPORT
NATIONAL WEATHER SERVICE LOS ANGELES/OXNARD CA
621 PM PDT TUE JUL 25 2017


...................................

...THE SANDBERG CA CLIMATE SUMMARY FOR JULY 25 2017...
VALID TODAY AS OF 0600 PM LOCAL TIME.

CLIMATE NORMAL PERIOD 1981 TO 2010
CLIMATE RECORD PERIOD 1934 TO 2017


WEATHER ITEM   OBSERVED TIME   RECORD YEAR NORMAL DEPARTURE LAST
                VALUE   (LST)  VALUE       VALUE  FROM      YEAR
                                                  NORMAL
..................................................................
TEMPERATURE (F)
 TODAY
  MAXIMUM         87    155 PM  98    1973  86      1       94
  MINIMUM         63    237 AM  52    1990  65     -2       72
  AVERAGE         75                        75      0       83

PRECIPITATION (IN)
  TODAY            0.00          0.00   MM   0.00   0.00     0.00
  MONTH TO DATE    T                         0.02  -0.02     0.00
  SINCE OCT 1     12.79                     12.13   0.66     6.93
  SINCE JAN 1      8.95                      8.50   0.45     5.23

DEGREE DAYS
 HEATING
  TODAY            0                         0      0        0
  MONTH TO DATE    0                         4     -4        0
  SINCE JUN 1     40                        88    -48       21
  SINCE JUL 1      0                         4     -4        0

 COOLING
  TODAY           10                        10      0       18
  MONTH TO DATE  404                       225    179      302
  SINCE JUN 1    760                       356    404      673
  SINCE JAN 1    905                       401    504      754
..................................................................


WIND (MPH)
  HIGHEST WIND SPEED    21   HIGHEST WIND DIRECTION     S (180)
  HIGHEST GUST SPEED    29   HIGHEST GUST DIRECTION     S (180)
  AVERAGE WIND SPEED    12.5


SKY COVER
  POSSIBLE SUNSHINE  MM
  AVERAGE SKY COVER 0.5


WEATHER CONDITIONS
 THE FOLLOWING WEATHER WAS RECORDED TODAY.
  NO SIGNIFICANT WEATHER WAS OBSERVED.


RELATIVE HUMIDITY (PERCENT)
 HIGHEST    56          1200 AM
 LOWEST     23           900 AM
 AVERAGE    40

..........................................................


THE SANDBERG CA CLIMATE NORMALS FOR TOMORROW
                         NORMAL    RECORD    YEAR
 MAXIMUM TEMPERATURE (F)   86       100      2016
 MINIMUM TEMPERATURE (F)   65        50      1941


SUNRISE AND SUNSET
JULY 25 2017..........SUNRISE   600 AM PDT   SUNSET   802 PM PDT
JULY 26 2017..........SUNRISE   601 AM PDT   SUNSET   802 PM PDT


-  INDICATES NEGATIVE NUMBERS.
R  INDICATES RECORD WAS SET OR TIED.
MM INDICATES DATA IS MISSING.
T  INDICATES TRACE AMOUNT.




$$
