000
CDUS46 KLOX 240929
CLISDB


CLIMATE REPORT
NATIONAL WEATHER SERVICE LOS ANGELES/OXNARD CA
129 AM PST FRI NOV 24 2017


...................................

...THE SANDBERG CA CLIMATE SUMMARY FOR NOVEMBER 23 2017...

CLIMATE NORMAL PERIOD 1981 TO 2010
CLIMATE RECORD PERIOD 1934 TO 2017


WEATHER ITEM   OBSERVED TIME   RECORD YEAR NORMAL DEPARTURE LAST
                VALUE   (LST)  VALUE       VALUE  FROM      YEAR
                                                  NORMAL
..................................................................
TEMPERATURE (F)
 YESTERDAY
  MAXIMUM         83R   150 PM  83    2017  53     30       53
  MINIMUM         63   1159 PM  23    1952  40     23       39
  AVERAGE         73                        46     27       46

PRECIPITATION (IN)
  YESTERDAY        0.00          0.90 1992   0.03  -0.03     0.00
  MONTH TO DATE    0.04                      0.54  -0.50     0.64
  SINCE OCT 1      0.04                      1.14  -1.10     1.22
  SINCE JAN 1     10.09                      9.84   0.25     6.45

DEGREE DAYS
 HEATING
  YESTERDAY        0                        19    -19       19
  MONTH TO DATE  178                       339   -161      157
  SINCE SEP 1    313                       623   -310      309
  SINCE JUL 1    314                       640   -326      309

 COOLING
  YESTERDAY        8                         0      8        0
  MONTH TO DATE   13                         0     13       29
  SINCE SEP 1    338                       239     99      329
  SINCE JAN 1   1810                       996    814     1673
..................................................................


WIND (MPH)
  HIGHEST WIND SPEED    23   HIGHEST WIND DIRECTION    NW (330)
  HIGHEST GUST SPEED    25   HIGHEST GUST DIRECTION    NW (330)
  AVERAGE WIND SPEED    11.9


SKY COVER
  POSSIBLE SUNSHINE  MM
  AVERAGE SKY COVER 0.0


WEATHER CONDITIONS
 THE FOLLOWING WEATHER WAS RECORDED YESTERDAY.
  NO SIGNIFICANT WEATHER WAS OBSERVED.


RELATIVE HUMIDITY (PERCENT)
 HIGHEST    31           800 PM
 LOWEST     15           100 PM
 AVERAGE    23

..........................................................


THE SANDBERG CA CLIMATE NORMALS FOR TODAY
                         NORMAL    RECORD    YEAR
 MAXIMUM TEMPERATURE (F)   52        72      1995
 MINIMUM TEMPERATURE (F)   40        24      2010


SUNRISE AND SUNSET
NOVEMBER 24 2017......SUNRISE   638 AM PST   SUNSET   445 PM PST
NOVEMBER 25 2017......SUNRISE   639 AM PST   SUNSET   445 PM PST


-  INDICATES NEGATIVE NUMBERS.
R  INDICATES RECORD WAS SET OR TIED.
MM INDICATES DATA IS MISSING.
T  INDICATES TRACE AMOUNT.




$$
