000
CDUS46 KLOX 050910
CLISDB


CLIMATE REPORT
NATIONAL WEATHER SERVICE LOS ANGELES/OXNARD CA
210 AM PDT SUN JUL 5 2015


...................................

...THE SANDBERG CA CLIMATE SUMMARY FOR JULY 4 2015...

CLIMATE NORMAL PERIOD 1981 TO 2010
CLIMATE RECORD PERIOD 1934 TO 2015


WEATHER ITEM   OBSERVED TIME   RECORD YEAR NORMAL DEPARTURE LAST
                VALUE   (LST)  VALUE       VALUE  FROM      YEAR
                                                  NORMAL
..................................................................
TEMPERATURE (F)
 YESTERDAY
  MAXIMUM         91   1241 PM 102    2007  82      9       90
  MINIMUM         65   1135 PM  47    1955  62      3       68
  AVERAGE         78                        72      6       79

PRECIPITATION (IN)
  YESTERDAY        0.00          T    2001   0.00   0.00     0.00
  MONTH TO DATE    T                         0.00   0.00     0.00
  SINCE OCT 1      7.39                     12.11  -4.72     4.28
  SINCE JAN 1      2.49                      8.48  -5.99     3.58

DEGREE DAYS
 HEATING
  YESTERDAY        0                         1     -1        0
  MONTH TO DATE    0                         4     -4        0
  SINCE JUN 1     19                        88    -69        7
  SINCE JUL 1      0                         4     -4        0

 COOLING
  YESTERDAY       13                         8      5       14
  MONTH TO DATE   50                        29     21       67
  SINCE JUN 1    390                       160    230      307
  SINCE JAN 1    503                       205    298      457
..................................................................


WIND (MPH)
  HIGHEST WIND SPEED    23   HIGHEST WIND DIRECTION     S (180)
  HIGHEST GUST SPEED    28   HIGHEST GUST DIRECTION     S (190)
  AVERAGE WIND SPEED    11.0


SKY COVER
  POSSIBLE SUNSHINE  MM
  AVERAGE SKY COVER 0.0


WEATHER CONDITIONS
 THE FOLLOWING WEATHER WAS RECORDED YESTERDAY.
  NO SIGNIFICANT WEATHER WAS OBSERVED.


RELATIVE HUMIDITY (PERCENT)
 HIGHEST    58          1100 PM
 LOWEST     19           200 PM
 AVERAGE    39

..........................................................


THE SANDBERG CA CLIMATE NORMALS FOR TODAY
                         NORMAL    RECORD    YEAR
 MAXIMUM TEMPERATURE (F)   83       101      2007
 MINIMUM TEMPERATURE (F)   62        48      1986


SUNRISE AND SUNSET
JULY  5 2015..........SUNRISE   547 AM PDT   SUNSET   812 PM PDT
JULY  6 2015..........SUNRISE   548 AM PDT   SUNSET   812 PM PDT


-  INDICATES NEGATIVE NUMBERS.
R  INDICATES RECORD WAS SET OR TIED.
MM INDICATES DATA IS MISSING.
T  INDICATES TRACE AMOUNT.




$$
