000
CDUS43 KLMK 300627
CLISDF


CLIMATE REPORT
NATIONAL WEATHER SERVICE LOUISVILLE KY
226 AM EDT TUE MAY 30 2017


...................................

...THE LOUISVILLE KY CLIMATE SUMMARY FOR MAY 29 2017...

CLIMATE NORMAL PERIOD 1981 TO 2010
CLIMATE RECORD PERIOD 1871 TO 2017


WEATHER ITEM   OBSERVED TIME   RECORD YEAR NORMAL DEPARTURE LAST
                VALUE   (LST)  VALUE       VALUE  FROM      YEAR
                                                  NORMAL
..................................................................
TEMPERATURE (F)
 YESTERDAY
  MAXIMUM         84    444 PM  95    1911  81      3       89
  MINIMUM         65    602 AM  43    1965  61      4       66
  AVERAGE         75                        71      4       78

PRECIPITATION (IN)
  YESTERDAY        0.00          3.54 1880   0.16  -0.16     0.00
  MONTH TO DATE    4.74                      4.95  -0.21     4.56
  SINCE MAR 1     12.89                     13.13  -0.24    13.24
  SINCE JAN 1     19.16                     19.55  -0.39    19.06

SNOWFALL (IN)
  YESTERDAY        0.0          MM      MM   0.0    0.0      0.0
  MONTH TO DATE    0.0                       0.0    0.0      0.0
  SINCE MAR 1      T                         1.5   -1.5      0.5
  SINCE JUL 1      2.7                      12.5   -9.8     14.9
  SNOW DEPTH       0

DEGREE DAYS
 HEATING
  YESTERDAY        0                         1     -1        0
  MONTH TO DATE   74                        66      8       91
  SINCE MAR 1    622                       850   -228      630
  SINCE JUL 1   3087                      4091  -1004     3252

 COOLING
  YESTERDAY       10                         7      3       13
  MONTH TO DATE  150                       116     34      104
  SINCE MAR 1    268                       159    109      167
  SINCE JAN 1    273                       159    114      167
..................................................................


WIND (MPH)
  HIGHEST WIND SPEED    20   HIGHEST WIND DIRECTION     W (270)
  HIGHEST GUST SPEED    25   HIGHEST GUST DIRECTION     W (270)
  AVERAGE WIND SPEED     8.3


SKY COVER
  POSSIBLE SUNSHINE  MM
  AVERAGE SKY COVER 0.7


WEATHER CONDITIONS
 THE FOLLOWING WEATHER WAS RECORDED YESTERDAY.
  FOG


RELATIVE HUMIDITY (PERCENT)
 HIGHEST    93           200 AM
 LOWEST     34           500 PM
 AVERAGE    64

..........................................................


THE LOUISVILLE KY CLIMATE NORMALS FOR TODAY
                         NORMAL    RECORD    YEAR
 MAXIMUM TEMPERATURE (F)   81        94      2011
                                             1895
 MINIMUM TEMPERATURE (F)   61        40      1947
                                             1889


SUNRISE AND SUNSET
MAY 30 2017...........SUNRISE   622 AM EDT   SUNSET   859 PM EDT
MAY 31 2017...........SUNRISE   622 AM EDT   SUNSET   900 PM EDT


-  INDICATES NEGATIVE NUMBERS.
R  INDICATES RECORD WAS SET OR TIED.
MM INDICATES DATA IS MISSING.
T  INDICATES TRACE AMOUNT.




$$
