000
CDUS43 KLMK 010627
CLISDF


CLIMATE REPORT
NATIONAL WEATHER SERVICE LOUISVILLE KY
227 AM EDT WED OCT 1 2014


...................................

...THE LOUISVILLE KY CLIMATE SUMMARY FOR SEPTEMBER 30 2014...

CLIMATE NORMAL PERIOD 1981 TO 2010
CLIMATE RECORD PERIOD 1871 TO 2014


WEATHER ITEM   OBSERVED TIME   RECORD YEAR NORMAL DEPARTURE LAST
                VALUE   (LST)  VALUE       VALUE  FROM      YEAR
                                                  NORMAL
..................................................................
TEMPERATURE (F)
 YESTERDAY
  MAXIMUM         86    323 PM  94    1953  76     10       78
  MINIMUM         58    715 AM  33    1949  54      4       64
  AVERAGE         72                        65      7       71

PRECIPITATION (IN)
  YESTERDAY        0.00          1.56 1885   0.11  -0.11      T
  MONTH TO DATE    3.31                      3.05   0.26     2.70
  SINCE SEP 1      3.31                      3.05   0.26     2.70
  SINCE JAN 1     34.48                     34.27   0.21    34.51

SNOWFALL (IN)
  YESTERDAY        0.0          MM      MM   0.0    0.0      0.0
  MONTH TO DATE    0.0                       0.0    0.0      0.0
  SINCE SEP 1      0.0                       0.0    0.0      0.0
  SINCE JUL 1      0.0                       0.0    0.0      0.0
  SNOW DEPTH       0

DEGREE DAYS
 HEATING
  YESTERDAY        0                         3     -3        0
  MONTH TO DATE   13                        29    -16        6
  SINCE SEP 1     13                        30    -17        6
  SINCE JUL 1     13                        30    -17        6

 COOLING
  YESTERDAY        7                         3      4        6
  MONTH TO DATE  203                       210     -7      235
  SINCE SEP 1    203                       210     -7      235
  SINCE JAN 1   1595                      1567     28     1575
..................................................................


WIND (MPH)
  HIGHEST WIND SPEED    16   HIGHEST WIND DIRECTION     W (290)
  HIGHEST GUST SPEED    22   HIGHEST GUST DIRECTION    NW (300)
  AVERAGE WIND SPEED     5.4


SKY COVER
  POSSIBLE SUNSHINE  MM
  AVERAGE SKY COVER 0.2


WEATHER CONDITIONS
 THE FOLLOWING WEATHER WAS RECORDED YESTERDAY.
  HAZE


RELATIVE HUMIDITY (PERCENT)
 HIGHEST    87           500 AM
 LOWEST     37           100 PM
 AVERAGE    62

..........................................................


THE LOUISVILLE KY CLIMATE NORMALS FOR TODAY
                         NORMAL    RECORD    YEAR
 MAXIMUM TEMPERATURE (F)   75        91      1919
                                             1897
 MINIMUM TEMPERATURE (F)   54        36      1947
                                             1895


SUNRISE AND SUNSET
OCTOBER  1 2014.......SUNRISE   739 AM EDT   SUNSET   726 PM EDT
OCTOBER  2 2014.......SUNRISE   739 AM EDT   SUNSET   724 PM EDT


-  INDICATES NEGATIVE NUMBERS.
R  INDICATES RECORD WAS SET OR TIED.
MM INDICATES DATA IS MISSING.
T  INDICATES TRACE AMOUNT.




$$
