000
CDUS43 KLMK 230628
CLISDF


CLIMATE REPORT
NATIONAL WEATHER SERVICE LOUISVILLE KY
128 AM EST THU NOV 23 2017


...................................

...THE LOUISVILLE KY CLIMATE SUMMARY FOR NOVEMBER 22 2017...

CLIMATE NORMAL PERIOD 1981 TO 2010
CLIMATE RECORD PERIOD 1871 TO 2017


WEATHER ITEM   OBSERVED TIME   RECORD YEAR NORMAL DEPARTURE LAST
                VALUE   (LST)  VALUE       VALUE  FROM      YEAR
                                                  NORMAL
..................................................................
TEMPERATURE (F)
 YESTERDAY
  MAXIMUM         46   1207 AM  77    1900  55     -9       53
  MINIMUM         30    758 AM   8    1880  37     -7       31
  AVERAGE         38                        46     -8       42

PRECIPITATION (IN)
  YESTERDAY        0.00          1.82 1874   0.13  -0.13     0.00
  MONTH TO DATE    2.03                      2.56  -0.53     0.44
  SINCE SEP 1     12.39                      8.83   3.56     3.37
  SINCE JAN 1     41.80                     40.05   1.75    37.04

SNOWFALL (IN)
  YESTERDAY        0.0           0.7  1929   0.0    0.0      0.0
  MONTH TO DATE    0.0                       0.0    0.0      0.0
  SINCE SEP 1      T                         0.1   -0.1      0.0
  SINCE JUL 1      T                         0.1   -0.1      0.0
  SNOW DEPTH       0

DEGREE DAYS
 HEATING
  YESTERDAY       27                        19      8       23
  MONTH TO DATE  343                       325     18      254
  SINCE SEP 1    538                       567    -29      339
  SINCE JUL 1    538                       567    -29      339

 COOLING
  YESTERDAY        0                         0      0        0
  MONTH TO DATE    8                         0      8       19
  SINCE SEP 1    295                       252     43      474
  SINCE JAN 1   1789                      1609    180     2082
..................................................................


WIND (MPH)
  HIGHEST WIND SPEED    21   HIGHEST WIND DIRECTION     N (360)
  HIGHEST GUST SPEED    25   HIGHEST GUST DIRECTION     N (350)
  AVERAGE WIND SPEED     7.5


SKY COVER
  POSSIBLE SUNSHINE  MM
  AVERAGE SKY COVER 0.2


WEATHER CONDITIONS
 THE FOLLOWING WEATHER WAS RECORDED YESTERDAY.
  NO SIGNIFICANT WEATHER WAS OBSERVED.


RELATIVE HUMIDITY (PERCENT)
 HIGHEST    72           700 AM
 LOWEST     45           300 PM
 AVERAGE    59

..........................................................


THE LOUISVILLE KY CLIMATE NORMALS FOR TODAY
                         NORMAL    RECORD    YEAR
 MAXIMUM TEMPERATURE (F)   54        75      1931
 MINIMUM TEMPERATURE (F)   37        11      1880


SUNRISE AND SUNSET
NOVEMBER 23 2017......SUNRISE   733 AM EST   SUNSET   526 PM EST
NOVEMBER 24 2017......SUNRISE   734 AM EST   SUNSET   525 PM EST


-  INDICATES NEGATIVE NUMBERS.
R  INDICATES RECORD WAS SET OR TIED.
MM INDICATES DATA IS MISSING.
T  INDICATES TRACE AMOUNT.




$$
