000
CDUS43 KLMK 230635
CLISDF


CLIMATE REPORT
NATIONAL WEATHER SERVICE LOUISVILLE KY
232 AM EDT TUE SEP 23 2014


...................................

...THE LOUISVILLE KY CLIMATE SUMMARY FOR SEPTEMBER 22 2014...

CLIMATE NORMAL PERIOD 1981 TO 2010
CLIMATE RECORD PERIOD 1871 TO 2014


WEATHER ITEM   OBSERVED TIME   RECORD YEAR NORMAL DEPARTURE LAST
                VALUE   (LST)  VALUE       VALUE  FROM      YEAR
                                                  NORMAL
..................................................................
TEMPERATURE (F)
 YESTERDAY
  MAXIMUM         70    339 PM  99    2010  79     -9       73
  MINIMUM         54    644 AM  40    1983  58     -4       53
  AVERAGE         62                        68     -6       63

PRECIPITATION (IN)
  YESTERDAY        0.00          4.28 2006   0.10  -0.10     0.00
  MONTH TO DATE    3.31                      2.18   1.13     2.66
  SINCE SEP 1      3.31                      2.18   1.13     2.66
  SINCE JAN 1     34.48                     33.40   1.08    34.47

SNOWFALL (IN)
  YESTERDAY        0.0          MM      MM   0.0    0.0      0.0
  MONTH TO DATE    0.0                       0.0    0.0      0.0
  SINCE SEP 1      0.0                       0.0    0.0      0.0
  SINCE JUL 1      0.0                       0.0    0.0      0.0
  SNOW DEPTH       0

DEGREE DAYS
 HEATING
  YESTERDAY        3                         2      1        2
  MONTH TO DATE   11                         9      2        4
  SINCE SEP 1     11                         9      2        4
  SINCE JUL 1     11                         9      2        4

 COOLING
  YESTERDAY        0                         5     -5        0
  MONTH TO DATE  155                       179    -24      204
  SINCE SEP 1    155                       179    -24      204
  SINCE JAN 1   1547                      1536     11     1544
..................................................................


WIND (MPH)
  HIGHEST WIND SPEED    18   HIGHEST WIND DIRECTION     N (360)
  HIGHEST GUST SPEED    20   HIGHEST GUST DIRECTION     N (360)
  AVERAGE WIND SPEED     7.9


SKY COVER
  POSSIBLE SUNSHINE  MM
  AVERAGE SKY COVER 0.1


WEATHER CONDITIONS
 THE FOLLOWING WEATHER WAS RECORDED YESTERDAY.
  NO SIGNIFICANT WEATHER WAS OBSERVED.


RELATIVE HUMIDITY (PERCENT)
 HIGHEST    77           200 AM
 LOWEST     37           400 PM
 AVERAGE    57

..........................................................


THE LOUISVILLE KY CLIMATE NORMALS FOR TODAY
                         NORMAL    RECORD    YEAR
 MAXIMUM TEMPERATURE (F)   79        97      2010
 MINIMUM TEMPERATURE (F)   57        39      1995
                                             1974


SUNRISE AND SUNSET
SEPTEMBER 23 2014.....SUNRISE   732 AM EDT   SUNSET   738 PM EDT
SEPTEMBER 24 2014.....SUNRISE   732 AM EDT   SUNSET   737 PM EDT


-  INDICATES NEGATIVE NUMBERS.
R  INDICATES RECORD WAS SET OR TIED.
MM INDICATES DATA IS MISSING.
T  INDICATES TRACE AMOUNT.

$$

SCHOETTMER
