000
CDUS46 KSEW 280830
CLISEA


CLIMATE REPORT
NATIONAL WEATHER SERVICE SEATTLE WA
130 AM PDT THU MAY 28 2015


...................................

...THE SEATTLE-TACOMA WA AIRPORT CLIMATE SUMMARY FOR MAY 27 2015...

CLIMATE NORMAL PERIOD 1981 TO 2010
CLIMATE RECORD PERIOD 1945 TO 2015


WEATHER ITEM   OBSERVED TIME   RECORD YEAR NORMAL DEPARTURE LAST
                VALUE   (LST)  VALUE       VALUE  FROM      YEAR
                                                  NORMAL
..................................................................
TEMPERATURE (F)
 YESTERDAY
  MAXIMUM         76    410 PM  89    2005  67      9       68
  MINIMUM         53    354 AM  37    1966  49      4       50
  AVERAGE         65                        58      7       59

PRECIPITATION (IN)
  YESTERDAY        0.00          0.83 1948   0.06  -0.06     0.00
  MONTH TO DATE    0.58                      1.68  -1.10     3.15
  SINCE OCT 1     32.39                     32.58  -0.19    33.57
  SINCE JAN 1     16.01                     17.18  -1.17    26.58

DEGREE DAYS
 HEATING
  YESTERDAY        0                         7     -7        6
  MONTH TO DATE  178                       256    -78      166
  SINCE MAR 1   1020                      1270   -250     1055
  SINCE JUL 1   3523                      4524  -1001     4130

 COOLING
  YESTERDAY        0                         0      0        0
  MONTH TO DATE    2                         0      2       14
  SINCE MAR 1      2                         0      2       15
  SINCE JAN 1      2                         0      2       15
..................................................................


WIND (MPH)
  RESULTANT WIND SPEED   1   RESULTANT WIND DIRECTION   W (280)
  HIGHEST WIND SPEED    12   HIGHEST WIND DIRECTION     W (290)
  HIGHEST GUST SPEED    15   HIGHEST GUST DIRECTION     W (290)
  AVERAGE WIND SPEED     4.0


SKY COVER
  AVERAGE SKY COVER 0.4


WEATHER CONDITIONS
 THE FOLLOWING WEATHER WAS RECORDED YESTERDAY.
  NO SIGNIFICANT WEATHER WAS OBSERVED.


RELATIVE HUMIDITY (PERCENT)
 HIGHEST    93           300 AM
 LOWEST     43           200 PM
 AVERAGE    68

..........................................................


THE SEATTLE-TACOMA WA AIRPORT CLIMATE NORMALS FOR TODAY
                         NORMAL    RECORD    YEAR
 MAXIMUM TEMPERATURE (F)   67        92      1983
 MINIMUM TEMPERATURE (F)   50        38      1954


SUNRISE AND SUNSET
MAY 28 2015...........SUNRISE   519 AM PDT   SUNSET   854 PM PDT
MAY 29 2015...........SUNRISE   518 AM PDT   SUNSET   855 PM PDT


-  INDICATES NEGATIVE NUMBERS.
R  INDICATES RECORD WAS SET OR TIED.
MM INDICATES DATA IS MISSING.
T  INDICATES TRACE AMOUNT.




$$
