000
CDUS46 KSEW 260827
CLISEW


CLIMATE REPORT
NATIONAL WEATHER SERVICE SEATTLE WA
1226 AM PST MON JAN 26 2015


...................................

...THE SEATTLE WA WFO CLIMATE SUMMARY FOR JANUARY 25 2015...

CLIMATE NORMAL PERIOD 1981 TO 2010
CLIMATE RECORD PERIOD 1986 TO 2015


WEATHER ITEM   OBSERVED TIME   RECORD YEAR     LAST
                VALUE   (LST)  VALUE           YEAR
....................................................
TEMPERATURE (F)
 YESTERDAY
  MAXIMUM         62R       MM  59    2005    50
  MINIMUM         46        MM  24    2008    33
  AVERAGE         54                          42

PRECIPITATION (IN)
  YESTERDAY        0.00          0.65 2002     0.00
  MONTH TO DATE    2.54                        2.72
  SINCE OCT 1     19.10                        8.57
  SINCE JAN 1      2.54                        2.72

SNOWFALL (IN)
  YESTERDAY        0.0                         0.0
  MONTH TO DATE    0.0                         0.0
  SINCE OCT 1      T                           0.9
  SINCE JUL 1      T                           0.9
  SNOW DEPTH       0

DEGREE DAYS
 HEATING
  YESTERDAY       11                          23
  MONTH TO DATE  494                         542
  SINCE DEC 1   1102                        1359
  SINCE JUL 1   1914                        2455

 COOLING
  YESTERDAY        0                           0
  MONTH TO DATE    0                           0
  SINCE DEC 1      0                           0
  SINCE JAN 1      0                           0
....................................................


WIND (MPH)
  HIGHEST WIND SPEED    MM   HIGHEST WIND DIRECTION    MM
  HIGHEST GUST SPEED    MM   HIGHEST GUST DIRECTION    MM
  AVERAGE WIND SPEED    MM



WEATHER CONDITIONS
 THE FOLLOWING WEATHER WAS RECORDED YESTERDAY.
  FOG






-  INDICATES NEGATIVE NUMBERS.
R  INDICATES RECORD WAS SET OR TIED.
MM INDICATES DATA IS MISSING.
T  INDICATES TRACE AMOUNT.




$$
