000
CDUS46 KMTR 310041
CLISFD


CLIMATE REPORT
NATIONAL WEATHER SERVICE SAN FRANCISCO BAY AREA
541 PM PDT SUN AUG 30 2015


...................................

...THE SAN FRANCISCO DWTN CA CLIMATE SUMMARY FOR AUGUST 30 2015...
VALID TODAY AS OF 0500 PM LOCAL TIME.

CLIMATE NORMAL PERIOD 1981 TO 2010
CLIMATE RECORD PERIOD 1850 TO 2015


WEATHER ITEM   OBSERVED TIME   RECORD YEAR NORMAL DEPARTURE LAST
                VALUE   (LST)  VALUE       VALUE  FROM      YEAR
                                                  NORMAL
..................................................................
TEMPERATURE (F)
 TODAY
  MAXIMUM         71    343 PM  89    1879  70      1       71
  MINIMUM         62    743 AM  49    1911  55      7       60
  AVERAGE         67                        62      5       66

PRECIPITATION (IN)
  TODAY            0.00          0.24 1984   0.01  -0.01     0.00
  MONTH TO DATE    0.02                      0.06  -0.04     0.01
  SINCE OCT 1     17.66                     23.44  -5.78    12.20
  SINCE JAN 1      3.21                     14.60 -11.39    10.55

DEGREE DAYS
 HEATING
  TODAY            0                        MM     MM        0
  MONTH TO DATE   16                        MM     MM       56
  SINCE JUN 1    195                        MM     MM      281
  SINCE JUL 1     59                        MM     MM      130

 COOLING
  TODAY            2                        MM     MM        1
  MONTH TO DATE   53                         0     53        1
  SINCE JUN 1     74                         0     74       18
  SINCE JAN 1     88                         0     88       67
..................................................................







THE SAN FRANCISCO DWTN CA CLIMATE NORMALS FOR TOMORROW
                         NORMAL    RECORD    YEAR
 MAXIMUM TEMPERATURE (F)   70        87      1943
 MINIMUM TEMPERATURE (F)   55        48      1910


SUNRISE AND SUNSET
AUGUST 30 2015........SUNRISE   638 AM PDT   SUNSET   742 PM PDT
AUGUST 31 2015........SUNRISE   639 AM PDT   SUNSET   741 PM PDT


-  INDICATES NEGATIVE NUMBERS.
R  INDICATES RECORD WAS SET OR TIED.
MM INDICATES DATA IS MISSING.
T  INDICATES TRACE AMOUNT.




$$
