000
CDUS46 KMTR 160833
CLISFD


CLIMATE REPORT
NATIONAL WEATHER SERVICE SAN FRANCISCO BAY AREA
133 AM PDT WED APR 16 2014


...................................

...THE SAN FRANCISCO DWTN CA CLIMATE SUMMARY FOR APRIL 15 2014...

CLIMATE NORMAL PERIOD 1981 TO 2010
CLIMATE RECORD PERIOD 1850 TO 2014


WEATHER ITEM   OBSERVED TIME   RECORD YEAR NORMAL DEPARTURE LAST
                VALUE   (LST)  VALUE       VALUE  FROM      YEAR
                                                  NORMAL
..................................................................
TEMPERATURE (F)
 YESTERDAY
  MAXIMUM         64    143 PM  84    1966  63      1       54
  MINIMUM         52   1243 AM  43    1896  49      3       45
  AVERAGE         58                        56      2       50

PRECIPITATION (IN)
  YESTERDAY        0.00          1.33 1880   0.04  -0.04     0.01
  MONTH TO DATE    1.27                      0.87   0.40     1.01
  SINCE JUL 1     12.18                     22.20 -10.02    16.42
  SINCE JAN 1     10.10                     13.09  -2.99     3.32

DEGREE DAYS
 HEATING
  YESTERDAY        7                        MM     MM       15
  MONTH TO DATE  114                        MM     MM      124
  SINCE MAR 1    313                        MM     MM      429
  SINCE JUL 1   1976                        MM     MM     2460

 COOLING
  YESTERDAY        0                        MM     MM        0
  MONTH TO DATE    3                         0      3        0
  SINCE MAR 1      4                         0      4        0
  SINCE JAN 1      4                         0      4        0
..................................................................







THE SAN FRANCISCO DWTN CA CLIMATE NORMALS FOR TODAY
                         NORMAL    RECORD    YEAR
 MAXIMUM TEMPERATURE (F)   63        83      1999
 MINIMUM TEMPERATURE (F)   49        43      1896


SUNRISE AND SUNSET
APRIL 16 2014.........SUNRISE   633 AM PDT   SUNSET   746 PM PDT
APRIL 17 2014.........SUNRISE   632 AM PDT   SUNSET   747 PM PDT


-  INDICATES NEGATIVE NUMBERS.
R  INDICATES RECORD WAS SET OR TIED.
MM INDICATES DATA IS MISSING.
T  INDICATES TRACE AMOUNT.




$$
