000
CDUS46 KMTR 240831
CLISFD


CLIMATE REPORT
NATIONAL WEATHER SERVICE SAN FRANCISCO BAY AREA
1231 AM PST MON NOV 24 2014


...................................

...THE SAN FRANCISCO DWTN CA CLIMATE SUMMARY FOR NOVEMBER 23 2014...

CLIMATE NORMAL PERIOD 1981 TO 2010
CLIMATE RECORD PERIOD 1850 TO 2014


WEATHER ITEM   OBSERVED TIME   RECORD YEAR NORMAL DEPARTURE LAST
                VALUE   (LST)  VALUE       VALUE  FROM      YEAR
                                                  NORMAL
..................................................................
TEMPERATURE (F)
 YESTERDAY
  MAXIMUM         65    443 PM  75    1933  61      4       66
  MINIMUM         51    843 AM  39    1931  49      2       52
  AVERAGE         58                        55      3       59

PRECIPITATION (IN)
  YESTERDAY        0.00          3.98 1874   0.11  -0.11     0.00
  MONTH TO DATE    1.36                      2.28  -0.92     1.26
  SINCE JUL 1      2.46                      3.67  -1.21     1.69
  SINCE JAN 1     12.92                     18.21  -5.29     5.20

DEGREE DAYS
 HEATING
  YESTERDAY        7                        MM     MM        6
  MONTH TO DATE  108                        MM     MM      155
  SINCE SEP 1    195                        MM     MM      388
  SINCE JUL 1    325                        MM     MM      658

 COOLING
  YESTERDAY        0                        MM     MM        0
  MONTH TO DATE    2                         0      2        0
  SINCE SEP 1     96                         0     96       43
  SINCE JAN 1    163                         0    163       71
..................................................................







THE SAN FRANCISCO DWTN CA CLIMATE NORMALS FOR TODAY
                         NORMAL    RECORD    YEAR
 MAXIMUM TEMPERATURE (F)   61        74      1959
 MINIMUM TEMPERATURE (F)   49        41      2010
                                             1906


SUNRISE AND SUNSET
NOVEMBER 24 2014......SUNRISE   659 AM PST   SUNSET   453 PM PST
NOVEMBER 25 2014......SUNRISE   700 AM PST   SUNSET   453 PM PST


-  INDICATES NEGATIVE NUMBERS.
R  INDICATES RECORD WAS SET OR TIED.
MM INDICATES DATA IS MISSING.
T  INDICATES TRACE AMOUNT.




$$
