000
CDUS46 KMTR 280829
CLISFD


CLIMATE REPORT
NATIONAL WEATHER SERVICE SAN FRANCISCO BAY AREA
129 AM PDT WED SEP 28 2016


...................................

...THE SAN FRANCISCO DWTN CA CLIMATE SUMMARY FOR SEPTEMBER 27 2016...

CLIMATE NORMAL PERIOD 1981 TO 2010
CLIMATE RECORD PERIOD 1850 TO 2016


WEATHER ITEM   OBSERVED TIME   RECORD YEAR NORMAL DEPARTURE LAST
                VALUE   (LST)  VALUE       VALUE  FROM      YEAR
                                                  NORMAL
..................................................................
TEMPERATURE (F)
 YESTERDAY
  MAXIMUM         71   1043 AM  93    2010  70      1       68
  MINIMUM         54   1143 PM  48    1926  55     -1       56
  AVERAGE         63                        63      0       62

PRECIPITATION (IN)
  YESTERDAY        0.00          1.24 1957   0.01  -0.01     0.00
  MONTH TO DATE    0.00                      0.17  -0.17     0.04
  SINCE OCT 1     23.10                     23.61  -0.51    17.70
  SINCE JAN 1     16.49                     14.77   1.72     3.25

DEGREE DAYS
 HEATING
  YESTERDAY        2                        MM     MM        3
  MONTH TO DATE   96                        MM     MM       36
  SINCE SEP 1     96                        MM     MM       36
  SINCE JUL 1    404                        MM     MM       95

 COOLING
  YESTERDAY        0                        MM     MM        0
  MONTH TO DATE   44                         0     44       85
  SINCE SEP 1     44                         0     44       85
  SINCE JAN 1     75                         0     75      176
..................................................................







THE SAN FRANCISCO DWTN CA CLIMATE NORMALS FOR TODAY
                         NORMAL    RECORD    YEAR
 MAXIMUM TEMPERATURE (F)   70        95      1966
 MINIMUM TEMPERATURE (F)   55        49      1968


SUNRISE AND SUNSET
SEPTEMBER 28 2016.....SUNRISE   703 AM PDT   SUNSET   656 PM PDT
SEPTEMBER 29 2016.....SUNRISE   704 AM PDT   SUNSET   655 PM PDT


-  INDICATES NEGATIVE NUMBERS.
R  INDICATES RECORD WAS SET OR TIED.
MM INDICATES DATA IS MISSING.
T  INDICATES TRACE AMOUNT.




$$
