000
CDUS46 KMTR 250826
CLISFD


CLIMATE REPORT
NATIONAL WEATHER SERVICE SAN FRANCISCO BAY AREA
126 AM PDT SAT MAR 25 2017


...................................

...THE SAN FRANCISCO DWTN CA CLIMATE SUMMARY FOR MARCH 24 2017...

CLIMATE NORMAL PERIOD 1981 TO 2010
CLIMATE RECORD PERIOD 1850 TO 2017


WEATHER ITEM   OBSERVED TIME   RECORD YEAR NORMAL DEPARTURE LAST
                VALUE   (LST)  VALUE       VALUE  FROM      YEAR
                                                  NORMAL
..................................................................
TEMPERATURE (F)
 YESTERDAY
  MAXIMUM         58    343 PM  82    1926  62     -4       63
  MINIMUM         52    543 AM  40    1913  49      3       51
  AVERAGE         55                        55      0       57

PRECIPITATION (IN)
  YESTERDAY        0.58          1.24 2011   0.09   0.49     0.00
  MONTH TO DATE    3.84                      2.69   1.15     6.83
  SINCE OCT 1     29.89                     20.49   9.40    21.45
  SINCE JAN 1     20.86                     11.65   9.21    14.84

DEGREE DAYS
 HEATING
  YESTERDAY       10                        MM     MM        8
  MONTH TO DATE  189                        MM     MM      184
  SINCE MAR 1    189                        MM     MM      184
  SINCE JUL 1   2036                        MM     MM     1509

 COOLING
  YESTERDAY        0                        MM     MM        0
  MONTH TO DATE    1                         0      1        0
  SINCE MAR 1      1                         0      1        0
  SINCE JAN 1      1                         0      1        3
..................................................................







THE SAN FRANCISCO DWTN CA CLIMATE NORMALS FOR TODAY
                         NORMAL    RECORD    YEAR
 MAXIMUM TEMPERATURE (F)   62        83      1952
 MINIMUM TEMPERATURE (F)   49        38      1907


SUNRISE AND SUNSET
MARCH 25 2017.........SUNRISE   705 AM PDT   SUNSET   727 PM PDT
MARCH 26 2017.........SUNRISE   704 AM PDT   SUNSET   728 PM PDT


-  INDICATES NEGATIVE NUMBERS.
R  INDICATES RECORD WAS SET OR TIED.
MM INDICATES DATA IS MISSING.
T  INDICATES TRACE AMOUNT.




$$
