000
CDUS46 KMTR 220826
CLISFD


CLIMATE REPORT
NATIONAL WEATHER SERVICE SAN FRANCISCO BAY AREA
125 AM PDT TUE JUL 22 2014


...................................

...THE SAN FRANCISCO DWTN CA CLIMATE SUMMARY FOR JULY 21 2014...

CLIMATE NORMAL PERIOD 1981 TO 2010
CLIMATE RECORD PERIOD 1850 TO 2014


WEATHER ITEM   OBSERVED TIME   RECORD YEAR NORMAL DEPARTURE LAST
                VALUE   (LST)  VALUE       VALUE  FROM      YEAR
                                                  NORMAL
..................................................................
TEMPERATURE (F)
 YESTERDAY
  MAXIMUM         70    143 PM  88    1917  66      4       61
  MINIMUM         61    443 AM  48    1897  54      7       53
  AVERAGE         66                        60      6       57

PRECIPITATION (IN)
  YESTERDAY        0.01          0.07 1979   0.00   0.01     0.00
  MONTH TO DATE    0.04                      0.00   0.04     0.00
  SINCE JUL 1      0.04                      0.00   0.04     0.00
  SINCE JAN 1     10.50                     14.54  -4.04     3.51

DEGREE DAYS
 HEATING
  YESTERDAY        0                        MM     MM        8
  MONTH TO DATE   61                        MM     MM      100
  SINCE JUN 1    212                        MM     MM      239
  SINCE JUL 1     61                        MM     MM      100

 COOLING
  YESTERDAY        1                        MM     MM        0
  MONTH TO DATE    1                         0      1        5
  SINCE JUN 1      2                         0      2       12
  SINCE JAN 1     51                         0     51       25
..................................................................







THE SAN FRANCISCO DWTN CA CLIMATE NORMALS FOR TODAY
                         NORMAL    RECORD    YEAR
 MAXIMUM TEMPERATURE (F)   66        87      2006
 MINIMUM TEMPERATURE (F)   54        48      1894


SUNRISE AND SUNSET
JULY 22 2014..........SUNRISE   605 AM PDT   SUNSET   827 PM PDT
JULY 23 2014..........SUNRISE   606 AM PDT   SUNSET   826 PM PDT


-  INDICATES NEGATIVE NUMBERS.
R  INDICATES RECORD WAS SET OR TIED.
MM INDICATES DATA IS MISSING.
T  INDICATES TRACE AMOUNT.




$$
