000
CDUS46 KMTR 260029
CLISFD


CLIMATE REPORT
NATIONAL WEATHER SERVICE SAN FRANCISCO BAY AREA
528 PM PDT THU AUG 25 2016


...................................

...THE SAN FRANCISCO DWTN CA CLIMATE SUMMARY FOR AUGUST 25 2016...
VALID TODAY AS OF 0500 PM LOCAL TIME.

CLIMATE NORMAL PERIOD 1981 TO 2010
CLIMATE RECORD PERIOD 1850 TO 2016


WEATHER ITEM   OBSERVED TIME   RECORD YEAR NORMAL DEPARTURE LAST
                VALUE   (LST)  VALUE       VALUE  FROM      YEAR
                                                  NORMAL
..................................................................
TEMPERATURE (F)
 TODAY
  MAXIMUM         63    143 PM  93    1988  69     -6       67
  MINIMUM         54    443 AM  50    1887  55     -1       59
  AVERAGE         59                        62     -3       63

PRECIPITATION (IN)
  TODAY            0.00          0.04 1926   0.00   0.00     0.00
  MONTH TO DATE    0.02                      0.04  -0.02     0.02
  SINCE OCT 1     23.10                     23.42  -0.32    17.66
  SINCE JAN 1     16.49                     14.58   1.91     3.21

DEGREE DAYS
 HEATING
  TODAY            6                        MM     MM        2
  MONTH TO DATE  126                        MM     MM       15
  SINCE JUN 1    434                        MM     MM      194
  SINCE JUL 1    294                        MM     MM       58

 COOLING
  TODAY            0                        MM     MM        0
  MONTH TO DATE    0                         0      0       32
  SINCE JUN 1      5                         0      5       53
  SINCE JAN 1     31                         0     31       67
..................................................................







THE SAN FRANCISCO DWTN CA CLIMATE NORMALS FOR TOMORROW
                         NORMAL    RECORD    YEAR
 MAXIMUM TEMPERATURE (F)   69        91      1894
 MINIMUM TEMPERATURE (F)   55        50      1887


SUNRISE AND SUNSET
AUGUST 25 2016........SUNRISE   634 AM PDT   SUNSET   748 PM PDT
AUGUST 26 2016........SUNRISE   635 AM PDT   SUNSET   747 PM PDT


-  INDICATES NEGATIVE NUMBERS.
R  INDICATES RECORD WAS SET OR TIED.
MM INDICATES DATA IS MISSING.
T  INDICATES TRACE AMOUNT.




$$
