000
CDUS46 KMTR 160045
CLISFD


CLIMATE REPORT
NATIONAL WEATHER SERVICE SAN FRANCISCO BAY AREA
545 PM PDT MON SEP 15 2014


...................................

...THE SAN FRANCISCO DWTN CA CLIMATE SUMMARY FOR SEPTEMBER 15 2014...
VALID TODAY AS OF 0500 PM LOCAL TIME.

CLIMATE NORMAL PERIOD 1981 TO 2010
CLIMATE RECORD PERIOD 1850 TO 2014


WEATHER ITEM   OBSERVED TIME   RECORD YEAR NORMAL DEPARTURE LAST
                VALUE   (LST)  VALUE       VALUE  FROM      YEAR
                                                  NORMAL
..................................................................
TEMPERATURE (F)
 TODAY
  MAXIMUM         71    343 PM  94    1913  70      1       68
  MINIMUM         60    843 AM  49    1910  55      5       57
  AVERAGE         66                        63      3       63

PRECIPITATION (IN)
  TODAY            0.00          0.05 1908   0.01  -0.01     0.00
  MONTH TO DATE    0.05                      0.07  -0.02     0.00
  SINCE JUL 1      0.14                      0.13   0.01     0.04
  SINCE JAN 1     10.60                     14.67  -4.07     3.55

DEGREE DAYS
 HEATING
  TODAY            0                        MM     MM        2
  MONTH TO DATE   24                        MM     MM       26
  SINCE SEP 1     24                        MM     MM       26
  SINCE JUL 1    154                        MM     MM      296

 COOLING
  TODAY            1                        MM     MM        0
  MONTH TO DATE   10                         0     10       13
  SINCE SEP 1     10                         0     10       13
  SINCE JAN 1     77                         0     77       41
..................................................................







THE SAN FRANCISCO DWTN CA CLIMATE NORMALS FOR TOMORROW
                         NORMAL    RECORD    YEAR
 MAXIMUM TEMPERATURE (F)   70       101      1913
 MINIMUM TEMPERATURE (F)   55        50      1898


SUNRISE AND SUNSET
SEPTEMBER 15 2014.....SUNRISE   652 AM PDT   SUNSET   717 PM PDT
SEPTEMBER 16 2014.....SUNRISE   652 AM PDT   SUNSET   716 PM PDT


-  INDICATES NEGATIVE NUMBERS.
R  INDICATES RECORD WAS SET OR TIED.
MM INDICATES DATA IS MISSING.
T  INDICATES TRACE AMOUNT.




$$
