000
CDUS46 KOTX 030823
CLISFF


CLIMATE REPORT
NATIONAL WEATHER SERVICE SPOKANE, WA
123 AM PDT TUE MAY 3 2016


...................................

...THE SPOKANE WA FELTS AIRPORT CLIMATE SUMMARY FOR MAY 2 2016...

CLIMATE NORMAL PERIOD 1981 TO 2010
CLIMATE RECORD PERIOD 9999 TO 9999


WEATHER ITEM   OBSERVED TIME   RECORD YEAR NORMAL DEPARTURE LAST
                VALUE   (LST)  VALUE       VALUE  FROM      YEAR
                                                  NORMAL
..................................................................
TEMPERATURE (F)
 YESTERDAY
  MAXIMUM         81    253 PM  MM      MM  64     17       69
  MINIMUM         44    445 AM  MM      MM  38      6       42
  AVERAGE         63                        51     12       56

PRECIPITATION (IN)
  YESTERDAY        0.00         MM      MM   0.04  -0.04     0.00
  MONTH TO DATE    0.00                      0.08  -0.08     0.00
  SINCE OCT 1     12.53                     12.42   0.11    11.15
  SINCE JAN 1      6.99                      6.22   0.77     6.42

SNOWFALL (IN)
  YESTERDAY       MM

DEGREE DAYS
 HEATING
  YESTERDAY        2                        14    -12        9
  MONTH TO DATE    9                        28    -19       13
  SINCE MAR 1    940                      1312   -372     1084
  SINCE JUL 1   4845                      5883  -1038     4902

 COOLING
  YESTERDAY        0                         0      0        0
  MONTH TO DATE    0                         0      0        0
  SINCE MAR 1      5                         0      5        0
  SINCE JAN 1      5                         0      5        0
..................................................................


WIND (MPH)
  HIGHEST WIND SPEED     8   HIGHEST WIND DIRECTION     W (250)
  HIGHEST GUST SPEED    13   HIGHEST GUST DIRECTION     W (250)
  AVERAGE WIND SPEED     1.9


SKY COVER
  POSSIBLE SUNSHINE  MM
  AVERAGE SKY COVER 0.0


WEATHER CONDITIONS
 THE FOLLOWING WEATHER WAS RECORDED YESTERDAY.
  NO SIGNIFICANT WEATHER WAS OBSERVED.


RELATIVE HUMIDITY (PERCENT)
 HIGHEST    89           500 AM
 LOWEST     19           200 PM
 AVERAGE    54

..........................................................


THE SPOKANE WA FELTS AIRPORT CLIMATE NORMALS FOR TODAY
                         NORMAL    RECORD    YEAR
 MAXIMUM TEMPERATURE (F)   64        MM        MM
 MINIMUM TEMPERATURE (F)   38        MM        MM


SUNRISE AND SUNSET
MAY  3 2016...........SUNRISE   528 AM PDT   SUNSET   805 PM PDT
MAY  4 2016...........SUNRISE   526 AM PDT   SUNSET   807 PM PDT


-  INDICATES NEGATIVE NUMBERS.
R  INDICATES RECORD WAS SET OR TIED.
MM INDICATES DATA IS MISSING.
T  INDICATES TRACE AMOUNT.




$$
