000
CDUS46 KOTX 010831
CLISFF


CLIMATE REPORT
NATIONAL WEATHER SERVICE SPOKANE, WA
127 AM PDT MON SEP 1 2014


...................................

...THE SPOKANE WA FELTS AIRPORT CLIMATE SUMMARY FOR AUGUST 31 2014...

CLIMATE NORMAL PERIOD 1981 TO 2010
CLIMATE RECORD PERIOD 9999 TO 9999


WEATHER ITEM   OBSERVED TIME   RECORD YEAR NORMAL DEPARTURE LAST
                VALUE   (LST)  VALUE       VALUE  FROM      YEAR
                                                  NORMAL
..................................................................
TEMPERATURE (F)
 YESTERDAY
  MAXIMUM         74    309 PM   MM    MM   80     -6       87
  MINIMUM         51   1158 PM   MM    MM   51      0       50
  AVERAGE         63                        66     -3       69

PRECIPITATION (IN)
  YESTERDAY        0.00          MM    MM   0.03  -0.03     0.00
  MONTH TO DATE    0.48                     0.70  -0.22     1.72
  SINCE OCT 1     13.40                    16.94  -3.54    16.32
  SINCE JAN 1     11.12                    10.74   0.38     9.68

SNOWFALL (IN)
  YESTERDAY       MM             MM    MM    MM     MM       MM
  MONTH TO DATE   MM                         MM     MM       MM
  SINCE JUN 1     MM                         MM     MM       MM
  SINCE JUL 1     MM                         MM     MM       MM
  SNOW DEPTH      MM

DEGREE DAYS
 HEATING
  YESTERDAY        2                         2      0        0
  MONTH TO DATE    2                        22    -20        5
  SINCE JUN 1     85                       164    -79      110
  SINCE JUL 1      6                        46    -40        5

 COOLING
  YESTERDAY        0                         3     -3        4
  MONTH TO DATE  241                       158     83      238
  SINCE JUN 1    600                       369    231      577
  SINCE JAN 1    605                       376    229      603
..................................................................


WIND (MPH)
  HIGHEST WIND SPEED    21   HIGHEST WIND DIRECTION    SW (220)
  HIGHEST GUST SPEED    25   HIGHEST GUST DIRECTION    SW (240)
  AVERAGE WIND SPEED     9.2


SKY COVER
  POSSIBLE SUNSHINE  MM
  AVERAGE SKY COVER 0.5


WEATHER CONDITIONS
 THE FOLLOWING WEATHER WAS RECORDED YESTERDAY.
  NO SIGNIFICANT WEATHER WAS OBSERVED.


RELATIVE HUMIDITY (PERCENT)
 HIGHEST    77           400 AM
 LOWEST     29           200 PM
 AVERAGE    53

..........................................................


THE SPOKANE WA FELTS AIRPORT CLIMATE NORMALS FOR TODAY
                         NORMAL    RECORD    YEAR
 MAXIMUM TEMPERATURE (F)   80        MM        MM
 MINIMUM TEMPERATURE (F)   51        MM        MM


SUNRISE AND SUNSET
SEPTEMBER  1 2014.....SUNRISE   608 AM PDT   SUNSET   730 PM PDT
SEPTEMBER  2 2014.....SUNRISE   609 AM PDT   SUNSET   728 PM PDT


-  INDICATES NEGATIVE NUMBERS.
R  INDICATES RECORD WAS SET OR TIED.
MM INDICATES DATA IS MISSING.
T  INDICATES TRACE AMOUNT.

$$
