000
CDUS46 KMTR 260029
CLISFO


CLIMATE REPORT
NATIONAL WEATHER SERVICE SAN FRANCISCO BAY AREA
528 PM PDT THU AUG 25 2016


...................................

...THE SAN FRANCISCO AIRPORT CLIMATE SUMMARY FOR AUGUST 25 2016...
VALID TODAY AS OF 0500 PM LOCAL TIME.

CLIMATE NORMAL PERIOD 1981 TO 2010
CLIMATE RECORD PERIOD 1927 TO 2016


WEATHER ITEM   OBSERVED TIME   RECORD YEAR NORMAL DEPARTURE LAST
                VALUE   (LST)  VALUE       VALUE  FROM      YEAR
                                                  NORMAL
..................................................................
TEMPERATURE (F)
 TODAY
  MAXIMUM         70    303 PM  93    1988  73     -3       71
  MINIMUM         56    710 AM  50    1955  56      0       58
                                      1911
                                      1887
  AVERAGE         63                        65     -2       65

PRECIPITATION (IN)
  TODAY            0.00          0.01 1954   0.00   0.00     0.00
  MONTH TO DATE    0.00                      0.03  -0.03      T
  SINCE OCT 1     17.23                     20.47  -3.24    16.59
  SINCE JAN 1     12.44                     13.11  -0.67     3.63

SNOWFALL (IN)
  TODAY            0.0           0.0
  MONTH TO DATE    0.0
  SINCE JUN 1      0.0
  SINCE JUL 1      0.0
  SNOW DEPTH       0

DEGREE DAYS
 HEATING
  TODAY            2                         1      1        0
  MONTH TO DATE   37                        36      1        0
  SINCE JUN 1    163                       206    -43       80
  SINCE JUL 1    102                       101      1        5

 COOLING
  TODAY            0                         1     -1        0
  MONTH TO DATE    5                        25    -20       64
  SINCE JUN 1     28                        70    -42      144
  SINCE JAN 1     59                        89    -30      157
..................................................................


WIND (MPH)
  RESULTANT WIND SPEED  10   RESULTANT WIND DIRECTION   W (280)
  HIGHEST WIND SPEED    23   HIGHEST WIND DIRECTION     W (290)
  HIGHEST GUST SPEED    26   HIGHEST GUST DIRECTION     W (290)
  AVERAGE WIND SPEED    11.2


SKY COVER
  POSSIBLE SUNSHINE  MM
  AVERAGE SKY COVER 0.7


WEATHER CONDITIONS
 THE FOLLOWING WEATHER WAS RECORDED TODAY.
  NO SIGNIFICANT WEATHER WAS OBSERVED.


RELATIVE HUMIDITY (PERCENT)
 HIGHEST    86          1200 AM
 LOWEST     57           100 PM
 AVERAGE    72

..........................................................


THE SAN FRANCISCO AIRPORT CLIMATE NORMALS FOR TOMORROW
                         NORMAL    RECORD    YEAR
 MAXIMUM TEMPERATURE (F)   73        89      1993
 MINIMUM TEMPERATURE (F)   56        48      1945


SUNRISE AND SUNSET
AUGUST 25 2016........SUNRISE   634 AM PDT   SUNSET   748 PM PDT
AUGUST 26 2016........SUNRISE   635 AM PDT   SUNSET   746 PM PDT


-  INDICATES NEGATIVE NUMBERS.
R  INDICATES RECORD WAS SET OR TIED.
MM INDICATES DATA IS MISSING.
T  INDICATES TRACE AMOUNT.




$$
