645
CDUS43 KSGF 110639
CLISGF


CLIMATE REPORT
NATIONAL WEATHER SERVICE SPRINGFIELD MO
1238 AM CST THU FEB 11 2016


...................................

...THE SPRINGFIELD MO CLIMATE SUMMARY FOR FEBRUARY 10 2016...

CLIMATE NORMAL PERIOD 1981 TO 2010
CLIMATE RECORD PERIOD 1888 TO 2016


WEATHER ITEM   OBSERVED TIME   RECORD YEAR NORMAL DEPARTURE LAST
                VALUE   (LST)  VALUE       VALUE  FROM      YEAR
                                                  NORMAL
..................................................................
TEMPERATURE (F)
 YESTERDAY
  MAXIMUM         50    509 PM  74    1999  47      3       54
                                      1932
  MINIMUM         17    514 AM -10    2011  25     -8       27
  AVERAGE         34                        36     -2       41

PRECIPITATION (IN)
  YESTERDAY        0.00          0.84 1998   0.09  -0.09     0.00
  MONTH TO DATE    0.05                      0.79  -0.74     0.40
  SINCE DEC 1     12.40                      6.30   6.10     2.98
  SINCE JAN 1      0.97                      3.26  -2.29     1.21

SNOWFALL (IN)
  YESTERDAY        0.0
  MONTH TO DATE    T
  SINCE DEC 1      3.0
  SINCE JUL 1      3.0
  SNOW DEPTH       0

DEGREE DAYS
 HEATING
  YESTERDAY       31                        29      2       24
  MONTH TO DATE  278                       303    -25      273
  SINCE DEC 1   1872                      2237   -365     2031
  SINCE JUL 1   2517                      3116   -599     2981

 COOLING
  YESTERDAY        0                         0      0        0
  MONTH TO DATE    0                         0      0        0
  SINCE DEC 1      0                         0      0        0
  SINCE JAN 1      0                         0      0        0
..................................................................


WIND (MPH)
  HIGHEST WIND SPEED    21   HIGHEST WIND DIRECTION    SW (230)
  HIGHEST GUST SPEED    26   HIGHEST GUST DIRECTION    SW (220)
  AVERAGE WIND SPEED     8.9


SKY COVER
  AVERAGE SKY COVER 0.1


WEATHER CONDITIONS
 THE FOLLOWING WEATHER WAS RECORDED YESTERDAY.
  NO SIGNIFICANT WEATHER WAS OBSERVED.


RELATIVE HUMIDITY (PERCENT)
 HIGHEST    67           700 AM
 LOWEST     29           300 PM
 AVERAGE    48

..........................................................


THE SPRINGFIELD MO CLIMATE NORMALS FOR TODAY
                         NORMAL    RECORD    YEAR
 MAXIMUM TEMPERATURE (F)   47        73      1938
 MINIMUM TEMPERATURE (F)   25       -16      1899


SUNRISE AND SUNSET
FEBRUARY 11 2016......SUNRISE   707 AM CST   SUNSET   549 PM CST
FEBRUARY 12 2016......SUNRISE   706 AM CST   SUNSET   550 PM CST


-  INDICATES NEGATIVE NUMBERS.
R  INDICATES RECORD WAS SET OR TIED.
MM INDICATES DATA IS MISSING.
T  INDICATES TRACE AMOUNT.




$$
