000
CDUS45 KBYZ 311426
CLISHR


CLIMATE REPORT
NATIONAL WEATHER SERVICE BILLINGS MT
725 AM MST SAT JAN 31 2015


...................................

...THE SHERIDAN WY CLIMATE SUMMARY FOR JANUARY 30 2015...

CLIMATE NORMAL PERIOD 1981 TO 2010
CLIMATE RECORD PERIOD 1907 TO 2015


WEATHER ITEM   OBSERVED TIME   RECORD YEAR NORMAL DEPARTURE LAST
                VALUE   (LST)  VALUE       VALUE  FROM      YEAR
                                                  NORMAL
..................................................................
TEMPERATURE (F)
 YESTERDAY
  MAXIMUM         51    145 PM  64    1989  37     14       32
  MINIMUM         20   1232 AM -29    1922  12      8        1
  AVERAGE         36                        24     12       17

PRECIPITATION (IN)
  YESTERDAY        0.00          0.20        0.02  -0.02     0.02
  MONTH TO DATE    0.45                      0.54  -0.09     0.62
  SINCE OCT 1      2.84                      3.22  -0.38     4.38
  SINCE JAN 1      0.45                      0.54  -0.09     0.62

DEGREE DAYS
 HEATING
  YESTERDAY       29                        41    -12       48
  MONTH TO DATE 1161                      1239    -78     1131
  SINCE DEC 1   2390                      2544   -154     2546
  SINCE JUL 1   4216                      4422   -206     4351

 COOLING
  YESTERDAY        0                         0      0        0
  MONTH TO DATE    0                         0      0        0
  SINCE DEC 1      0                         0      0        0
  SINCE JAN 1      0                         0      0        0
..................................................................


WIND (MPH)
  HIGHEST WIND SPEED     8   HIGHEST WIND DIRECTION     N (350)
  HIGHEST GUST SPEED    11   HIGHEST GUST DIRECTION    NW (330)
  AVERAGE WIND SPEED     2.6


SKY COVER
  POSSIBLE SUNSHINE  MM
  AVERAGE SKY COVER 0.0


WEATHER CONDITIONS
 THE FOLLOWING WEATHER WAS RECORDED YESTERDAY.
  NO SIGNIFICANT WEATHER WAS OBSERVED.


RELATIVE HUMIDITY (PERCENT)
 HIGHEST    84           100 AM
 LOWEST     27           200 PM
 AVERAGE    56

..........................................................


THE SHERIDAN WY CLIMATE NORMALS FOR TODAY
                         NORMAL    RECORD    YEAR
 MAXIMUM TEMPERATURE (F)   37        66      1992
 MINIMUM TEMPERATURE (F)   12       -32      1918


SUNRISE AND SUNSET
JANUARY 31 2015.......SUNRISE   728 AM MST   SUNSET   515 PM MST
FEBRUARY  1 2015......SUNRISE   727 AM MST   SUNSET   516 PM MST


-  INDICATES NEGATIVE NUMBERS.
R  INDICATES RECORD WAS SET OR TIED.
MM INDICATES DATA IS MISSING.
T  INDICATES TRACE AMOUNT.




$$
