000
CDUS45 KBYZ 241032
CLISHR


CLIMATE REPORT
NATIONAL WEATHER SERVICE BILLINGS MT
331 AM MST MON NOV 24 2014


...................................

...THE SHERIDAN WY CLIMATE SUMMARY FOR NOVEMBER 23 2014...

CLIMATE NORMAL PERIOD 1981 TO 2010
CLIMATE RECORD PERIOD 1907 TO 2014


WEATHER ITEM   OBSERVED TIME   RECORD YEAR NORMAL DEPARTURE LAST
                VALUE   (LST)  VALUE       VALUE  FROM      YEAR
                                                  NORMAL
..................................................................
TEMPERATURE (F)
 YESTERDAY
  MAXIMUM         40   1241 PM  67    1988  42     -2       42
  MINIMUM         27   1213 AM -18    1985  16     11        9
  AVERAGE         34                        29      5       26

PRECIPITATION (IN)
  YESTERDAY        T             0.58        0.02  -0.02     0.00
  MONTH TO DATE    0.73                      0.56   0.17     0.17
  SINCE OCT 1      0.89                      1.97  -1.08     2.64
  SINCE JAN 1     13.59                     13.45   0.14    16.89

DEGREE DAYS
 HEATING
  YESTERDAY       31                        36     -5       39
  MONTH TO DATE  853                       707    146      725
  SINCE SEP 1   1532                      1553    -21     1586
  SINCE JUL 1   1582                      1615    -33     1587

 COOLING
  YESTERDAY        0                         0      0        0
  MONTH TO DATE    0                         0      0        0
  SINCE SEP 1     28                        29     -1       82
  SINCE JAN 1    346                       419    -73      592
..................................................................


WIND (MPH)
  HIGHEST WIND SPEED    41   HIGHEST WIND DIRECTION    NW (300)
  HIGHEST GUST SPEED    52   HIGHEST GUST DIRECTION    NW (310)
  AVERAGE WIND SPEED    16.3


SKY COVER
  POSSIBLE SUNSHINE  MM
  AVERAGE SKY COVER 0.5


WEATHER CONDITIONS
 THE FOLLOWING WEATHER WAS RECORDED YESTERDAY.
  LIGHT SNOW
  HAZE


RELATIVE HUMIDITY (PERCENT)
 HIGHEST    59           300 PM
 LOWEST     40           700 PM
 AVERAGE    50

..........................................................


THE SHERIDAN WY CLIMATE NORMALS FOR TODAY
                         NORMAL    RECORD    YEAR
 MAXIMUM TEMPERATURE (F)   41        72      1990
 MINIMUM TEMPERATURE (F)   16       -17      2010


SUNRISE AND SUNSET
NOVEMBER 24 2014......SUNRISE   717 AM MST   SUNSET   432 PM MST
NOVEMBER 25 2014......SUNRISE   718 AM MST   SUNSET   431 PM MST


-  INDICATES NEGATIVE NUMBERS.
R  INDICATES RECORD WAS SET OR TIED.
MM INDICATES DATA IS MISSING.
T  INDICATES TRACE AMOUNT.




$$
