000
CDUS45 KBYZ 222223
CLISHR


CLIMATE REPORT
NATIONAL WEATHER SERVICE BILLINGS MT
423 PM MDT SAT JUL 22 2017


...................................

...THE SHERIDAN WY CLIMATE SUMMARY FOR JULY 22 2017...
VALID TODAY AS OF 0400 PM LOCAL TIME.

CLIMATE NORMAL PERIOD 1981 TO 2010
CLIMATE RECORD PERIOD 1907 TO 2017


WEATHER ITEM   OBSERVED TIME   RECORD YEAR NORMAL DEPARTURE LAST
                VALUE   (LST)  VALUE       VALUE  FROM      YEAR
                                                  NORMAL
..................................................................
TEMPERATURE (F)
 TODAY
  MAXIMUM         90    257 PM 103    2005  89      1      102
  MINIMUM         53    511 AM  41    1978  54     -1       58
  AVERAGE         72                        71      1       80

PRECIPITATION (IN)
  TODAY            0.00          1.86 1923   0.04  -0.04      T
  MONTH TO DATE    0.34                      0.87  -0.53     0.16
  SINCE OCT 1     17.15                     11.70   5.45    10.16
  SINCE JAN 1     13.42                      9.02   4.40     8.01

DEGREE DAYS
 HEATING
  TODAY            0                         0      0        0
  MONTH TO DATE    0                        24    -24        6
  SINCE JUN 1     78                       173    -95       22
  SINCE JUL 1      0                        24    -24        6

 COOLING
  TODAY            7                         7      0       15
  MONTH TO DATE  217                       121     96      149
  SINCE JUN 1    251                       167     84      272
  SINCE JAN 1    251                       171     80      274
..................................................................


WIND (MPH)
  HIGHEST WIND SPEED     8   HIGHEST WIND DIRECTION    NE (30)
  HIGHEST GUST SPEED    11   HIGHEST GUST DIRECTION    NE (30)
  AVERAGE WIND SPEED     2.7


SKY COVER
  POSSIBLE SUNSHINE  MM
  AVERAGE SKY COVER 0.0


WEATHER CONDITIONS
 THE FOLLOWING WEATHER WAS RECORDED TODAY.
  NO SIGNIFICANT WEATHER WAS OBSERVED.


RELATIVE HUMIDITY (PERCENT)
 HIGHEST    57          1200 AM
 LOWEST     11           200 PM
 AVERAGE    34

..........................................................


THE SHERIDAN WY CLIMATE NORMALS FOR TOMORROW
                         NORMAL    RECORD    YEAR
 MAXIMUM TEMPERATURE (F)   89       103      1931
 MINIMUM TEMPERATURE (F)   54        42      1911


SUNRISE AND SUNSET
JULY 22 2017..........SUNRISE   543 AM MDT   SUNSET   845 PM MDT
JULY 23 2017..........SUNRISE   544 AM MDT   SUNSET   844 PM MDT


-  INDICATES NEGATIVE NUMBERS.
R  INDICATES RECORD WAS SET OR TIED.
MM INDICATES DATA IS MISSING.
T  INDICATES TRACE AMOUNT.




$$
