000
CDUS45 KBYZ 170938
CLISHR


CLIMATE REPORT
NATIONAL WEATHER SERVICE BILLINGS MT
335 AM MDT THU APR 17 2014


...................................

...THE SHERIDAN WY CLIMATE SUMMARY FOR APRIL 16 2014...

CLIMATE NORMAL PERIOD 1981 TO 2010
CLIMATE RECORD PERIOD 1907 TO 2014


WEATHER ITEM   OBSERVED TIME   RECORD YEAR NORMAL DEPARTURE LAST
                VALUE   (LST)  VALUE       VALUE  FROM      YEAR
                                                  NORMAL
..................................................................
TEMPERATURE (F)
 YESTERDAY
  MAXIMUM         46   1124 AM  82    1994  57    -11       28
                                      1926
  MINIMUM         31   1159 PM  13    1951  30      1       20
  AVERAGE         39                        44     -5       24

PRECIPITATION (IN)
  YESTERDAY        0.08          0.64 1939   0.06   0.02     0.20
  MONTH TO DATE    1.21                      0.71   0.50     0.96
  SINCE OCT 1      8.51                      5.47   3.04     5.52
  SINCE JAN 1      4.75                      2.79   1.96     2.98

SNOWFALL (IN)
  YESTERDAY       MM             6.1  1939   0.3   MM       MM
  MONTH TO DATE   MM                         5.6   MM       MM
  SINCE MAR 1     MM                        17.0   MM       MM
  SINCE JUL 1     MM                        66.1   MM       MM
  SNOW DEPTH      MM

DEGREE DAYS
 HEATING
  YESTERDAY       26                        21      5       41
  MONTH TO DATE  391                       372     19      448
  SINCE MAR 1   1380                      1296     84     1404
  SINCE JUL 1   7130                      6831    299     6727

 COOLING
  YESTERDAY        0                         0      0        0
  MONTH TO DATE    0                         0      0        0
  SINCE MAR 1      0                         0      0        0
  SINCE JAN 1      0                         0      0        0
..................................................................


WIND (MPH)
  HIGHEST WIND SPEED    29   HIGHEST WIND DIRECTION    NW (310)
  HIGHEST GUST SPEED    35   HIGHEST GUST DIRECTION    NW (300)
  AVERAGE WIND SPEED    14.9


SKY COVER
  POSSIBLE SUNSHINE  MM
  AVERAGE SKY COVER 0.9


WEATHER CONDITIONS
 THE FOLLOWING WEATHER WAS RECORDED YESTERDAY.
  RAIN
  LIGHT RAIN
  LIGHT SNOW
  FOG


RELATIVE HUMIDITY (PERCENT)
 HIGHEST    96          1000 PM
 LOWEST     57           100 PM
 AVERAGE    77

..........................................................


THE SHERIDAN WY CLIMATE NORMALS FOR TODAY
                         NORMAL    RECORD    YEAR
 MAXIMUM TEMPERATURE (F)   58        83      1994
 MINIMUM TEMPERATURE (F)   30        15      1922


SUNRISE AND SUNSET
APRIL 17 2014.........SUNRISE   620 AM MDT   SUNSET   756 PM MDT
APRIL 18 2014.........SUNRISE   618 AM MDT   SUNSET   757 PM MDT


-  INDICATES NEGATIVE NUMBERS.
R  INDICATES RECORD WAS SET OR TIED.
MM INDICATES DATA IS MISSING.
T  INDICATES TRACE AMOUNT.




$$
