000
CDUS45 KBYZ 242325
CLISHR


CLIMATE REPORT
NATIONAL WEATHER SERVICE BILLINGS MT
422 PM MST WED DEC 24 2014


...................................

...THE SHERIDAN WY CLIMATE SUMMARY FOR DECEMBER 24 2014...
VALID TODAY AS OF 0400 PM LOCAL TIME.

CLIMATE NORMAL PERIOD 1981 TO 2010
CLIMATE RECORD PERIOD 1907 TO 2014


WEATHER ITEM   OBSERVED TIME   RECORD YEAR NORMAL DEPARTURE LAST
                VALUE   (LST)  VALUE       VALUE  FROM      YEAR
                                                  NORMAL
..................................................................
TEMPERATURE (F)
 TODAY
  MAXIMUM         40    114 PM  61    1922  35      5       51
  MINIMUM         17    241 AM -37    1983  10      7       20
  AVERAGE         29                        22      7       36

PRECIPITATION (IN)
  TODAY            0.00          0.35        0.01  -0.01     0.05
  MONTH TO DATE    0.30                      0.44  -0.14     0.90
  SINCE OCT 1      1.95                      2.56  -0.61     3.54
  SINCE JAN 1     14.65                     14.04   0.61    17.79

DEGREE DAYS
 HEATING
  TODAY           36                        43     -7       29
  MONTH TO DATE  840                      1009   -169     1179
  SINCE DEC 1    840                      1009   -169     1179
  SINCE JUL 1   2666                      2887   -221     2984

 COOLING
  TODAY            0                         0      0        0
  MONTH TO DATE    0                         0      0        0
  SINCE DEC 1      0                         0      0        0
  SINCE JAN 1    346                       419    -73      592
..................................................................


WIND (MPH)
  HIGHEST WIND SPEED     9   HIGHEST WIND DIRECTION     S (190)
  HIGHEST GUST SPEED    12   HIGHEST GUST DIRECTION    NW (320)
  AVERAGE WIND SPEED     2.4


SKY COVER
  POSSIBLE SUNSHINE  MM
  AVERAGE SKY COVER 0.2


WEATHER CONDITIONS
 THE FOLLOWING WEATHER WAS RECORDED TODAY.
  NO SIGNIFICANT WEATHER WAS OBSERVED.


RELATIVE HUMIDITY (PERCENT)
 HIGHEST    77           500 AM
 LOWEST     59           200 AM
 AVERAGE    68

..........................................................


THE SHERIDAN WY CLIMATE NORMALS FOR TOMORROW
                         NORMAL    RECORD    YEAR
 MAXIMUM TEMPERATURE (F)   35        61      1947
 MINIMUM TEMPERATURE (F)   10       -32      1983


SUNRISE AND SUNSET
DECEMBER 24 2014......SUNRISE   744 AM MST   SUNSET   432 PM MST
DECEMBER 25 2014......SUNRISE   744 AM MST   SUNSET   432 PM MST


-  INDICATES NEGATIVE NUMBERS.
R  INDICATES RECORD WAS SET OR TIED.
MM INDICATES DATA IS MISSING.
T  INDICATES TRACE AMOUNT.




$$
