000
CDUS45 KBYZ 280932
CLISHR


CLIMATE REPORT
NATIONAL WEATHER SERVICE BILLINGS MT
331 AM MDT MON JUL 28 2014


...................................

...THE SHERIDAN WY CLIMATE SUMMARY FOR JULY 27 2014...

CLIMATE NORMAL PERIOD 1981 TO 2010
CLIMATE RECORD PERIOD 1907 TO 2014


WEATHER ITEM   OBSERVED TIME   RECORD YEAR NORMAL DEPARTURE LAST
                VALUE   (LST)  VALUE       VALUE  FROM      YEAR
                                                  NORMAL
..................................................................
TEMPERATURE (F)
 YESTERDAY
  MAXIMUM         88    402 PM 103    1931  89     -1       88
  MINIMUM         45R   503 AM  45    1911  54     -9       56
  AVERAGE         67                        72     -5       72

PRECIPITATION (IN)
  YESTERDAY        0.00          1.00 1943   0.04  -0.04      T
  MONTH TO DATE    1.01                      1.05  -0.04     0.37
  SINCE OCT 1     13.78                     11.88   1.90    12.42
  SINCE JAN 1     10.02                      9.20   0.82     9.88

SNOWFALL (IN)
  YESTERDAY       MM             0.0  2001   0.0   MM       MM
                                      2000
  MONTH TO DATE   MM                         0.0   MM       MM
  SINCE JUN 1     MM                         T     MM       MM
  SINCE JUL 1     MM                         0.0   MM       MM
  SNOW DEPTH      MM

DEGREE DAYS
 HEATING
  YESTERDAY        0                         0      0        0
  MONTH TO DATE    9                        24    -15        0
  SINCE JUN 1    191                       173     18      120
  SINCE JUL 1      9                        24    -15        0

 COOLING
  YESTERDAY        2                         7     -5        7
  MONTH TO DATE  158                       156      2      209
  SINCE JUN 1    166                       202    -36      257
  SINCE JAN 1    174                       206    -32      265
..................................................................


WIND (MPH)
  HIGHEST WIND SPEED    12   HIGHEST WIND DIRECTION    SE (130)
  HIGHEST GUST SPEED    16   HIGHEST GUST DIRECTION     E (80)
  AVERAGE WIND SPEED     3.9


SKY COVER
  POSSIBLE SUNSHINE  MM
  AVERAGE SKY COVER 0.0


WEATHER CONDITIONS
 THE FOLLOWING WEATHER WAS RECORDED YESTERDAY.
  NO SIGNIFICANT WEATHER WAS OBSERVED.


RELATIVE HUMIDITY (PERCENT)
 HIGHEST    77           300 AM
 LOWEST     20           100 PM
 AVERAGE    49

..........................................................


THE SHERIDAN WY CLIMATE NORMALS FOR TODAY
                         NORMAL    RECORD    YEAR
 MAXIMUM TEMPERATURE (F)   89       105      1935
 MINIMUM TEMPERATURE (F)   54        38      1911


SUNRISE AND SUNSET
JULY 28 2014..........SUNRISE   550 AM MDT   SUNSET   839 PM MDT
JULY 29 2014..........SUNRISE   551 AM MDT   SUNSET   837 PM MDT


-  INDICATES NEGATIVE NUMBERS.
R  INDICATES RECORD WAS SET OR TIED.
MM INDICATES DATA IS MISSING.
T  INDICATES TRACE AMOUNT.




$$
