426
CDUS45 KBYZ 241032
CLISHR


CLIMATE REPORT
NATIONAL WEATHER SERVICE BILLINGS MT
331 AM MST FRI FEB 24 2017


...................................

...THE SHERIDAN WY CLIMATE SUMMARY FOR FEBRUARY 23 2017...

CLIMATE NORMAL PERIOD 1981 TO 2010
CLIMATE RECORD PERIOD 1907 TO 2017


WEATHER ITEM   OBSERVED TIME   RECORD YEAR NORMAL DEPARTURE LAST
                VALUE   (LST)  VALUE       VALUE  FROM      YEAR
                                                  NORMAL
..................................................................
TEMPERATURE (F)
 YESTERDAY
  MAXIMUM         31   1209 AM  65    1954  41    -10       48
  MINIMUM         23   1159 PM -18    2003  16      7       18
                                      1922
  AVERAGE         27                        28     -1       33

PRECIPITATION (IN)
  YESTERDAY        0.02          0.43 1947   0.02   0.00     0.00
  MONTH TO DATE    0.62                      0.44   0.18     0.88
  SINCE OCT 1      5.39                      3.68   1.71     3.59
  SINCE JAN 1      1.66                      1.00   0.66     1.44

DEGREE DAYS
 HEATING
  YESTERDAY       38                        37      1       32
  MONTH TO DATE  797                       895    -98      660
  SINCE DEC 1   3841                      3477    364     3043
  SINCE JUL 1   5318                      5355    -37     4595

 COOLING
  YESTERDAY        0                         0      0        0
  MONTH TO DATE    0                         0      0        0
  SINCE DEC 1      0                         0      0        0
  SINCE JAN 1      0                         0      0        0
..................................................................


WIND (MPH)
  HIGHEST WIND SPEED    16   HIGHEST WIND DIRECTION    SE (130)
  HIGHEST GUST SPEED    22   HIGHEST GUST DIRECTION    SE (120)
  AVERAGE WIND SPEED     8.9


SKY COVER
  POSSIBLE SUNSHINE  MM
  AVERAGE SKY COVER 1.0


WEATHER CONDITIONS
 THE FOLLOWING WEATHER WAS RECORDED YESTERDAY.
  LIGHT SNOW
  FOG


RELATIVE HUMIDITY (PERCENT)
 HIGHEST    92           400 AM
 LOWEST     75           400 PM
 AVERAGE    84

..........................................................


THE SHERIDAN WY CLIMATE NORMALS FOR TODAY
                         NORMAL    RECORD    YEAR
 MAXIMUM TEMPERATURE (F)   41        72      1995
 MINIMUM TEMPERATURE (F)   16       -20      2003


SUNRISE AND SUNSET
FEBRUARY 24 2017......SUNRISE   653 AM MST   SUNSET   549 PM MST
FEBRUARY 25 2017......SUNRISE   652 AM MST   SUNSET   551 PM MST


-  INDICATES NEGATIVE NUMBERS.
R  INDICATES RECORD WAS SET OR TIED.
MM INDICATES DATA IS MISSING.
T  INDICATES TRACE AMOUNT.




$$
