185
CDUS45 KBYZ 062232
CLISHR


CLIMATE REPORT
NATIONAL WEATHER SERVICE BILLINGS MT
429 PM MDT FRI MAY 6 2016


...................................

...THE SHERIDAN WY CLIMATE SUMMARY FOR MAY 6 2016...
VALID TODAY AS OF 0400 PM LOCAL TIME.

CLIMATE NORMAL PERIOD 1981 TO 2010
CLIMATE RECORD PERIOD 1907 TO 2016


WEATHER ITEM   OBSERVED TIME   RECORD YEAR NORMAL DEPARTURE LAST
                VALUE   (LST)  VALUE       VALUE  FROM      YEAR
                                                  NORMAL
..................................................................
TEMPERATURE (F)
 TODAY
  MAXIMUM         65    143 PM  87    1928  64      1       55
  MINIMUM         45    350 AM  24    1909  35     10       43
  AVERAGE         55                        50      5       49

PRECIPITATION (IN)
  TODAY            0.00          1.16 1932   0.07  -0.07     0.13
  MONTH TO DATE    0.00                      0.44  -0.44     0.15
  SINCE OCT 1      8.55                      6.80   1.75     6.10
  SINCE JAN 1      6.40                      4.12   2.28     3.71

DEGREE DAYS
 HEATING
  TODAY           10                        16     -6       16
  MONTH TO DATE   61                        98    -37       64
  SINCE MAR 1   1378                      1664   -286     1383
  SINCE JUL 1   6124                      7199  -1075     6613

 COOLING
  TODAY            0                         0      0        0
  MONTH TO DATE    0                         0      0        0
  SINCE MAR 1      0                         0      0        0
  SINCE JAN 1      0                         0      0        0
..................................................................


WIND (MPH)
  HIGHEST WIND SPEED    33   HIGHEST WIND DIRECTION    NW (310)
  HIGHEST GUST SPEED    42   HIGHEST GUST DIRECTION    NW (310)
  AVERAGE WIND SPEED    13.5


SKY COVER
  POSSIBLE SUNSHINE  MM
  AVERAGE SKY COVER 0.3


WEATHER CONDITIONS
 THE FOLLOWING WEATHER WAS RECORDED TODAY.
  HAZE


RELATIVE HUMIDITY (PERCENT)
 HIGHEST    76           400 AM
 LOWEST     52          1200 PM
 AVERAGE    64

..........................................................


THE SHERIDAN WY CLIMATE NORMALS FOR TOMORROW
                         NORMAL    RECORD    YEAR
 MAXIMUM TEMPERATURE (F)   64        92      1934
 MINIMUM TEMPERATURE (F)   36        23      2010


SUNRISE AND SUNSET
MAY  6 2016...........SUNRISE   550 AM MDT   SUNSET   820 PM MDT
MAY  7 2016...........SUNRISE   549 AM MDT   SUNSET   821 PM MDT


-  INDICATES NEGATIVE NUMBERS.
R  INDICATES RECORD WAS SET OR TIED.
MM INDICATES DATA IS MISSING.
T  INDICATES TRACE AMOUNT.




$$
