000
CDUS44 KSHV 240751
CLISHV


CLIMATE REPORT
NATIONAL WEATHER SERVICE SHREVEPORT, LA
241 AM CDT FRI OCT 24 2014


...................................

...THE SHREVEPORT CLIMATE SUMMARY FOR OCTOBER 23 2014...

CLIMATE NORMAL PERIOD 1981 TO 2010
CLIMATE RECORD PERIOD 1874 TO 2014


WEATHER ITEM   OBSERVED TIME   RECORD YEAR NORMAL DEPARTURE LAST
                VALUE   (LST)  VALUE       VALUE  FROM      YEAR
                                                  NORMAL
..................................................................
TEMPERATURE (F)
 YESTERDAY
  MAXIMUM         72    335 PM  92    1939  76     -4       77
  MINIMUM         51   1141 PM  35    1952  52     -1       50
  AVERAGE         62                        64     -2       64

PRECIPITATION (IN)
  YESTERDAY        0.00          3.48 1986   0.18  -0.18     0.00
  MONTH TO DATE    5.71                      3.62   2.09     3.90
  SINCE DEC 1     37.89                     45.54  -7.65    45.83
  SINCE JAN 1     32.91                     40.77  -7.86    40.17

SNOWFALL (IN)
  YESTERDAY        0.0
  MONTH TO DATE    T
  SINCE SEP 1      T
  SINCE JUL 1      T
  SNOW DEPTH       0

DEGREE DAYS
 HEATING
  YESTERDAY        3                         4     -1        1
  MONTH TO DATE    9                        45    -36       27
  SINCE SEP 1      9                        51    -42       27
  SINCE JUL 1      9                        51    -42       27

 COOLING
  YESTERDAY        0                         3     -3        0
  MONTH TO DATE  130                       107     23      117
  SINCE SEP 1    570                       470    100      633
  SINCE JAN 1   2462                      2432     30     2678
..................................................................


WIND (MPH)
  HIGHEST WIND SPEED     9   HIGHEST WIND DIRECTION     N (20)
  HIGHEST GUST SPEED    13   HIGHEST GUST DIRECTION     N (20)
  AVERAGE WIND SPEED     3.1


SKY COVER
  POSSIBLE SUNSHINE  MM
  AVERAGE SKY COVER 0.6


WEATHER CONDITIONS
 THE FOLLOWING WEATHER WAS RECORDED YESTERDAY.
  NO SIGNIFICANT WEATHER WAS OBSERVED.


RELATIVE HUMIDITY (PERCENT)
 HIGHEST    89          1100 PM
 LOWEST     41           300 PM
 AVERAGE    65

..........................................................


THE SHREVEPORT CLIMATE NORMALS FOR TODAY
                         NORMAL    RECORD    YEAR
 MAXIMUM TEMPERATURE (F)   76        89      1893
 MINIMUM TEMPERATURE (F)   52        35      1917


SUNRISE AND SUNSET
OCTOBER 24 2014.......SUNRISE   726 AM CDT   SUNSET   632 PM CDT
OCTOBER 25 2014.......SUNRISE   727 AM CDT   SUNSET   631 PM CDT


-  INDICATES NEGATIVE NUMBERS.
R  INDICATES RECORD WAS SET OR TIED.
MM INDICATES DATA IS MISSING.
T  INDICATES TRACE AMOUNT.




$$
