000
CDUS44 KSHV 280843
CLISHV


CLIMATE REPORT
NATIONAL WEATHER SERVICE SHREVEPORT, LA
243 AM CST FRI NOV 28 2014


...................................

...THE SHREVEPORT CLIMATE SUMMARY FOR NOVEMBER 27 2014...

CLIMATE NORMAL PERIOD 1981 TO 2010
CLIMATE RECORD PERIOD 1874 TO 2014


WEATHER ITEM   OBSERVED TIME   RECORD YEAR NORMAL DEPARTURE LAST
                VALUE   (LST)  VALUE       VALUE  FROM      YEAR
                                                  NORMAL
..................................................................
TEMPERATURE (F)
 YESTERDAY
  MAXIMUM         58    330 PM  82    1994  63     -5       46
                                      1989
  MINIMUM         40   1148 PM  22    1993  42     -2       28
                                      1975
  AVERAGE         49                        52     -3       37

PRECIPITATION (IN)
  YESTERDAY        0.00          2.13 1910   0.15  -0.15     0.00
  MONTH TO DATE    4.43                      4.05   0.38     5.18
  SINCE DEC 1     42.45                     50.93  -8.48    54.13
  SINCE JAN 1     37.47                     46.16  -8.69    48.47

SNOWFALL (IN)
  YESTERDAY        0.0
  MONTH TO DATE    T
  SINCE SEP 1      T
  SINCE JUL 1      T
  SNOW DEPTH       0

DEGREE DAYS
 HEATING
  YESTERDAY       16                        13      3       28
  MONTH TO DATE  366                       244    122      307
  SINCE SEP 1    389                       330     59      345
  SINCE JUL 1    389                       330     59      345

 COOLING
  YESTERDAY        0                         0      0        0
  MONTH TO DATE    4                        23    -19       14
  SINCE SEP 1    597                       510     87      661
  SINCE JAN 1   2489                      2472     17     2706
..................................................................


WIND (MPH)
  HIGHEST WIND SPEED    15   HIGHEST WIND DIRECTION    NE (30)
  HIGHEST GUST SPEED    19   HIGHEST GUST DIRECTION    NE (30)
  AVERAGE WIND SPEED     6.4


SKY COVER
  POSSIBLE SUNSHINE  MM
  AVERAGE SKY COVER 0.0


WEATHER CONDITIONS
 THE FOLLOWING WEATHER WAS RECORDED YESTERDAY.
  NO SIGNIFICANT WEATHER WAS OBSERVED.


RELATIVE HUMIDITY (PERCENT)
 HIGHEST    73           800 PM
 LOWEST     28           300 PM
 AVERAGE    51

..........................................................


THE SHREVEPORT CLIMATE NORMALS FOR TODAY
                         NORMAL    RECORD    YEAR
 MAXIMUM TEMPERATURE (F)   63        85      1949
 MINIMUM TEMPERATURE (F)   41        23      1992
                                             1959


SUNRISE AND SUNSET
NOVEMBER 28 2014......SUNRISE   656 AM CST   SUNSET   510 PM CST
NOVEMBER 29 2014......SUNRISE   657 AM CST   SUNSET   510 PM CST


-  INDICATES NEGATIVE NUMBERS.
R  INDICATES RECORD WAS SET OR TIED.
MM INDICATES DATA IS MISSING.
T  INDICATES TRACE AMOUNT.




$$
