000
CDUS44 KSHV 282329
CLISHV


CLIMATE REPORT
NATIONAL WEATHER SERVICE SHREVEPORT, LA
436 PM CDT THU MAY 28 2015


...................................

...THE SHREVEPORT CLIMATE SUMMARY FOR MAY 28 2015...
VALID TODAY AS OF 0400 PM LOCAL TIME.

CLIMATE NORMAL PERIOD 1981 TO 2010
CLIMATE RECORD PERIOD 1874 TO 2015


WEATHER ITEM   OBSERVED TIME   RECORD YEAR NORMAL DEPARTURE LAST
                VALUE   (LST)  VALUE       VALUE  FROM      YEAR
                                                  NORMAL
..................................................................
TEMPERATURE (F)
 TODAY
  MAXIMUM         90    210 PM  97    1886  87      3       79
  MINIMUM         71    506 AM  46    1961  66      5       67
  AVERAGE         81                        76      5       73

PRECIPITATION (IN)
  TODAY            0.00          2.42 1952   0.15  -0.15     0.05
  MONTH TO DATE    9.70                      4.47   5.23     5.36
  SINCE DEC 1     38.65                     26.52  12.13    21.89
  SINCE JAN 1     34.90                     21.75  13.15    16.91

DEGREE DAYS
 HEATING
  TODAY            0                         0      0        0
  MONTH TO DATE    0                         5     -5       24
  SINCE MAR 1    291                       342    -51      456
  SINCE JUL 1   2291                      2224     67     2567

 COOLING
  TODAY           16                        11      5        8
  MONTH TO DATE  272                       228     44      211
  SINCE MAR 1    439                       353     86      326
  SINCE JAN 1    439                       363     76      332
..................................................................


WIND (MPH)
  HIGHEST WIND SPEED    10   HIGHEST WIND DIRECTION    SW (210)
  HIGHEST GUST SPEED    14   HIGHEST GUST DIRECTION     S (200)
  AVERAGE WIND SPEED     3.8


SKY COVER
  POSSIBLE SUNSHINE  MM
  AVERAGE SKY COVER 0.7


WEATHER CONDITIONS
 THE FOLLOWING WEATHER WAS RECORDED TODAY.
  THUNDERSTORM


RELATIVE HUMIDITY (PERCENT)
 HIGHEST    93           300 AM
 LOWEST     55          1200 PM
 AVERAGE    74

..........................................................


THE SHREVEPORT CLIMATE NORMALS FOR TOMORROW
                         NORMAL    RECORD    YEAR
 MAXIMUM TEMPERATURE (F)   87       100      1886
 MINIMUM TEMPERATURE (F)   66        53      1976


SUNRISE AND SUNSET
MAY 28 2015...........SUNRISE   610 AM CDT   SUNSET   815 PM CDT
MAY 29 2015...........SUNRISE   610 AM CDT   SUNSET   816 PM CDT


-  INDICATES NEGATIVE NUMBERS.
R  INDICATES RECORD WAS SET OR TIED.
MM INDICATES DATA IS MISSING.
T  INDICATES TRACE AMOUNT.




$$
