000
CDUS44 KSHV 302148
CLISHV


CLIMATE REPORT
NATIONAL WEATHER SERVICE SHREVEPORT, LA
447 PM CDT THU OCT 30 2014


...................................

...THE SHREVEPORT CLIMATE SUMMARY FOR OCTOBER 30 2014...
VALID TODAY AS OF 0400 PM LOCAL TIME.

CLIMATE NORMAL PERIOD 1981 TO 2010
CLIMATE RECORD PERIOD 1874 TO 2014


WEATHER ITEM   OBSERVED TIME   RECORD YEAR NORMAL DEPARTURE LAST
                VALUE   (LST)  VALUE       VALUE  FROM      YEAR
                                                  NORMAL
..................................................................
TEMPERATURE (F)
 TODAY
  MAXIMUM         74    259 PM  90    1937  74      0       70
  MINIMUM         44    700 AM  29    1917  50     -6       66
  AVERAGE         59                        62     -3       68

PRECIPITATION (IN)
  TODAY            0.00          4.03 1941   0.17  -0.17     1.32
  MONTH TO DATE    5.84                      4.80   1.04     5.26
  SINCE DEC 1     38.02                     46.72  -8.70    47.19
  SINCE JAN 1     33.04                     41.95  -8.91    41.53

SNOWFALL (IN)
  TODAY            0.0
  MONTH TO DATE    T
  SINCE SEP 1      T
  SINCE JUL 1      T
  SNOW DEPTH       0

DEGREE DAYS
 HEATING
  TODAY            6                         5      1        0
  MONTH TO DATE   18                        76    -58       38
  SINCE SEP 1     18                        82    -64       38
  SINCE JUL 1     18                        82    -64       38

 COOLING
  TODAY            0                         2     -2        3
  MONTH TO DATE  153                       123     30      131
  SINCE SEP 1    593                       486    107      647
  SINCE JAN 1   2485                      2448     37     2692
..................................................................


WIND (MPH)
  HIGHEST WIND SPEED     9   HIGHEST WIND DIRECTION     S (190)
  HIGHEST GUST SPEED    14   HIGHEST GUST DIRECTION    SW (230)
  AVERAGE WIND SPEED     2.9


SKY COVER
  POSSIBLE SUNSHINE  MM
  AVERAGE SKY COVER 0.0


WEATHER CONDITIONS
 THE FOLLOWING WEATHER WAS RECORDED TODAY.
  FOG


RELATIVE HUMIDITY (PERCENT)
 HIGHEST   100           600 AM
 LOWEST     29           200 PM
 AVERAGE    65

..........................................................


THE SHREVEPORT CLIMATE NORMALS FOR TOMORROW
                         NORMAL    RECORD    YEAR
 MAXIMUM TEMPERATURE (F)   73        88      1972
                                             1937
 MINIMUM TEMPERATURE (F)   50        28      1993


SUNRISE AND SUNSET
OCTOBER 30 2014.......SUNRISE   731 AM CDT   SUNSET   627 PM CDT
OCTOBER 31 2014.......SUNRISE   732 AM CDT   SUNSET   626 PM CDT


-  INDICATES NEGATIVE NUMBERS.
R  INDICATES RECORD WAS SET OR TIED.
MM INDICATES DATA IS MISSING.
T  INDICATES TRACE AMOUNT.




$$

19
