956
CDUS44 KSHV 040733
CLISHV


CLIMATE REPORT
NATIONAL WEATHER SERVICE SHREVEPORT, LA
232 AM CDT WED MAY 4 2016


...................................

...THE SHREVEPORT CLIMATE SUMMARY FOR MAY 3 2016...

CLIMATE NORMAL PERIOD 1981 TO 2010
CLIMATE RECORD PERIOD 1874 TO 2016


WEATHER ITEM   OBSERVED TIME   RECORD YEAR NORMAL DEPARTURE LAST
                VALUE   (LST)  VALUE       VALUE  FROM      YEAR
                                                  NORMAL
..................................................................
TEMPERATURE (F)
 YESTERDAY
  MAXIMUM         73    349 PM  92    1943  81     -8       83
  MINIMUM         53    540 AM  41    2013  59     -6       57
  AVERAGE         63                        70     -7       70

PRECIPITATION (IN)
  YESTERDAY        0.00          4.31 1991   0.17  -0.17     0.00
  MONTH TO DATE    1.23                      0.49   0.74     0.00
  SINCE DEC 1     35.27                     22.54  12.73    28.95
  SINCE JAN 1     32.38                     17.77  14.61    25.20

SNOWFALL (IN)
  YESTERDAY        0.0
  MONTH TO DATE    0.0
  SINCE MAR 1      T
  SINCE JUL 1      T
  SNOW DEPTH       0

DEGREE DAYS
 HEATING
  YESTERDAY        2                         1      1        0
  MONTH TO DATE    2                         3     -1        0
  SINCE MAR 1    148                       340   -192      291
  SINCE JUL 1   1451                      2222   -771     2291

 COOLING
  YESTERDAY        0                         6     -6        5
  MONTH TO DATE   12                        16     -4       14
  SINCE MAR 1    193                       141     52      181
  SINCE JAN 1    211                       151     60      181
..................................................................


WIND (MPH)
  HIGHEST WIND SPEED    16   HIGHEST WIND DIRECTION    NW (330)
  HIGHEST GUST SPEED    22   HIGHEST GUST DIRECTION    NE (50)
  AVERAGE WIND SPEED     7.1


SKY COVER
  POSSIBLE SUNSHINE  MM
  AVERAGE SKY COVER 0.2


WEATHER CONDITIONS
 THE FOLLOWING WEATHER WAS RECORDED YESTERDAY.
  NO SIGNIFICANT WEATHER WAS OBSERVED.


RELATIVE HUMIDITY (PERCENT)
 HIGHEST    93           600 AM
 LOWEST     44           300 PM
 AVERAGE    69

..........................................................


THE SHREVEPORT CLIMATE NORMALS FOR TODAY
                         NORMAL    RECORD    YEAR
 MAXIMUM TEMPERATURE (F)   81        94      1947
 MINIMUM TEMPERATURE (F)   59        39      2013


SUNRISE AND SUNSET
MAY  4 2016...........SUNRISE   625 AM CDT   SUNSET   759 PM CDT
MAY  5 2016...........SUNRISE   624 AM CDT   SUNSET   800 PM CDT


-  INDICATES NEGATIVE NUMBERS.
R  INDICATES RECORD WAS SET OR TIED.
MM INDICATES DATA IS MISSING.
T  INDICATES TRACE AMOUNT.




$$
