000
CDUS44 KSHV 270851
CLISHV


CLIMATE REPORT
NATIONAL WEATHER SERVICE SHREVEPORT, LA
250 AM CST TUE JAN 27 2015


...................................

...THE SHREVEPORT CLIMATE SUMMARY FOR JANUARY 26 2015...

CLIMATE NORMAL PERIOD 1981 TO 2010
CLIMATE RECORD PERIOD 1874 TO 2015


WEATHER ITEM   OBSERVED TIME   RECORD YEAR NORMAL DEPARTURE LAST
                VALUE   (LST)  VALUE       VALUE  FROM      YEAR
                                                  NORMAL
..................................................................
TEMPERATURE (F)
 YESTERDAY
  MAXIMUM         65    430 PM  82    1952  58      7       62
  MINIMUM         37    744 AM  13    1904  37      0       39
  AVERAGE         51                        47      4       51

PRECIPITATION (IN)
  YESTERDAY        0.00          2.04 1930   0.14  -0.14     0.00
  MONTH TO DATE    7.45                      3.43   4.02     0.82
  SINCE DEC 1     11.20                      8.20   3.00     5.80
  SINCE JAN 1      7.45                      3.43   4.02     0.82

SNOWFALL (IN)
  YESTERDAY        0.0
  MONTH TO DATE    0.0
  SINCE DEC 1      0.0
  SINCE JUL 1      T
  SNOW DEPTH       0

DEGREE DAYS
 HEATING
  YESTERDAY       14                        18     -4       14
  MONTH TO DATE  561                       485     76      537
  SINCE DEC 1   1002                      1016    -14     1096
  SINCE JUL 1   1406                      1387     19     1507

 COOLING
  YESTERDAY        0                         0      0        0
  MONTH TO DATE    0                         0      0        0
  SINCE DEC 1      2                         7     -5       11
  SINCE JAN 1      0                         0      0        0
..................................................................


WIND (MPH)
  HIGHEST WIND SPEED    15   HIGHEST WIND DIRECTION     W (260)
  HIGHEST GUST SPEED    18   HIGHEST GUST DIRECTION     W (260)
  AVERAGE WIND SPEED     6.1


SKY COVER
  POSSIBLE SUNSHINE  MM
  AVERAGE SKY COVER 0.0


WEATHER CONDITIONS
 THE FOLLOWING WEATHER WAS RECORDED YESTERDAY.
  NO SIGNIFICANT WEATHER WAS OBSERVED.


RELATIVE HUMIDITY (PERCENT)
 HIGHEST    79           800 AM
 LOWEST     31           300 PM
 AVERAGE    55

..........................................................


THE SHREVEPORT CLIMATE NORMALS FOR TODAY
                         NORMAL    RECORD    YEAR
 MAXIMUM TEMPERATURE (F)   58        82      1975
 MINIMUM TEMPERATURE (F)   37        13      1897


SUNRISE AND SUNSET
JANUARY 27 2015.......SUNRISE   713 AM CST   SUNSET   544 PM CST
JANUARY 28 2015.......SUNRISE   712 AM CST   SUNSET   545 PM CST


-  INDICATES NEGATIVE NUMBERS.
R  INDICATES RECORD WAS SET OR TIED.
MM INDICATES DATA IS MISSING.
T  INDICATES TRACE AMOUNT.




$$
