000
CDUS44 KSHV 240738
CLISHV


CLIMATE REPORT
NATIONAL WEATHER SERVICE SHREVEPORT, LA
237 AM CDT FRI MAR 24 2017


...................................

...THE SHREVEPORT CLIMATE SUMMARY FOR MARCH 23 2017...

CLIMATE NORMAL PERIOD 1981 TO 2010
CLIMATE RECORD PERIOD 1874 TO 2017


WEATHER ITEM   OBSERVED TIME   RECORD YEAR NORMAL DEPARTURE LAST
                VALUE   (LST)  VALUE       VALUE  FROM      YEAR
                                                  NORMAL
..................................................................
TEMPERATURE (F)
 YESTERDAY
  MAXIMUM         86    417 PM  91    1929  72     14       79
  MINIMUM         60    628 AM  30    1968  48     12       61
  AVERAGE         73                        60     13       70

PRECIPITATION (IN)
  YESTERDAY        0.00          1.92 1874   0.13  -0.13     0.01
  MONTH TO DATE    1.22                      3.04  -1.82    12.18
  SINCE DEC 1      8.50                     16.76  -8.26    20.09
  SINCE JAN 1      5.36                     11.99  -6.63    17.20

SNOWFALL (IN)
  YESTERDAY        0.0
  MONTH TO DATE    0.0
  SINCE MAR 1      0.0
  SINCE JUL 1      0.0
  SNOW DEPTH       0

DEGREE DAYS
 HEATING
  YESTERDAY        0                         7     -7        0
  MONTH TO DATE  134                       205    -71       85
  SINCE MAR 1    134                       205    -71       85
  SINCE JUL 1   1165                      2087   -922     1388

 COOLING
  YESTERDAY        8                         1      7        5
  MONTH TO DATE   58                        21     37       37
  SINCE MAR 1     58                        21     37       37
  SINCE JAN 1    128                        31     97       55
..................................................................


WIND (MPH)
  HIGHEST WIND SPEED    24   HIGHEST WIND DIRECTION     S (160)
  HIGHEST GUST SPEED    33   HIGHEST GUST DIRECTION     S (160)
  AVERAGE WIND SPEED    10.4


SKY COVER
  POSSIBLE SUNSHINE  MM
  AVERAGE SKY COVER 0.3


WEATHER CONDITIONS
 THE FOLLOWING WEATHER WAS RECORDED YESTERDAY.
  NO SIGNIFICANT WEATHER WAS OBSERVED.


RELATIVE HUMIDITY (PERCENT)
 HIGHEST    84           500 AM
 LOWEST     29           300 PM
 AVERAGE    57

..........................................................


THE SHREVEPORT CLIMATE NORMALS FOR TODAY
                         NORMAL    RECORD    YEAR
 MAXIMUM TEMPERATURE (F)   72        90      1929
 MINIMUM TEMPERATURE (F)   48        32      2006
                                             1968


SUNRISE AND SUNSET
MARCH 24 2017.........SUNRISE   713 AM CDT   SUNSET   730 PM CDT
MARCH 25 2017.........SUNRISE   712 AM CDT   SUNSET   731 PM CDT


-  INDICATES NEGATIVE NUMBERS.
R  INDICATES RECORD WAS SET OR TIED.
MM INDICATES DATA IS MISSING.
T  INDICATES TRACE AMOUNT.




$$

19
