000
CDUS46 KMFR 240838
CLISIY


CLIMATE REPORT
NATIONAL WEATHER SERVICE MEDFORD, OR
1238 AM PST FRI NOV 24 2017


...................................

...THE MONTAGUE CA CLIMATE SUMMARY FOR NOVEMBER 23 2017...

CLIMATE NORMAL PERIOD 1981 TO 2010
CLIMATE RECORD PERIOD 1948 TO 2017


WEATHER ITEM   OBSERVED TIME   RECORD YEAR NORMAL DEPARTURE LAST
                VALUE   (LST)  VALUE       VALUE  FROM      YEAR
                                                  NORMAL
..................................................................
TEMPERATURE (F)
 YESTERDAY
  MAXIMUM         68R   258 PM  64    1995  47     21       47
  MINIMUM         45    338 AM  15    2007  28     17       32
                                      1993
  AVERAGE         57                        37     20       40

PRECIPITATION (IN)
  YESTERDAY        0.05          2.38 1988   0.10  -0.05      T
  MONTH TO DATE    1.19                      2.18  -0.99     1.60
  SINCE OCT 1      1.62                      3.38  -1.76     5.78
  SINCE JAN 1      9.39                     15.02  -5.63    16.01

SNOWFALL (IN)
  YESTERDAY       MM                        MM     MM       MM
  MONTH TO DATE   MM                        MM     MM       MM
  SINCE JUL 1     MM                        MM     MM       MM
  SNOW DEPTH      MM

DEGREE DAYS
 HEATING
  YESTERDAY        8                        28    -20       25
  MONTH TO DATE  491                       553    -62      410
  SINCE SEP 1   1056                      1089    -33      936
  SINCE JUL 1   1056                      1106    -50      949

 COOLING
  YESTERDAY        0                         0      0        0
  MONTH TO DATE    0                         0      0        0
  SINCE SEP 1     85                        43     42       35
  SINCE JAN 1    902                       544    358      689
..................................................................


WIND (MPH)
  HIGHEST WIND SPEED    23   HIGHEST WIND DIRECTION    SW (210)
  HIGHEST GUST SPEED    28   HIGHEST GUST DIRECTION    SW (210)
  AVERAGE WIND SPEED     5.0


SKY COVER
  POSSIBLE SUNSHINE  MM
  AVERAGE SKY COVER 0.6


WEATHER CONDITIONS
 THE FOLLOWING WEATHER WAS RECORDED YESTERDAY.
  RAIN
  LIGHT RAIN
  FOG


RELATIVE HUMIDITY (PERCENT)
 HIGHEST   100           400 AM
 LOWEST     42           300 PM

..........................................................


THE MONTAGUE CA CLIMATE NORMALS FOR TODAY
                         NORMAL    RECORD    YEAR
 MAXIMUM TEMPERATURE (F)   47        63      1949
 MINIMUM TEMPERATURE (F)   27        10      1993


SUNRISE AND SUNSET
NOVEMBER 24 2017......SUNRISE   710 AM PST   SUNSET   443 PM PST
NOVEMBER 25 2017......SUNRISE   711 AM PST   SUNSET   442 PM PST


-  INDICATES NEGATIVE NUMBERS.
R  INDICATES RECORD WAS SET OR TIED.
MM INDICATES DATA IS MISSING.
T  INDICATES TRACE AMOUNT.




$$
