000
CDUS46 KMFR 230835
CLISIY


CLIMATE REPORT
NATIONAL WEATHER SERVICE MEDFORD, OR
135 AM PDT SAT JUL 23 2016


...................................

...THE MONTAGUE CA CLIMATE SUMMARY FOR JULY 22 2016...

CLIMATE NORMAL PERIOD 1981 TO 2010
CLIMATE RECORD PERIOD 1948 TO 2016


WEATHER ITEM   OBSERVED TIME   RECORD YEAR NORMAL DEPARTURE LAST
                VALUE   (LST)  VALUE       VALUE  FROM      YEAR
                                                  NORMAL
..................................................................
TEMPERATURE (F)
 YESTERDAY
  MAXIMUM         88    357 PM 106    2003  93     -5       90
  MINIMUM         48    453 AM  42    1954  55     -7       59
  AVERAGE         68                        74     -6       75

PRECIPITATION (IN)
  YESTERDAY        0.00          0.44 1987   0.03  -0.03     0.00
  MONTH TO DATE    0.05                      0.26  -0.21     0.80
  SINCE OCT 1     15.12                     17.30  -2.18    13.12
  SINCE JAN 1     10.03                     10.47  -0.44     7.21

SNOWFALL (IN)
  YESTERDAY       MM                        MM     MM       MM
  MONTH TO DATE   MM                        MM     MM       MM
  SINCE JUL 1     MM                        MM     MM       MM
  SNOW DEPTH      MM

DEGREE DAYS
 HEATING
  YESTERDAY        0                         0      0        0
  MONTH TO DATE   12                         1     11        0
  SINCE JUN 1     85                        94     -9       17
  SINCE JUL 1     12                         1     11        0

 COOLING
  YESTERDAY        3                         9     -6       10
  MONTH TO DATE  116                       161    -45      245
  SINCE JUN 1    248                       219     29      479
  SINCE JAN 1    252                       232     20      494
..................................................................


WIND (MPH)
  HIGHEST WIND SPEED    20   HIGHEST WIND DIRECTION     N (360)
  HIGHEST GUST SPEED    23   HIGHEST GUST DIRECTION     N (10)
  AVERAGE WIND SPEED     8.2


SKY COVER
  POSSIBLE SUNSHINE  MM
  AVERAGE SKY COVER 0.0


WEATHER CONDITIONS
 THE FOLLOWING WEATHER WAS RECORDED YESTERDAY.
  NO SIGNIFICANT WEATHER WAS OBSERVED.


RELATIVE HUMIDITY (PERCENT)
 HIGHEST    77           500 AM
 LOWEST     13           200 PM

..........................................................


THE MONTAGUE CA CLIMATE NORMALS FOR TODAY
                         NORMAL    RECORD    YEAR
 MAXIMUM TEMPERATURE (F)   93       104      2006
 MINIMUM TEMPERATURE (F)   55        42      1992


SUNRISE AND SUNSET
JULY 23 2016..........SUNRISE   556 AM PDT   SUNSET   836 PM PDT
JULY 24 2016..........SUNRISE   557 AM PDT   SUNSET   835 PM PDT


-  INDICATES NEGATIVE NUMBERS.
R  INDICATES RECORD WAS SET OR TIED.
MM INDICATES DATA IS MISSING.
T  INDICATES TRACE AMOUNT.




$$
