000
CDUS46 KMFR 250836
CLISIY


CLIMATE REPORT
NATIONAL WEATHER SERVICE MEDFORD, OR
135 AM PDT THU MAY 25 2017


...................................

...THE MONTAGUE CA CLIMATE SUMMARY FOR MAY 24 2017...

CLIMATE NORMAL PERIOD 1981 TO 2010
CLIMATE RECORD PERIOD 1948 TO 2017


WEATHER ITEM   OBSERVED TIME   RECORD YEAR NORMAL DEPARTURE LAST
                VALUE   (LST)  VALUE       VALUE  FROM      YEAR
                                                  NORMAL
..................................................................
TEMPERATURE (F)
 YESTERDAY
  MAXIMUM         79    213 PM  98    1992  74      5       75
  MINIMUM         47   1159 PM  30    2011  42      5       42
  AVERAGE         63                        58      5       59

PRECIPITATION (IN)
  YESTERDAY        0.00          0.19 1958   0.03  -0.03     0.13
  MONTH TO DATE    0.49                      1.27  -0.78     0.78
  SINCE OCT 1     15.39                     16.18  -0.79    13.89
  SINCE JAN 1      7.18                      9.35  -2.17     8.80

SNOWFALL (IN)
  YESTERDAY       MM                        MM     MM       MM
  MONTH TO DATE   MM                        MM     MM       MM
  SINCE JUL 1     MM                        MM     MM       MM
  SNOW DEPTH      MM

DEGREE DAYS
 HEATING
  YESTERDAY        2                         8     -6        6
  MONTH TO DATE  235                       241     -6      176
  SINCE MAR 1   1409                      1462    -53     1120
  SINCE JUL 1   5306                      5339    -33     4537

 COOLING
  YESTERDAY        0                         1     -1        0
  MONTH TO DATE    8                         9     -1        1
  SINCE MAR 1      8                         9     -1        1
  SINCE JAN 1      8                         9     -1        1
..................................................................


WIND (MPH)
  HIGHEST WIND SPEED    30   HIGHEST WIND DIRECTION     N (360)
  HIGHEST GUST SPEED    37   HIGHEST GUST DIRECTION     N (360)
  AVERAGE WIND SPEED    14.8


SKY COVER
  POSSIBLE SUNSHINE  MM
  AVERAGE SKY COVER 0.0


WEATHER CONDITIONS
 THE FOLLOWING WEATHER WAS RECORDED YESTERDAY.
  NO SIGNIFICANT WEATHER WAS OBSERVED.


RELATIVE HUMIDITY (PERCENT)
 HIGHEST    67           100 AM
 LOWEST     13          1200 PM

..........................................................


THE MONTAGUE CA CLIMATE NORMALS FOR TODAY
                         NORMAL    RECORD    YEAR
 MAXIMUM TEMPERATURE (F)   74        95      1983
 MINIMUM TEMPERATURE (F)   42        32      1989


SUNRISE AND SUNSET
MAY 25 2017...........SUNRISE   541 AM PDT   SUNSET   833 PM PDT
MAY 26 2017...........SUNRISE   541 AM PDT   SUNSET   834 PM PDT


-  INDICATES NEGATIVE NUMBERS.
R  INDICATES RECORD WAS SET OR TIED.
MM INDICATES DATA IS MISSING.
T  INDICATES TRACE AMOUNT.




$$
