000
CDUS46 KMFR 250037
CLISIY


CLIMATE REPORT
NATIONAL WEATHER SERVICE MEDFORD, OR
537 PM PDT SUN SEP 24 2017


...................................

...THE MONTAGUE CA CLIMATE SUMMARY FOR SEPTEMBER 24 2017...
VALID TODAY AS OF 0500 PM LOCAL TIME.

CLIMATE NORMAL PERIOD 1981 TO 2010
CLIMATE RECORD PERIOD 1948 TO 2017


WEATHER ITEM   OBSERVED TIME   RECORD YEAR NORMAL DEPARTURE LAST
                VALUE   (LST)  VALUE       VALUE  FROM      YEAR
                                                  NORMAL
..................................................................
TEMPERATURE (F)
 TODAY
  MAXIMUM         73    355 PM  95    2009  79     -6       80
                                      2003
  MINIMUM         34    533 AM  30    2007  41     -7       40
                                      1958
  AVERAGE         54                        60     -6       60

PRECIPITATION (IN)
  TODAY            0.00          1.00 2014   0.03  -0.03     0.00
  MONTH TO DATE    0.07                      0.45  -0.38     0.18
  SINCE OCT 1     15.98                     18.28  -2.30    15.32
  SINCE JAN 1      7.77                     11.45  -3.68    10.23

SNOWFALL (IN)
  TODAY           MM                        MM     MM       MM
  MONTH TO DATE   MM                        MM     MM       MM
  SINCE JUL 1     MM                        MM     MM       MM
  SNOW DEPTH      MM

DEGREE DAYS
 HEATING
  TODAY           11                         6      5        5
  MONTH TO DATE  106                        83     23       89
  SINCE SEP 1    106                        83     23       89
  SINCE JUL 1    106                       100      6      102

 COOLING
  TODAY            0                         1     -1        0
  MONTH TO DATE   85                        40     45       21
  SINCE SEP 1     85                        40     45       21
  SINCE JAN 1    902                       541    361      675
..................................................................


WIND (MPH)
  HIGHEST WIND SPEED    12   HIGHEST WIND DIRECTION    NW (310)
  HIGHEST GUST SPEED    17   HIGHEST GUST DIRECTION    NE (30)
  AVERAGE WIND SPEED     3.6


SKY COVER
  POSSIBLE SUNSHINE  MM
  AVERAGE SKY COVER 0.0


WEATHER CONDITIONS
 THE FOLLOWING WEATHER WAS RECORDED TODAY.
  HAZE


RELATIVE HUMIDITY (PERCENT)
 HIGHEST    76           400 AM
 LOWEST     20           200 PM

..........................................................


THE MONTAGUE CA CLIMATE NORMALS FOR TOMORROW
                         NORMAL    RECORD    YEAR
 MAXIMUM TEMPERATURE (F)   78        98      1994
 MINIMUM TEMPERATURE (F)   40        31      1948


SUNRISE AND SUNSET
SEPTEMBER 24 2017.....SUNRISE   700 AM PDT   SUNSET   703 PM PDT
SEPTEMBER 25 2017.....SUNRISE   701 AM PDT   SUNSET   701 PM PDT


-  INDICATES NEGATIVE NUMBERS.
R  INDICATES RECORD WAS SET OR TIED.
MM INDICATES DATA IS MISSING.
T  INDICATES TRACE AMOUNT.




$$
