000
CDUS46 KMTR 260826
CLISJC


CLIMATE REPORT
NATIONAL WEATHER SERVICE SAN FRANCISCO BAY AREA
125 AM PDT MON JUN 26 2017


...................................

...THE SAN JOSE AIRPORT CLIMATE SUMMARY FOR JUNE 25 2017...

CLIMATE NORMAL PERIOD 1981 TO 2010
CLIMATE RECORD PERIOD 1893 TO 2017


WEATHER ITEM   OBSERVED TIME   RECORD YEAR NORMAL DEPARTURE LAST
                VALUE   (LST)  VALUE       VALUE  FROM      YEAR
                                                  NORMAL
..................................................................
TEMPERATURE (F)
 YESTERDAY
  MAXIMUM         74    313 PM 105    1995  81     -7       90
  MINIMUM         61   1132 PM  38    1893  57      4       60
  AVERAGE         68                        69     -1       75

PRECIPITATION (IN)
  YESTERDAY        0.00          0.01 1942   0.00   0.00     0.00
  MONTH TO DATE    0.02                      0.09  -0.07      T
  SINCE OCT 1     18.42                     15.59   2.83    14.91
  SINCE JAN 1     14.04                     10.50   3.54    10.21

SNOWFALL (IN)
  YESTERDAY        0.0                       0.0    0.0      0.0
  MONTH TO DATE    0.0                       0.0    0.0      0.0
  SINCE JUN 1      0.0                       0.0    0.0      0.0
  SINCE JUL 1      0.0                       0.0    0.0      0.0

DEGREE DAYS
 HEATING
  YESTERDAY        0                         0      0        0
  MONTH TO DATE   13                        25    -12        6
  SINCE JUN 1     13                        25    -12        6
  SINCE JUL 1   1865                      2259   -394     1750

 COOLING
  YESTERDAY        3                         4     -1       10
  MONTH TO DATE  127                        78     49      117
  SINCE JUN 1    127                        78     49      117
  SINCE JAN 1    200                       141     59      199
..................................................................


WIND (MPH)
  RESULTANT WIND SPEED   7   RESULTANT WIND DIRECTION  NW (310)
  HIGHEST WIND SPEED    18   HIGHEST WIND DIRECTION    NW (300)
  HIGHEST GUST SPEED    22   HIGHEST GUST DIRECTION    NW (330)
  AVERAGE WIND SPEED     8.1


SKY COVER
  POSSIBLE SUNSHINE  MM
  AVERAGE SKY COVER 0.5


WEATHER CONDITIONS
 THE FOLLOWING WEATHER WAS RECORDED YESTERDAY.
  NO SIGNIFICANT WEATHER WAS OBSERVED.


RELATIVE HUMIDITY (PERCENT)
 HIGHEST    90           300 AM
 LOWEST     57           300 PM
 AVERAGE    74

..........................................................


THE SAN JOSE AIRPORT CLIMATE NORMALS FOR TODAY
                         NORMAL    RECORD    YEAR
 MAXIMUM TEMPERATURE (F)   81       102      2003
 MINIMUM TEMPERATURE (F)   57        39      1894


SUNRISE AND SUNSET
JUNE 26 2017..........SUNRISE   549 AM PDT   SUNSET   832 PM PDT
JUNE 27 2017..........SUNRISE   549 AM PDT   SUNSET   832 PM PDT


-  INDICATES NEGATIVE NUMBERS.
R  INDICATES RECORD WAS SET OR TIED.
MM INDICATES DATA IS MISSING.
T  INDICATES TRACE AMOUNT.




$$
