000
CDUS46 KMTR 160836
CLISJC


CLIMATE REPORT
NATIONAL WEATHER SERVICE SAN FRANCISCO BAY AREA
135 AM PDT TUE SEP 16 2014


...................................

...THE SAN JOSE AIRPORT CLIMATE SUMMARY FOR SEPTEMBER 15 2014...

CLIMATE NORMAL PERIOD 1981 TO 2010
CLIMATE RECORD PERIOD 1893 TO 2014


WEATHER ITEM   OBSERVED TIME   RECORD YEAR NORMAL DEPARTURE LAST
                VALUE   (LST)  VALUE       VALUE  FROM      YEAR
                                                  NORMAL
..................................................................
TEMPERATURE (F)
 YESTERDAY
  MAXIMUM         77    234 PM 102    1971  82     -5       78
  MINIMUM         60    417 AM  36    1895  57      3       58
  AVERAGE         69                        70     -1       68

PRECIPITATION (IN)
  YESTERDAY        0.00          0.01 1986   0.00   0.00     0.00
  MONTH TO DATE    0.00                      0.05  -0.05      T
  SINCE JUL 1      T                         0.05  -0.05      T
  SINCE JAN 1      4.79                      9.94  -5.15     2.24

SNOWFALL (IN)
  YESTERDAY        0.0                      MM     MM        0.0
  MONTH TO DATE    0.0                      MM     MM        0.0
  SINCE SEP 1      0.0                      MM     MM        0.0
  SINCE JUL 1      0.0                      MM     MM        0.0

DEGREE DAYS
 HEATING
  YESTERDAY        0                         0      0        0
  MONTH TO DATE    2                         0      2        0
  SINCE SEP 1      2                         0      2        0
  SINCE JUL 1      2                         3     -1        1

 COOLING
  YESTERDAY        4                         5     -1        3
  MONTH TO DATE   60                        80    -20       84
  SINCE SEP 1     60                        80    -20       84
  SINCE JAN 1    561                       626    -65      509
..................................................................


WIND (MPH)
  RESULTANT WIND SPEED   6   RESULTANT WIND DIRECTION  NW (310)
  HIGHEST WIND SPEED    18   HIGHEST WIND DIRECTION    NW (300)
  HIGHEST GUST SPEED    22   HIGHEST GUST DIRECTION    NW (310)
  AVERAGE WIND SPEED     7.2


SKY COVER
  POSSIBLE SUNSHINE  MM
  AVERAGE SKY COVER 0.2


WEATHER CONDITIONS
 THE FOLLOWING WEATHER WAS RECORDED YESTERDAY.
  NO SIGNIFICANT WEATHER WAS OBSERVED.


RELATIVE HUMIDITY (PERCENT)
 HIGHEST    90          1200 AM
 LOWEST     43           400 PM
 AVERAGE    67

..........................................................


THE SAN JOSE AIRPORT CLIMATE NORMALS FOR TODAY
                         NORMAL    RECORD    YEAR
 MAXIMUM TEMPERATURE (F)   82        99      1971
 MINIMUM TEMPERATURE (F)   57        43      1896


SUNRISE AND SUNSET
SEPTEMBER 16 2014.....SUNRISE   651 AM PDT   SUNSET   714 PM PDT
SEPTEMBER 17 2014.....SUNRISE   651 AM PDT   SUNSET   712 PM PDT


-  INDICATES NEGATIVE NUMBERS.
R  INDICATES RECORD WAS SET OR TIED.
MM INDICATES DATA IS MISSING.
T  INDICATES TRACE AMOUNT.




$$
