000
CDUS46 KMTR 180831
CLISJC


CLIMATE REPORT
NATIONAL WEATHER SERVICE SAN FRANCISCO BAY AREA
1231 AM PST MON DEC 18 2017


...................................

...THE SAN JOSE AIRPORT CLIMATE SUMMARY FOR DECEMBER 17 2017...

CLIMATE NORMAL PERIOD 1981 TO 2010
CLIMATE RECORD PERIOD 1893 TO 2017


WEATHER ITEM   OBSERVED TIME   RECORD YEAR NORMAL DEPARTURE LAST
                VALUE   (LST)  VALUE       VALUE  FROM      YEAR
                                                  NORMAL
..................................................................
TEMPERATURE (F)
 YESTERDAY
  MAXIMUM         68    327 PM  72    1958  58     10       54
  MINIMUM         46   1159 PM  26    1965  42      4       33
  AVERAGE         57                        50      7       44

PRECIPITATION (IN)
  YESTERDAY        0.00          0.75 1894   0.09  -0.09     0.00
  MONTH TO DATE    T                         1.31  -1.31     0.98
  SINCE OCT 1      1.50                      3.79  -2.29     3.85
  SINCE JAN 1     15.58                     14.52   1.06    14.06

SNOWFALL (IN)
  YESTERDAY        0.0                       0.0    0.0      0.0
  MONTH TO DATE    0.0                       0.0    0.0      0.0
  SINCE DEC 1      0.0                       0.0    0.0      0.0
  SINCE JUL 1      0.0                       0.0    0.0      0.0

DEGREE DAYS
 HEATING
  YESTERDAY        8                        15     -7       21
  MONTH TO DATE  199                       248    -49      197
  SINCE DEC 1    199                       248    -49      197
  SINCE JUL 1    416                       655   -239      420

 COOLING
  YESTERDAY        0                         0      0        0
  MONTH TO DATE    0                         0      0        0
  SINCE DEC 1      0                         0      0        0
  SINCE JAN 1    992                       637    355      706
..................................................................


WIND (MPH)
  RESULTANT WIND SPEED   6   RESULTANT WIND DIRECTION  NW (310)
  HIGHEST WIND SPEED    20   HIGHEST WIND DIRECTION     N (350)
  HIGHEST GUST SPEED    26   HIGHEST GUST DIRECTION     W (280)
  AVERAGE WIND SPEED     7.8


SKY COVER
  POSSIBLE SUNSHINE  MM
  AVERAGE SKY COVER 0.2


WEATHER CONDITIONS
 THE FOLLOWING WEATHER WAS RECORDED YESTERDAY.
  NO SIGNIFICANT WEATHER WAS OBSERVED.


RELATIVE HUMIDITY (PERCENT)
 HIGHEST    46          1100 PM
 LOWEST     15           400 PM
 AVERAGE    31

..........................................................


THE SAN JOSE AIRPORT CLIMATE NORMALS FOR TODAY
                         NORMAL    RECORD    YEAR
 MAXIMUM TEMPERATURE (F)   58        69      1937
 MINIMUM TEMPERATURE (F)   42        26      1965


SUNRISE AND SUNSET
DECEMBER 18 2017......SUNRISE   717 AM PST   SUNSET   452 PM PST
DECEMBER 19 2017......SUNRISE   717 AM PST   SUNSET   453 PM PST


-  INDICATES NEGATIVE NUMBERS.
R  INDICATES RECORD WAS SET OR TIED.
MM INDICATES DATA IS MISSING.
T  INDICATES TRACE AMOUNT.




$$
