000
CDUS46 KMTR 220825
CLISJC


CLIMATE REPORT
NATIONAL WEATHER SERVICE SAN FRANCISCO BAY AREA
1225 AM PST MON DEC 22 2014


...................................

...THE SAN JOSE AIRPORT CLIMATE SUMMARY FOR DECEMBER 21 2014...

CLIMATE NORMAL PERIOD 1981 TO 2010
CLIMATE RECORD PERIOD 1893 TO 2014


WEATHER ITEM   OBSERVED TIME   RECORD YEAR NORMAL DEPARTURE LAST
                VALUE   (LST)  VALUE       VALUE  FROM      YEAR
                                                  NORMAL
..................................................................
TEMPERATURE (F)
 YESTERDAY
  MAXIMUM         62    424 PM  70    1999  61      1       60
  MINIMUM         56    754 AM  25    1968  42     14       36
  AVERAGE         59                        51      8       48

PRECIPITATION (IN)
  YESTERDAY        T             2.01 1894   0.09  -0.09     0.00
  MONTH TO DATE    7.70                      1.31   6.39     0.13
  SINCE JUL 1     10.25                      4.20   6.05     1.56
  SINCE JAN 1     15.04                     14.09   0.95     3.80

SNOWFALL (IN)
  YESTERDAY        0.0                      MM     MM        0.0
  MONTH TO DATE    0.0                      MM     MM        0.0
  SINCE DEC 1      0.0                      MM     MM        0.0
  SINCE JUL 1      0.0                      MM     MM        0.0

DEGREE DAYS
 HEATING
  YESTERDAY        6                        14     -8       17
  MONTH TO DATE  173                       272    -99      388
  SINCE DEC 1    173                       272    -99      388
  SINCE JUL 1    457                       597   -140      768

 COOLING
  YESTERDAY        0                         0      0        0
  MONTH TO DATE    0                         0      0        0
  SINCE DEC 1      0                         0      0        0
  SINCE JAN 1    685                       730    -45      549
..................................................................


WIND (MPH)
  RESULTANT WIND SPEED   3   RESULTANT WIND DIRECTION  NW (300)
  HIGHEST WIND SPEED    16   HIGHEST WIND DIRECTION    NW (310)
  HIGHEST GUST SPEED    18   HIGHEST GUST DIRECTION    NW (300)
  AVERAGE WIND SPEED     5.7


SKY COVER
  POSSIBLE SUNSHINE  MM
  AVERAGE SKY COVER 0.9


WEATHER CONDITIONS
 THE FOLLOWING WEATHER WAS RECORDED YESTERDAY.
  LIGHT RAIN
  FOG


RELATIVE HUMIDITY (PERCENT)
 HIGHEST    93           800 AM
 LOWEST     80           300 AM
 AVERAGE    87

..........................................................


THE SAN JOSE AIRPORT CLIMATE NORMALS FOR TODAY
                         NORMAL    RECORD    YEAR
 MAXIMUM TEMPERATURE (F)   60        67      2013
                                             1919
 MINIMUM TEMPERATURE (F)   42        19      1990


SUNRISE AND SUNSET
DECEMBER 22 2014......SUNRISE   719 AM PST   SUNSET   454 PM PST
DECEMBER 23 2014......SUNRISE   719 AM PST   SUNSET   455 PM PST


-  INDICATES NEGATIVE NUMBERS.
R  INDICATES RECORD WAS SET OR TIED.
MM INDICATES DATA IS MISSING.
T  INDICATES TRACE AMOUNT.




$$
