000
CDUS44 KSJT 290658
CLISJT


CLIMATE REPORT
NATIONAL WEATHER SERVICE SAN ANGELO TX
158 AM CDT SAT AUG 29 2015


...................................

...THE SAN ANGELO CLIMATE SUMMARY FOR AUGUST 28 2015...

CLIMATE NORMAL PERIOD 1981 TO 2010
CLIMATE RECORD PERIOD 1907 TO 2015


WEATHER ITEM   OBSERVED TIME   RECORD YEAR NORMAL DEPARTURE LAST
                VALUE   (LST)  VALUE       VALUE  FROM      YEAR
                                                  NORMAL
..................................................................
TEMPERATURE (F)
 YESTERDAY
  MAXIMUM        100    405 PM 108    2011  93      7       99
  MINIMUM         71    642 AM  52    1926  69      2       73
  AVERAGE         86                        81      5       86

PRECIPITATION (IN)
  YESTERDAY        0.00          2.65 2004   0.10  -0.10     0.00
  MONTH TO DATE    1.28                      1.96  -0.68     0.63
  SINCE JUN 1      5.38                      5.75  -0.37     3.69
  SINCE JAN 1     20.24                     13.77   6.47    11.96

DEGREE DAYS
 HEATING
  YESTERDAY        0                         0      0        0
  MONTH TO DATE    0                         0      0        0
  SINCE JUN 1      0                         0      0        0
  SINCE JUL 1      0                         0      0        0

 COOLING
  YESTERDAY       21                        16      5       21
  MONTH TO DATE  626                       504    122      535
  SINCE JUN 1   1700                      1531    169     1598
  SINCE JAN 1   2167                      1991    176     2200
..................................................................


WIND (MPH)
  HIGHEST WIND SPEED    17   HIGHEST WIND DIRECTION     S (190)
  HIGHEST GUST SPEED    22   HIGHEST GUST DIRECTION     S (180)
  AVERAGE WIND SPEED     8.7


SKY COVER
  POSSIBLE SUNSHINE  MM
  AVERAGE SKY COVER 0.0


WEATHER CONDITIONS
 THE FOLLOWING WEATHER WAS RECORDED YESTERDAY.
  NO SIGNIFICANT WEATHER WAS OBSERVED.


RELATIVE HUMIDITY (PERCENT)
 HIGHEST    61           700 AM
 LOWEST     15           500 PM
 AVERAGE    38

..........................................................


THE SAN ANGELO CLIMATE NORMALS FOR TODAY
                         NORMAL    RECORD    YEAR
 MAXIMUM TEMPERATURE (F)   93       107      2011
 MINIMUM TEMPERATURE (F)   69        56      1926


SUNRISE AND SUNSET
AUGUST 29 2015........SUNRISE   716 AM CDT   SUNSET   809 PM CDT
AUGUST 30 2015........SUNRISE   717 AM CDT   SUNSET   808 PM CDT


-  INDICATES NEGATIVE NUMBERS.
R  INDICATES RECORD WAS SET OR TIED.
MM INDICATES DATA IS MISSING.
T  INDICATES TRACE AMOUNT.




$$
