000
CDUS44 KSJT 250706
CLISJT


CLIMATE REPORT
NATIONAL WEATHER SERVICE SAN ANGELO TX
206 AM CDT MON JUL 25 2016


...................................

...THE SAN ANGELO CLIMATE SUMMARY FOR JULY 24 2016...

CLIMATE NORMAL PERIOD 1981 TO 2010
CLIMATE RECORD PERIOD 1907 TO 2016


WEATHER ITEM   OBSERVED TIME   RECORD YEAR NORMAL DEPARTURE LAST
                VALUE   (LST)  VALUE       VALUE  FROM      YEAR
                                                  NORMAL
..................................................................
TEMPERATURE (F)
 YESTERDAY
  MAXIMUM        102    451 PM 107    1995  96      6      101
  MINIMUM         76    617 AM  58    1915  72      4       74
  AVERAGE         89                        84      5       88

PRECIPITATION (IN)
  YESTERDAY        0.00          2.84 1911   0.04  -0.04     0.00
  MONTH TO DATE    0.00                      0.94  -0.94     0.55
  SINCE JUN 1      7.02                      3.53   3.49     4.10
  SINCE JAN 1     22.65                     11.55  11.10    18.96

DEGREE DAYS
 HEATING
  YESTERDAY        0                         0      0        0
  MONTH TO DATE    0                         0      0        0
  SINCE JUN 1      0                         0      0        0
  SINCE JUL 1      0                         0      0        0

 COOLING
  YESTERDAY       24                        19      5       23
  MONTH TO DATE  553                       431    122      464
  SINCE JUN 1    999                       895    104      908
  SINCE JAN 1   1410                      1355     55     1375
..................................................................


WIND (MPH)
  HIGHEST WIND SPEED    17   HIGHEST WIND DIRECTION     E (80)
  HIGHEST GUST SPEED    25   HIGHEST GUST DIRECTION    NE (50)
  AVERAGE WIND SPEED     7.4


SKY COVER
  POSSIBLE SUNSHINE  MM
  AVERAGE SKY COVER 0.1


WEATHER CONDITIONS
 THE FOLLOWING WEATHER WAS RECORDED YESTERDAY.
  NO SIGNIFICANT WEATHER WAS OBSERVED.


RELATIVE HUMIDITY (PERCENT)
 HIGHEST    74           700 AM
 LOWEST     24           600 PM
 AVERAGE    49

..........................................................


THE SAN ANGELO CLIMATE NORMALS FOR TODAY
                         NORMAL    RECORD    YEAR
 MAXIMUM TEMPERATURE (F)   96       106      1912
 MINIMUM TEMPERATURE (F)   72        60      1989


SUNRISE AND SUNSET
JULY 25 2016..........SUNRISE   654 AM CDT   SUNSET   842 PM CDT
JULY 26 2016..........SUNRISE   655 AM CDT   SUNSET   842 PM CDT


-  INDICATES NEGATIVE NUMBERS.
R  INDICATES RECORD WAS SET OR TIED.
MM INDICATES DATA IS MISSING.
T  INDICATES TRACE AMOUNT.




$$
