000
CDUS44 KSJT 200703
CLISJT


CLIMATE REPORT
NATIONAL WEATHER SERVICE SAN ANGELO TX
203 AM CDT MON OCT 20 2014


...................................

...THE SAN ANGELO CLIMATE SUMMARY FOR OCTOBER 19 2014...

CLIMATE NORMAL PERIOD 1981 TO 2010
CLIMATE RECORD PERIOD 1907 TO 2014


WEATHER ITEM   OBSERVED TIME   RECORD YEAR NORMAL DEPARTURE LAST
                VALUE   (LST)  VALUE       VALUE  FROM      YEAR
                                                  NORMAL
..................................................................
TEMPERATURE (F)
 YESTERDAY
  MAXIMUM         84    248 PM  95    1995  78      6       64
  MINIMUM         56    643 AM  28    1989  53      3       39
  AVERAGE         70                        65      5       52

PRECIPITATION (IN)
  YESTERDAY        0.00          0.48 1930   0.10  -0.10     0.00
  MONTH TO DATE    0.41                      1.75  -1.34     1.39
  SINCE SEP 1      1.30                      4.21  -2.91     6.01
  SINCE JAN 1     13.28                     18.28  -5.00    17.77

SNOWFALL (IN)
  YESTERDAY        0.0           0.0  2002   0.0    0.0      0.0
  MONTH TO DATE    0.0                       0.0    0.0      0.0
  SINCE NOV 1      1.6                       2.2   -0.6      2.8
  SINCE JUL 1      0.0                       0.0    0.0      0.0
  SNOW DEPTH       0

DEGREE DAYS
 HEATING
  YESTERDAY        0                         3     -3       13
  MONTH TO DATE   10                        32    -22       46
  SINCE SEP 1     15                        41    -26       46
  SINCE JUL 1     15                        41    -26       46

 COOLING
  YESTERDAY        5                         3      2        0
  MONTH TO DATE  153                        90     63      112
  SINCE SEP 1    547                       419    128      500
  SINCE JAN 1   2805                      2455    350     2826
..................................................................


WIND (MPH)
  HIGHEST WIND SPEED    15   HIGHEST WIND DIRECTION     E (90)
  HIGHEST GUST SPEED    18   HIGHEST GUST DIRECTION     S (160)
  AVERAGE WIND SPEED     6.4


SKY COVER
  POSSIBLE SUNSHINE  MM
  AVERAGE SKY COVER 0.3


WEATHER CONDITIONS
 THE FOLLOWING WEATHER WAS RECORDED YESTERDAY.
  NO SIGNIFICANT WEATHER WAS OBSERVED.


RELATIVE HUMIDITY (PERCENT)
 HIGHEST    93           400 AM
 LOWEST     39           500 PM
 AVERAGE    66

..........................................................


THE SAN ANGELO CLIMATE NORMALS FOR TODAY
                         NORMAL    RECORD    YEAR
 MAXIMUM TEMPERATURE (F)   78        93      1940
 MINIMUM TEMPERATURE (F)   53        31      1916


SUNRISE AND SUNSET
OCTOBER 20 2014.......SUNRISE   748 AM CDT   SUNSET   705 PM CDT
OCTOBER 21 2014.......SUNRISE   749 AM CDT   SUNSET   704 PM CDT


-  INDICATES NEGATIVE NUMBERS.
R  INDICATES RECORD WAS SET OR TIED.
MM INDICATES DATA IS MISSING.
T  INDICATES TRACE AMOUNT.




$$
