000
CDUS44 KSJT 220821
CLISJT


CLIMATE REPORT
NATIONAL WEATHER SERVICE SAN ANGELO TX
220 AM CST SUN JAN 22 2017


...................................

...THE SAN ANGELO CLIMATE SUMMARY FOR JANUARY 21 2017...

CLIMATE NORMAL PERIOD 1981 TO 2010
CLIMATE RECORD PERIOD 1907 TO 2017


WEATHER ITEM   OBSERVED TIME   RECORD YEAR NORMAL DEPARTURE LAST
                VALUE   (LST)  VALUE       VALUE  FROM      YEAR
                                                  NORMAL
..................................................................
TEMPERATURE (F)
 YESTERDAY
  MAXIMUM         75   1236 PM  86    1974  60     15       61
  MINIMUM         39    230 AM  12    1935  34      5       31
  AVERAGE         57                        47     10       46

PRECIPITATION (IN)
  YESTERDAY        T             0.72 1994   0.04  -0.04     0.00
  MONTH TO DATE    1.35                      0.59   0.76      T
  SINCE DEC 1      2.09                      1.44   0.65     2.26
  SINCE JAN 1      1.35                      0.59   0.76      T

SNOWFALL (IN)
  YESTERDAY       MM             7.4  1978   0.0   MM        0.0
  MONTH TO DATE    T                         0.9   -0.9      0.0
  SINCE NOV 1      T                         1.5   -1.5      3.1
  SINCE JUL 1      T                         1.5   -1.5      3.1
  SNOW DEPTH       0

DEGREE DAYS
 HEATING
  YESTERDAY        8                        18    -10       19
  MONTH TO DATE  327                       397    -70      415
  SINCE DEC 1    801                       964   -163      835
  SINCE JUL 1    969                      1364   -395     1121

 COOLING
  YESTERDAY        0                         0      0        0
  MONTH TO DATE    0                         0      0        0
  SINCE DEC 1      1                         1      0        0
  SINCE JAN 1      0                         0      0        0
..................................................................


WIND (MPH)
  HIGHEST WIND SPEED    38   HIGHEST WIND DIRECTION     W (270)
  HIGHEST GUST SPEED    52   HIGHEST GUST DIRECTION     W (260)
  AVERAGE WIND SPEED    16.1


SKY COVER
  POSSIBLE SUNSHINE  MM
  AVERAGE SKY COVER 0.4


WEATHER CONDITIONS
 THE FOLLOWING WEATHER WAS RECORDED YESTERDAY.
  LIGHT RAIN


RELATIVE HUMIDITY (PERCENT)
 HIGHEST    86           800 AM
 LOWEST     22           100 PM
 AVERAGE    54

..........................................................


THE SAN ANGELO CLIMATE NORMALS FOR TODAY
                         NORMAL    RECORD    YEAR
 MAXIMUM TEMPERATURE (F)   60        85      2010
                                             2009
                                             1971
 MINIMUM TEMPERATURE (F)   34         6      1918


SUNRISE AND SUNSET
JANUARY 22 2017.......SUNRISE   739 AM CST   SUNSET   608 PM CST
JANUARY 23 2017.......SUNRISE   739 AM CST   SUNSET   609 PM CST


-  INDICATES NEGATIVE NUMBERS.
R  INDICATES RECORD WAS SET OR TIED.
MM INDICATES DATA IS MISSING.
T  INDICATES TRACE AMOUNT.




$$
