000
CDUS44 KSJT 200806
CLISJT


CLIMATE REPORT
NATIONAL WEATHER SERVICE SAN ANGELO TX
305 AM CDT THU JUL 20 2017


...................................

...THE SAN ANGELO CLIMATE SUMMARY FOR JULY 19 2017...

CLIMATE NORMAL PERIOD 1981 TO 2010
CLIMATE RECORD PERIOD 1907 TO 2017


WEATHER ITEM   OBSERVED TIME   RECORD YEAR NORMAL DEPARTURE LAST
                VALUE   (LST)  VALUE       VALUE  FROM      YEAR
                                                  NORMAL
..................................................................
TEMPERATURE (F)
 YESTERDAY
  MAXIMUM         98    436 PM 105    2011  95      3       99
                                      1951
  MINIMUM         71    600 AM  64    1947  71      0       73
                                      1926
  AVERAGE         85                        83      2       86

PRECIPITATION (IN)
  YESTERDAY        0.00          1.03 1959   0.03  -0.03     0.00
  MONTH TO DATE    1.69                      0.77   0.92     0.00
  SINCE JUN 1      3.21                      3.36  -0.15     7.02
  SINCE JAN 1      9.69                     11.38  -1.69    22.65

DEGREE DAYS
 HEATING
  YESTERDAY        0                         0      0        0
  MONTH TO DATE    0                         0      0        0
  SINCE JUN 1      0                         0      0        0
  SINCE JUL 1      0                         0      0        0

 COOLING
  YESTERDAY       20                        18      2       21
  MONTH TO DATE  346                       338      8      438
  SINCE JUN 1    908                       802    106      884
  SINCE JAN 1   1484                      1262    222     1295
..................................................................


WIND (MPH)
  HIGHEST WIND SPEED    17   HIGHEST WIND DIRECTION    SE (150)
  HIGHEST GUST SPEED    30   HIGHEST GUST DIRECTION    SE (140)
  AVERAGE WIND SPEED     7.7


SKY COVER
  POSSIBLE SUNSHINE  MM
  AVERAGE SKY COVER 0.2


WEATHER CONDITIONS
 THE FOLLOWING WEATHER WAS RECORDED YESTERDAY.
  NO SIGNIFICANT WEATHER WAS OBSERVED.


RELATIVE HUMIDITY (PERCENT)
 HIGHEST    73           600 AM
 LOWEST     22           300 PM
 AVERAGE    48

..........................................................


THE SAN ANGELO CLIMATE NORMALS FOR TODAY
                         NORMAL    RECORD    YEAR
 MAXIMUM TEMPERATURE (F)   95       107      1925
 MINIMUM TEMPERATURE (F)   71        63      1989
                                             1947


SUNRISE AND SUNSET
JULY 20 2017..........SUNRISE   651 AM CDT   SUNSET   845 PM CDT
JULY 21 2017..........SUNRISE   652 AM CDT   SUNSET   845 PM CDT


-  INDICATES NEGATIVE NUMBERS.
R  INDICATES RECORD WAS SET OR TIED.
MM INDICATES DATA IS MISSING.
T  INDICATES TRACE AMOUNT.




$$
