000
CDUS44 KSJT 242228
CLISJT


CLIMATE REPORT
NATIONAL WEATHER SERVICE SAN ANGELO TX
527 PM CDT FRI OCT 24 2014


...................................

...THE SAN ANGELO CLIMATE SUMMARY FOR OCTOBER 24 2014...
VALID TODAY AS OF 0500 PM LOCAL TIME.

CLIMATE NORMAL PERIOD 1981 TO 2010
CLIMATE RECORD PERIOD 1907 TO 2014


WEATHER ITEM   OBSERVED TIME   RECORD YEAR NORMAL DEPARTURE LAST
                VALUE   (LST)  VALUE       VALUE  FROM      YEAR
                                                  NORMAL
..................................................................
TEMPERATURE (F)
 TODAY
  MAXIMUM         88    402 PM  92    1943  77     11       78
  MINIMUM         51    634 AM  29    1917  51      0       41
  AVERAGE         70                        64      6       60

PRECIPITATION (IN)
  TODAY            0.00          2.07 1974   0.09  -0.09     0.00
  MONTH TO DATE    0.44                      2.21  -1.77     1.39
  SINCE SEP 1      1.33                      4.67  -3.34     6.01
  SINCE JAN 1     13.31                     18.74  -5.43    17.77

SNOWFALL (IN)
  TODAY            0.0           0.0  2002   0.0    0.0      0.0
  MONTH TO DATE    0.0                       0.0    0.0      0.0
  SINCE NOV 1      1.6                       2.2   -0.6      2.8
  SINCE JUL 1      0.0                       0.0    0.0      0.0

DEGREE DAYS
 HEATING
  TODAY            0                         4     -4        5
  MONTH TO DATE   10                        48    -38       72
  SINCE SEP 1     15                        57    -42       72
  SINCE JUL 1     15                        57    -42       72

 COOLING
  TODAY            5                         2      3        0
  MONTH TO DATE  166                       104     62      112
  SINCE SEP 1    560                       433    127      500
  SINCE JAN 1   2818                      2469    349     2826
..................................................................


WIND (MPH)
  HIGHEST WIND SPEED    14   HIGHEST WIND DIRECTION    SW (220)
  HIGHEST GUST SPEED    20   HIGHEST GUST DIRECTION    SW (220)
  AVERAGE WIND SPEED     5.6


SKY COVER
  POSSIBLE SUNSHINE  MM
  AVERAGE SKY COVER 0.0


WEATHER CONDITIONS
 THE FOLLOWING WEATHER WAS RECORDED TODAY.
  FOG
  FOG W/VISIBILITY <= 1/4 MILE


RELATIVE HUMIDITY (PERCENT)
 HIGHEST   100           600 AM
 LOWEST     29           300 PM
 AVERAGE    65

..........................................................


THE SAN ANGELO CLIMATE NORMALS FOR TOMORROW
                         NORMAL    RECORD    YEAR
 MAXIMUM TEMPERATURE (F)   76        91      1950
                                             1933
 MINIMUM TEMPERATURE (F)   51        29      1917


SUNRISE AND SUNSET
OCTOBER 24 2014.......SUNRISE   751 AM CDT   SUNSET   700 PM CDT
OCTOBER 25 2014.......SUNRISE   752 AM CDT   SUNSET   659 PM CDT


-  INDICATES NEGATIVE NUMBERS.
R  INDICATES RECORD WAS SET OR TIED.
MM INDICATES DATA IS MISSING.
T  INDICATES TRACE AMOUNT.




$$
