000
CDUS44 KSJT 060759
CLISJT


CLIMATE REPORT
NATIONAL WEATHER SERVICE SAN ANGELO TX
159 AM CST FRI MAR 6 2015


...................................

...THE SAN ANGELO CLIMATE SUMMARY FOR MARCH 5 2015...

CLIMATE NORMAL PERIOD 1981 TO 2010
CLIMATE RECORD PERIOD 1907 TO 2015


WEATHER ITEM   OBSERVED TIME   RECORD YEAR NORMAL DEPARTURE LAST
                VALUE   (LST)  VALUE       VALUE  FROM      YEAR
                                                  NORMAL
..................................................................
TEMPERATURE (F)
 YESTERDAY
  MAXIMUM         44    429 PM  92    2009  68    -24       72
  MINIMUM         25    741 AM  18    1927  42    -17       43
                                      1915
  AVERAGE         35                        55    -20       58

PRECIPITATION (IN)
  YESTERDAY        T             1.68 2005   0.05  -0.05     0.00
  MONTH TO DATE    0.09                      0.25  -0.16     0.02
  SINCE MAR 1      0.09                      0.25  -0.16     0.02
  SINCE JAN 1      2.35                      2.53  -0.18     0.08

SNOWFALL (IN)
  YESTERDAY        T             0.8  1989   0.0    0.0      0.0
  MONTH TO DATE    0.2                       0.0    0.2       T
  SINCE NOV 1      1.4                       2.1   -0.7      1.6
  SINCE JUL 1      1.4                       2.1   -0.7      1.6
  SNOW DEPTH       0

DEGREE DAYS
 HEATING
  YESTERDAY       30                        11     19        7
  MONTH TO DATE  122                        56     66       80
  SINCE MAR 1    122                        56     66       80
  SINCE JUL 1   1969                      2017    -48     2200

 COOLING
  YESTERDAY        0                         1     -1        0
  MONTH TO DATE    0                         2     -2        1
  SINCE MAR 1      0                         2     -2        1
  SINCE JAN 1      2                         7     -5        4
..................................................................


WIND (MPH)
  HIGHEST WIND SPEED    23   HIGHEST WIND DIRECTION     N (10)
  HIGHEST GUST SPEED    28   HIGHEST GUST DIRECTION     N (10)
  AVERAGE WIND SPEED    10.6


SKY COVER
  POSSIBLE SUNSHINE  MM
  AVERAGE SKY COVER 0.3


WEATHER CONDITIONS
 THE FOLLOWING WEATHER WAS RECORDED YESTERDAY.
  LIGHT SNOW


RELATIVE HUMIDITY (PERCENT)
 HIGHEST    81          1200 AM
 LOWEST     36           500 PM
 AVERAGE    59

..........................................................


THE SAN ANGELO CLIMATE NORMALS FOR TODAY
                         NORMAL    RECORD    YEAR
 MAXIMUM TEMPERATURE (F)   68        91      1918
 MINIMUM TEMPERATURE (F)   42        16      1915


SUNRISE AND SUNSET
MARCH  6 2015.........SUNRISE   703 AM CST   SUNSET   644 PM CST
MARCH  7 2015.........SUNRISE   702 AM CST   SUNSET   644 PM CST


-  INDICATES NEGATIVE NUMBERS.
R  INDICATES RECORD WAS SET OR TIED.
MM INDICATES DATA IS MISSING.
T  INDICATES TRACE AMOUNT.




$$
