000
CDUS44 KSJT 062229
CLISJT


CLIMATE REPORT
NATIONAL WEATHER SERVICE SAN ANGELO TX
528 PM CDT MON JUL 6 2015


...................................

...THE SAN ANGELO CLIMATE SUMMARY FOR JULY 6 2015...
VALID TODAY AS OF 0500 PM LOCAL TIME.

CLIMATE NORMAL PERIOD 1981 TO 2010
CLIMATE RECORD PERIOD 1907 TO 2015


WEATHER ITEM   OBSERVED TIME   RECORD YEAR NORMAL DEPARTURE LAST
                VALUE   (LST)  VALUE       VALUE  FROM      YEAR
                                                  NORMAL
..................................................................
TEMPERATURE (F)
 TODAY
  MAXIMUM         96    320 PM 104    1939  94      2       95
  MINIMUM         75    119 AM  58    1968  71      4       70
  AVERAGE         86                        83      3       83

PRECIPITATION (IN)
  TODAY            0.00          2.14 1936   0.04  -0.04     0.00
  MONTH TO DATE    0.00                      0.28  -0.28     0.00
  SINCE JUN 1      3.55                      2.87   0.68     2.29
  SINCE JAN 1     18.41                     10.89   7.52    10.56

DEGREE DAYS
 HEATING
  TODAY            0                         0      0        0
  MONTH TO DATE    0                         0      0        0
  SINCE JUN 1      0                         0      0        0
  SINCE JUL 1      0                         0      0        0

 COOLING
  TODAY           21                        18      3       18
  MONTH TO DATE  102                       104     -2      112
  SINCE JUN 1    546                       568    -22      596
  SINCE JAN 1   1013                      1028    -15     1198
..................................................................


WIND (MPH)
  HIGHEST WIND SPEED    20   HIGHEST WIND DIRECTION    SE (150)
  HIGHEST GUST SPEED    27   HIGHEST GUST DIRECTION     S (170)
  AVERAGE WIND SPEED    12.1


SKY COVER
  POSSIBLE SUNSHINE  MM
  AVERAGE SKY COVER 0.2


WEATHER CONDITIONS
 THE FOLLOWING WEATHER WAS RECORDED TODAY.
  NO SIGNIFICANT WEATHER WAS OBSERVED.


RELATIVE HUMIDITY (PERCENT)
 HIGHEST    79           100 AM
 LOWEST     39           400 PM
 AVERAGE    59

..........................................................


THE SAN ANGELO CLIMATE NORMALS FOR TOMORROW
                         NORMAL    RECORD    YEAR
 MAXIMUM TEMPERATURE (F)   95       108      1994
 MINIMUM TEMPERATURE (F)   71        62      1958
                                             1940


SUNRISE AND SUNSET
JULY  6 2015..........SUNRISE   643 AM CDT   SUNSET   850 PM CDT
JULY  7 2015..........SUNRISE   644 AM CDT   SUNSET   850 PM CDT


-  INDICATES NEGATIVE NUMBERS.
R  INDICATES RECORD WAS SET OR TIED.
MM INDICATES DATA IS MISSING.
T  INDICATES TRACE AMOUNT.




$$
