000
CDUS44 KSJT 260756
CLISJT


CLIMATE REPORT
NATIONAL WEATHER SERVICE SAN ANGELO TX
255 AM CDT FRI MAY 26 2017


...................................

...THE SAN ANGELO CLIMATE SUMMARY FOR MAY 25 2017...

CLIMATE NORMAL PERIOD 1981 TO 2010
CLIMATE RECORD PERIOD 1907 TO 2017


WEATHER ITEM   OBSERVED TIME   RECORD YEAR NORMAL DEPARTURE LAST
                VALUE   (LST)  VALUE       VALUE  FROM      YEAR
                                                  NORMAL
..................................................................
TEMPERATURE (F)
 YESTERDAY
  MAXIMUM        100    333 PM 107    1989  89     11       93
  MINIMUM         66    625 AM  51    1947  65      1       76
  AVERAGE         83                        77      6       85

PRECIPITATION (IN)
  YESTERDAY        0.00          2.36 2014   0.12  -0.12     0.00
  MONTH TO DATE    2.06                      2.16  -0.10     2.99
  SINCE MAR 1      3.77                      5.08  -1.31    11.42
  SINCE JAN 1      6.48                      7.36  -0.88    12.22

DEGREE DAYS
 HEATING
  YESTERDAY        0                         0      0        0
  MONTH TO DATE    9                         8      1       22
  SINCE MAR 1    183                       353   -170      232
  SINCE JUL 1   1507                      2314   -807     1825

 COOLING
  YESTERDAY       18                        12      6       20
  MONTH TO DATE  194                       229    -35      206
  SINCE MAR 1    468                       380     88      330
  SINCE JAN 1    495                       385    110      340
..................................................................


WIND (MPH)
  HIGHEST WIND SPEED    30   HIGHEST WIND DIRECTION     S (200)
  HIGHEST GUST SPEED    37   HIGHEST GUST DIRECTION     S (200)
  AVERAGE WIND SPEED    15.6


SKY COVER
  POSSIBLE SUNSHINE  MM
  AVERAGE SKY COVER 0.0


WEATHER CONDITIONS
 THE FOLLOWING WEATHER WAS RECORDED YESTERDAY.
  NO SIGNIFICANT WEATHER WAS OBSERVED.


RELATIVE HUMIDITY (PERCENT)
 HIGHEST    51          1100 PM
 LOWEST     17           400 PM
 AVERAGE    34

..........................................................


THE SAN ANGELO CLIMATE NORMALS FOR TODAY
                         NORMAL    RECORD    YEAR
 MAXIMUM TEMPERATURE (F)   89       102      1973
 MINIMUM TEMPERATURE (F)   65        52      1947


SUNRISE AND SUNSET
MAY 26 2017...........SUNRISE   640 AM CDT   SUNSET   838 PM CDT
MAY 27 2017...........SUNRISE   640 AM CDT   SUNSET   839 PM CDT


-  INDICATES NEGATIVE NUMBERS.
R  INDICATES RECORD WAS SET OR TIED.
MM INDICATES DATA IS MISSING.
T  INDICATES TRACE AMOUNT.




$$
