000
CDUS44 KSJT 220651
CLISJT


CLIMATE REPORT
NATIONAL WEATHER SERVICE SAN ANGELO TX
151 AM CDT MON SEP 22 2014


...................................

...THE SAN ANGELO CLIMATE SUMMARY FOR SEPTEMBER 21 2014...

CLIMATE NORMAL PERIOD 1981 TO 2010
CLIMATE RECORD PERIOD 1907 TO 2014


WEATHER ITEM   OBSERVED TIME   RECORD YEAR NORMAL DEPARTURE LAST
                VALUE   (LST)  VALUE       VALUE  FROM      YEAR
                                                  NORMAL
..................................................................
TEMPERATURE (F)
 YESTERDAY
  MAXIMUM         85   1233 PM 101    1977  86     -1       80
  MINIMUM         70    553 AM  37    1913  62      8       60
  AVERAGE         78                        74      4       70

PRECIPITATION (IN)
  YESTERDAY        0.00          1.83 1972   0.08  -0.08     0.00
  MONTH TO DATE    0.89                      1.78  -0.89     3.69
  SINCE SEP 1      0.89                      1.78  -0.89     3.69
  SINCE JAN 1     12.87                     15.85  -2.98    15.45

DEGREE DAYS
 HEATING
  YESTERDAY        0                         0      0        0
  MONTH TO DATE    5                         0      5        0
  SINCE SEP 1      5                         0      5        0
  SINCE JUL 1      5                         0      5        0

 COOLING
  YESTERDAY       13                         9      4        5
  MONTH TO DATE  307                       257     50      314
  SINCE SEP 1    307                       257     50      314
  SINCE JAN 1   2565                      2293    272     2640
..................................................................


WIND (MPH)
  HIGHEST WIND SPEED    14   HIGHEST WIND DIRECTION     E (80)
  HIGHEST GUST SPEED    17   HIGHEST GUST DIRECTION     E (80)
  AVERAGE WIND SPEED     4.8


SKY COVER
  POSSIBLE SUNSHINE  MM
  AVERAGE SKY COVER 0.7


WEATHER CONDITIONS
 THE FOLLOWING WEATHER WAS RECORDED YESTERDAY.
  NO SIGNIFICANT WEATHER WAS OBSERVED.


RELATIVE HUMIDITY (PERCENT)
 HIGHEST   100           600 AM
 LOWEST     55           200 PM
 AVERAGE    78

..........................................................


THE SAN ANGELO CLIMATE NORMALS FOR TODAY
                         NORMAL    RECORD    YEAR
 MAXIMUM TEMPERATURE (F)   86       101      1926
 MINIMUM TEMPERATURE (F)   61        36      1913


SUNRISE AND SUNSET
SEPTEMBER 22 2014.....SUNRISE   730 AM CDT   SUNSET   739 PM CDT
SEPTEMBER 23 2014.....SUNRISE   731 AM CDT   SUNSET   737 PM CDT


-  INDICATES NEGATIVE NUMBERS.
R  INDICATES RECORD WAS SET OR TIED.
MM INDICATES DATA IS MISSING.
T  INDICATES TRACE AMOUNT.




$$
