000
CDUS44 KSJT 190807
CLISJT


CLIMATE REPORT
NATIONAL WEATHER SERVICE SAN ANGELO TX
206 AM CST SUN NOV 19 2017


...................................

...THE SAN ANGELO CLIMATE SUMMARY FOR NOVEMBER 18 2017...

CLIMATE NORMAL PERIOD 1981 TO 2010
CLIMATE RECORD PERIOD 1907 TO 2017


WEATHER ITEM   OBSERVED TIME   RECORD YEAR NORMAL DEPARTURE LAST
                VALUE   (LST)  VALUE       VALUE  FROM      YEAR
                                                  NORMAL
..................................................................
TEMPERATURE (F)
 YESTERDAY
  MAXIMUM         71    917 AM  88    1938  67      4       65
  MINIMUM         45   1159 PM  22    2014  41      4       41
                                      1959
                                      1916
  AVERAGE         58                        54      4       53

PRECIPITATION (IN)
  YESTERDAY        0.00          0.72 1964   0.04  -0.04     0.00
  MONTH TO DATE    0.98                      0.81   0.17     2.28
  SINCE SEP 1      5.25                      6.00  -0.75     9.01
  SINCE JAN 1     17.35                     20.07  -2.72    34.53

SNOWFALL (IN)
  YESTERDAY        0.0           0.0  2002   0.0    0.0      0.0
  MONTH TO DATE    0.0                       0.1   -0.1      0.0
  SINCE NOV 1      0.0                       0.1   -0.1      0.0
  SINCE JUL 1      0.0                       0.1   -0.1      0.0
  SNOW DEPTH       0

DEGREE DAYS
 HEATING
  YESTERDAY        7                        11     -4       12
  MONTH TO DATE   78                       148    -70       45
  SINCE SEP 1    181                       239    -58       58
  SINCE JUL 1    181                       239    -58       58

 COOLING
  YESTERDAY        0                         0      0        0
  MONTH TO DATE   67                        15     52       37
  SINCE SEP 1    599                       463    136      665
  SINCE JAN 1   2873                      2499    374     2825
..................................................................


WIND (MPH)
  HIGHEST WIND SPEED    38   HIGHEST WIND DIRECTION     N (10)
  HIGHEST GUST SPEED    48   HIGHEST GUST DIRECTION     N (360)
  AVERAGE WIND SPEED    15.5


SKY COVER
  POSSIBLE SUNSHINE  MM
  AVERAGE SKY COVER 0.0


WEATHER CONDITIONS
 THE FOLLOWING WEATHER WAS RECORDED YESTERDAY.
  NO SIGNIFICANT WEATHER WAS OBSERVED.


RELATIVE HUMIDITY (PERCENT)
 HIGHEST    90           600 AM
 LOWEST     19           300 PM
 AVERAGE    55

..........................................................


THE SAN ANGELO CLIMATE NORMALS FOR TODAY
                         NORMAL    RECORD    YEAR
 MAXIMUM TEMPERATURE (F)   67        86      1950
 MINIMUM TEMPERATURE (F)   41        24      1969
                                             1937


SUNRISE AND SUNSET
NOVEMBER 19 2017......SUNRISE   713 AM CST   SUNSET   541 PM CST
NOVEMBER 20 2017......SUNRISE   714 AM CST   SUNSET   541 PM CST


-  INDICATES NEGATIVE NUMBERS.
R  INDICATES RECORD WAS SET OR TIED.
MM INDICATES DATA IS MISSING.
T  INDICATES TRACE AMOUNT.




$$
