000
CDUS45 KSLC 240040
CLISLC


CLIMATE REPORT
NATIONAL WEATHER SERVICE SALT LAKE CITY UT
640 PM MDT MON MAY 23 2016


...................................

...THE SALT LAKE CITY UT CLIMATE SUMMARY FOR MAY 23 2016...
VALID TODAY AS OF 0500 PM LOCAL TIME.

CLIMATE NORMAL PERIOD 1981 TO 2010
CLIMATE RECORD PERIOD 1874 TO 2016


WEATHER ITEM   OBSERVED TIME   RECORD YEAR NORMAL DEPARTURE LAST
                VALUE   (LST)  VALUE       VALUE  FROM      YEAR
                                                  NORMAL
..................................................................
TEMPERATURE (F)
 TODAY
  MAXIMUM         70    537 PM  92    2003  74     -4       60
                                      1886
  MINIMUM         44    549 AM  30    1966  50     -6       49
  AVERAGE         57                        62     -5       55

PRECIPITATION (IN)
  TODAY            0.00          0.59 1909   0.06  -0.06     0.19
  MONTH TO DATE    1.55                      1.51   0.04     3.72
  SINCE OCT 1     10.87                     12.17  -1.30     9.93
  SINCE JAN 1      7.62                      7.79  -0.17     7.92

SNOWFALL (IN)
  TODAY            0.0          MM      MM   0.0    0.0      0.0
  MONTH TO DATE    0.0                       0.3   -0.3      0.0
  SINCE OCT 1     34.3                      56.2  -21.9     15.4
  SINCE JUL 1     34.3                      56.2  -21.9     15.4
  SNOW DEPTH       0

DEGREE DAYS
 HEATING
  TODAY            8                         5      3       10
  MONTH TO DATE  118                       173    -55      153
  SINCE MAR 1    962                      1273   -311      990
  SINCE JUL 1   4807                      5529   -722     4337

 COOLING
  TODAY            0                         2     -2        0
  MONTH TO DATE   30                        28      2       14
  SINCE MAR 1     40                        32      8       14
  SINCE JAN 1     40                        32      8       14
..................................................................


WIND (MPH)
  RESULTANT WIND SPEED   2   RESULTANT WIND DIRECTION   S (180)
  HIGHEST WIND SPEED    23   HIGHEST WIND DIRECTION     S (200)
  HIGHEST GUST SPEED    28   HIGHEST GUST DIRECTION    SE (140)
  AVERAGE WIND SPEED     5.0


SKY COVER
  POSSIBLE SUNSHINE  MM
  AVERAGE SKY COVER 0.5


WEATHER CONDITIONS
 THE FOLLOWING WEATHER WAS RECORDED TODAY.
  NO SIGNIFICANT WEATHER WAS OBSERVED.


RELATIVE HUMIDITY (PERCENT)
 HIGHEST    89           500 AM
 LOWEST     24           400 PM
 AVERAGE    57

..........................................................


THE SALT LAKE CITY UT CLIMATE NORMALS FOR TOMORROW
                         NORMAL    RECORD    YEAR
 MAXIMUM TEMPERATURE (F)   75        93      2003
 MINIMUM TEMPERATURE (F)   50        33      2010


SUNRISE AND SUNSET
MAY 23 2016...........SUNRISE   604 AM MDT   SUNSET   846 PM MDT
MAY 24 2016...........SUNRISE   603 AM MDT   SUNSET   847 PM MDT


-  INDICATES NEGATIVE NUMBERS.
R  INDICATES RECORD WAS SET OR TIED.
MM INDICATES DATA IS MISSING.
T  INDICATES TRACE AMOUNT.




$$
