000
CDUS45 KSLC 231230
CLISLC


CLIMATE REPORT
NATIONAL WEATHER SERVICE SALT LAKE CITY UT
629 AM MDT SAT JUL 23 2016


...................................

...THE SALT LAKE CITY UT CLIMATE SUMMARY FOR JULY 22 2016...

CLIMATE NORMAL PERIOD 1981 TO 2010
CLIMATE RECORD PERIOD 1874 TO 2016


WEATHER ITEM   OBSERVED TIME   RECORD YEAR NORMAL DEPARTURE LAST
                VALUE   (LST)  VALUE       VALUE  FROM      YEAR
                                                  NORMAL
..................................................................
TEMPERATURE (F)
 YESTERDAY
  MAXIMUM        102    255 PM 104    2006  94      8       86
                                      2003
  MINIMUM         77   1157 PM  47    1954  66     11       68
  AVERAGE         90                        80     10       77

PRECIPITATION (IN)
  YESTERDAY        T             0.31 1970   0.02  -0.02     0.15
  MONTH TO DATE    T                         0.42  -0.42     1.22
  SINCE OCT 1     11.42                     14.01  -2.59    12.27
  SINCE JAN 1      8.17                      9.63  -1.46    10.26

SNOWFALL (IN)
  YESTERDAY        0.0          MM      MM   0.0    0.0      0.0
  MONTH TO DATE    0.0                       0.0    0.0      0.0
  SINCE OCT 1     34.3                      56.2  -21.9     15.4
  SINCE JUL 1      0.0                       0.0    0.0      0.0
  SNOW DEPTH       0

DEGREE DAYS
 HEATING
  YESTERDAY        0                         0      0        0
  MONTH TO DATE    1                         0      1        0
  SINCE JUN 1      1                        46    -45        0
  SINCE JUL 1      1                         0      1        0

 COOLING
  YESTERDAY       25                        15     10       12
  MONTH TO DATE  378                       291     87      298
  SINCE JUN 1    758                       478    280      678
  SINCE JAN 1    805                       528    277      709
..................................................................


WIND (MPH)
  RESULTANT WIND SPEED   3   RESULTANT WIND DIRECTION   E (100)
  HIGHEST WIND SPEED    31   HIGHEST WIND DIRECTION    NW (330)
  HIGHEST GUST SPEED    35   HIGHEST GUST DIRECTION    NW (310)
  AVERAGE WIND SPEED    11.6


SKY COVER
  POSSIBLE SUNSHINE  MM
  AVERAGE SKY COVER 0.3


WEATHER CONDITIONS
 THE FOLLOWING WEATHER WAS RECORDED YESTERDAY.
  THUNDERSTORM
  LIGHT RAIN


RELATIVE HUMIDITY (PERCENT)
 HIGHEST    34           600 AM
 LOWEST      9           500 PM
 AVERAGE    22

..........................................................


THE SALT LAKE CITY UT CLIMATE NORMALS FOR TODAY
                         NORMAL    RECORD    YEAR
 MAXIMUM TEMPERATURE (F)   94       104      2003
 MINIMUM TEMPERATURE (F)   66        47      1954


SUNRISE AND SUNSET
JULY 23 2016..........SUNRISE   617 AM MDT   SUNSET   852 PM MDT
JULY 24 2016..........SUNRISE   618 AM MDT   SUNSET   851 PM MDT


-  INDICATES NEGATIVE NUMBERS.
R  INDICATES RECORD WAS SET OR TIED.
MM INDICATES DATA IS MISSING.
T  INDICATES TRACE AMOUNT.




$$
