000
CDUS45 KSLC 171227
CLISLC


CLIMATE REPORT
NATIONAL WEATHER SERVICE SALT LAKE CITY UT
627 AM MDT WED SEP 17 2014


...................................

...THE SALT LAKE CITY UT CLIMATE SUMMARY FOR SEPTEMBER 16 2014...

CLIMATE NORMAL PERIOD 1981 TO 2010
CLIMATE RECORD PERIOD 1874 TO 2014


WEATHER ITEM   OBSERVED TIME   RECORD YEAR NORMAL DEPARTURE LAST
                VALUE   (LST)  VALUE       VALUE  FROM      YEAR
                                                  NORMAL
..................................................................
TEMPERATURE (F)
 YESTERDAY
  MAXIMUM         93    441 PM  95    2000  79     14       89
  MINIMUM         61    619 AM  33    1936  53      8       65
  AVERAGE         77                        66     11       77

PRECIPITATION (IN)
  YESTERDAY        T             0.89 1996   0.04  -0.04      T
  MONTH TO DATE    0.30                      0.56  -0.26     1.01
  SINCE OCT 1     13.25                     15.45  -2.20    13.02
  SINCE JAN 1     10.24                     11.07  -0.83     8.45

SNOWFALL (IN)
  YESTERDAY        0.0           T    1946   0.0    0.0      0.0
  MONTH TO DATE    0.0                       0.0    0.0      0.0
  SINCE OCT 1     35.5                      56.2  -20.7     69.9
  SINCE JUL 1      0.0                       0.0    0.0      0.0
  SNOW DEPTH       0

DEGREE DAYS
 HEATING
  YESTERDAY        0                         3     -3        0
  MONTH TO DATE    9                        22    -13        0
  SINCE SEP 1      9                        22    -13        0
  SINCE JUL 1     10                        27    -17        0

 COOLING
  YESTERDAY       12                         3      9       12
  MONTH TO DATE  100                        89     11      178
  SINCE SEP 1    100                        89     11      178
  SINCE JAN 1   1153                      1125     28     1724
..................................................................


WIND (MPH)
  RESULTANT WIND SPEED   6   RESULTANT WIND DIRECTION  SE (150)
  HIGHEST WIND SPEED    15   HIGHEST WIND DIRECTION     S (160)
  HIGHEST GUST SPEED    21   HIGHEST GUST DIRECTION     S (160)
  AVERAGE WIND SPEED     7.8


SKY COVER
  POSSIBLE SUNSHINE  MM
  AVERAGE SKY COVER 0.0


WEATHER CONDITIONS
 THE FOLLOWING WEATHER WAS RECORDED YESTERDAY.
  NO SIGNIFICANT WEATHER WAS OBSERVED.


RELATIVE HUMIDITY (PERCENT)
 HIGHEST    52           600 AM
 LOWEST     14           200 PM
 AVERAGE    33

..........................................................


THE SALT LAKE CITY UT CLIMATE NORMALS FOR TODAY
                         NORMAL    RECORD    YEAR
 MAXIMUM TEMPERATURE (F)   79        93      1937
 MINIMUM TEMPERATURE (F)   52        31      1965


SUNRISE AND SUNSET
SEPTEMBER 17 2014.....SUNRISE   710 AM MDT   SUNSET   733 PM MDT
SEPTEMBER 18 2014.....SUNRISE   711 AM MDT   SUNSET   732 PM MDT


-  INDICATES NEGATIVE NUMBERS.
R  INDICATES RECORD WAS SET OR TIED.
MM INDICATES DATA IS MISSING.
T  INDICATES TRACE AMOUNT.




$$
