000
CDUS45 KSLC 010027
CLISLC


CLIMATE REPORT
NATIONAL WEATHER SERVICE SALT LAKE CITY UT
627 PM MDT FRI JUL 31 2015


...................................

...THE SALT LAKE CITY UT CLIMATE SUMMARY FOR JULY 31 2015...
VALID TODAY AS OF 0500 PM LOCAL TIME.

CLIMATE NORMAL PERIOD 1981 TO 2010
CLIMATE RECORD PERIOD 1874 TO 2015


WEATHER ITEM   OBSERVED TIME   RECORD YEAR NORMAL DEPARTURE LAST
                VALUE   (LST)  VALUE       VALUE  FROM      YEAR
                                                  NORMAL
..................................................................
TEMPERATURE (F)
 TODAY
  MAXIMUM         96    307 PM 102    2000  94      2       85
                                      1990
                                      1989
  MINIMUM         62    231 AM  45    1950  66     -4       62
  AVERAGE         79                        80     -1       74

PRECIPITATION (IN)
  TODAY            0.00          0.75 1952   0.02  -0.02     0.00
  MONTH TO DATE    1.22                      0.61   0.61     0.50
  SINCE OCT 1     12.27                     14.20  -1.93    11.18
  SINCE JAN 1     10.26                      9.82   0.44     8.17

SNOWFALL (IN)
  TODAY            0.0          MM      MM   0.0    0.0      0.0
  MONTH TO DATE    0.0                       0.0    0.0      0.0
  SINCE OCT 1     15.4                      56.2  -40.8     35.5
  SINCE JUL 1      0.0                       0.0    0.0      0.0
  SNOW DEPTH       0

DEGREE DAYS
 HEATING
  TODAY            0                         0      0        0
  MONTH TO DATE    0                         0      0        0
  SINCE JUN 1      0                        48    -48       39
  SINCE JUL 1      0                         2     -2        0

 COOLING
  TODAY           14                        15     -1        9
  MONTH TO DATE  393                       425    -32      515
  SINCE JUN 1    773                       612    161      695
  SINCE JAN 1    804                       662    142      757
..................................................................


WIND (MPH)
  RESULTANT WIND SPEED   1   RESULTANT WIND DIRECTION   N (340)
  HIGHEST WIND SPEED    15   HIGHEST WIND DIRECTION     N (340)
  HIGHEST GUST SPEED    19   HIGHEST GUST DIRECTION     N (340)
  AVERAGE WIND SPEED     6.6


SKY COVER
  POSSIBLE SUNSHINE  MM
  AVERAGE SKY COVER 0.1


WEATHER CONDITIONS
 THE FOLLOWING WEATHER WAS RECORDED TODAY.
  NO SIGNIFICANT WEATHER WAS OBSERVED.


RELATIVE HUMIDITY (PERCENT)
 HIGHEST    37           300 AM
 LOWEST      8           400 PM
 AVERAGE    23

..........................................................


THE SALT LAKE CITY UT CLIMATE NORMALS FOR TOMORROW
                         NORMAL    RECORD    YEAR
 MAXIMUM TEMPERATURE (F)   94       103      2008
                                             2000
 MINIMUM TEMPERATURE (F)   66        49      1932


SUNRISE AND SUNSET
JULY 31 2015..........SUNRISE   623 AM MDT   SUNSET   845 PM MDT
AUGUST  1 2015........SUNRISE   624 AM MDT   SUNSET   844 PM MDT


-  INDICATES NEGATIVE NUMBERS.
R  INDICATES RECORD WAS SET OR TIED.
MM INDICATES DATA IS MISSING.
T  INDICATES TRACE AMOUNT.




$$
