000
CDUS45 KSLC 210045
CLISLC


CLIMATE REPORT
NATIONAL WEATHER SERVICE SALT LAKE CITY UT
545 PM MST MON NOV 20 2017


...................................

...THE SALT LAKE CITY UT CLIMATE SUMMARY FOR NOVEMBER 20 2017...
VALID TODAY AS OF 0500 PM LOCAL TIME.

CLIMATE NORMAL PERIOD 1981 TO 2010
CLIMATE RECORD PERIOD 1874 TO 2017


WEATHER ITEM   OBSERVED TIME   RECORD YEAR NORMAL DEPARTURE LAST
                VALUE   (LST)  VALUE       VALUE  FROM      YEAR
                                                  NORMAL
..................................................................
TEMPERATURE (F)
 TODAY
  MAXIMUM         47    515 PM  66    2016  47      0       66
  MINIMUM         34    129 AM   2    1930  29      5       48
  AVERAGE         41                        38      3       57

PRECIPITATION (IN)
  TODAY            0.00          0.66 1898   0.05  -0.05     0.01
  MONTH TO DATE    0.98                      0.99  -0.01     0.12
  SINCE OCT 1      1.16                      2.51  -1.35     1.02
  SINCE JAN 1     15.03                     14.23   0.80    11.22

SNOWFALL (IN)
  TODAY            0.0           7.0  1946   0.4   -0.4      0.0
  MONTH TO DATE    T                         4.1   -4.1      0.3
  SINCE OCT 1      T                         5.5   -5.5      0.3
  SINCE JUL 1      T                         5.5   -5.5      0.3
  SNOW DEPTH       0

DEGREE DAYS
 HEATING
  TODAY           24                        27     -3        8
  MONTH TO DATE  360                       454    -94      283
  SINCE SEP 1    871                       917    -46      551
  SINCE JUL 1    871                       922    -51      552

 COOLING
  TODAY            0                         0      0        0
  MONTH TO DATE    0                         0      0        0
  SINCE SEP 1    196                       124     72      142
  SINCE JAN 1   1758                      1160    598     1619
..................................................................


WIND (MPH)
  RESULTANT WIND SPEED   1   RESULTANT WIND DIRECTION   W (280)
  HIGHEST WIND SPEED    10   HIGHEST WIND DIRECTION     S (200)
  HIGHEST GUST SPEED    12   HIGHEST GUST DIRECTION     S (200)
  AVERAGE WIND SPEED     3.9


SKY COVER
  POSSIBLE SUNSHINE  MM
  AVERAGE SKY COVER 0.6


WEATHER CONDITIONS
 THE FOLLOWING WEATHER WAS RECORDED TODAY.
  NO SIGNIFICANT WEATHER WAS OBSERVED.


RELATIVE HUMIDITY (PERCENT)
 HIGHEST    89           100 AM
 LOWEST     58          1200 PM
 AVERAGE    74

..........................................................


THE SALT LAKE CITY UT CLIMATE NORMALS FOR TOMORROW
                         NORMAL    RECORD    YEAR
 MAXIMUM TEMPERATURE (F)   46        65      1996
                                             1932
                                             1921
 MINIMUM TEMPERATURE (F)   28         5      1931


SUNRISE AND SUNSET
NOVEMBER 20 2017......SUNRISE   721 AM MST   SUNSET   506 PM MST
NOVEMBER 21 2017......SUNRISE   722 AM MST   SUNSET   505 PM MST


-  INDICATES NEGATIVE NUMBERS.
R  INDICATES RECORD WAS SET OR TIED.
MM INDICATES DATA IS MISSING.
T  INDICATES TRACE AMOUNT.




$$
