000
CDUS45 KSLC 231233
CLISLC


CLIMATE REPORT
NATIONAL WEATHER SERVICE SALT LAKE CITY UT
633 AM MDT SAT SEP 23 2017


...................................

...THE SALT LAKE CITY UT CLIMATE SUMMARY FOR SEPTEMBER 22 2017...

CLIMATE NORMAL PERIOD 1981 TO 2010
CLIMATE RECORD PERIOD 1874 TO 2017


WEATHER ITEM   OBSERVED TIME   RECORD YEAR NORMAL DEPARTURE LAST
                VALUE   (LST)  VALUE       VALUE  FROM      YEAR
                                                  NORMAL
..................................................................
TEMPERATURE (F)
 YESTERDAY
  MAXIMUM         53    346 PM  91    1966  76    -23       79
                                      1954
  MINIMUM         41   1201 AM  29    1895  50     -9       49
  AVERAGE         47                        63    -16       64

PRECIPITATION (IN)
  YESTERDAY        0.01          1.43 1916   0.04  -0.03     0.89
  MONTH TO DATE    1.15                      0.83   0.32     1.18
  SINCE OCT 1     17.62                     15.72   1.90    12.75
  SINCE JAN 1     12.98                     11.34   1.64     9.50

SNOWFALL (IN)
  YESTERDAY       MM            MM      MM   0.0   MM        0.0
  MONTH TO DATE    0.0                       0.0    0.0      0.0
  SINCE OCT 1     51.4                      56.2   -4.8     34.3
  SINCE JUL 1      0.0                       0.0    0.0      0.0
  SNOW DEPTH       0

DEGREE DAYS
 HEATING
  YESTERDAY       18                         4     14        1
  MONTH TO DATE   56                        42     14       13
  SINCE SEP 1     56                        42     14       13
  SINCE JUL 1     56                        47      9       14

 COOLING
  YESTERDAY        0                         2     -2        0
  MONTH TO DATE  196                       105     91      114
  SINCE SEP 1    196                       105     91      114
  SINCE JAN 1   1758                      1141    617     1591
..................................................................


WIND (MPH)
  RESULTANT WIND SPEED   4   RESULTANT WIND DIRECTION   N (350)
  HIGHEST WIND SPEED    16   HIGHEST WIND DIRECTION     N (340)
  HIGHEST GUST SPEED    20   HIGHEST GUST DIRECTION     N (350)
  AVERAGE WIND SPEED     6.4


SKY COVER
  POSSIBLE SUNSHINE  MM
  AVERAGE SKY COVER 0.7


WEATHER CONDITIONS
 THE FOLLOWING WEATHER WAS RECORDED YESTERDAY.
  LIGHT RAIN


RELATIVE HUMIDITY (PERCENT)
 HIGHEST    93          1200 AM
 LOWEST     59           400 PM
 AVERAGE    76

..........................................................


THE SALT LAKE CITY UT CLIMATE NORMALS FOR TODAY
                         NORMAL    RECORD    YEAR
 MAXIMUM TEMPERATURE (F)   76        92      1992
 MINIMUM TEMPERATURE (F)   50        31      1968


SUNRISE AND SUNSET
SEPTEMBER 23 2017.....SUNRISE   717 AM MDT   SUNSET   723 PM MDT
SEPTEMBER 24 2017.....SUNRISE   718 AM MDT   SUNSET   721 PM MDT


-  INDICATES NEGATIVE NUMBERS.
R  INDICATES RECORD WAS SET OR TIED.
MM INDICATES DATA IS MISSING.
T  INDICATES TRACE AMOUNT.




$$
