000
CDUS45 KSLC 191230
CLISLC


CLIMATE REPORT
NATIONAL WEATHER SERVICE SALT LAKE CITY UT
627 AM MDT SAT APR 19 2014


...................................

...THE SALT LAKE CITY UT CLIMATE SUMMARY FOR APRIL 18 2014...

CLIMATE NORMAL PERIOD 1981 TO 2010
CLIMATE RECORD PERIOD 1874 TO 2014


WEATHER ITEM   OBSERVED TIME   RECORD YEAR NORMAL DEPARTURE LAST
                VALUE   (LST)  VALUE       VALUE  FROM      YEAR
                                                  NORMAL
..................................................................
TEMPERATURE (F)
 YESTERDAY
  MAXIMUM         66    835 AM  84    1962  62      4       50
  MINIMUM         47   1159 PM  27    2013  40      7       27
                                      1941
  AVERAGE         57                        51      6       39

PRECIPITATION (IN)
  YESTERDAY        0.00          1.07 1959   0.06  -0.06     0.00
  MONTH TO DATE    0.25                      1.18  -0.93     1.70
  SINCE OCT 1      7.14                      9.85  -2.71     9.18
  SINCE JAN 1      4.13                      5.47  -1.34     4.61

SNOWFALL (IN)
  YESTERDAY        0.0           6.5  1972   0.1   -0.1      0.0
  MONTH TO DATE    T                         3.0   -3.0      0.1
  SINCE OCT 1     35.5                      54.9  -19.4     69.9
  SINCE JUL 1     35.5                      54.9  -19.4     69.9
  SNOW DEPTH       0

DEGREE DAYS
 HEATING
  YESTERDAY        8                        14     -6       26
  MONTH TO DATE  220                       289    -69      313
  SINCE MAR 1    707                       951   -244      939
  SINCE JUL 1   4694                      5207   -513     5171

 COOLING
  YESTERDAY        0                         0      0        0
  MONTH TO DATE    0                         0      0        0
  SINCE MAR 1      0                         0      0        0
  SINCE JAN 1      0                         0      0        0
..................................................................


WIND (MPH)
  RESULTANT WIND SPEED   3   RESULTANT WIND DIRECTION  SW (230)
  HIGHEST WIND SPEED    25   HIGHEST WIND DIRECTION     S (170)
  HIGHEST GUST SPEED    34   HIGHEST GUST DIRECTION     S (180)
  AVERAGE WIND SPEED    11.9


SKY COVER
  POSSIBLE SUNSHINE  MM
  AVERAGE SKY COVER 0.2


WEATHER CONDITIONS
 THE FOLLOWING WEATHER WAS RECORDED YESTERDAY.
  HAZE


RELATIVE HUMIDITY (PERCENT)
 HIGHEST   100          1100 PM
 LOWEST     20           700 AM
 AVERAGE    60

..........................................................


THE SALT LAKE CITY UT CLIMATE NORMALS FOR TODAY
                         NORMAL    RECORD    YEAR
 MAXIMUM TEMPERATURE (F)   62        85      1962
 MINIMUM TEMPERATURE (F)   40        24      1982


SUNRISE AND SUNSET
APRIL 19 2014.........SUNRISE   643 AM MDT   SUNSET   812 PM MDT
APRIL 20 2014.........SUNRISE   641 AM MDT   SUNSET   813 PM MDT


-  INDICATES NEGATIVE NUMBERS.
R  INDICATES RECORD WAS SET OR TIED.
MM INDICATES DATA IS MISSING.
T  INDICATES TRACE AMOUNT.




$$
