000
CDUS45 KSLC 081237
CLISLC


CLIMATE REPORT
NATIONAL WEATHER SERVICE SALT LAKE CITY UT
536 AM MST MON FEB 8 2016


...................................

...THE SALT LAKE CITY UT CLIMATE SUMMARY FOR FEBRUARY 7 2016...

CLIMATE NORMAL PERIOD 1981 TO 2010
CLIMATE RECORD PERIOD 1874 TO 2016


WEATHER ITEM   OBSERVED TIME   RECORD YEAR NORMAL DEPARTURE LAST
                VALUE   (LST)  VALUE       VALUE  FROM      YEAR
                                                  NORMAL
..................................................................
TEMPERATURE (F)
 YESTERDAY
  MAXIMUM         41    221 PM  68    2015  41      0       68
  MINIMUM         23    732 AM -12    1933  23      0       51
  AVERAGE         32                        32      0       60

PRECIPITATION (IN)
  YESTERDAY        0.00          0.45 1918   0.04  -0.04     0.01
  MONTH TO DATE    0.11                      0.28  -0.17     0.05
  SINCE OCT 1      5.30                      5.91  -0.61     2.92
  SINCE JAN 1      2.05                      1.53   0.52     0.91

SNOWFALL (IN)
  YESTERDAY        0.0           8.2  2005   0.3   -0.3      0.0
  MONTH TO DATE    1.9                       2.7   -0.8      0.0
  SINCE OCT 1     29.7                      37.4   -7.7      6.8
  SINCE JUL 1     29.7                      37.4   -7.7      6.8
  SNOW DEPTH       2

DEGREE DAYS
 HEATING
  YESTERDAY       33                        33      0        5
  MONTH TO DATE  264                       236     28       97
  SINCE DEC 1   2364                      2412    -48     1891
  SINCE JUL 1   3306                      3630   -324     2861

 COOLING
  YESTERDAY        0                         0      0        0
  MONTH TO DATE    0                         0      0        0
  SINCE DEC 1      0                         0      0        0
  SINCE JAN 1      0                         0      0        0
..................................................................


WIND (MPH)
  RESULTANT WIND SPEED   1   RESULTANT WIND DIRECTION   E (110)
  HIGHEST WIND SPEED     9   HIGHEST WIND DIRECTION    NW (330)
  HIGHEST GUST SPEED    11   HIGHEST GUST DIRECTION    NW (320)
  AVERAGE WIND SPEED     4.5


SKY COVER
  POSSIBLE SUNSHINE  MM
  AVERAGE SKY COVER 0.0


WEATHER CONDITIONS
 THE FOLLOWING WEATHER WAS RECORDED YESTERDAY.
  FOG
  HAZE


RELATIVE HUMIDITY (PERCENT)
 HIGHEST    85           800 PM
 LOWEST     54           200 PM
 AVERAGE    70

..........................................................


THE SALT LAKE CITY UT CLIMATE NORMALS FOR TODAY
                         NORMAL    RECORD    YEAR
 MAXIMUM TEMPERATURE (F)   41        64      2015
 MINIMUM TEMPERATURE (F)   23        -7      1989
                                             1936
                                             1929


SUNRISE AND SUNSET
FEBRUARY  8 2016......SUNRISE   731 AM MST   SUNSET   554 PM MST
FEBRUARY  9 2016......SUNRISE   730 AM MST   SUNSET   555 PM MST


-  INDICATES NEGATIVE NUMBERS.
R  INDICATES RECORD WAS SET OR TIED.
MM INDICATES DATA IS MISSING.
T  INDICATES TRACE AMOUNT.




$$
