000
CDUS45 KSLC 281231
CLISLC


CLIMATE REPORT
NATIONAL WEATHER SERVICE SALT LAKE CITY UT
631 AM MDT TUE MAR 28 2017


...................................

...THE SALT LAKE CITY UT CLIMATE SUMMARY FOR MARCH 27 2017...

CLIMATE NORMAL PERIOD 1981 TO 2010
CLIMATE RECORD PERIOD 1874 TO 2017


WEATHER ITEM   OBSERVED TIME   RECORD YEAR NORMAL DEPARTURE LAST
                VALUE   (LST)  VALUE       VALUE  FROM      YEAR
                                                  NORMAL
..................................................................
TEMPERATURE (F)
 YESTERDAY
  MAXIMUM         50    110 AM  76    1895  57     -7       63
  MINIMUM         41   1159 PM  14    1931  36      5       38
  AVERAGE         46                        46      0       51

PRECIPITATION (IN)
  YESTERDAY        0.40          0.93 1998   0.06   0.34     0.00
  MONTH TO DATE    3.36                      1.53   1.83     1.42
  SINCE OCT 1     11.66                      8.41   3.25     7.13
  SINCE JAN 1      7.02                      4.03   2.99     3.88

SNOWFALL (IN)
  YESTERDAY        0.0           3.5  1905   0.1   -0.1      0.0
  MONTH TO DATE    3.6                       5.7   -2.1      1.3
  SINCE OCT 1     50.3                      51.1   -0.8     32.9
  SINCE JUL 1     50.3                      51.1   -0.8     32.9
  SNOW DEPTH       0

DEGREE DAYS
 HEATING
  YESTERDAY       19                        19      0       14
  MONTH TO DATE  386                       589   -203      459
  SINCE MAR 1    386                       589   -203      459
  SINCE JUL 1   4139                      4845   -706     4304

 COOLING
  YESTERDAY        0                         0      0        0
  MONTH TO DATE    2                         0      2        0
  SINCE MAR 1      2                         0      2        0
  SINCE JAN 1      2                         0      2        0
..................................................................


WIND (MPH)
  RESULTANT WIND SPEED   2   RESULTANT WIND DIRECTION  NE (40)
  HIGHEST WIND SPEED    17   HIGHEST WIND DIRECTION     N (350)
  HIGHEST GUST SPEED    22   HIGHEST GUST DIRECTION     N (350)
  AVERAGE WIND SPEED     8.2


SKY COVER
  POSSIBLE SUNSHINE  MM
  AVERAGE SKY COVER 0.9


WEATHER CONDITIONS
 THE FOLLOWING WEATHER WAS RECORDED YESTERDAY.
  HEAVY RAIN
  RAIN
  LIGHT RAIN
  FOG


RELATIVE HUMIDITY (PERCENT)
 HIGHEST    89          1000 AM
 LOWEST     56          1200 AM
 AVERAGE    73

..........................................................


THE SALT LAKE CITY UT CLIMATE NORMALS FOR TODAY
                         NORMAL    RECORD    YEAR
 MAXIMUM TEMPERATURE (F)   57        77      1943
 MINIMUM TEMPERATURE (F)   36        18      1956
                                             1944
                                             1886


SUNRISE AND SUNSET
MARCH 28 2017.........SUNRISE   717 AM MDT   SUNSET   749 PM MDT
MARCH 29 2017.........SUNRISE   716 AM MDT   SUNSET   750 PM MDT


-  INDICATES NEGATIVE NUMBERS.
R  INDICATES RECORD WAS SET OR TIED.
MM INDICATES DATA IS MISSING.
T  INDICATES TRACE AMOUNT.




$$
