000
CDUS45 KSLC 191228
CLISLC


CLIMATE REPORT
NATIONAL WEATHER SERVICE SALT LAKE CITY UT
528 AM MST SUN FEB 19 2017


...................................

...THE SALT LAKE CITY UT CLIMATE SUMMARY FOR FEBRUARY 18 2017...

CLIMATE NORMAL PERIOD 1981 TO 2010
CLIMATE RECORD PERIOD 1874 TO 2017


WEATHER ITEM   OBSERVED TIME   RECORD YEAR NORMAL DEPARTURE LAST
                VALUE   (LST)  VALUE       VALUE  FROM      YEAR
                                                  NORMAL
..................................................................
TEMPERATURE (F)
 YESTERDAY
  MAXIMUM         56    223 PM  66    1958  44     12       57
                                      1930
  MINIMUM         44    624 AM   0    1942  26     18       33
  AVERAGE         50                        35     15       45

PRECIPITATION (IN)
  YESTERDAY        0.00          0.78 1980   0.05  -0.05     0.31
  MONTH TO DATE    0.81                      0.77   0.04     0.51
  SINCE OCT 1      7.42                      6.40   1.02     5.70
  SINCE JAN 1      2.78                      2.02   0.76     2.45

SNOWFALL (IN)
  YESTERDAY        0.0           7.4  1961   0.4   -0.4      1.5
  MONTH TO DATE    T                         7.1   -7.1      3.8
  SINCE OCT 1     40.0                      41.8   -1.8     31.6
  SINCE JUL 1     40.0                      41.8   -1.8     31.6
  SNOW DEPTH       0

DEGREE DAYS
 HEATING
  YESTERDAY       15                        30    -15       20
  MONTH TO DATE  406                       583   -177      564
  SINCE DEC 1   2666                      2759    -93     2664
  SINCE JUL 1   3465                      3977   -512     3606

 COOLING
  YESTERDAY        0                         0      0        0
  MONTH TO DATE    0                         0      0        0
  SINCE DEC 1      0                         0      0        0
  SINCE JAN 1      0                         0      0        0
..................................................................


WIND (MPH)
  RESULTANT WIND SPEED   8   RESULTANT WIND DIRECTION   S (170)
  HIGHEST WIND SPEED    21   HIGHEST WIND DIRECTION     S (160)
  HIGHEST GUST SPEED    28   HIGHEST GUST DIRECTION     S (190)
  AVERAGE WIND SPEED     9.0


SKY COVER
  POSSIBLE SUNSHINE  MM
  AVERAGE SKY COVER 0.7


WEATHER CONDITIONS
 THE FOLLOWING WEATHER WAS RECORDED YESTERDAY.
  NO SIGNIFICANT WEATHER WAS OBSERVED.


RELATIVE HUMIDITY (PERCENT)
 HIGHEST    70           600 AM
 LOWEST     43           200 PM
 AVERAGE    57

..........................................................


THE SALT LAKE CITY UT CLIMATE NORMALS FOR TODAY
                         NORMAL    RECORD    YEAR
 MAXIMUM TEMPERATURE (F)   45        66      1958
 MINIMUM TEMPERATURE (F)   26         4      1956
                                             1955


SUNRISE AND SUNSET
FEBRUARY 19 2017......SUNRISE   716 AM MST   SUNSET   608 PM MST
FEBRUARY 20 2017......SUNRISE   715 AM MST   SUNSET   609 PM MST


-  INDICATES NEGATIVE NUMBERS.
R  INDICATES RECORD WAS SET OR TIED.
MM INDICATES DATA IS MISSING.
T  INDICATES TRACE AMOUNT.




$$
