000
CDUS45 KSLC 260047
CLISLC


CLIMATE REPORT
NATIONAL WEATHER SERVICE SALT LAKE CITY UT
647 PM MDT THU MAY 25 2017


...................................

...THE SALT LAKE CITY UT CLIMATE SUMMARY FOR MAY 25 2017...
VALID TODAY AS OF 0500 PM LOCAL TIME.

CLIMATE NORMAL PERIOD 1981 TO 2010
CLIMATE RECORD PERIOD 1874 TO 2017


WEATHER ITEM   OBSERVED TIME   RECORD YEAR NORMAL DEPARTURE LAST
                VALUE   (LST)  VALUE       VALUE  FROM      YEAR
                                                  NORMAL
..................................................................
TEMPERATURE (F)
 TODAY
  MAXIMUM         71    355 PM  92    2001  75     -4       68
                                      1961
                                      1886
  MINIMUM         56    550 AM  32    1975  50      6       51
  AVERAGE         64                        63      1       60

PRECIPITATION (IN)
  TODAY            T             1.27 1973   0.05  -0.05      T
  MONTH TO DATE    0.61                      1.62  -1.01     1.56
  SINCE OCT 1     15.64                     12.28   3.36    10.88
  SINCE JAN 1     11.00                      7.90   3.10     7.63

SNOWFALL (IN)
  TODAY            0.0           T    1997   0.0    0.0      0.0
                                      1980
  MONTH TO DATE    0.1                       0.3   -0.2      0.0
  SINCE OCT 1     51.4                      56.2   -4.8     34.3
  SINCE JUL 1     51.4                      56.2   -4.8     34.3
  SNOW DEPTH       0

DEGREE DAYS
 HEATING
  TODAY            1                         4     -3        5
  MONTH TO DATE  130                       182    -52      126
  SINCE MAR 1   1017                      1282   -265      970
  SINCE JUL 1   4770                      5538   -768     4815

 COOLING
  TODAY            0                         2     -2        0
  MONTH TO DATE   43                        32     11       30
  SINCE MAR 1     45                        36      9       40
  SINCE JAN 1     45                        36      9       40
..................................................................


WIND (MPH)
  RESULTANT WIND SPEED  11   RESULTANT WIND DIRECTION   N (340)
  HIGHEST WIND SPEED    28   HIGHEST WIND DIRECTION     N (340)
  HIGHEST GUST SPEED    33   HIGHEST GUST DIRECTION     N (340)
  AVERAGE WIND SPEED    12.6


SKY COVER
  POSSIBLE SUNSHINE  MM
  AVERAGE SKY COVER 0.5


WEATHER CONDITIONS
 THE FOLLOWING WEATHER WAS RECORDED TODAY.
  NO SIGNIFICANT WEATHER WAS OBSERVED.


RELATIVE HUMIDITY (PERCENT)
 HIGHEST    61           600 AM
 LOWEST     22           100 PM
 AVERAGE    42

..........................................................


THE SALT LAKE CITY UT CLIMATE NORMALS FOR TOMORROW
                         NORMAL    RECORD    YEAR
 MAXIMUM TEMPERATURE (F)   75        92      1958
 MINIMUM TEMPERATURE (F)   51        34      1975
                                             1929


SUNRISE AND SUNSET
MAY 25 2017...........SUNRISE   602 AM MDT   SUNSET   848 PM MDT
MAY 26 2017...........SUNRISE   602 AM MDT   SUNSET   849 PM MDT


-  INDICATES NEGATIVE NUMBERS.
R  INDICATES RECORD WAS SET OR TIED.
MM INDICATES DATA IS MISSING.
T  INDICATES TRACE AMOUNT.




$$
