000
CDUS46 KPQR 272328
CLISLE


CLIMATE REPORT
NATIONAL WEATHER SERVICE PORTLAND OREGON
428 PM PDT THU AUG 27 2015


...................................

...THE SALEM OR CLIMATE SUMMARY FOR AUGUST 27 2015...
VALID TODAY AS OF 0400 PM LOCAL TIME.

CLIMATE NORMAL PERIOD 1981 TO 2010
CLIMATE RECORD PERIOD 1892 TO 2015


WEATHER ITEM   OBSERVED TIME   RECORD YEAR NORMAL DEPARTURE LAST
                VALUE   (LST)  VALUE       VALUE  FROM      YEAR
                                                  NORMAL
..................................................................
TEMPERATURE (F)
 TODAY
  MAXIMUM         89    257 PM 101    1935  81      8       93
  MINIMUM         51    439 AM  39    1962  52     -1       60
  AVERAGE         70                        66      4       77

PRECIPITATION (IN)
  TODAY            0.00          0.52 1941   0.02  -0.02     0.00
  MONTH TO DATE    0.00                      0.35  -0.35     0.28
  SINCE OCT 1     32.82                     38.29  -5.47    27.33
  SINCE JAN 1     15.28                     21.90  -6.62    22.75

DEGREE DAYS
 HEATING
  TODAY            0                         1     -1        0
  MONTH TO DATE    0                        24    -24        0
  SINCE JUN 1     24                       184   -160       69
  SINCE JUL 1      2                        54    -52        3

 COOLING
  TODAY            5                         3      2       12
  MONTH TO DATE  188                        96     92      228
  SINCE JUN 1    609                       233    376      489
  SINCE JAN 1    622                       242    380      505
..................................................................


WIND (MPH)
  HIGHEST WIND SPEED     9   HIGHEST WIND DIRECTION    NW (310)
  HIGHEST GUST SPEED    12   HIGHEST GUST DIRECTION    NW (330)
  AVERAGE WIND SPEED     1.8


SKY COVER
  POSSIBLE SUNSHINE  MM
  AVERAGE SKY COVER 0.0


WEATHER CONDITIONS
 THE FOLLOWING WEATHER WAS RECORDED TODAY.
  NO SIGNIFICANT WEATHER WAS OBSERVED.


RELATIVE HUMIDITY (PERCENT)
 HIGHEST    83           400 AM
 LOWEST     21           200 PM
 AVERAGE    52

..........................................................


THE SALEM OR CLIMATE NORMALS FOR TOMORROW
                         NORMAL    RECORD    YEAR
 MAXIMUM TEMPERATURE (F)   81       100      1935
 MINIMUM TEMPERATURE (F)   52        36      1980


SUNRISE AND SUNSET
AUGUST 27 2015........SUNRISE   628 AM PDT   SUNSET   758 PM PDT
AUGUST 28 2015........SUNRISE   629 AM PDT   SUNSET   756 PM PDT


-  INDICATES NEGATIVE NUMBERS.
R  INDICATES RECORD WAS SET OR TIED.
MM INDICATES DATA IS MISSING.
T  INDICATES TRACE AMOUNT.




$$
