000
CDUS46 KPQR 201146
CLISLE


CLIMATE REPORT
NATIONAL WEATHER SERVICE PORTLAND OREGON
346 AM PST MON NOV 20 2017


...................................

...THE SALEM OR CLIMATE SUMMARY FOR NOVEMBER 19 2017...

CLIMATE NORMAL PERIOD 1981 TO 2010
CLIMATE RECORD PERIOD 1892 TO 2017


WEATHER ITEM   OBSERVED TIME   RECORD YEAR NORMAL DEPARTURE LAST
                VALUE   (LST)  VALUE       VALUE  FROM      YEAR
                                                  NORMAL
..................................................................
TEMPERATURE (F)
 YESTERDAY
  MAXIMUM         51    833 PM  63    2002  52     -1       59
  MINIMUM         34    841 AM  19    1977  38     -4       44
  AVERAGE         43                        45     -2       52

PRECIPITATION (IN)
  YESTERDAY        0.06          3.11 1897   0.23  -0.17     0.03
  MONTH TO DATE    4.19                      3.84   0.35     2.54
  SINCE OCT 1      9.64                      6.87   2.77    13.79
  SINCE JAN 1     45.45                     30.15  15.30    37.50

DEGREE DAYS
 HEATING
  YESTERDAY       22                        20      2       13
  MONTH TO DATE  333                       346    -13      226
  SINCE SEP 1    750                       822    -72      605
  SINCE JUL 1    752                       878   -126      620

 COOLING
  YESTERDAY        0                         0      0        0
  MONTH TO DATE    0                         0      0        0
  SINCE SEP 1    127                        38     89       19
  SINCE JAN 1    647                       290    357      465
..................................................................


WIND (MPH)
  HIGHEST WIND SPEED    23   HIGHEST WIND DIRECTION     S (180)
  HIGHEST GUST SPEED    28   HIGHEST GUST DIRECTION     S (190)
  AVERAGE WIND SPEED    11.1


SKY COVER
  POSSIBLE SUNSHINE  MM
  AVERAGE SKY COVER 0.6


WEATHER CONDITIONS
 THE FOLLOWING WEATHER WAS RECORDED YESTERDAY.
  LIGHT RAIN
  FOG


RELATIVE HUMIDITY (PERCENT)
 HIGHEST   100           200 AM
 LOWEST     50           800 PM
 AVERAGE    75

..........................................................


THE SALEM OR CLIMATE NORMALS FOR TODAY
                         NORMAL    RECORD    YEAR
 MAXIMUM TEMPERATURE (F)   51        65      1910
 MINIMUM TEMPERATURE (F)   38        15      1977


SUNRISE AND SUNSET
NOVEMBER 20 2017......SUNRISE   717 AM PST   SUNSET   438 PM PST
NOVEMBER 21 2017......SUNRISE   718 AM PST   SUNSET   438 PM PST


-  INDICATES NEGATIVE NUMBERS.
R  INDICATES RECORD WAS SET OR TIED.
MM INDICATES DATA IS MISSING.
T  INDICATES TRACE AMOUNT.




$$
