000
CDUS46 KPQR 310220
CLISLE


CLIMATE REPORT
NATIONAL WEATHER SERVICE PORTLAND OREGON
720 PM PDT SAT JUL 30 2016


...................................

...THE SALEM OR CLIMATE SUMMARY FOR JULY 30 2016...
VALID TODAY AS OF 0700 PM LOCAL TIME.

CLIMATE NORMAL PERIOD 1981 TO 2010
CLIMATE RECORD PERIOD 1892 TO 2016


WEATHER ITEM   OBSERVED TIME   RECORD YEAR NORMAL DEPARTURE LAST
                VALUE   (LST)  VALUE       VALUE  FROM      YEAR
                                                  NORMAL
..................................................................
TEMPERATURE (F)
 TODAY
  MAXIMUM         83    413 PM 105    2015  84     -1      105
  MINIMUM         58    528 AM  36    1920  54      4       61
  AVERAGE         71                        69      2       83

PRECIPITATION (IN)
  TODAY            0.00          0.31 1985   0.01  -0.01     0.00
  MONTH TO DATE    0.45                      0.45   0.00     0.01
  SINCE OCT 1     45.30                     37.93   7.37    32.82
  SINCE JAN 1     21.75                     21.54   0.21    15.28

DEGREE DAYS
 HEATING
  TODAY            0                         0      0        0
  MONTH TO DATE    5                        30    -25        2
  SINCE JUN 1     83                       160    -77       24
  SINCE JUL 1      5                        30    -25        2

 COOLING
  TODAY            6                         4      2       18
  MONTH TO DATE  122                       101     21      243
  SINCE JUN 1    213                       129     84      403
  SINCE JAN 1    234                       138     96      416
..................................................................


WIND (MPH)
  HIGHEST WIND SPEED    15   HIGHEST WIND DIRECTION    NW (310)
  HIGHEST GUST SPEED    18   HIGHEST GUST DIRECTION    NW (320)
  AVERAGE WIND SPEED     7.1


SKY COVER
  POSSIBLE SUNSHINE  MM
  AVERAGE SKY COVER 0.0


WEATHER CONDITIONS
 THE FOLLOWING WEATHER WAS RECORDED TODAY.
  NO SIGNIFICANT WEATHER WAS OBSERVED.


RELATIVE HUMIDITY (PERCENT)
 HIGHEST    75           500 AM
 LOWEST     30           100 PM
 AVERAGE    53

..........................................................


THE SALEM OR CLIMATE NORMALS FOR TOMORROW
                         NORMAL    RECORD    YEAR
 MAXIMUM TEMPERATURE (F)   84       104      1965
 MINIMUM TEMPERATURE (F)   54        41      1920


SUNRISE AND SUNSET
JULY 30 2016..........SUNRISE   556 AM PDT   SUNSET   840 PM PDT
JULY 31 2016..........SUNRISE   557 AM PDT   SUNSET   839 PM PDT


-  INDICATES NEGATIVE NUMBERS.
R  INDICATES RECORD WAS SET OR TIED.
MM INDICATES DATA IS MISSING.
T  INDICATES TRACE AMOUNT.




$$
