000
CDUS46 KPQR 291157
CLISLE


CLIMATE REPORT
NATIONAL WEATHER SERVICE PORTLAND OREGON
457 AM PDT WED JUL 29 2015


...................................

...THE SALEM OR CLIMATE SUMMARY FOR JULY 28 2015...

CLIMATE NORMAL PERIOD 1981 TO 2010
CLIMATE RECORD PERIOD 1892 TO 2015


WEATHER ITEM   OBSERVED TIME   RECORD YEAR NORMAL DEPARTURE LAST
                VALUE   (LST)  VALUE       VALUE  FROM      YEAR
                                                  NORMAL
..................................................................
TEMPERATURE (F)
 YESTERDAY
  MAXIMUM         88    503 PM 107    2009  84      4       96
  MINIMUM         54    522 AM  42    1959  54      0       58
                                      1933
                                      1929
  AVERAGE         71                        69      2       77

PRECIPITATION (IN)
  YESTERDAY        0.00          0.27 1975   0.01  -0.01     0.00
  MONTH TO DATE    0.01                      0.43  -0.42     0.46
  SINCE OCT 1     32.82                     37.91  -5.09    27.05
  SINCE JAN 1     15.28                     21.52  -6.24    22.47

DEGREE DAYS
 HEATING
  YESTERDAY        0                         0      0        0
  MONTH TO DATE    2                        30    -28        3
  SINCE JUN 1     24                       160   -136       69
  SINCE JUL 1      2                        30    -28        3

 COOLING
  YESTERDAY        6                         4      2       12
  MONTH TO DATE  210                        93    117      208
  SINCE JUN 1    370                       121    249      227
  SINCE JAN 1    383                       130    253      243
..................................................................


WIND (MPH)
  HIGHEST WIND SPEED    20   HIGHEST WIND DIRECTION     N (350)
  HIGHEST GUST SPEED    25   HIGHEST GUST DIRECTION     N (350)
  AVERAGE WIND SPEED     8.4


SKY COVER
  POSSIBLE SUNSHINE  MM
  AVERAGE SKY COVER 0.0


WEATHER CONDITIONS
 THE FOLLOWING WEATHER WAS RECORDED YESTERDAY.
  NO SIGNIFICANT WEATHER WAS OBSERVED.


RELATIVE HUMIDITY (PERCENT)
 HIGHEST    83           500 AM
 LOWEST     22           500 PM
 AVERAGE    53

..........................................................


THE SALEM OR CLIMATE NORMALS FOR TODAY
                         NORMAL    RECORD    YEAR
 MAXIMUM TEMPERATURE (F)   84       106      2009
 MINIMUM TEMPERATURE (F)   54        42      1956
                                             1929


SUNRISE AND SUNSET
JULY 29 2015..........SUNRISE   554 AM PDT   SUNSET   842 PM PDT
JULY 30 2015..........SUNRISE   555 AM PDT   SUNSET   841 PM PDT


-  INDICATES NEGATIVE NUMBERS.
R  INDICATES RECORD WAS SET OR TIED.
MM INDICATES DATA IS MISSING.
T  INDICATES TRACE AMOUNT.




$$
