000
CDUS46 KPQR 191142
CLISLE


CLIMATE REPORT
NATIONAL WEATHER SERVICE PORTLAND OREGON
341 AM PST THU JAN 19 2017


...................................

...THE SALEM OR CLIMATE SUMMARY FOR JANUARY 18 2017...

CLIMATE NORMAL PERIOD 1981 TO 2010
CLIMATE RECORD PERIOD 1892 TO 2017


WEATHER ITEM   OBSERVED TIME   RECORD YEAR NORMAL DEPARTURE LAST
                VALUE   (LST)  VALUE       VALUE  FROM      YEAR
                                                  NORMAL
..................................................................
TEMPERATURE (F)
 YESTERDAY
  MAXIMUM         56    753 AM  68    1899  48      8       54
  MINIMUM         46   1000 PM  10    1943  35     11       38
  AVERAGE         51                        42      9       46

PRECIPITATION (IN)
  YESTERDAY        0.83          3.86 1911   0.19   0.64     0.34
  MONTH TO DATE    4.89                      3.64   1.25     4.28
  SINCE OCT 1     28.19                     20.03   8.16    27.83
  SINCE JAN 1      4.89                      3.64   1.25     4.28

DEGREE DAYS
 HEATING
  YESTERDAY       14                        24    -10       19
  MONTH TO DATE  580                       439    141      449
  SINCE DEC 1   1446                      1211    235     1087
  SINCE JUL 1   2250                      2328    -78     1967

 COOLING
  YESTERDAY        0                         0      0        0
  MONTH TO DATE    0                         0      0        0
  SINCE DEC 1      0                         0      0        0
  SINCE JAN 1      0                         0      0        0
..................................................................


WIND (MPH)
  HIGHEST WIND SPEED    36   HIGHEST WIND DIRECTION     S (190)
  HIGHEST GUST SPEED    48   HIGHEST GUST DIRECTION     S (200)
  AVERAGE WIND SPEED    16.4


SKY COVER
  POSSIBLE SUNSHINE  MM
  AVERAGE SKY COVER 0.9


WEATHER CONDITIONS
 THE FOLLOWING WEATHER WAS RECORDED YESTERDAY.
  RAIN
  LIGHT RAIN
  FOG


RELATIVE HUMIDITY (PERCENT)
 HIGHEST    89           300 AM
 LOWEST     72           700 AM
 AVERAGE    81

..........................................................


THE SALEM OR CLIMATE NORMALS FOR TODAY
                         NORMAL    RECORD    YEAR
 MAXIMUM TEMPERATURE (F)   48        63      2005
 MINIMUM TEMPERATURE (F)   35        15      1922


SUNRISE AND SUNSET
JANUARY 19 2017.......SUNRISE   744 AM PST   SUNSET   503 PM PST
JANUARY 20 2017.......SUNRISE   743 AM PST   SUNSET   504 PM PST


-  INDICATES NEGATIVE NUMBERS.
R  INDICATES RECORD WAS SET OR TIED.
MM INDICATES DATA IS MISSING.
T  INDICATES TRACE AMOUNT.




$$
