799
CDUS46 KPQR 201148
CLISLE


CLIMATE REPORT
NATIONAL WEATHER SERVICE PORTLAND OREGON
448 AM PDT WED SEP 20 2017


...................................

...THE SALEM OR CLIMATE SUMMARY FOR SEPTEMBER 19 2017...

CLIMATE NORMAL PERIOD 1981 TO 2010
CLIMATE RECORD PERIOD 1892 TO 2017


WEATHER ITEM   OBSERVED TIME   RECORD YEAR NORMAL DEPARTURE LAST
                VALUE   (LST)  VALUE       VALUE  FROM      YEAR
                                                  NORMAL
..................................................................
TEMPERATURE (F)
 YESTERDAY
  MAXIMUM         66    330 PM  96    1974  76    -10       68
  MINIMUM         51    437 AM  34    1928  48      3       47
  AVERAGE         59                        62     -3       58

PRECIPITATION (IN)
  YESTERDAY        0.95          1.17 1921   0.05   0.90     0.00
  MONTH TO DATE    1.62                      0.69   0.93     1.07
  SINCE OCT 1     58.37                     39.08  19.29    46.79
  SINCE JAN 1     35.07                     22.69  12.38    23.24

DEGREE DAYS
 HEATING
  YESTERDAY        6                         4      2        7
  MONTH TO DATE   22                        50    -28       39
  SINCE SEP 1     22                        50    -28       39
  SINCE JUL 1     24                       106    -82       54

 COOLING
  YESTERDAY        0                         1     -1        0
  MONTH TO DATE  116                        30     86       11
  SINCE SEP 1    116                        30     86       11
  SINCE JAN 1    636                       282    354      457
..................................................................


WIND (MPH)
  HIGHEST WIND SPEED    20   HIGHEST WIND DIRECTION    SW (210)
  HIGHEST GUST SPEED    26   HIGHEST GUST DIRECTION    SW (230)
  AVERAGE WIND SPEED     9.2


SKY COVER
  POSSIBLE SUNSHINE  MM
  AVERAGE SKY COVER 0.9


WEATHER CONDITIONS
 THE FOLLOWING WEATHER WAS RECORDED YESTERDAY.
  HEAVY RAIN
  RAIN
  LIGHT RAIN
  FOG


RELATIVE HUMIDITY (PERCENT)
 HIGHEST    93           700 PM
 LOWEST     48           300 PM
 AVERAGE    71

..........................................................


THE SALEM OR CLIMATE NORMALS FOR TODAY
                         NORMAL    RECORD    YEAR
 MAXIMUM TEMPERATURE (F)   76        98      1974
 MINIMUM TEMPERATURE (F)   48        36      1983


SUNRISE AND SUNSET
SEPTEMBER 20 2017.....SUNRISE   657 AM PDT   SUNSET   713 PM PDT
SEPTEMBER 21 2017.....SUNRISE   658 AM PDT   SUNSET   711 PM PDT


-  INDICATES NEGATIVE NUMBERS.
R  INDICATES RECORD WAS SET OR TIED.
MM INDICATES DATA IS MISSING.
T  INDICATES TRACE AMOUNT.




$$
