000
CDUS46 KPQR 311141
CLISLE


CLIMATE REPORT
NATIONAL WEATHER SERVICE PORTLAND OREGON
340 AM PST SAT JAN 31 2015


...................................

...THE SALEM OR CLIMATE SUMMARY FOR JANUARY 30 2015...

CLIMATE NORMAL PERIOD 1981 TO 2010
CLIMATE RECORD PERIOD 1892 TO 2015


WEATHER ITEM   OBSERVED TIME   RECORD YEAR NORMAL DEPARTURE LAST
                VALUE   (LST)  VALUE       VALUE  FROM      YEAR
                                                  NORMAL
..................................................................
TEMPERATURE (F)
 YESTERDAY
  MAXIMUM         55    429 PM  64    1971  50      5       51
  MINIMUM         32    728 AM  -3    1950  35     -3       39
  AVERAGE         44                        42      2       45

PRECIPITATION (IN)
  YESTERDAY        0.00          1.64 1997   0.18  -0.18     0.04
  MONTH TO DATE    3.21                      5.79  -2.58     2.25
  SINCE OCT 1     20.75                     22.18  -1.43     6.83
  SINCE JAN 1      3.21                      5.79  -2.58     2.25

DEGREE DAYS
 HEATING
  YESTERDAY       21                        23     -2       20
  MONTH TO DATE  615                       715   -100      708
  SINCE DEC 1   1229                      1487   -258     1595
  SINCE JUL 1   1995                      2604   -609     2638

 COOLING
  YESTERDAY        0                         0      0        0
  MONTH TO DATE    0                         0      0        0
  SINCE DEC 1      0                         0      0        0
  SINCE JAN 1      0                         0      0        0
..................................................................


WIND (MPH)
  HIGHEST WIND SPEED    13   HIGHEST WIND DIRECTION    NE (30)
  HIGHEST GUST SPEED    14   HIGHEST GUST DIRECTION    NE (30)
  AVERAGE WIND SPEED     2.9


SKY COVER
  POSSIBLE SUNSHINE  MM
  AVERAGE SKY COVER 0.0


WEATHER CONDITIONS
 THE FOLLOWING WEATHER WAS RECORDED YESTERDAY.
  NO SIGNIFICANT WEATHER WAS OBSERVED.


RELATIVE HUMIDITY (PERCENT)
 HIGHEST    96           400 AM
 LOWEST     54           500 PM
 AVERAGE    75

..........................................................


THE SALEM OR CLIMATE NORMALS FOR TODAY
                         NORMAL    RECORD    YEAR
 MAXIMUM TEMPERATURE (F)   50        62      1995
 MINIMUM TEMPERATURE (F)   35       -10      1950


SUNRISE AND SUNSET
JANUARY 31 2015.......SUNRISE   733 AM PST   SUNSET   519 PM PST
FEBRUARY  1 2015......SUNRISE   732 AM PST   SUNSET   520 PM PST


-  INDICATES NEGATIVE NUMBERS.
R  INDICATES RECORD WAS SET OR TIED.
MM INDICATES DATA IS MISSING.
T  INDICATES TRACE AMOUNT.




$$
