000
CDUS46 KPQR 061143
CLISLE


CLIMATE REPORT
NATIONAL WEATHER SERVICE PORTLAND OREGON
342 AM PST SAT FEB 6 2016


...................................

...THE SALEM OR CLIMATE SUMMARY FOR FEBRUARY 5 2016...

CLIMATE NORMAL PERIOD 1981 TO 2010
CLIMATE RECORD PERIOD 1892 TO 2016


WEATHER ITEM   OBSERVED TIME   RECORD YEAR NORMAL DEPARTURE LAST
                VALUE   (LST)  VALUE       VALUE  FROM      YEAR
                                                  NORMAL
..................................................................
TEMPERATURE (F)
 YESTERDAY
  MAXIMUM         59    433 PM  62    2010  50      9       58
  MINIMUM         37    605 AM  -1    1989  35      2       47
  AVERAGE         48                        42      6       53

PRECIPITATION (IN)
  YESTERDAY        0.15          2.17 1996   0.17  -0.02     0.55
  MONTH TO DATE    0.44                      0.84  -0.40     1.43
  SINCE OCT 1     31.81                     23.19   8.62    22.18
  SINCE JAN 1      8.26                      6.80   1.46     4.64

DEGREE DAYS
 HEATING
  YESTERDAY       17                        23     -6       12
  MONTH TO DATE   99                       115    -16       80
  SINCE DEC 1   1401                      1625   -224     1335
  SINCE JUL 1   2281                      2742   -461     2101

 COOLING
  YESTERDAY        0                         0      0        0
  MONTH TO DATE    0                         0      0        0
  SINCE DEC 1      0                         0      0        0
  SINCE JAN 1      0                         0      0        0
..................................................................


WIND (MPH)
  HIGHEST WIND SPEED    22   HIGHEST WIND DIRECTION     S (180)
  HIGHEST GUST SPEED    28   HIGHEST GUST DIRECTION     S (170)
  AVERAGE WIND SPEED     7.6


SKY COVER
  POSSIBLE SUNSHINE  MM
  AVERAGE SKY COVER 0.3


WEATHER CONDITIONS
 THE FOLLOWING WEATHER WAS RECORDED YESTERDAY.
  RAIN
  LIGHT RAIN
  FOG


RELATIVE HUMIDITY (PERCENT)
 HIGHEST    92           200 AM
 LOWEST     40           300 PM
 AVERAGE    66

..........................................................


THE SALEM OR CLIMATE NORMALS FOR TODAY
                         NORMAL    RECORD    YEAR
 MAXIMUM TEMPERATURE (F)   50        67      1998
 MINIMUM TEMPERATURE (F)   35         3      1899


SUNRISE AND SUNSET
FEBRUARY  6 2016......SUNRISE   726 AM PST   SUNSET   527 PM PST
FEBRUARY  7 2016......SUNRISE   725 AM PST   SUNSET   528 PM PST


-  INDICATES NEGATIVE NUMBERS.
R  INDICATES RECORD WAS SET OR TIED.
MM INDICATES DATA IS MISSING.
T  INDICATES TRACE AMOUNT.




$$
