000
CDUS46 KPQR 251142
CLISLE


CLIMATE REPORT
NATIONAL WEATHER SERVICE PORTLAND OREGON
441 AM PDT MON MAY 25 2015


...................................

...THE SALEM OR CLIMATE SUMMARY FOR MAY 24 2015...

CLIMATE NORMAL PERIOD 1981 TO 2010
CLIMATE RECORD PERIOD 1892 TO 2015


WEATHER ITEM   OBSERVED TIME   RECORD YEAR NORMAL DEPARTURE LAST
                VALUE   (LST)  VALUE       VALUE  FROM      YEAR
                                                  NORMAL
..................................................................
TEMPERATURE (F)
 YESTERDAY
  MAXIMUM         69    458 PM  93    1928  70     -1       71
  MINIMUM         52    620 AM  34    1955  46      6       54
  AVERAGE         61                        58      3       63

PRECIPITATION (IN)
  YESTERDAY        0.00          1.00 1899   0.07  -0.07      T
  MONTH TO DATE    0.72                      1.69  -0.97     1.96
  SINCE OCT 1     32.14                     35.40  -3.26    25.84
  SINCE JAN 1     14.60                     19.01  -4.41    21.26

DEGREE DAYS
 HEATING
  YESTERDAY        4                         7     -3        2
  MONTH TO DATE  149                       231    -82      133
  SINCE MAR 1    976                      1234   -258      974
  SINCE JUL 1   3446                      4474  -1028     4260

 COOLING
  YESTERDAY        0                         0      0        0
  MONTH TO DATE    0                         0      0       15
  SINCE MAR 1      0                         0      0       16
  SINCE JAN 1      0                         0      0       16
..................................................................


WIND (MPH)
  HIGHEST WIND SPEED    10   HIGHEST WIND DIRECTION     N (340)
  HIGHEST GUST SPEED    13   HIGHEST GUST DIRECTION     N (340)
  AVERAGE WIND SPEED     4.6


SKY COVER
  POSSIBLE SUNSHINE  MM
  AVERAGE SKY COVER 0.7


WEATHER CONDITIONS
 THE FOLLOWING WEATHER WAS RECORDED YESTERDAY.
  NO SIGNIFICANT WEATHER WAS OBSERVED.


RELATIVE HUMIDITY (PERCENT)
 HIGHEST    83           300 AM
 LOWEST     53           400 PM
 AVERAGE    68

..........................................................


THE SALEM OR CLIMATE NORMALS FOR TODAY
                         NORMAL    RECORD    YEAR
 MAXIMUM TEMPERATURE (F)   70        90      1947
 MINIMUM TEMPERATURE (F)   47        31      1920


SUNRISE AND SUNSET
MAY 25 2015...........SUNRISE   534 AM PDT   SUNSET   845 PM PDT
MAY 26 2015...........SUNRISE   533 AM PDT   SUNSET   846 PM PDT


-  INDICATES NEGATIVE NUMBERS.
R  INDICATES RECORD WAS SET OR TIED.
MM INDICATES DATA IS MISSING.
T  INDICATES TRACE AMOUNT.




$$
