000
CDUS46 KPQR 080222
CLISLE


CLIMATE REPORT
NATIONAL WEATHER SERVICE PORTLAND OREGON
722 PM PDT TUE JUL 7 2015


...................................

...THE SALEM OR CLIMATE SUMMARY FOR JULY 7 2015...
VALID TODAY AS OF 0700 PM LOCAL TIME.

CLIMATE NORMAL PERIOD 1981 TO 2010
CLIMATE RECORD PERIOD 1892 TO 2015


WEATHER ITEM   OBSERVED TIME   RECORD YEAR NORMAL DEPARTURE LAST
                VALUE   (LST)  VALUE       VALUE  FROM      YEAR
                                                  NORMAL
..................................................................
TEMPERATURE (F)
 TODAY
  MAXIMUM         89    540 PM 100    1945  80      9       93
  MINIMUM         56    447 AM  38    1930  52      4       63
  AVERAGE         73                        66      7       78

PRECIPITATION (IN)
  TODAY            0.00          0.41 1923   0.02  -0.02     0.00
  MONTH TO DATE    0.00                      0.15  -0.15     0.00
  SINCE OCT 1     32.81                     37.63  -4.82    26.59
  SINCE JAN 1     15.27                     21.24  -5.97    22.01

DEGREE DAYS
 HEATING
  TODAY            0                         1     -1        0
  MONTH TO DATE    0                        12    -12        0
  SINCE JUN 1     22                       142   -120       66
  SINCE JUL 1      0                        12    -12        0

 COOLING
  TODAY            8                         3      5       13
  MONTH TO DATE   91                        15     76       55
  SINCE JUN 1    251                        43    208       74
  SINCE JAN 1    264                        52    212       90
..................................................................


WIND (MPH)
  HIGHEST WIND SPEED    10   HIGHEST WIND DIRECTION    NW (330)
  HIGHEST GUST SPEED    14   HIGHEST GUST DIRECTION    SE (120)
  AVERAGE WIND SPEED     3.8


SKY COVER
  POSSIBLE SUNSHINE  MM
  AVERAGE SKY COVER 0.0


WEATHER CONDITIONS
 THE FOLLOWING WEATHER WAS RECORDED TODAY.
  NO SIGNIFICANT WEATHER WAS OBSERVED.


RELATIVE HUMIDITY (PERCENT)
 HIGHEST    80           200 AM
 LOWEST     31           500 PM
 AVERAGE    56

..........................................................


THE SALEM OR CLIMATE NORMALS FOR TOMORROW
                         NORMAL    RECORD    YEAR
 MAXIMUM TEMPERATURE (F)   81       102      1956
 MINIMUM TEMPERATURE (F)   52        39      1932


SUNRISE AND SUNSET
JULY  7 2015..........SUNRISE   533 AM PDT   SUNSET   900 PM PDT
JULY  8 2015..........SUNRISE   534 AM PDT   SUNSET   900 PM PDT


-  INDICATES NEGATIVE NUMBERS.
R  INDICATES RECORD WAS SET OR TIED.
MM INDICATES DATA IS MISSING.
T  INDICATES TRACE AMOUNT.




$$
