000
CDUS46 KPQR 220220
CLISLE


CLIMATE REPORT
NATIONAL WEATHER SERVICE PORTLAND OREGON
620 PM PST SUN DEC 21 2014


...................................

...THE SALEM OR CLIMATE SUMMARY FOR DECEMBER 21 2014...
VALID TODAY AS OF 0600 PM LOCAL TIME.

CLIMATE NORMAL PERIOD 1981 TO 2010
CLIMATE RECORD PERIOD 1892 TO 2014


WEATHER ITEM   OBSERVED TIME   RECORD YEAR NORMAL DEPARTURE LAST
                VALUE   (LST)  VALUE       VALUE  FROM      YEAR
                                                  NORMAL
..................................................................
TEMPERATURE (F)
 TODAY
  MAXIMUM         59    148 AM  62    1980  45     14       55
                                      1972
                                      1955
  MINIMUM         52    548 PM   8    1990  33     19       43
  AVERAGE         56                        39     17       49

PRECIPITATION (IN)
  TODAY            0.15          2.49 1964   0.22  -0.07     0.01
  MONTH TO DATE    5.44                      4.77   0.67     1.23
  SINCE OCT 1     16.11                     14.30   1.81     4.54
  SINCE JAN 1     40.13                     37.58   2.55    23.54

DEGREE DAYS
 HEATING
  TODAY            9                        26    -17       16
  MONTH TO DATE  389                       517   -128      631
  SINCE DEC 1    389                       517   -128      631
  SINCE JUL 1   1155                      1634   -479     1674

 COOLING
  TODAY            0                         0      0        0
  MONTH TO DATE    0                         0      0        0
  SINCE DEC 1      0                         0      0        0
  SINCE JAN 1    605                       290    315      502
..................................................................


WIND (MPH)
  HIGHEST WIND SPEED    20   HIGHEST WIND DIRECTION    SW (230)
  HIGHEST GUST SPEED    27   HIGHEST GUST DIRECTION    SW (230)
  AVERAGE WIND SPEED     9.5


SKY COVER
  POSSIBLE SUNSHINE  MM
  AVERAGE SKY COVER 0.9


WEATHER CONDITIONS
 THE FOLLOWING WEATHER WAS RECORDED TODAY.
  LIGHT RAIN
  FOG


RELATIVE HUMIDITY (PERCENT)
 HIGHEST    93           600 AM
 LOWEST     80          1200 AM
 AVERAGE    87

..........................................................


THE SALEM OR CLIMATE NORMALS FOR TOMORROW
                         NORMAL    RECORD    YEAR
 MAXIMUM TEMPERATURE (F)   45        61      1964
 MINIMUM TEMPERATURE (F)   33         7      1990


SUNRISE AND SUNSET
DECEMBER 21 2014......SUNRISE   747 AM PST   SUNSET   434 PM PST
DECEMBER 22 2014......SUNRISE   747 AM PST   SUNSET   434 PM PST


-  INDICATES NEGATIVE NUMBERS.
R  INDICATES RECORD WAS SET OR TIED.
MM INDICATES DATA IS MISSING.
T  INDICATES TRACE AMOUNT.




$$
