000
CDUS46 KPQR 211146
CLISLE


CLIMATE REPORT
NATIONAL WEATHER SERVICE PORTLAND OREGON
445 AM PDT TUE OCT 21 2014


...................................

...THE SALEM OR CLIMATE SUMMARY FOR OCTOBER 20 2014...

CLIMATE NORMAL PERIOD 1981 TO 2010
CLIMATE RECORD PERIOD 1892 TO 2014


WEATHER ITEM   OBSERVED TIME   RECORD YEAR NORMAL DEPARTURE LAST
                VALUE   (LST)  VALUE       VALUE  FROM      YEAR
                                                  NORMAL
..................................................................
TEMPERATURE (F)
 YESTERDAY
  MAXIMUM         63    241 PM  77    2003  62      1       65
  MINIMUM         53    852 PM  25    1919  42     11       39
  AVERAGE         58                        52      6       52

PRECIPITATION (IN)
  YESTERDAY        0.19          1.76 1943   0.11   0.08     0.00
  MONTH TO DATE    1.67                      1.57   0.10     0.57
  SINCE OCT 1      1.67                      1.57   0.10     0.57
  SINCE JAN 1     25.69                     24.85   0.84    19.57

DEGREE DAYS
 HEATING
  YESTERDAY        7                        13     -6       13
  MONTH TO DATE   76                       203   -127      258
  SINCE SEP 1    104                       312   -208      310
  SINCE JUL 1    108                       368   -260      315

 COOLING
  YESTERDAY        0                         0      0        0
  MONTH TO DATE   14                         0     14        0
  SINCE SEP 1     87                        37     50       75
  SINCE JAN 1    605                       289    316      502
..................................................................


WIND (MPH)
  HIGHEST WIND SPEED    17   HIGHEST WIND DIRECTION     S (190)
  HIGHEST GUST SPEED    23   HIGHEST GUST DIRECTION     S (190)
  AVERAGE WIND SPEED     9.0


SKY COVER
  POSSIBLE SUNSHINE  MM
  AVERAGE SKY COVER 0.5


WEATHER CONDITIONS
 THE FOLLOWING WEATHER WAS RECORDED YESTERDAY.
  LIGHT RAIN
  FOG


RELATIVE HUMIDITY (PERCENT)
 HIGHEST    93           800 AM
 LOWEST     72           300 PM
 AVERAGE    83

..........................................................


THE SALEM OR CLIMATE NORMALS FOR TODAY
                         NORMAL    RECORD    YEAR
 MAXIMUM TEMPERATURE (F)   62        80      2003
 MINIMUM TEMPERATURE (F)   41        28      1933


SUNRISE AND SUNSET
OCTOBER 21 2014.......SUNRISE   736 AM PDT   SUNSET   617 PM PDT
OCTOBER 22 2014.......SUNRISE   737 AM PDT   SUNSET   615 PM PDT


-  INDICATES NEGATIVE NUMBERS.
R  INDICATES RECORD WAS SET OR TIED.
MM INDICATES DATA IS MISSING.
T  INDICATES TRACE AMOUNT.




$$
