000
CDUS46 KPQR 281142
CLISLE


CLIMATE REPORT
NATIONAL WEATHER SERVICE PORTLAND OREGON
441 AM PDT FRI JUL 28 2017


...................................

...THE SALEM OR CLIMATE SUMMARY FOR JULY 27 2017...

CLIMATE NORMAL PERIOD 1981 TO 2010
CLIMATE RECORD PERIOD 1892 TO 2017


WEATHER ITEM   OBSERVED TIME   RECORD YEAR NORMAL DEPARTURE LAST
                VALUE   (LST)  VALUE       VALUE  FROM      YEAR
                                                  NORMAL
..................................................................
TEMPERATURE (F)
 YESTERDAY
  MAXIMUM         81    502 PM 104    1958  84     -3       92
  MINIMUM         56    439 AM  40    1931  54      2       57
                                      1930
  AVERAGE         69                        69      0       75

PRECIPITATION (IN)
  YESTERDAY        0.00          0.67 1947   0.01  -0.01     0.00
  MONTH TO DATE    0.00                      0.42  -0.42     0.45
  SINCE OCT 1     56.60                     37.90  18.70    45.31
  SINCE JAN 1     33.30                     21.51  11.79    21.76

DEGREE DAYS
 HEATING
  YESTERDAY        0                         0      0        0
  MONTH TO DATE    0                        30    -30        5
  SINCE JUN 1     82                       160    -78       83
  SINCE JUL 1      0                        30    -30        5

 COOLING
  YESTERDAY        4                         4      0       10
  MONTH TO DATE  128                        89     39       89
  SINCE JUN 1    200                       117     83      180
  SINCE JAN 1    227                       126    101      201
..................................................................


WIND (MPH)
  HIGHEST WIND SPEED    13   HIGHEST WIND DIRECTION    NW (330)
  HIGHEST GUST SPEED    17   HIGHEST GUST DIRECTION     N (20)
  AVERAGE WIND SPEED     7.1


SKY COVER
  POSSIBLE SUNSHINE  MM
  AVERAGE SKY COVER 0.3


WEATHER CONDITIONS
 THE FOLLOWING WEATHER WAS RECORDED YESTERDAY.
  NO SIGNIFICANT WEATHER WAS OBSERVED.


RELATIVE HUMIDITY (PERCENT)
 HIGHEST    86           400 AM
 LOWEST     39           500 PM
 AVERAGE    63

..........................................................


THE SALEM OR CLIMATE NORMALS FOR TODAY
                         NORMAL    RECORD    YEAR
 MAXIMUM TEMPERATURE (F)   84       107      2009
 MINIMUM TEMPERATURE (F)   54        42      1959
                                             1933
                                             1929


SUNRISE AND SUNSET
JULY 28 2017..........SUNRISE   554 AM PDT   SUNSET   843 PM PDT
JULY 29 2017..........SUNRISE   555 AM PDT   SUNSET   842 PM PDT


-  INDICATES NEGATIVE NUMBERS.
R  INDICATES RECORD WAS SET OR TIED.
MM INDICATES DATA IS MISSING.
T  INDICATES TRACE AMOUNT.




$$
