000
CDUS41 KBTV 270526
CLISLK


CLIMATE REPORT
NATIONAL WEATHER SERVICE BURLINGTON VT
125 AM EDT WED MAY 27 2015


...................................

...THE SARANAC LAKE NY CLIMATE SUMMARY FOR MAY 26 2015...

CLIMATE NORMAL PERIOD 1981 TO 2010
CLIMATE RECORD PERIOD 9999 TO 9999


WEATHER ITEM   OBSERVED TIME   NORMAL DEPARTURE LAST
                VALUE   (LST)  VALUE  FROM      YEAR
                                      NORMAL
......................................................
TEMPERATURE (F)
 YESTERDAY
  MAXIMUM         82    222 PM  67     15       74
  MINIMUM         59   1046 PM  41     18       54
  AVERAGE         71            54     17       64

PRECIPITATION (IN)
  YESTERDAY        0.08          0.14  -0.06     0.01
  MONTH TO DATE    1.72          2.83  -1.11     3.80
  SINCE MAR 1      5.05          8.00  -2.95     9.49
  SINCE JAN 1      5.92         11.74  -5.82    12.11

DEGREE DAYS
 HEATING
  YESTERDAY        0            11    -11        1
  MONTH TO DATE  283           409   -126      361
  SINCE MAR 1   2504          2475     29     2720
  SINCE JUL 1   9287          9180    107     9704

 COOLING
  YESTERDAY        6             0      6        0
  MONTH TO DATE   11             0     11        1
  SINCE MAR 1     11             0     11        1
  SINCE JAN 1     11             0     11        1
......................................................


WIND (MPH)
  HIGHEST WIND SPEED    20   HIGHEST WIND DIRECTION    SW (240)
  HIGHEST GUST SPEED    29   HIGHEST GUST DIRECTION    SW (240)
  AVERAGE WIND SPEED     8.9


SKY COVER
  AVERAGE SKY COVER 0.6


WEATHER CONDITIONS
 THE FOLLOWING WEATHER WAS RECORDED YESTERDAY.
  HEAVY RAIN
  LIGHT RAIN
  FOG


RELATIVE HUMIDITY (PERCENT)
 HIGHEST    93          1200 AM
 LOWEST     42           400 PM
 AVERAGE    68

..........................................................


THE SARANAC LAKE NY CLIMATE NORMALS FOR TODAY
                         NORMAL    RECORD    YEAR
 MAXIMUM TEMPERATURE (F)   67        79      2014
 MINIMUM TEMPERATURE (F)   41        28      2013


SUNRISE AND SUNSET
MAY 27 2015...........SUNRISE   519 AM EDT   SUNSET   829 PM EDT
MAY 28 2015...........SUNRISE   518 AM EDT   SUNSET   830 PM EDT


-  INDICATES NEGATIVE NUMBERS.
R  INDICATES RECORD WAS SET OR TIED.
MM INDICATES DATA IS MISSING.
T  INDICATES TRACE AMOUNT.




$$
