000
CDUS41 KBTV 260531
CLISLK


CLIMATE REPORT
NATIONAL WEATHER SERVICE BURLINGTON VT
129 AM EDT FRI AUG 26 2016


...................................

...THE SARANAC LAKE NY CLIMATE SUMMARY FOR AUGUST 25 2016...

CLIMATE NORMAL PERIOD 1981 TO 2010
CLIMATE RECORD PERIOD 9999 TO 9999


WEATHER ITEM   OBSERVED TIME   NORMAL DEPARTURE LAST
                VALUE   (LST)  VALUE  FROM      YEAR
                                      NORMAL
......................................................
TEMPERATURE (F)
 YESTERDAY
  MAXIMUM         78    331 PM  73      5       77
  MINIMUM         64    227 AM  48     16       45
  AVERAGE         71            60     11       61

PRECIPITATION (IN)
  YESTERDAY        T             0.13  -0.13     0.00
  MONTH TO DATE    2.96          3.31  -0.35     3.36
  SINCE JUN 1      9.03         11.35  -2.32    16.22
  SINCE JAN 1     21.54         23.70  -2.16    24.01

DEGREE DAYS
 HEATING
  YESTERDAY        0             6     -6        4
  MONTH TO DATE   35           110    -75       67
  SINCE JUN 1    323           388    -65      358
  SINCE JUL 1    108           204    -96      162

 COOLING
  YESTERDAY        6             1      5        0
  MONTH TO DATE   62            25     37       31
  SINCE JUN 1    126            97     29       87
  SINCE JAN 1    144           100     44      103
......................................................


WIND (MPH)
  HIGHEST WIND SPEED    21   HIGHEST WIND DIRECTION    SW (210)
  HIGHEST GUST SPEED    29   HIGHEST GUST DIRECTION    SW (220)
  AVERAGE WIND SPEED     9.4


SKY COVER
  AVERAGE SKY COVER 0.5


WEATHER CONDITIONS
 THE FOLLOWING WEATHER WAS RECORDED YESTERDAY.
  FOG


RELATIVE HUMIDITY (PERCENT)
 HIGHEST    93          1100 PM
 LOWEST     68           900 AM
 AVERAGE    81

..........................................................


THE SARANAC LAKE NY CLIMATE NORMALS FOR TODAY
                         NORMAL    RECORD    YEAR
 MAXIMUM TEMPERATURE (F)   73        84      2012
 MINIMUM TEMPERATURE (F)   47        33      2008


SUNRISE AND SUNSET
AUGUST 26 2016........SUNRISE   613 AM EDT   SUNSET   743 PM EDT
AUGUST 27 2016........SUNRISE   614 AM EDT   SUNSET   741 PM EDT


-  INDICATES NEGATIVE NUMBERS.
R  INDICATES RECORD WAS SET OR TIED.
MM INDICATES DATA IS MISSING.
T  INDICATES TRACE AMOUNT.




$$
