591
CDUS41 KBTV 050548
CLISLK


CLIMATE REPORT
NATIONAL WEATHER SERVICE BURLINGTON VT
1244 AM EST FRI FEB 5 2016


...................................

...THE SARANAC LAKE NY CLIMATE SUMMARY FOR FEBRUARY 4 2016...

CLIMATE NORMAL PERIOD 1981 TO 2010
CLIMATE RECORD PERIOD 9999 TO 9999


WEATHER ITEM   OBSERVED TIME   NORMAL DEPARTURE LAST
                VALUE   (LST)  VALUE  FROM      YEAR
                                      NORMAL
......................................................
TEMPERATURE (F)
 YESTERDAY
  MAXIMUM         42   1210 AM  26     16       25
  MINIMUM         29   1159 PM   1     28       10
  AVERAGE         36            13     23       18

PRECIPITATION (IN)
  YESTERDAY        0.01          0.06  -0.05     0.03
  MONTH TO DATE    0.61          0.23   0.38     0.03
  SINCE DEC 1      5.25          4.65   0.60     2.58
  SINCE JAN 1      1.30          2.36  -1.06     0.64

DEGREE DAYS
 HEATING
  YESTERDAY       29            52    -23       47
  MONTH TO DATE  119           208    -89      250
  SINCE DEC 1   2467          3235   -768     3092
  SINCE JUL 1   4417          5510  -1093     5256

 COOLING
  YESTERDAY        0             0      0        0
  MONTH TO DATE    0             0      0        0
  SINCE DEC 1      0             0      0        0
  SINCE JAN 1      0             0      0        0
......................................................


WIND (MPH)
  HIGHEST WIND SPEED    20   HIGHEST WIND DIRECTION     W (250)
  HIGHEST GUST SPEED    29   HIGHEST GUST DIRECTION    SW (240)
  AVERAGE WIND SPEED     8.3


SKY COVER
  AVERAGE SKY COVER 0.8


WEATHER CONDITIONS
 THE FOLLOWING WEATHER WAS RECORDED YESTERDAY.
  LIGHT RAIN
  LIGHT SNOW
  HAZE


RELATIVE HUMIDITY (PERCENT)
 HIGHEST    85           300 AM
 LOWEST     63           600 PM
 AVERAGE    74

..........................................................


THE SARANAC LAKE NY CLIMATE NORMALS FOR TODAY
                         NORMAL    RECORD    YEAR
 MAXIMUM TEMPERATURE (F)   26        49      2006
 MINIMUM TEMPERATURE (F)    1       -24      2015


SUNRISE AND SUNSET
FEBRUARY  5 2016......SUNRISE   711 AM EST   SUNSET   511 PM EST
FEBRUARY  6 2016......SUNRISE   710 AM EST   SUNSET   513 PM EST


-  INDICATES NEGATIVE NUMBERS.
R  INDICATES RECORD WAS SET OR TIED.
MM INDICATES DATA IS MISSING.
T  INDICATES TRACE AMOUNT.




$$
