000
CDUS41 KBTV 300534
CLISLK


CLIMATE REPORT
NATIONAL WEATHER SERVICE BURLINGTON VT
133 AM EDT TUE JUN 30 2015


...................................

...THE SARANAC LAKE NY CLIMATE SUMMARY FOR JUNE 29 2015...

CLIMATE NORMAL PERIOD 1981 TO 2010
CLIMATE RECORD PERIOD 9999 TO 9999


WEATHER ITEM   OBSERVED TIME   NORMAL DEPARTURE LAST
                VALUE   (LST)  VALUE  FROM      YEAR
                                      NORMAL
......................................................
TEMPERATURE (F)
 YESTERDAY
  MAXIMUM         63    225 PM  75    -12       85
  MINIMUM         48   1159 PM  50     -2       48
  AVERAGE         56            63     -7       67

PRECIPITATION (IN)
  YESTERDAY        0.07          0.13  -0.06     0.00
  MONTH TO DATE    9.65          3.74   5.91     6.78
  SINCE JUN 1      9.65          3.74   5.91     6.78
  SINCE JAN 1     17.44         16.09   1.35    18.94

DEGREE DAYS
 HEATING
  YESTERDAY        9             4      5        0
  MONTH TO DATE  189           182      7      167
  SINCE JUN 1    189           182      7      167
  SINCE JUL 1   9501          9416     85     9929

 COOLING
  YESTERDAY        0             1     -1        2
  MONTH TO DATE    6            28    -22       13
  SINCE JUN 1      6            28    -22       13
  SINCE JAN 1     22            31     -9       14
......................................................


WIND (MPH)
  HIGHEST WIND SPEED    12   HIGHEST WIND DIRECTION    SW (230)
  HIGHEST GUST SPEED    17   HIGHEST GUST DIRECTION     W (260)
  AVERAGE WIND SPEED     4.3


SKY COVER
  AVERAGE SKY COVER 0.9


WEATHER CONDITIONS
 THE FOLLOWING WEATHER WAS RECORDED YESTERDAY.
  RAIN
  LIGHT RAIN
  FOG


RELATIVE HUMIDITY (PERCENT)
 HIGHEST   100           300 AM
 LOWEST     78           100 PM
 AVERAGE    89

..........................................................


THE SARANAC LAKE NY CLIMATE NORMALS FOR TODAY
                         NORMAL    RECORD    YEAR
 MAXIMUM TEMPERATURE (F)   75        84      2014
 MINIMUM TEMPERATURE (F)   51        45      2004


SUNRISE AND SUNSET
JUNE 30 2015..........SUNRISE   516 AM EDT   SUNSET   845 PM EDT
JULY  1 2015..........SUNRISE   516 AM EDT   SUNSET   845 PM EDT


-  INDICATES NEGATIVE NUMBERS.
R  INDICATES RECORD WAS SET OR TIED.
MM INDICATES DATA IS MISSING.
T  INDICATES TRACE AMOUNT.




$$
