000
CDUS41 KBTV 260605
CLISLK


CLIMATE REPORT
NATIONAL WEATHER SERVICE BURLINGTON VT
159 AM EDT SAT JUL 26 2014


...................................

...THE SARANAC LAKE NY CLIMATE SUMMARY FOR JULY 25 2014...

CLIMATE NORMAL PERIOD 1981 TO 2010
CLIMATE RECORD PERIOD 9999 TO 9999


WEATHER ITEM   OBSERVED TIME   NORMAL DEPARTURE LAST
                VALUE   (LST)  VALUE  FROM      YEAR
                                      NORMAL
......................................................
TEMPERATURE (F)
 YESTERDAY
  MAXIMUM         73    220 PM  76     -3       69
  MINIMUM         41    454 AM  51    -10       33
  AVERAGE         57            63     -6       51

PRECIPITATION (IN)
  YESTERDAY        0.00          0.14  -0.14     0.00
  MONTH TO DATE    2.19          3.39  -1.20     5.12
  SINCE JUN 1      8.97          7.24   1.73    14.40
  SINCE JAN 1     21.13         19.59   1.54    25.40

DEGREE DAYS
 HEATING
  YESTERDAY        8             3      5       14
  MONTH TO DATE   86            75     11       45
  SINCE JUN 1    253           259     -6      265
  SINCE JUL 1     86            75     11       45

 COOLING
  YESTERDAY        0             1     -1        0
  MONTH TO DATE   38            40     -2      100
  SINCE JUN 1     59            66     -7      136
  SINCE JAN 1     60            69     -9      146
......................................................


WIND (MPH)
  HIGHEST WIND SPEED    16   HIGHEST WIND DIRECTION    SW (220)
  HIGHEST GUST SPEED    21   HIGHEST GUST DIRECTION     W (250)
  AVERAGE WIND SPEED     5.3


SKY COVER
  AVERAGE SKY COVER 0.1


WEATHER CONDITIONS
 THE FOLLOWING WEATHER WAS RECORDED YESTERDAY.
  FOG


RELATIVE HUMIDITY (PERCENT)
 HIGHEST   100          1200 AM
 LOWEST     47           300 PM
 AVERAGE    74

..........................................................


THE SARANAC LAKE NY CLIMATE NORMALS FOR TODAY
                         NORMAL    RECORD    YEAR
 MAXIMUM TEMPERATURE (F)   76        MM        MM
 MINIMUM TEMPERATURE (F)   51        MM        MM


SUNRISE AND SUNSET
JULY 26 2014..........SUNRISE   537 AM EDT   SUNSET   829 PM EDT
JULY 27 2014..........SUNRISE   538 AM EDT   SUNSET   828 PM EDT


-  INDICATES NEGATIVE NUMBERS.
R  INDICATES RECORD WAS SET OR TIED.
MM INDICATES DATA IS MISSING.
T  INDICATES TRACE AMOUNT.




$$
