000
CDUS41 KBTV 290529
CLISLK


CLIMATE REPORT
NATIONAL WEATHER SERVICE BURLINGTON VT
126 AM EDT FRI JUL 29 2016


...................................

...THE SARANAC LAKE NY CLIMATE SUMMARY FOR JULY 28 2016...

CLIMATE NORMAL PERIOD 1981 TO 2010
CLIMATE RECORD PERIOD 9999 TO 9999


WEATHER ITEM   OBSERVED TIME   NORMAL DEPARTURE LAST
                VALUE   (LST)  VALUE  FROM      YEAR
                                      NORMAL
......................................................
TEMPERATURE (F)
 YESTERDAY
  MAXIMUM         77    103 PM  75      2       86
  MINIMUM         56    420 AM  51      5       55
  AVERAGE         67            63      4       71

PRECIPITATION (IN)
  YESTERDAY        0.19          0.13   0.06     0.00
  MONTH TO DATE    2.93          3.78  -0.85     2.92
  SINCE JUN 1      6.07          7.63  -1.56    12.69
  SINCE JAN 1     18.58         19.98  -1.40    20.48

DEGREE DAYS
 HEATING
  YESTERDAY        0             3     -3        0
  MONTH TO DATE   63            84    -21       95
  SINCE JUN 1    278           268     10      291
  SINCE JUL 1     63            84    -21       95

 COOLING
  YESTERDAY        2             1      1        6
  MONTH TO DATE   49            43      6       42
  SINCE JUN 1     64            69     -5       48
  SINCE JAN 1     82            72     10       64
......................................................


WIND (MPH)
  HIGHEST WIND SPEED    10   HIGHEST WIND DIRECTION    NE (60)
  HIGHEST GUST SPEED    17   HIGHEST GUST DIRECTION     N (10)
  AVERAGE WIND SPEED     1.5


SKY COVER
  AVERAGE SKY COVER 0.4


WEATHER CONDITIONS
 THE FOLLOWING WEATHER WAS RECORDED YESTERDAY.
  THUNDERSTORM
  RAIN
  LIGHT RAIN
  FOG


RELATIVE HUMIDITY (PERCENT)
 HIGHEST    93           400 AM
 LOWEST     69           100 PM
 AVERAGE    81

..........................................................


THE SARANAC LAKE NY CLIMATE NORMALS FOR TODAY
                         NORMAL    RECORD    YEAR
 MAXIMUM TEMPERATURE (F)   75        87      2015
 MINIMUM TEMPERATURE (F)   51        41      2003


SUNRISE AND SUNSET
JULY 29 2016..........SUNRISE   541 AM EDT   SUNSET   825 PM EDT
JULY 30 2016..........SUNRISE   542 AM EDT   SUNSET   824 PM EDT


-  INDICATES NEGATIVE NUMBERS.
R  INDICATES RECORD WAS SET OR TIED.
MM INDICATES DATA IS MISSING.
T  INDICATES TRACE AMOUNT.




$$
