000
CDUS41 KBTV 110619
CLISLK


CLIMATE REPORT
NATIONAL WEATHER SERVICE BURLINGTON VT
117 AM EST MON DEC 11 2017


...................................

...THE SARANAC LAKE NY CLIMATE SUMMARY FOR DECEMBER 10 2017...

CLIMATE NORMAL PERIOD 1981 TO 2010
CLIMATE RECORD PERIOD 9999 TO 9999


WEATHER ITEM   OBSERVED TIME   NORMAL DEPARTURE LAST
                VALUE   (LST)  VALUE  FROM      YEAR
                                      NORMAL
......................................................
TEMPERATURE (F)
 YESTERDAY
  MAXIMUM         25   1216 PM  31     -6       17
  MINIMUM         10    123 AM  11     -1       -7
  AVERAGE         18            21     -3        5

PRECIPITATION (IN)
  YESTERDAY        0.03          0.08  -0.05     0.01
  MONTH TO DATE    0.62          0.89  -0.27     1.01
  SINCE DEC 1      0.62          0.89  -0.27     1.01
  SINCE JAN 1     42.35         36.12   6.23    31.74

DEGREE DAYS
 HEATING
  YESTERDAY       47            44      3       60
  MONTH TO DATE  368           420    -52      398
  SINCE DEC 1    368           420    -52      398
  SINCE JUL 1   2425          2695   -270     2240

 COOLING
  YESTERDAY        0             0      0        0
  MONTH TO DATE    0             0      0        0
  SINCE DEC 1      0             0      0        0
  SINCE JAN 1     69           114    -45      166
......................................................


WIND (MPH)
  HIGHEST WIND SPEED    16   HIGHEST WIND DIRECTION     W (250)
  HIGHEST GUST SPEED    27   HIGHEST GUST DIRECTION    SW (240)
  AVERAGE WIND SPEED     6.4


SKY COVER
  AVERAGE SKY COVER 0.9


WEATHER CONDITIONS
 THE FOLLOWING WEATHER WAS RECORDED YESTERDAY.
  LIGHT SNOW
  FOG
  HAZE


RELATIVE HUMIDITY (PERCENT)
 HIGHEST   100           100 AM
 LOWEST     84           500 PM
 AVERAGE    92

..........................................................


THE SARANAC LAKE NY CLIMATE NORMALS FOR TODAY
                         NORMAL    RECORD    YEAR
 MAXIMUM TEMPERATURE (F)   30        53      2015
 MINIMUM TEMPERATURE (F)   11        -7      2016


SUNRISE AND SUNSET
DECEMBER 11 2017......SUNRISE   723 AM EST   SUNSET   417 PM EST
DECEMBER 12 2017......SUNRISE   724 AM EST   SUNSET   417 PM EST


-  INDICATES NEGATIVE NUMBERS.
R  INDICATES RECORD WAS SET OR TIED.
MM INDICATES DATA IS MISSING.
T  INDICATES TRACE AMOUNT.




$$
