000
CDUS41 KBTV 200534
CLISLK


CLIMATE REPORT
NATIONAL WEATHER SERVICE BURLINGTON VT
1231 AM EST SAT DEC 20 2014


...................................

...THE SARANAC LAKE NY CLIMATE SUMMARY FOR DECEMBER 19 2014...

CLIMATE NORMAL PERIOD 1981 TO 2010
CLIMATE RECORD PERIOD 9999 TO 9999


WEATHER ITEM   OBSERVED TIME   NORMAL DEPARTURE LAST
                VALUE   (LST)  VALUE  FROM      YEAR
                                      NORMAL
......................................................
TEMPERATURE (F)
 YESTERDAY
  MAXIMUM         21   1236 AM  28     -7       30
  MINIMUM         13   1142 PM   8      5       18
  AVERAGE         17            18     -1       24

PRECIPITATION (IN)
  YESTERDAY        T             0.06  -0.06     0.01
  MONTH TO DATE    0.85          1.52  -0.67     0.54
  SINCE DEC 1      0.85          1.52  -0.67     0.54
  SINCE JAN 1     34.07         36.75  -2.68    39.39

DEGREE DAYS
 HEATING
  YESTERDAY       48            47      1       41
  MONTH TO DATE  778           833    -55      926
  SINCE DEC 1    778           833    -55      926
  SINCE JUL 1   2942          3108   -166     3312

 COOLING
  YESTERDAY        0             0      0        0
  MONTH TO DATE    0             0      0        0
  SINCE DEC 1      0             0      0        0
  SINCE JAN 1     83           114    -31      187
......................................................


WIND (MPH)
  HIGHEST WIND SPEED     9   HIGHEST WIND DIRECTION    SW (240)
  HIGHEST GUST SPEED    14   HIGHEST GUST DIRECTION    SW (240)
  AVERAGE WIND SPEED     3.5


SKY COVER
  AVERAGE SKY COVER 1.0


WEATHER CONDITIONS
 THE FOLLOWING WEATHER WAS RECORDED YESTERDAY.
  LIGHT SNOW
  FOG
  HAZE


RELATIVE HUMIDITY (PERCENT)
 HIGHEST    92           800 AM
 LOWEST     84           700 AM
 AVERAGE    88

..........................................................


THE SARANAC LAKE NY CLIMATE NORMALS FOR TODAY
                         NORMAL    RECORD    YEAR
 MAXIMUM TEMPERATURE (F)   27        MM        MM
 MINIMUM TEMPERATURE (F)    7        MM        MM


SUNRISE AND SUNSET
DECEMBER 20 2014......SUNRISE   729 AM EST   SUNSET   420 PM EST
DECEMBER 21 2014......SUNRISE   730 AM EST   SUNSET   420 PM EST


-  INDICATES NEGATIVE NUMBERS.
R  INDICATES RECORD WAS SET OR TIED.
MM INDICATES DATA IS MISSING.
T  INDICATES TRACE AMOUNT.




$$
