429
CDUS43 KICT 020630
CLISLN


CLIMATE REPORT
NATIONAL WEATHER SERVICE WICHITA KS
129 AM CDT MON MAY 2 2016


...................................

...THE SALINA KS CLIMATE SUMMARY FOR MAY 1 2016...

CLIMATE NORMAL PERIOD 1981 TO 2010
CLIMATE RECORD PERIOD 1894 TO 2016


WEATHER ITEM   OBSERVED TIME   RECORD YEAR NORMAL DEPARTURE LAST
                VALUE   (LST)  VALUE       VALUE  FROM      YEAR
                                                  NORMAL
..................................................................
TEMPERATURE (F)
 YESTERDAY
  MAXIMUM         56    223 PM  92    1955  72    -16       79
  MINIMUM         43    541 AM  19    1909  49     -6       46
  AVERAGE         50                        60    -10       63

PRECIPITATION (IN)
  YESTERDAY        0.00          1.43 2007   0.12  -0.12     0.00
  MONTH TO DATE    0.00                      0.12  -0.12     0.00
  SINCE MAR 1      5.07                      5.56  -0.49     1.88
  SINCE JAN 1      6.31                      7.36  -1.05     3.32

DEGREE DAYS
 HEATING
  YESTERDAY       15                         6      9        2
  MONTH TO DATE   15                         6      9        2
  SINCE MAR 1    647                       933   -286      734
  SINCE JUL 1   3633                      4774  -1141     4563

 COOLING
  YESTERDAY        0                         1     -1        0
  MONTH TO DATE    0                         1     -1        0
  SINCE MAR 1     34                        26      8       12
  SINCE JAN 1     34                        26      8       12
..................................................................


WIND (MPH)
  HIGHEST WIND SPEED    25   HIGHEST WIND DIRECTION     N (360)
  HIGHEST GUST SPEED    31   HIGHEST GUST DIRECTION     N (360)
  AVERAGE WIND SPEED    14.1


SKY COVER
  POSSIBLE SUNSHINE  MM
  AVERAGE SKY COVER 0.9


WEATHER CONDITIONS
 THE FOLLOWING WEATHER WAS RECORDED YESTERDAY.
  FOG


RELATIVE HUMIDITY (PERCENT)
 HIGHEST    93           800 AM
 LOWEST     66           300 PM
 AVERAGE    80

..........................................................


THE SALINA KS CLIMATE NORMALS FOR TODAY
                         NORMAL    RECORD    YEAR
 MAXIMUM TEMPERATURE (F)   72        94      1902
 MINIMUM TEMPERATURE (F)   49        24      1905


SUNRISE AND SUNSET
MAY  2 2016...........SUNRISE   631 AM CDT   SUNSET   824 PM CDT
MAY  3 2016...........SUNRISE   630 AM CDT   SUNSET   825 PM CDT


-  INDICATES NEGATIVE NUMBERS.
R  INDICATES RECORD WAS SET OR TIED.
MM INDICATES DATA IS MISSING.
T  INDICATES TRACE AMOUNT.




$$
