000
CDUS46 KLOX 041018
CLISMX


CLIMATE REPORT
NATIONAL WEATHER SERVICE LOS ANGELES/OXNARD CA
316 AM PDT FRI SEP 4 2015


...................................

...THE SANTA MARIA AIRPORT CA CLIMATE SUMMARY FOR SEPTEMBER 3 2015...

CLIMATE NORMAL PERIOD 1981 TO 2010
CLIMATE RECORD PERIOD 1906 TO 2015


WEATHER ITEM   OBSERVED TIME   RECORD YEAR NORMAL DEPARTURE LAST
                VALUE   (LST)  VALUE       VALUE  FROM      YEAR
                                                  NORMAL
..................................................................
TEMPERATURE (F)
 YESTERDAY
  MAXIMUM         77    115 PM  88    2009  74      3       76
                                      1931
  MINIMUM         58   1159 PM  42    1921  54      4       61
  AVERAGE         68                        64      4       69

PRECIPITATION (IN)
  YESTERDAY        0.00          0.10 1936   0.01  -0.01     0.00
  MONTH TO DATE    0.00                      0.01  -0.01     0.00
  SINCE OCT 1      7.78                     13.82  -6.04     4.50
  SINCE JAN 1      2.22                      9.77  -7.55     4.01

SNOWFALL (IN)
  YESTERDAY        0.0
  MONTH TO DATE    0.0
  SINCE SEP 1      0.0
  SINCE JUL 1      0.0

DEGREE DAYS
 HEATING
  YESTERDAY        0                         2     -2
  MONTH TO DATE    0                         6     -6
  SINCE SEP 1      0                         6     -6
  SINCE JUL 1      0                       142   -142

 COOLING
  YESTERDAY        3                         1      2
  MONTH TO DATE   10                         3      7
  SINCE SEP 1     10                         3      7
  SINCE JAN 1    313                        58    255
..................................................................


WIND (MPH)
  HIGHEST WIND SPEED    23   HIGHEST WIND DIRECTION    NW (300)
  HIGHEST GUST SPEED    28   HIGHEST GUST DIRECTION    NW (300)
  AVERAGE WIND SPEED     9.2


SKY COVER
  POSSIBLE SUNSHINE  MM
  AVERAGE SKY COVER 0.4


WEATHER CONDITIONS
 THE FOLLOWING WEATHER WAS RECORDED YESTERDAY.
  NO SIGNIFICANT WEATHER WAS OBSERVED.


RELATIVE HUMIDITY (PERCENT)
 HIGHEST    90          1200 AM
 LOWEST     49           400 PM
 AVERAGE    70

..........................................................


THE SANTA MARIA AIRPORT CA CLIMATE NORMALS FOR TODAY
                         NORMAL    RECORD    YEAR
 MAXIMUM TEMPERATURE (F)   74        98      1961
 MINIMUM TEMPERATURE (F)   54        42      1919


SUNRISE AND SUNSET
SEPTEMBER  4 2015.....SUNRISE   637 AM PDT   SUNSET   724 PM PDT
SEPTEMBER  5 2015.....SUNRISE   637 AM PDT   SUNSET   723 PM PDT


-  INDICATES NEGATIVE NUMBERS.
R  INDICATES RECORD WAS SET OR TIED.
MM INDICATES DATA IS MISSING.
T  INDICATES TRACE AMOUNT.




$$
