000
CDUS46 KLOX 070905
CLISMX


CLIMATE REPORT
NATIONAL WEATHER SERVICE LOS ANGELES/OXNARD CA
205 AM PDT TUE JUL 7 2015


...................................

...THE SANTA MARIA AIRPORT CA CLIMATE SUMMARY FOR JULY 6 2015...

CLIMATE NORMAL PERIOD 1981 TO 2010
CLIMATE RECORD PERIOD 1906 TO 2015


WEATHER ITEM   OBSERVED TIME   RECORD YEAR NORMAL DEPARTURE LAST
                VALUE   (LST)  VALUE       VALUE  FROM      YEAR
                                                  NORMAL
..................................................................
TEMPERATURE (F)
 YESTERDAY
  MAXIMUM         73    259 PM  95    1989  72      1       77
  MINIMUM         61    551 AM  43    1955  53      8       55
                                      1951
                                      1947
  AVERAGE         67                        63      4       66

PRECIPITATION (IN)
  YESTERDAY        0.00          0.01 2001   0.01  -0.01     0.00
                                      1927
  MONTH TO DATE    T                         0.01  -0.01     0.00
  SINCE OCT 1      7.64                     13.77  -6.13     4.50
  SINCE JAN 1      2.08                      9.72  -7.64     4.01

SNOWFALL (IN)
  YESTERDAY        0.0
  MONTH TO DATE    0.0
  SINCE JUN 1      0.0
  SINCE JUL 1      0.0

DEGREE DAYS
 HEATING
  YESTERDAY        0                         3     -3
  MONTH TO DATE    0                        18    -18
  SINCE JUN 1     43                       159   -116
  SINCE JUL 1      0                        18    -18

 COOLING
  YESTERDAY        2                         1      1
  MONTH TO DATE   19                         1     18
  SINCE JUN 1     39                         7     32
  SINCE JAN 1     67                        17     50
..................................................................


WIND (MPH)
  HIGHEST WIND SPEED    20   HIGHEST WIND DIRECTION    NW (300)
  HIGHEST GUST SPEED    23   HIGHEST GUST DIRECTION     W (290)
  AVERAGE WIND SPEED     9.0


SKY COVER
  POSSIBLE SUNSHINE  MM
  AVERAGE SKY COVER 0.7


WEATHER CONDITIONS
 THE FOLLOWING WEATHER WAS RECORDED YESTERDAY.
  NO SIGNIFICANT WEATHER WAS OBSERVED.


RELATIVE HUMIDITY (PERCENT)
 HIGHEST    90           600 AM
 LOWEST     57           100 PM
 AVERAGE    74

..........................................................


THE SANTA MARIA AIRPORT CA CLIMATE NORMALS FOR TODAY
                         NORMAL    RECORD    YEAR
 MAXIMUM TEMPERATURE (F)   72        86      1985
 MINIMUM TEMPERATURE (F)   53        44      1935


SUNRISE AND SUNSET
JULY  7 2015..........SUNRISE   555 AM PDT   SUNSET   819 PM PDT
JULY  8 2015..........SUNRISE   555 AM PDT   SUNSET   818 PM PDT


-  INDICATES NEGATIVE NUMBERS.
R  INDICATES RECORD WAS SET OR TIED.
MM INDICATES DATA IS MISSING.
T  INDICATES TRACE AMOUNT.




$$
