000
CDUS46 KLOX 230112
CLISMX


CLIMATE REPORT
NATIONAL WEATHER SERVICE LOS ANGELES/OXNARD CA
611 PM PDT MON SEP 22 2014


...................................

...THE SANTA MARIA AIRPORT CA CLIMATE SUMMARY FOR SEPTEMBER 22 2014...
VALID TODAY AS OF 0600 PM LOCAL TIME.

CLIMATE NORMAL PERIOD 1981 TO 2010
CLIMATE RECORD PERIOD 1906 TO 2014


WEATHER ITEM   OBSERVED TIME   RECORD YEAR NORMAL DEPARTURE LAST
                VALUE   (LST)  VALUE       VALUE  FROM      YEAR
                                                  NORMAL
..................................................................
TEMPERATURE (F)
 TODAY
  MAXIMUM         76    211 PM 106    1939  74      2       75
  MINIMUM         59    537 AM  42    1948  52      7       50
  AVERAGE         68                        63      5       63

PRECIPITATION (IN)
  TODAY            0.00          0.37 1908   0.00   0.00     0.00
  MONTH TO DATE    0.00                      0.08  -0.08      T
  SINCE JUL 1      T                         0.13  -0.13     0.01
  SINCE JAN 1      4.01                      9.84  -5.83     2.50

SNOWFALL (IN)
  TODAY            0.0
  MONTH TO DATE    0.0
  SINCE SEP 1      0.0
  SINCE JUL 1      0.0

DEGREE DAYS
 HEATING
  TODAY            0                         3     -3
  MONTH TO DATE    0                        56    -56
  SINCE SEP 1      0                        56    -56
  SINCE JUL 1      0                       192   -192

 COOLING
  TODAY            3                         1      2
  MONTH TO DATE   72                        22     50
  SINCE SEP 1     72                        22     50
  SINCE JAN 1    417                        77    340
..................................................................


WIND (MPH)
  HIGHEST WIND SPEED    16   HIGHEST WIND DIRECTION    NW (310)
  HIGHEST GUST SPEED    21   HIGHEST GUST DIRECTION    NW (300)
  AVERAGE WIND SPEED     6.0


SKY COVER
  POSSIBLE SUNSHINE  MM
  AVERAGE SKY COVER 0.3


WEATHER CONDITIONS
 THE FOLLOWING WEATHER WAS RECORDED TODAY.
  NO SIGNIFICANT WEATHER WAS OBSERVED.


RELATIVE HUMIDITY (PERCENT)
 HIGHEST    87           500 AM
 LOWEST     57          1000 AM
 AVERAGE    72

..........................................................


THE SANTA MARIA AIRPORT CA CLIMATE NORMALS FOR TOMORROW
                         NORMAL    RECORD    YEAR
 MAXIMUM TEMPERATURE (F)   74        98      1978
 MINIMUM TEMPERATURE (F)   52        44      1948


SUNRISE AND SUNSET
SEPTEMBER 22 2014.....SUNRISE   650 AM PDT   SUNSET   658 PM PDT
SEPTEMBER 23 2014.....SUNRISE   651 AM PDT   SUNSET   657 PM PDT


-  INDICATES NEGATIVE NUMBERS.
R  INDICATES RECORD WAS SET OR TIED.
MM INDICATES DATA IS MISSING.
T  INDICATES TRACE AMOUNT.




$$
