000
CDUS46 KLOX 180111
CLISMX


CLIMATE REPORT
NATIONAL WEATHER SERVICE LOS ANGELES/OXNARD CA
511 PM PST SUN DEC 17 2017


...................................

...THE SANTA MARIA AIRPORT CA CLIMATE SUMMARY FOR DECEMBER 17 2017...
VALID TODAY AS OF 0500 PM LOCAL TIME.

CLIMATE NORMAL PERIOD 1981 TO 2010
CLIMATE RECORD PERIOD 1906 TO 2017


WEATHER ITEM   OBSERVED TIME   RECORD YEAR NORMAL DEPARTURE LAST
                VALUE   (LST)  VALUE       VALUE  FROM      YEAR
                                                  NORMAL
..................................................................
TEMPERATURE (F)
 TODAY
  MAXIMUM         70    128 PM  83    1979  63      7       55
  MINIMUM         37    718 AM  28    1984  39     -2       33
                                      1965
  AVERAGE         54                        51      3       44

PRECIPITATION (IN)
  TODAY            0.00          0.71 1925   0.07  -0.07     0.00
  MONTH TO DATE    0.00                      1.02  -1.02     1.44
  SINCE OCT 1      0.09                      2.95  -2.86     4.02
  SINCE JAN 1     14.20                     12.85   1.35    11.14

SNOWFALL (IN)
  TODAY            0.0
  MONTH TO DATE    0.0
  SINCE DEC 1      0.0
  SINCE JUL 1      0.0

DEGREE DAYS
 HEATING
  TODAY           11                        14     -3
  MONTH TO DATE  139                       228    -89
  SINCE DEC 1    139                       228    -89
  SINCE JUL 1    412                       874   -462

 COOLING
  TODAY            0                         0      0
  MONTH TO DATE    0                         0      0
  SINCE DEC 1      0                         0      0
  SINCE JAN 1    333                       104    229
..................................................................


WIND (MPH)
  HIGHEST WIND SPEED    18   HIGHEST WIND DIRECTION     N (10)
  HIGHEST GUST SPEED    25   HIGHEST GUST DIRECTION     N (360)
  AVERAGE WIND SPEED     7.5


SKY COVER
  POSSIBLE SUNSHINE  MM
  AVERAGE SKY COVER 0.0


WEATHER CONDITIONS
 THE FOLLOWING WEATHER WAS RECORDED TODAY.
  HAZE


RELATIVE HUMIDITY (PERCENT)
 HIGHEST    55           800 AM
 LOWEST     22          1200 PM
 AVERAGE    39

..........................................................


THE SANTA MARIA AIRPORT CA CLIMATE NORMALS FOR TOMORROW
                         NORMAL    RECORD    YEAR
 MAXIMUM TEMPERATURE (F)   63        83      1917
 MINIMUM TEMPERATURE (F)   39        23      1918


SUNRISE AND SUNSET
DECEMBER 17 2017......SUNRISE   704 AM PST   SUNSET   453 PM PST
DECEMBER 18 2017......SUNRISE   704 AM PST   SUNSET   453 PM PST


-  INDICATES NEGATIVE NUMBERS.
R  INDICATES RECORD WAS SET OR TIED.
MM INDICATES DATA IS MISSING.
T  INDICATES TRACE AMOUNT.




$$
