000
CDUS46 KLOX 250939
CLISMX


CLIMATE REPORT
NATIONAL WEATHER SERVICE LOS ANGELES/OXNARD CA
239 AM PDT MON JUL 25 2016


...................................

...THE SANTA MARIA AIRPORT CA CLIMATE SUMMARY FOR JULY 24 2016...

CLIMATE NORMAL PERIOD 1981 TO 2010
CLIMATE RECORD PERIOD 1906 TO 2016


WEATHER ITEM   OBSERVED TIME   RECORD YEAR NORMAL DEPARTURE LAST
                VALUE   (LST)  VALUE       VALUE  FROM      YEAR
                                                  NORMAL
..................................................................
TEMPERATURE (F)
 YESTERDAY
  MAXIMUM         73    234 PM  84    2006  73      0       82
  MINIMUM         50    420 AM  43    1923  54     -4       55
                                      1922
  AVERAGE         62                        64     -2       69

PRECIPITATION (IN)
  YESTERDAY        0.00          T    1980   0.00   0.00     0.00
                                      1962
                                      1955
  MONTH TO DATE    T                         0.02  -0.02     0.14
  SINCE OCT 1      9.00                     13.78  -4.78     7.78
  SINCE JAN 1      7.12                      9.73  -2.61     2.22

SNOWFALL (IN)
  YESTERDAY        0.0
  MONTH TO DATE    0.0
  SINCE JUN 1      0.0
  SINCE JUL 1      0.0

DEGREE DAYS
 HEATING
  YESTERDAY        3                         2      1
  MONTH TO DATE   53                        59     -6
  SINCE JUN 1    131                       200    -69
  SINCE JUL 1     53                        59     -6

 COOLING
  YESTERDAY        0                         1     -1
  MONTH TO DATE    1                        19    -18
  SINCE JUN 1      7                        25    -18
  SINCE JAN 1     45                        35     10
..................................................................


WIND (MPH)
  HIGHEST WIND SPEED    13   HIGHEST WIND DIRECTION    NW (330)
  HIGHEST GUST SPEED    MM   HIGHEST GUST DIRECTION    MM
  AVERAGE WIND SPEED     4.7


SKY COVER
  POSSIBLE SUNSHINE  MM
  AVERAGE SKY COVER 0.5


WEATHER CONDITIONS
 THE FOLLOWING WEATHER WAS RECORDED YESTERDAY.
  FOG
  FOG W/VISIBILITY <= 1/4 MILE
  HAZE


RELATIVE HUMIDITY (PERCENT)
 HIGHEST   100           900 PM
 LOWEST     57          1000 AM
 AVERAGE    79

..........................................................


THE SANTA MARIA AIRPORT CA CLIMATE NORMALS FOR TODAY
                         NORMAL    RECORD    YEAR
 MAXIMUM TEMPERATURE (F)   73        87      2006
                                             1973
 MINIMUM TEMPERATURE (F)   54        43      1922


SUNRISE AND SUNSET
JULY 25 2016..........SUNRISE   607 AM PDT   SUNSET   809 PM PDT
JULY 26 2016..........SUNRISE   607 AM PDT   SUNSET   809 PM PDT


-  INDICATES NEGATIVE NUMBERS.
R  INDICATES RECORD WAS SET OR TIED.
MM INDICATES DATA IS MISSING.
T  INDICATES TRACE AMOUNT.




$$
