000
CDUS46 KSGX 250017
CLISNA


CLIMATE REPORT
NATIONAL WEATHER SERVICE SAN DIEGO, CA
516 PM PDT SAT SEP 24 2016


...................................

...THE JOHN WAYNE AIRPORT CA CLIMATE SUMMARY FOR SEPTEMBER 24 2016...
VALID TODAY AS OF 0500 PM LOCAL TIME.

CLIMATE NORMAL PERIOD 1981 TO 2010
CLIMATE RECORD PERIOD 1999 TO 2016


WEATHER ITEM   OBSERVED TIME   RECORD YEAR NORMAL DEPARTURE LAST
                VALUE   (LST)  VALUE       VALUE  FROM      YEAR
                                                  NORMAL
..................................................................
TEMPERATURE (F)
 TODAY
  MAXIMUM         84    200 PM  91    2009  78      6       86
                                      2001
  MINIMUM         60    552 AM  58    2007  63     -3       69
  AVERAGE         72                        70      2       78

PRECIPITATION (IN)
  TODAY            0.00          T    2011   0.00   0.00     0.00
  MONTH TO DATE    T                         0.16  -0.16     1.78
  SINCE OCT 1      4.98                     13.27  -8.29     9.08
  SINCE JAN 1      3.76                      9.19  -5.43     5.28

DEGREE DAYS
 HEATING
  TODAY            0                         0      0        0
  MONTH TO DATE    0                         0      0        0
  SINCE SEP 1      0                         0      0        0
  SINCE JUL 1      0                         0      0        0

 COOLING
  TODAY            7                         6      1       13
  MONTH TO DATE  138                       169    -31      285
  SINCE SEP 1    138                       169    -31      285
  SINCE JAN 1    916                       740    176     1246
..................................................................


WIND (MPH)
  RESULTANT WIND SPEED   3   RESULTANT WIND DIRECTION  SW (210)
  HIGHEST WIND SPEED    13   HIGHEST WIND DIRECTION    SW (220)
  HIGHEST GUST SPEED    17   HIGHEST GUST DIRECTION    SW (220)
  AVERAGE WIND SPEED     4.2


SKY COVER
  POSSIBLE SUNSHINE  MM
  AVERAGE SKY COVER 0.0


WEATHER CONDITIONS
 THE FOLLOWING WEATHER WAS RECORDED TODAY.
  NO SIGNIFICANT WEATHER WAS OBSERVED.


RELATIVE HUMIDITY (PERCENT)
 HIGHEST    67          1200 AM
 LOWEST     28           200 PM
 AVERAGE    48

..........................................................


THE JOHN WAYNE AIRPORT CA CLIMATE NORMALS FOR TOMORROW
                         NORMAL    RECORD    YEAR
 MAXIMUM TEMPERATURE (F)   78        91      2010
 MINIMUM TEMPERATURE (F)   63        57      2005


SUNRISE AND SUNSET
SEPTEMBER 24 2016.....SUNRISE   641 AM PDT   SUNSET   645 PM PDT
SEPTEMBER 25 2016.....SUNRISE   642 AM PDT   SUNSET   643 PM PDT


-  INDICATES NEGATIVE NUMBERS.
R  INDICATES RECORD WAS SET OR TIED.
MM INDICATES DATA IS MISSING.
T  INDICATES TRACE AMOUNT.




$$
