548
CDUS46 KSGX 231141
CLISNA


CLIMATE REPORT
NATIONAL WEATHER SERVICE SAN DIEGO, CA
441 AM PDT TUE MAY 23 2017


...................................

...THE JOHN WAYNE AIRPORT CA CLIMATE SUMMARY FOR MAY 22 2017...

CLIMATE NORMAL PERIOD 1981 TO 2010
CLIMATE RECORD PERIOD 1999 TO 2017


WEATHER ITEM   OBSERVED TIME   RECORD YEAR NORMAL DEPARTURE LAST
                VALUE   (LST)  VALUE       VALUE  FROM      YEAR
                                                  NORMAL
..................................................................
TEMPERATURE (F)
 YESTERDAY
  MAXIMUM         75    138 PM  79    2005  72      3       71
  MINIMUM         60    102 AM  54    2002  59      1       56
  AVERAGE         68                        66      2       64

PRECIPITATION (IN)
  YESTERDAY        0.00          0.57 2006   0.00   0.00     0.00
  MONTH TO DATE    0.08                      0.22  -0.14     0.09
  SINCE OCT 1     15.88                     12.95   2.93     4.97
  SINCE JAN 1      9.69                      8.87   0.82     3.75

DEGREE DAYS
 HEATING
  YESTERDAY        0                         1     -1        1
  MONTH TO DATE   23                        33    -10       23
  SINCE MAR 1    137                       334   -197      193
  SINCE JUL 1    878                      1240   -362      965

 COOLING
  YESTERDAY        3                         1      2        0
  MONTH TO DATE   39                        22     17        8
  SINCE MAR 1    100                        43     57       55
  SINCE JAN 1    100                        51     49       93
..................................................................


WIND (MPH)
  RESULTANT WIND SPEED   6   RESULTANT WIND DIRECTION  SW (210)
  HIGHEST WIND SPEED    14   HIGHEST WIND DIRECTION    SW (210)
  HIGHEST GUST SPEED    19   HIGHEST GUST DIRECTION     S (200)
  AVERAGE WIND SPEED     6.0


SKY COVER
  POSSIBLE SUNSHINE  MM
  AVERAGE SKY COVER 0.6


WEATHER CONDITIONS
 THE FOLLOWING WEATHER WAS RECORDED YESTERDAY.
  NO SIGNIFICANT WEATHER WAS OBSERVED.


RELATIVE HUMIDITY (PERCENT)
 HIGHEST    97          1200 AM
 LOWEST     57           200 PM
 AVERAGE    77

..........................................................


THE JOHN WAYNE AIRPORT CA CLIMATE NORMALS FOR TODAY
                         NORMAL    RECORD    YEAR
 MAXIMUM TEMPERATURE (F)   72        76      2001
 MINIMUM TEMPERATURE (F)   59        54      2008


SUNRISE AND SUNSET
MAY 23 2017...........SUNRISE   546 AM PDT   SUNSET   751 PM PDT
MAY 24 2017...........SUNRISE   545 AM PDT   SUNSET   752 PM PDT


-  INDICATES NEGATIVE NUMBERS.
R  INDICATES RECORD WAS SET OR TIED.
MM INDICATES DATA IS MISSING.
T  INDICATES TRACE AMOUNT.




$$
