000
CDUS46 KSGX 240121
CLISNA


CLIMATE REPORT
NATIONAL WEATHER SERVICE SAN DIEGO, CA
521 PM PST SUN NOV 23 2014


...................................

...THE JOHN WAYNE AIRPORT CA CLIMATE SUMMARY FOR NOVEMBER 23 2014...
VALID TODAY AS OF 0500 PM LOCAL TIME.

CLIMATE NORMAL PERIOD 1981 TO 2010
CLIMATE RECORD PERIOD 1999 TO 2014


WEATHER ITEM   OBSERVED TIME   RECORD YEAR NORMAL DEPARTURE LAST
                VALUE   (LST)  VALUE       VALUE  FROM      YEAR
                                                  NORMAL
..................................................................
TEMPERATURE (F)
 TODAY
  MAXIMUM         85R   229 PM  81    2005  69     16       68
  MINIMUM         57    711 AM  43    1999  50      7       52
  AVERAGE         71                        60     11       60

PRECIPITATION (IN)
  TODAY            0.00          0.03 2010   0.03  -0.03     0.00
  MONTH TO DATE    0.19                      1.02  -0.83     0.27
  SINCE JUL 1      0.22                      2.06  -1.84     0.59
  SINCE JAN 1      2.81                     11.02  -8.21     2.56

SNOWFALL (IN)
  TODAY            0.0
  MONTH TO DATE    0.0
  SINCE JAN 1      0.0
  SINCE JUL 1      0.0
  SNOW DEPTH       0

DEGREE DAYS
 HEATING
  TODAY            0                         6     -6        5
  MONTH TO DATE    3                        81    -78       36
  SINCE SEP 1      3                       108   -105       54
  SINCE JUL 1      3                       108   -105       54

 COOLING
  TODAY            6                         0      6        0
  MONTH TO DATE   78                        22     56       26
  SINCE SEP 1    777                       305    472      453
  SINCE JAN 1   2021                       876   1145     1157
..................................................................


WIND (MPH)
  RESULTANT WIND SPEED   6   RESULTANT WIND DIRECTION  NE (40)
  HIGHEST WIND SPEED    25   HIGHEST WIND DIRECTION    NE (30)
  HIGHEST GUST SPEED    35   HIGHEST GUST DIRECTION     N (20)
  AVERAGE WIND SPEED     8.0


SKY COVER
  POSSIBLE SUNSHINE  MM
  AVERAGE SKY COVER 0.4


WEATHER CONDITIONS
 THE FOLLOWING WEATHER WAS RECORDED TODAY.
  NO SIGNIFICANT WEATHER WAS OBSERVED.


RELATIVE HUMIDITY (PERCENT)
 HIGHEST    78          1200 AM
 LOWEST      3           100 PM
 AVERAGE    41

..........................................................


THE JOHN WAYNE AIRPORT CA CLIMATE NORMALS FOR TOMORROW
                         NORMAL    RECORD    YEAR
 MAXIMUM TEMPERATURE (F)   69        81      2007
 MINIMUM TEMPERATURE (F)   50        43      2003
                                             1999


SUNRISE AND SUNSET
NOVEMBER 23 2014......SUNRISE   631 AM PST   SUNSET   445 PM PST
NOVEMBER 24 2014......SUNRISE   632 AM PST   SUNSET   445 PM PST


-  INDICATES NEGATIVE NUMBERS.
R  INDICATES RECORD WAS SET OR TIED.
MM INDICATES DATA IS MISSING.
T  INDICATES TRACE AMOUNT.




$$
