000
CDUS46 KSGX 111528
CLISNA


CLIMATE REPORT
NATIONAL WEATHER SERVICE SAN DIEGO, CA
728 AM PST THU FEB 11 2016


...................................

...THE JOHN WAYNE AIRPORT CA CLIMATE SUMMARY FOR FEBRUARY 10 2016...

CLIMATE NORMAL PERIOD 1981 TO 2010
CLIMATE RECORD PERIOD 1999 TO 2016


WEATHER ITEM   OBSERVED TIME   RECORD YEAR NORMAL DEPARTURE LAST
                VALUE   (LST)  VALUE       VALUE  FROM      YEAR
                                                  NORMAL
..................................................................
TEMPERATURE (F)
 YESTERDAY
  MAXIMUM         81R   156 PM  80    2002  66     15       76
  MINIMUM         52    510 AM  39    2009  48      4       54
  AVERAGE         67                        57     10       65

PRECIPITATION (IN)
  YESTERDAY        0.00          0.17 2000   0.09  -0.09     0.00
  MONTH TO DATE    0.00                      0.72  -0.72      T
  SINCE OCT 1      3.26                      7.71  -4.45     4.62
  SINCE JAN 1      2.04                      3.63  -1.59     0.82

DEGREE DAYS
 HEATING
  YESTERDAY        0                         8     -8        0
  MONTH TO DATE   55                        80    -25        2
  SINCE DEC 1    604                       619    -15      203
  SINCE JUL 1    734                       772    -38      207

 COOLING
  YESTERDAY        2                         0      2        0
  MONTH TO DATE   19                         0     19        9
  SINCE DEC 1     19                         6     13       57
  SINCE JAN 1     19                         5     14       39
..................................................................


WIND (MPH)
  RESULTANT WIND SPEED   2   RESULTANT WIND DIRECTION  SW (210)
  HIGHEST WIND SPEED    12   HIGHEST WIND DIRECTION     S (200)
  HIGHEST GUST SPEED    15   HIGHEST GUST DIRECTION     S (200)
  AVERAGE WIND SPEED     2.6


SKY COVER
  POSSIBLE SUNSHINE  MM
  AVERAGE SKY COVER 0.3


WEATHER CONDITIONS
 THE FOLLOWING WEATHER WAS RECORDED YESTERDAY.
  NO SIGNIFICANT WEATHER WAS OBSERVED.


RELATIVE HUMIDITY (PERCENT)
 HIGHEST    59           600 AM
 LOWEST     19           500 PM
 AVERAGE    39

..........................................................


THE JOHN WAYNE AIRPORT CA CLIMATE NORMALS FOR TODAY
                         NORMAL    RECORD    YEAR
 MAXIMUM TEMPERATURE (F)   66        90      2015
 MINIMUM TEMPERATURE (F)   48        40      2009


SUNRISE AND SUNSET
FEBRUARY 11 2016......SUNRISE   640 AM PST   SUNSET   532 PM PST
FEBRUARY 12 2016......SUNRISE   639 AM PST   SUNSET   533 PM PST


-  INDICATES NEGATIVE NUMBERS.
R  INDICATES RECORD WAS SET OR TIED.
MM INDICATES DATA IS MISSING.
T  INDICATES TRACE AMOUNT.




$$
