000
CDUS46 KSGX 241420
CLISNA


CLIMATE REPORT
NATIONAL WEATHER SERVICE SAN DIEGO, CA
720 AM PDT THU APR 24 2014


...................................

...THE JOHN WAYNE AIRPORT CA CLIMATE SUMMARY FOR APRIL 23 2014...

CLIMATE NORMAL PERIOD 1981 TO 2010
CLIMATE RECORD PERIOD 1999 TO 2014


WEATHER ITEM   OBSERVED TIME   RECORD YEAR NORMAL DEPARTURE LAST
                VALUE   (LST)  VALUE       VALUE  FROM      YEAR
                                                  NORMAL
..................................................................
TEMPERATURE (F)
 YESTERDAY
  MAXIMUM         71    325 PM  86    2004  70      1       70
  MINIMUM         57    524 AM  48    2010  55      2       57
  AVERAGE         64                        62      2       64

PRECIPITATION (IN)
  YESTERDAY        0.00          0.21 2006   0.03  -0.03     0.00
  MONTH TO DATE    0.19                      0.68  -0.49     0.01
  SINCE JUL 1      3.51                     12.81  -9.30     4.70
  SINCE JAN 1      2.46                      8.44  -5.98     1.68

SNOWFALL (IN)
  YESTERDAY        0.0
  MONTH TO DATE    0.0
  SINCE JAN 1      0.0
  SINCE JUL 1      0.0
  SNOW DEPTH       0

DEGREE DAYS
 HEATING
  YESTERDAY        1                         3     -2        1
  MONTH TO DATE   37                       100    -63       56
  SINCE MAR 1    106                       281   -175      210
  SINCE JUL 1    596                      1187   -591     1076

 COOLING
  YESTERDAY        0                         1     -1        0
  MONTH TO DATE   38                         5     33        3
  SINCE MAR 1     58                        12     46        7
  SINCE JAN 1     85                        20     65        7
..................................................................


WIND (MPH)
  RESULTANT WIND SPEED   3   RESULTANT WIND DIRECTION   S (190)
  HIGHEST WIND SPEED    13   HIGHEST WIND DIRECTION    SW (210)
  HIGHEST GUST SPEED    18   HIGHEST GUST DIRECTION    SW (210)
  AVERAGE WIND SPEED     4.8


SKY COVER
  POSSIBLE SUNSHINE  MM
  AVERAGE SKY COVER 0.4


WEATHER CONDITIONS
 THE FOLLOWING WEATHER WAS RECORDED YESTERDAY.
  NO SIGNIFICANT WEATHER WAS OBSERVED.


RELATIVE HUMIDITY (PERCENT)
 HIGHEST    77           200 AM
 LOWEST     36           500 PM
 AVERAGE    57

..........................................................


THE JOHN WAYNE AIRPORT CA CLIMATE NORMALS FOR TODAY
                         NORMAL    RECORD    YEAR
 MAXIMUM TEMPERATURE (F)   70        91      2001
 MINIMUM TEMPERATURE (F)   55        51      2008
                                             2006


SUNRISE AND SUNSET
APRIL 24 2014.........SUNRISE   610 AM PDT   SUNSET   729 PM PDT
APRIL 25 2014.........SUNRISE   609 AM PDT   SUNSET   730 PM PDT


-  INDICATES NEGATIVE NUMBERS.
R  INDICATES RECORD WAS SET OR TIED.
MM INDICATES DATA IS MISSING.
T  INDICATES TRACE AMOUNT.




$$
