000
CDUS46 KMTR 200035
CLISNS


CLIMATE REPORT
NATIONAL WEATHER SERVICE SAN FRANCISCO BAY AREA
535 PM PDT FRI SEP 19 2014


...................................

...THE SALINAS AIRPORT CLIMATE SUMMARY FOR SEPTEMBER 19 2014...
VALID TODAY AS OF 0500 PM LOCAL TIME.

CLIMATE NORMAL PERIOD 1981 TO 2010
CLIMATE RECORD PERIOD 1930 TO 2014


WEATHER ITEM   OBSERVED TIME   RECORD YEAR NORMAL DEPARTURE LAST
                VALUE   (LST)  VALUE       VALUE  FROM      YEAR
                                                  NORMAL
..................................................................
TEMPERATURE (F)
 TODAY
  MAXIMUM         78   1134 AM 101    1946  74      4       84
  MINIMUM         63    544 AM  43    1978  54      9       49
  AVERAGE         71                        64      7       67

PRECIPITATION (IN)
  TODAY            0.00          0.19 1966   0.01  -0.01     0.00
  MONTH TO DATE    0.00                      0.07  -0.07     0.02
  SINCE JUL 1      0.01                      0.10  -0.09     0.04
  SINCE JAN 1      4.98                      8.82  -3.84     2.37

DEGREE DAYS
 HEATING
  TODAY            0                         2     -2        0
  MONTH TO DATE    5                        38    -33        1
  SINCE SEP 1      5                        38    -33        1
  SINCE JUL 1     46                       173   -127      106

 COOLING
  TODAY            6                         1      5        2
  MONTH TO DATE   32                        19     13       48
  SINCE SEP 1     32                        19     13       48
  SINCE JAN 1    165                        88     77      132
..................................................................


WIND (MPH)
  RESULTANT WIND SPEED   6   RESULTANT WIND DIRECTION   W (260)
  HIGHEST WIND SPEED    17   HIGHEST WIND DIRECTION     W (290)
  HIGHEST GUST SPEED    23   HIGHEST GUST DIRECTION    NW (300)
  AVERAGE WIND SPEED     6.3


SKY COVER
  POSSIBLE SUNSHINE  MM
  AVERAGE SKY COVER 0.6


WEATHER CONDITIONS
 THE FOLLOWING WEATHER WAS RECORDED TODAY.
  NO SIGNIFICANT WEATHER WAS OBSERVED.


RELATIVE HUMIDITY (PERCENT)
 HIGHEST    87           200 AM
 LOWEST     60          1200 PM
 AVERAGE    74

..........................................................


THE SALINAS AIRPORT CLIMATE NORMALS FOR TOMORROW
                         NORMAL    RECORD    YEAR
 MAXIMUM TEMPERATURE (F)   74       100      1939
 MINIMUM TEMPERATURE (F)   54        40      1944


SUNRISE AND SUNSET
SEPTEMBER 19 2014.....SUNRISE   552 AM PST   SUNSET   608 PM PST
SEPTEMBER 20 2014.....SUNRISE   553 AM PST   SUNSET   606 PM PST


-  INDICATES NEGATIVE NUMBERS.
R  INDICATES RECORD WAS SET OR TIED.
MM INDICATES DATA IS MISSING.
T  INDICATES TRACE AMOUNT.




$$
