000
CDUS46 KMTR 190830
CLISNS


CLIMATE REPORT
NATIONAL WEATHER SERVICE SAN FRANCISCO BAY AREA
130 AM PDT TUE SEP 19 2017


...................................

...THE SALINAS AIRPORT CLIMATE SUMMARY FOR SEPTEMBER 18 2017...

CLIMATE NORMAL PERIOD 1981 TO 2010
CLIMATE RECORD PERIOD 1930 TO 2017


WEATHER ITEM   OBSERVED TIME   RECORD YEAR NORMAL DEPARTURE LAST
                VALUE   (LST)  VALUE       VALUE  FROM      YEAR
                                                  NORMAL
..................................................................
TEMPERATURE (F)
 YESTERDAY
  MAXIMUM         75   1154 AM  95    1946  74      1       93
  MINIMUM         59   1124 PM  43    1936  54      5       50
  AVERAGE         67                        64      3       72

PRECIPITATION (IN)
  YESTERDAY        0.00          0.14 1989   0.00   0.00     0.00
  MONTH TO DATE    0.04                      0.06  -0.02     0.00
  SINCE OCT 1     16.49                     12.72   3.77    13.47
  SINCE JAN 1     12.49                      8.81   3.68     8.57

DEGREE DAYS
 HEATING
  YESTERDAY        0                         2     -2        0
  MONTH TO DATE    8                        36    -28       50
  SINCE SEP 1      8                        36    -28       50
  SINCE JUL 1     99                       171    -72      198

 COOLING
  YESTERDAY        2                         1      1        7
  MONTH TO DATE  125                        18    107       12
  SINCE SEP 1    125                        18    107       12
  SINCE JAN 1    193                        87    106       45
..................................................................


WIND (MPH)
  RESULTANT WIND SPEED   6   RESULTANT WIND DIRECTION   W (270)
  HIGHEST WIND SPEED    20   HIGHEST WIND DIRECTION     W (270)
  HIGHEST GUST SPEED    23   HIGHEST GUST DIRECTION     W (260)
  AVERAGE WIND SPEED     7.9


SKY COVER
  POSSIBLE SUNSHINE  MM
  AVERAGE SKY COVER 0.6


WEATHER CONDITIONS
 THE FOLLOWING WEATHER WAS RECORDED YESTERDAY.
  FOG


RELATIVE HUMIDITY (PERCENT)
 HIGHEST    93           300 AM
 LOWEST     60          1200 PM
 AVERAGE    77

..........................................................


THE SALINAS AIRPORT CLIMATE NORMALS FOR TODAY
                         NORMAL    RECORD    YEAR
 MAXIMUM TEMPERATURE (F)   74       101      1946
 MINIMUM TEMPERATURE (F)   54        43      1978


SUNRISE AND SUNSET
SEPTEMBER 19 2017.....SUNRISE   652 AM PDT   SUNSET   707 PM PDT
SEPTEMBER 20 2017.....SUNRISE   653 AM PDT   SUNSET   706 PM PDT


-  INDICATES NEGATIVE NUMBERS.
R  INDICATES RECORD WAS SET OR TIED.
MM INDICATES DATA IS MISSING.
T  INDICATES TRACE AMOUNT.




$$
