000
CDUS46 KMTR 250845
CLISNS


CLIMATE REPORT
NATIONAL WEATHER SERVICE SAN FRANCISCO BAY AREA
145 AM PDT THU AUG 25 2016


...................................

...THE SALINAS AIRPORT CLIMATE SUMMARY FOR AUGUST 24 2016...

CLIMATE NORMAL PERIOD 1981 TO 2010
CLIMATE RECORD PERIOD 1930 TO 2016


WEATHER ITEM   OBSERVED TIME   RECORD YEAR NORMAL DEPARTURE LAST
                VALUE   (LST)  VALUE       VALUE  FROM      YEAR
                                                  NORMAL
..................................................................
TEMPERATURE (F)
 YESTERDAY
  MAXIMUM         70    225 PM 101    2010  73     -3       74
  MINIMUM         58   1159 PM  46    1937  56      2       57
  AVERAGE         64                        64      0       66

PRECIPITATION (IN)
  YESTERDAY        0.00          0.01 2004   0.00   0.00     0.00
  MONTH TO DATE    T                         0.03  -0.03     0.06
  SINCE OCT 1     13.47                     12.66   0.81     9.88
  SINCE JAN 1      8.57                      8.75  -0.18     1.89

DEGREE DAYS
 HEATING
  YESTERDAY        1                         2     -1        0
  MONTH TO DATE   52                        48      4        1
  SINCE JUN 1    220                       239    -19       84
  SINCE JUL 1    144                       126     18        3

 COOLING
  YESTERDAY        0                         1     -1        1
  MONTH TO DATE    0                        21    -21       73
  SINCE JUN 1      8                        51    -43      139
  SINCE JAN 1     31                        67    -36      170
..................................................................


WIND (MPH)
  RESULTANT WIND SPEED   7   RESULTANT WIND DIRECTION   W (280)
  HIGHEST WIND SPEED    18   HIGHEST WIND DIRECTION     W (290)
  HIGHEST GUST SPEED    22   HIGHEST GUST DIRECTION     W (270)
  AVERAGE WIND SPEED     7.9


SKY COVER
  POSSIBLE SUNSHINE  MM
  AVERAGE SKY COVER 0.7


WEATHER CONDITIONS
 THE FOLLOWING WEATHER WAS RECORDED YESTERDAY.
  NO SIGNIFICANT WEATHER WAS OBSERVED.


RELATIVE HUMIDITY (PERCENT)
 HIGHEST    87          1200 AM
 LOWEST     57          1200 PM
 AVERAGE    72

..........................................................


THE SALINAS AIRPORT CLIMATE NORMALS FOR TODAY
                         NORMAL    RECORD    YEAR
 MAXIMUM TEMPERATURE (F)   73        86      1988
 MINIMUM TEMPERATURE (F)   56        46      1969


SUNRISE AND SUNSET
AUGUST 25 2016........SUNRISE   632 AM PDT   SUNSET   744 PM PDT
AUGUST 26 2016........SUNRISE   633 AM PDT   SUNSET   742 PM PDT


-  INDICATES NEGATIVE NUMBERS.
R  INDICATES RECORD WAS SET OR TIED.
MM INDICATES DATA IS MISSING.
T  INDICATES TRACE AMOUNT.




$$
