000
CDUS46 KMTR 210826
CLISNS


CLIMATE REPORT
NATIONAL WEATHER SERVICE SAN FRANCISCO BAY AREA
1226 AM PST TUE NOV 21 2017


...................................

...THE SALINAS AIRPORT CLIMATE SUMMARY FOR NOVEMBER 20 2017...

CLIMATE NORMAL PERIOD 1981 TO 2010
CLIMATE RECORD PERIOD 1930 TO 2017


WEATHER ITEM   OBSERVED TIME   RECORD YEAR NORMAL DEPARTURE LAST
                VALUE   (LST)  VALUE       VALUE  FROM      YEAR
                                                  NORMAL
..................................................................
TEMPERATURE (F)
 YESTERDAY
  MAXIMUM         71    328 PM  85    2002  66      5       64
  MINIMUM         52    721 AM  30    1941  44      8       54
  AVERAGE         62                        55      7       59

PRECIPITATION (IN)
  YESTERDAY        0.00          1.76 1946   0.05  -0.05     0.19
  MONTH TO DATE    0.27                      0.84  -0.57     0.30
  SINCE OCT 1      0.40                      1.42  -1.02     1.91
  SINCE JAN 1     12.89                     10.34   2.55    10.48

DEGREE DAYS
 HEATING
  YESTERDAY        3                        10     -7        6
  MONTH TO DATE  143                       168    -25       98
  SINCE SEP 1    293                       367    -74      287
  SINCE JUL 1    384                       502   -118      435

 COOLING
  YESTERDAY        0                         0      0        0
  MONTH TO DATE    0                         0      0       11
  SINCE SEP 1    205                        58    147       80
  SINCE JAN 1    273                       127    146      113
..................................................................


WIND (MPH)
  RESULTANT WIND SPEED   5   RESULTANT WIND DIRECTION   E (110)
  HIGHEST WIND SPEED    18   HIGHEST WIND DIRECTION     E (110)
  HIGHEST GUST SPEED    23   HIGHEST GUST DIRECTION     E (110)
  AVERAGE WIND SPEED     7.5


SKY COVER
  POSSIBLE SUNSHINE  MM
  AVERAGE SKY COVER 0.4


WEATHER CONDITIONS
 THE FOLLOWING WEATHER WAS RECORDED YESTERDAY.
  LIGHT RAIN


RELATIVE HUMIDITY (PERCENT)
 HIGHEST    83          1200 AM
 LOWEST     48          1000 AM
 AVERAGE    66

..........................................................


THE SALINAS AIRPORT CLIMATE NORMALS FOR TODAY
                         NORMAL    RECORD    YEAR
 MAXIMUM TEMPERATURE (F)   65        80      1933
 MINIMUM TEMPERATURE (F)   44        28      1941


SUNRISE AND SUNSET
NOVEMBER 21 2017......SUNRISE   651 AM PST   SUNSET   454 PM PST
NOVEMBER 22 2017......SUNRISE   652 AM PST   SUNSET   453 PM PST


-  INDICATES NEGATIVE NUMBERS.
R  INDICATES RECORD WAS SET OR TIED.
MM INDICATES DATA IS MISSING.
T  INDICATES TRACE AMOUNT.




$$
