623
CDUS46 KMTR 230840
CLISNS


CLIMATE REPORT
NATIONAL WEATHER SERVICE SAN FRANCISCO BAY AREA
140 AM PDT SUN APR 23 2017


...................................

...THE SALINAS AIRPORT CLIMATE SUMMARY FOR APRIL 22 2017...

CLIMATE NORMAL PERIOD 1981 TO 2010
CLIMATE RECORD PERIOD 1930 TO 2017


WEATHER ITEM   OBSERVED TIME   RECORD YEAR NORMAL DEPARTURE LAST
                VALUE   (LST)  VALUE       VALUE  FROM      YEAR
                                                  NORMAL
..................................................................
TEMPERATURE (F)
 YESTERDAY
  MAXIMUM         72   1130 AM  87    1987  68      4       66
  MINIMUM         49    532 AM  33    1968  47      2       53
  AVERAGE         61                        57      4       60

PRECIPITATION (IN)
  YESTERDAY        0.00          0.33 2003   0.02  -0.02     0.22
  MONTH TO DATE    0.84                      0.76   0.08     0.45
  SINCE OCT 1     16.36                     12.02   4.34    13.29
  SINCE JAN 1     12.36                      8.11   4.25     8.39

DEGREE DAYS
 HEATING
  YESTERDAY        4                         8     -4        5
  MONTH TO DATE  146                       194    -48      105
  SINCE MAR 1    385                       514   -129      341
  SINCE JUL 1   2147                      2328   -181     1732

 COOLING
  YESTERDAY        0                         0      0        0
  MONTH TO DATE    3                         0      3       18
  SINCE MAR 1      4                         1      3       18
  SINCE JAN 1      4                         1      3       21
..................................................................


WIND (MPH)
  RESULTANT WIND SPEED   6   RESULTANT WIND DIRECTION   W (270)
  HIGHEST WIND SPEED    20   HIGHEST WIND DIRECTION     W (270)
  HIGHEST GUST SPEED    23   HIGHEST GUST DIRECTION     W (280)
  AVERAGE WIND SPEED     6.8


SKY COVER
  POSSIBLE SUNSHINE  MM
  AVERAGE SKY COVER 0.1


WEATHER CONDITIONS
 THE FOLLOWING WEATHER WAS RECORDED YESTERDAY.
  NO SIGNIFICANT WEATHER WAS OBSERVED.


RELATIVE HUMIDITY (PERCENT)
 HIGHEST    89           300 AM
 LOWEST     31          1200 PM
 AVERAGE    60

..........................................................


THE SALINAS AIRPORT CLIMATE NORMALS FOR TODAY
                         NORMAL    RECORD    YEAR
 MAXIMUM TEMPERATURE (F)   68        91      1946
 MINIMUM TEMPERATURE (F)   47        32      1937


SUNRISE AND SUNSET
APRIL 23 2017.........SUNRISE   622 AM PDT   SUNSET   748 PM PDT
APRIL 24 2017.........SUNRISE   620 AM PDT   SUNSET   749 PM PDT


-  INDICATES NEGATIVE NUMBERS.
R  INDICATES RECORD WAS SET OR TIED.
MM INDICATES DATA IS MISSING.
T  INDICATES TRACE AMOUNT.




$$
