338
CDUS46 KMTR 240826
CLISNS


CLIMATE REPORT
NATIONAL WEATHER SERVICE SAN FRANCISCO BAY AREA
1226 AM PST FRI FEB 24 2017


...................................

...THE SALINAS AIRPORT CLIMATE SUMMARY FOR FEBRUARY 23 2017...

CLIMATE NORMAL PERIOD 1981 TO 2010
CLIMATE RECORD PERIOD 1930 TO 2017


WEATHER ITEM   OBSERVED TIME   RECORD YEAR NORMAL DEPARTURE LAST
                VALUE   (LST)  VALUE       VALUE  FROM      YEAR
                                                  NORMAL
..................................................................
TEMPERATURE (F)
 YESTERDAY
  MAXIMUM         54    313 PM  85    1954  63     -9       76
  MINIMUM         35    502 AM  33    1997  44     -9       44
  AVERAGE         45                        54     -9       60

PRECIPITATION (IN)
  YESTERDAY        0.00          0.58 2010   0.08  -0.08     0.00
  MONTH TO DATE    4.34                      2.05   2.29     0.45
  SINCE OCT 1     14.20                      8.56   5.64     9.39
  SINCE JAN 1     10.20                      4.65   5.55     4.49

DEGREE DAYS
 HEATING
  YESTERDAY       20                        11      9        5
  MONTH TO DATE  211                       281    -70      162
  SINCE DEC 1   1102                      1141    -39     1002
  SINCE JUL 1   1672                      1759    -87     1362

 COOLING
  YESTERDAY        0                         0      0        0
  MONTH TO DATE    0                         0      0        3
  SINCE DEC 1      0                         0      0        3
  SINCE JAN 1      0                         0      0        3
..................................................................


WIND (MPH)
  RESULTANT WIND SPEED   6   RESULTANT WIND DIRECTION   W (270)
  HIGHEST WIND SPEED    22   HIGHEST WIND DIRECTION     W (260)
  HIGHEST GUST SPEED    29   HIGHEST GUST DIRECTION     W (270)
  AVERAGE WIND SPEED     6.6


SKY COVER
  POSSIBLE SUNSHINE  MM
  AVERAGE SKY COVER 0.1


WEATHER CONDITIONS
 THE FOLLOWING WEATHER WAS RECORDED YESTERDAY.
  NO SIGNIFICANT WEATHER WAS OBSERVED.


RELATIVE HUMIDITY (PERCENT)
 HIGHEST    92           600 AM
 LOWEST     41           300 PM
 AVERAGE    67

..........................................................


THE SALINAS AIRPORT CLIMATE NORMALS FOR TODAY
                         NORMAL    RECORD    YEAR
 MAXIMUM TEMPERATURE (F)   63        81      1954
 MINIMUM TEMPERATURE (F)   44        30      1953


SUNRISE AND SUNSET
FEBRUARY 24 2017......SUNRISE   643 AM PST   SUNSET   556 PM PST
FEBRUARY 25 2017......SUNRISE   642 AM PST   SUNSET   557 PM PST


-  INDICATES NEGATIVE NUMBERS.
R  INDICATES RECORD WAS SET OR TIED.
MM INDICATES DATA IS MISSING.
T  INDICATES TRACE AMOUNT.




$$
