000
CDUS46 KMTR 270830
CLISNS


CLIMATE REPORT
NATIONAL WEATHER SERVICE SAN FRANCISCO BAY AREA
130 AM PDT TUE SEP 27 2016


...................................

...THE SALINAS AIRPORT CLIMATE SUMMARY FOR SEPTEMBER 26 2016...

CLIMATE NORMAL PERIOD 1981 TO 2010
CLIMATE RECORD PERIOD 1930 TO 2016


WEATHER ITEM   OBSERVED TIME   RECORD YEAR NORMAL DEPARTURE LAST
                VALUE   (LST)  VALUE       VALUE  FROM      YEAR
                                                  NORMAL
..................................................................
TEMPERATURE (F)
 YESTERDAY
  MAXIMUM        101R   154 PM  99    1970  74     27       77
  MINIMUM         59    604 AM  36    1934  53      6       56
  AVERAGE         80                        64     16       67

PRECIPITATION (IN)
  YESTERDAY        0.00          0.04 1998   0.01  -0.01     0.00
  MONTH TO DATE    0.00                      0.13  -0.13     0.03
  SINCE OCT 1     13.47                     12.79   0.68     9.91
  SINCE JAN 1      8.57                      8.88  -0.31     1.92

DEGREE DAYS
 HEATING
  YESTERDAY        0                         2     -2        0
  MONTH TO DATE   63                        52     11       11
  SINCE SEP 1     63                        52     11       11
  SINCE JUL 1    211                       187     24       14

 COOLING
  YESTERDAY       15                         1     14        2
  MONTH TO DATE   43                        26     17      103
  SINCE SEP 1     43                        26     17      103
  SINCE JAN 1     76                        95    -19      314
..................................................................


WIND (MPH)
  RESULTANT WIND SPEED   4   RESULTANT WIND DIRECTION  SE (120)
  HIGHEST WIND SPEED    22   HIGHEST WIND DIRECTION     E (110)
  HIGHEST GUST SPEED    25   HIGHEST GUST DIRECTION     E (100)
  AVERAGE WIND SPEED     9.4


SKY COVER
  POSSIBLE SUNSHINE  MM
  AVERAGE SKY COVER 0.1


WEATHER CONDITIONS
 THE FOLLOWING WEATHER WAS RECORDED YESTERDAY.
  NO SIGNIFICANT WEATHER WAS OBSERVED.


RELATIVE HUMIDITY (PERCENT)
 HIGHEST    64          1200 AM
 LOWEST     11           200 PM
 AVERAGE    38

..........................................................


THE SALINAS AIRPORT CLIMATE NORMALS FOR TODAY
                         NORMAL    RECORD    YEAR
 MAXIMUM TEMPERATURE (F)   74       102      2010
 MINIMUM TEMPERATURE (F)   53        41      1945


SUNRISE AND SUNSET
SEPTEMBER 27 2016.....SUNRISE   659 AM PDT   SUNSET   655 PM PDT
SEPTEMBER 28 2016.....SUNRISE   700 AM PDT   SUNSET   653 PM PDT


-  INDICATES NEGATIVE NUMBERS.
R  INDICATES RECORD WAS SET OR TIED.
MM INDICATES DATA IS MISSING.
T  INDICATES TRACE AMOUNT.




$$
