000
CDUS46 KMTR 160045
CLISNS


CLIMATE REPORT
NATIONAL WEATHER SERVICE SAN FRANCISCO BAY AREA
545 PM PDT TUE APR 15 2014


...................................

...THE SALINAS AIRPORT CLIMATE SUMMARY FOR APRIL 15 2014...
VALID TODAY AS OF 0500 PM LOCAL TIME.

CLIMATE NORMAL PERIOD 1981 TO 2010
CLIMATE RECORD PERIOD 1930 TO 2014


WEATHER ITEM   OBSERVED TIME   RECORD YEAR NORMAL DEPARTURE LAST
                VALUE   (LST)  VALUE       VALUE  FROM      YEAR
                                                  NORMAL
..................................................................
TEMPERATURE (F)
 TODAY
  MAXIMUM         65    211 PM  96    1966  67     -2       57
  MINIMUM         52    733 AM  35    1932  46      6       39
  AVERAGE         59                        57      2       48

PRECIPITATION (IN)
  TODAY            0.00          1.04 1978   0.03  -0.03     0.03
  MONTH TO DATE    0.37                      0.57  -0.20     0.27
  SINCE JUL 1      5.66                     12.03  -6.37     8.92
  SINCE JAN 1      4.72                      7.92  -3.20     2.28

DEGREE DAYS
 HEATING
  TODAY            6                         9     -3       17
  MONTH TO DATE   95                       137    -42      109
  SINCE MAR 1    293                       457   -164      389
  SINCE JUL 1   1725                      2271   -546     2144

 COOLING
  TODAY            0                         0      0        0
  MONTH TO DATE    3                         0      3        0
  SINCE MAR 1      4                         1      3        0
  SINCE JAN 1      6                         1      5        0
..................................................................


WIND (MPH)
  RESULTANT WIND SPEED   7   RESULTANT WIND DIRECTION   W (270)
  HIGHEST WIND SPEED    17   HIGHEST WIND DIRECTION     W (260)
  HIGHEST GUST SPEED    22   HIGHEST GUST DIRECTION     W (260)
  AVERAGE WIND SPEED     6.9


SKY COVER
  POSSIBLE SUNSHINE  MM
  AVERAGE SKY COVER 0.5


WEATHER CONDITIONS
 THE FOLLOWING WEATHER WAS RECORDED TODAY.
  FOG
  HAZE


RELATIVE HUMIDITY (PERCENT)
 HIGHEST    93          1200 AM
 LOWEST     60           200 PM
 AVERAGE    77

..........................................................


THE SALINAS AIRPORT CLIMATE NORMALS FOR TOMORROW
                         NORMAL    RECORD    YEAR
 MAXIMUM TEMPERATURE (F)   67        89      1966
 MINIMUM TEMPERATURE (F)   46        36      1991


SUNRISE AND SUNSET
APRIL 15 2014.........SUNRISE   532 AM PST   SUNSET   641 PM PST
APRIL 16 2014.........SUNRISE   531 AM PST   SUNSET   642 PM PST


-  INDICATES NEGATIVE NUMBERS.
R  INDICATES RECORD WAS SET OR TIED.
MM INDICATES DATA IS MISSING.
T  INDICATES TRACE AMOUNT.




$$
