000
CDUS45 KPIH 280740
CLISNT


CLIMATE REPORT
NATIONAL WEATHER SERVICE POCATELLO ID
1235 AM MST WED JAN 28 2015


...................................

...THE STANLEY ID CLIMATE SUMMARY FOR JANUARY 27 2015...

CLIMATE NORMAL PERIOD 1981 TO 2010
CLIMATE RECORD PERIOD 1916 TO 2015


WEATHER ITEM   OBSERVED TIME   RECORD YEAR NORMAL DEPARTURE LAST
                VALUE   (LST)  VALUE       VALUE  FROM      YEAR
                                                  NORMAL
..................................................................
TEMPERATURE (F)
 YESTERDAY
  MAXIMUM         42    458 PM  47    1987  28     14       39
  MINIMUM          8    705 AM -44    1980   1      7       11
  AVERAGE         25                        15     10       25

PRECIPITATION (IN)
  YESTERDAY        0.04          0.73 2003   0.05  -0.01     0.00
  MONTH TO DATE    1.43                      1.36   0.07     1.20
  SINCE OCT 1      8.14                      6.21   1.93     4.81
  SINCE JAN 1      1.43                      1.36   0.07     1.20

SNOWFALL (IN)
  YESTERDAY       MM
  MONTH TO DATE   MM
  SINCE DEC 1     MM
  SINCE JUL 1     MM
  SNOW DEPTH      MM

DEGREE DAYS
 HEATING
  YESTERDAY       40                        50    -10       40
  MONTH TO DATE 1229                      1370   -141     1318
  SINCE DEC 1   2591                      2935   -344     2954
  SINCE JUL 1   5184                      6032   -848     5743

 COOLING
  YESTERDAY        0                         0      0        0
  MONTH TO DATE    0                         0      0        0
  SINCE DEC 1      0                         0      0        0
  SINCE JAN 1      0                         0      0        0
..................................................................


WIND (MPH)
  HIGHEST WIND SPEED    15   HIGHEST WIND DIRECTION    SE (150)
  HIGHEST GUST SPEED    21   HIGHEST GUST DIRECTION    SE (150)
  AVERAGE WIND SPEED     1.4


SKY COVER
  POSSIBLE SUNSHINE  MM
  AVERAGE SKY COVER 0.0


WEATHER CONDITIONS
 THE FOLLOWING WEATHER WAS RECORDED YESTERDAY.
  NO SIGNIFICANT WEATHER WAS OBSERVED.


RELATIVE HUMIDITY (PERCENT)
 HIGHEST    96          1000 PM
 LOWEST     60           500 PM
 AVERAGE    78

..........................................................


THE STANLEY ID CLIMATE NORMALS FOR TODAY
                         NORMAL    RECORD    YEAR
 MAXIMUM TEMPERATURE (F)   29        46      1987
 MINIMUM TEMPERATURE (F)    1       -43      1980


SUNRISE AND SUNSET
JANUARY 28 2015.......SUNRISE   802 AM MST   SUNSET   544 PM MST
JANUARY 29 2015.......SUNRISE   801 AM MST   SUNSET   545 PM MST


-  INDICATES NEGATIVE NUMBERS.
R  INDICATES RECORD WAS SET OR TIED.
MM INDICATES DATA IS MISSING.
T  INDICATES TRACE AMOUNT.




$$
