000
CDUS45 KPIH 190733
CLISNT


CLIMATE REPORT
NATIONAL WEATHER SERVICE POCATELLO ID
132 AM MDT SAT AUG 19 2017


...................................

...THE STANLEY ID CLIMATE SUMMARY FOR AUGUST 18 2017...

CLIMATE NORMAL PERIOD 1981 TO 2010
CLIMATE RECORD PERIOD 1916 TO 2017


WEATHER ITEM   OBSERVED TIME   RECORD YEAR NORMAL DEPARTURE LAST
                VALUE   (LST)  VALUE       VALUE  FROM      YEAR
                                                  NORMAL
..................................................................
TEMPERATURE (F)
 YESTERDAY
  MAXIMUM         83    349 PM  90    1967  77      6       83
  MINIMUM         34    607 AM  18    1920  34      0       43
  AVERAGE         59                        56      3       63

PRECIPITATION (IN)
  YESTERDAY        0.00          0.71 1926   0.02  -0.02     0.00
  MONTH TO DATE    0.43                      0.35   0.08     0.02
  SINCE OCT 1     28.98                     15.81  13.17    17.15
  SINCE JAN 1     17.65                     10.96   6.69     9.58

SNOWFALL (IN)
  YESTERDAY       MM
  MONTH TO DATE   MM
  SINCE JUN 1     MM
  SINCE JUL 1     MM
  SNOW DEPTH      MM

DEGREE DAYS
 HEATING
  YESTERDAY        6                         9     -3        2
  MONTH TO DATE   84                       133    -49      126
  SINCE JUN 1    501                       828   -327      666
  SINCE JUL 1    157                       374   -217      362

 COOLING
  YESTERDAY        0                         0      0        0
  MONTH TO DATE    0                         0      0        0
  SINCE JUN 1     21                         3     18        3
  SINCE JAN 1     21                         3     18        3
..................................................................


WIND (MPH)
  HIGHEST WIND SPEED    14   HIGHEST WIND DIRECTION    NW (320)
  HIGHEST GUST SPEED    21   HIGHEST GUST DIRECTION     N (350)
  AVERAGE WIND SPEED     4.9


SKY COVER
  POSSIBLE SUNSHINE  MM
  AVERAGE SKY COVER 0.0


WEATHER CONDITIONS
 THE FOLLOWING WEATHER WAS RECORDED YESTERDAY.
  NO SIGNIFICANT WEATHER WAS OBSERVED.


RELATIVE HUMIDITY (PERCENT)
 HIGHEST    89           500 AM
 LOWEST      9           600 PM
 AVERAGE    49

..........................................................


THE STANLEY ID CLIMATE NORMALS FOR TODAY
                         NORMAL    RECORD    YEAR
 MAXIMUM TEMPERATURE (F)   77        92      1969
 MINIMUM TEMPERATURE (F)   34        18      1920


SUNRISE AND SUNSET
AUGUST 19 2017........SUNRISE   648 AM MDT   SUNSET   837 PM MDT
AUGUST 20 2017........SUNRISE   649 AM MDT   SUNSET   836 PM MDT


-  INDICATES NEGATIVE NUMBERS.
R  INDICATES RECORD WAS SET OR TIED.
MM INDICATES DATA IS MISSING.
T  INDICATES TRACE AMOUNT.




$$
