000
CDUS45 KPIH 260735
CLISNT


CLIMATE REPORT
NATIONAL WEATHER SERVICE POCATELLO ID
133 AM MDT MON SEP 26 2016


...................................

...THE STANLEY ID CLIMATE SUMMARY FOR SEPTEMBER 25 2016...

CLIMATE NORMAL PERIOD 1981 TO 2010
CLIMATE RECORD PERIOD 1916 TO 2016


WEATHER ITEM   OBSERVED TIME   RECORD YEAR NORMAL DEPARTURE LAST
                VALUE   (LST)  VALUE       VALUE  FROM      YEAR
                                                  NORMAL
..................................................................
TEMPERATURE (F)
 YESTERDAY
  MAXIMUM         72    416 PM  85    1922  64      8       82
  MINIMUM         26    703 AM   1    1926  27     -1       29
  AVERAGE         49                        45      4       56

PRECIPITATION (IN)
  YESTERDAY        0.00          0.36 1981   0.02  -0.02     0.00
  MONTH TO DATE    1.40                      0.80   0.60     2.09
  SINCE OCT 1     18.55                     16.94   1.61    19.32
  SINCE JAN 1     10.98                     12.09  -1.11    12.61

SNOWFALL (IN)
  YESTERDAY       MM
  MONTH TO DATE    0.0
  SINCE SEP 1      0.0
  SINCE JUL 1      0.0
  SNOW DEPTH      MM

DEGREE DAYS
 HEATING
  YESTERDAY       16                        20     -4        9
  MONTH TO DATE  406                       418    -12      376
  SINCE SEP 1    406                       418    -12      376
  SINCE JUL 1    884                       938    -54      791

 COOLING
  YESTERDAY        0                         0      0        0
  MONTH TO DATE    0                         0      0        0
  SINCE SEP 1      0                         0      0        0
  SINCE JAN 1      4                         3      1       25
..................................................................


WIND (MPH)
  HIGHEST WIND SPEED    10   HIGHEST WIND DIRECTION     N (340)
  HIGHEST GUST SPEED    16   HIGHEST GUST DIRECTION     N (340)
  AVERAGE WIND SPEED     2.5


SKY COVER
  POSSIBLE SUNSHINE  MM
  AVERAGE SKY COVER 0.0


WEATHER CONDITIONS
 THE FOLLOWING WEATHER WAS RECORDED YESTERDAY.
  NO SIGNIFICANT WEATHER WAS OBSERVED.


RELATIVE HUMIDITY (PERCENT)
 HIGHEST    92           100 AM
 LOWEST     29           300 PM
 AVERAGE    61

..........................................................


THE STANLEY ID CLIMATE NORMALS FOR TODAY
                         NORMAL    RECORD    YEAR
 MAXIMUM TEMPERATURE (F)   63        82      1994
 MINIMUM TEMPERATURE (F)   27         2      1926


SUNRISE AND SUNSET
SEPTEMBER 26 2016.....SUNRISE   732 AM MDT   SUNSET   729 PM MDT
SEPTEMBER 27 2016.....SUNRISE   733 AM MDT   SUNSET   727 PM MDT


-  INDICATES NEGATIVE NUMBERS.
R  INDICATES RECORD WAS SET OR TIED.
MM INDICATES DATA IS MISSING.
T  INDICATES TRACE AMOUNT.




$$
