000
CDUS45 KPIH 300733
CLISNT


CLIMATE REPORT
NATIONAL WEATHER SERVICE POCATELLO ID
131 AM MDT SAT JUL 30 2016


...................................

...THE STANLEY ID CLIMATE SUMMARY FOR JULY 29 2016...

CLIMATE NORMAL PERIOD 1981 TO 2010
CLIMATE RECORD PERIOD 1916 TO 2016


WEATHER ITEM   OBSERVED TIME   RECORD YEAR NORMAL DEPARTURE LAST
                VALUE   (LST)  VALUE       VALUE  FROM      YEAR
                                                  NORMAL
..................................................................
TEMPERATURE (F)
 YESTERDAY
  MAXIMUM         88    331 PM  91    1968  80      8       79
  MINIMUM         38    615 AM  26    1926  38      0       30
  AVERAGE         63                        59      4       55

PRECIPITATION (IN)
  YESTERDAY        0.00          0.57 1978   0.02  -0.02     0.00
  MONTH TO DATE    0.10                      0.65  -0.55     1.14
  SINCE OCT 1     17.13                     15.42   1.71    16.66
  SINCE JAN 1      9.56                     10.57  -1.01     9.95

SNOWFALL (IN)
  YESTERDAY       MM
  MONTH TO DATE   MM
  SINCE JUN 1     MM
  SINCE JUL 1     MM
  SNOW DEPTH      MM

DEGREE DAYS
 HEATING
  YESTERDAY        2                         6     -4       10
  MONTH TO DATE  228                       227      1      206
  SINCE JUN 1    532                       681   -149      440
  SINCE JUL 1    228                       227      1      206

 COOLING
  YESTERDAY        0                         0      0        0
  MONTH TO DATE    0                         0      0        1
  SINCE JUN 1      3                         0      3       18
  SINCE JAN 1      3                         0      3       18
..................................................................


WIND (MPH)
  HIGHEST WIND SPEED    15   HIGHEST WIND DIRECTION     W (280)
  HIGHEST GUST SPEED    22   HIGHEST GUST DIRECTION    NW (320)
  AVERAGE WIND SPEED     4.4


SKY COVER
  POSSIBLE SUNSHINE  MM
  AVERAGE SKY COVER 0.0


WEATHER CONDITIONS
 THE FOLLOWING WEATHER WAS RECORDED YESTERDAY.
  NO SIGNIFICANT WEATHER WAS OBSERVED.


RELATIVE HUMIDITY (PERCENT)
 HIGHEST    76           600 AM
 LOWEST      7           400 PM
 AVERAGE    42

..........................................................


THE STANLEY ID CLIMATE NORMALS FOR TODAY
                         NORMAL    RECORD    YEAR
 MAXIMUM TEMPERATURE (F)   80        92      2000
 MINIMUM TEMPERATURE (F)   38        26      1963
                                             1916


SUNRISE AND SUNSET
JULY 30 2016..........SUNRISE   626 AM MDT   SUNSET   906 PM MDT
JULY 31 2016..........SUNRISE   627 AM MDT   SUNSET   904 PM MDT


-  INDICATES NEGATIVE NUMBERS.
R  INDICATES RECORD WAS SET OR TIED.
MM INDICATES DATA IS MISSING.
T  INDICATES TRACE AMOUNT.




$$
