000
CDUS45 KPIH 280758
CLISNT


CLIMATE REPORT
NATIONAL WEATHER SERVICE POCATELLO ID
157 AM MDT THU MAY 28 2015


...................................

...THE STANLEY ID CLIMATE SUMMARY FOR MAY 27 2015...

CLIMATE NORMAL PERIOD 1981 TO 2010
CLIMATE RECORD PERIOD 1916 TO 2015


WEATHER ITEM   OBSERVED TIME   RECORD YEAR NORMAL DEPARTURE LAST
                VALUE   (LST)  VALUE       VALUE  FROM      YEAR
                                                  NORMAL
..................................................................
TEMPERATURE (F)
 YESTERDAY
  MAXIMUM         58   1156 AM  80    1986  61     -3       72
  MINIMUM         35   1159 PM  19    1991  31      4       31
  AVERAGE         47                        46      1       52

PRECIPITATION (IN)
  YESTERDAY        0.10          0.68 1970   0.05   0.05     0.00
  MONTH TO DATE    2.23                      1.50   0.73     0.65
  SINCE OCT 1     14.48                     13.19   1.29    16.04
  SINCE JAN 1      7.77                      8.34  -0.57    12.43

SNOWFALL (IN)
  YESTERDAY       MM
  MONTH TO DATE   MM
  SINCE MAR 1     MM
  SINCE JUL 1     MM
  SNOW DEPTH      MM

DEGREE DAYS
 HEATING
  YESTERDAY       18                        19     -1       13
  MONTH TO DATE  514                       608    -94      570
  SINCE MAR 1   2279                      2734   -455     2682
  SINCE JUL 1   8657                     10268  -1611     9850

 COOLING
  YESTERDAY        0                         0      0        0
  MONTH TO DATE    0                         0      0        0
  SINCE MAR 1      0                         0      0        0
  SINCE JAN 1      0                         0      0        0
..................................................................


WIND (MPH)
  HIGHEST WIND SPEED    17   HIGHEST WIND DIRECTION    NW (330)
  HIGHEST GUST SPEED    26   HIGHEST GUST DIRECTION    NW (330)
  AVERAGE WIND SPEED     4.5


SKY COVER
  POSSIBLE SUNSHINE  MM
  AVERAGE SKY COVER 0.0


WEATHER CONDITIONS
 THE FOLLOWING WEATHER WAS RECORDED YESTERDAY.
  NO SIGNIFICANT WEATHER WAS OBSERVED.


RELATIVE HUMIDITY (PERCENT)
 HIGHEST    92           200 AM
 LOWEST     41           200 PM
 AVERAGE    67

..........................................................


THE STANLEY ID CLIMATE NORMALS FOR TODAY
                         NORMAL    RECORD    YEAR
 MAXIMUM TEMPERATURE (F)   61        84      2003
 MINIMUM TEMPERATURE (F)   31        18      1923


SUNRISE AND SUNSET
MAY 28 2015...........SUNRISE   602 AM MDT   SUNSET   913 PM MDT
MAY 29 2015...........SUNRISE   601 AM MDT   SUNSET   914 PM MDT


-  INDICATES NEGATIVE NUMBERS.
R  INDICATES RECORD WAS SET OR TIED.
MM INDICATES DATA IS MISSING.
T  INDICATES TRACE AMOUNT.




$$
