000
CDUS45 KPUB 221028
CLISPD


CLIMATE REPORT
NATIONAL WEATHER SERVICE PUEBLO
427 AM MDT WED OCT 22 2014


...................................

...THE SPRINGFIELD CO CLIMATE SUMMARY FOR OCTOBER 21 2014...

CLIMATE NORMAL PERIOD 1981 TO 2010
CLIMATE RECORD PERIOD 9999 TO 9999


WEATHER ITEM   OBSERVED TIME   NORMAL DEPARTURE LAST
                VALUE   (LST)  VALUE  FROM      YEAR
                                      NORMAL
......................................................
TEMPERATURE (F)
 YESTERDAY
  MAXIMUM         75    105 PM  67      8       60
  MINIMUM         43    301 AM  37      6       32
  AVERAGE         59                            46

PRECIPITATION (IN)
  YESTERDAY        0.00          0.05  -0.05     0.00
  MONTH TO DATE    1.06          0.98   0.08     0.21
  SINCE SEP 1      2.31          2.31   0.00     3.71
  SINCE JAN 1     12.95         16.05  -3.10    13.45

DEGREE DAYS
 HEATING
  YESTERDAY        6            13     -7       19
  MONTH TO DATE  187           203    -16      251
  SINCE SEP 1    250           286    -36      278
  SINCE JUL 1    256           293    -37      279

 COOLING
  YESTERDAY        0             0      0        0
  MONTH TO DATE    0             9     -9        2
  SINCE SEP 1    125           125      0      194
  SINCE JAN 1   1040          1026     14     1358
......................................................


WIND (MPH)
  HIGHEST WIND SPEED    25   HIGHEST WIND DIRECTION     S (200)
  HIGHEST GUST SPEED    37   HIGHEST GUST DIRECTION     S (190)
  AVERAGE WIND SPEED    13.0


SKY COVER
  POSSIBLE SUNSHINE  MM



RELATIVE HUMIDITY (PERCENT)
 HIGHEST   100          1200 AM
 LOWEST     33           100 PM
 AVERAGE    67

..........................................................


THE SPRINGFIELD CO CLIMATE NORMALS FOR TODAY
                         NORMAL    RECORD    YEAR
 MAXIMUM TEMPERATURE (F)   67        MM        MM
 MINIMUM TEMPERATURE (F)   36        MM        MM


SUNRISE AND SUNSET
OCTOBER 22 2014.......SUNRISE   705 AM MDT   SUNSET   604 PM MDT
OCTOBER 23 2014.......SUNRISE   706 AM MDT   SUNSET   603 PM MDT


-  INDICATES NEGATIVE NUMBERS.
R  INDICATES RECORD WAS SET OR TIED.
MM INDICATES DATA IS MISSING.
T  INDICATES TRACE AMOUNT.




$$
