000
CDUS45 KPUB 301052
CLISPD


CLIMATE REPORT
NATIONAL WEATHER SERVICE PUEBLO
451 AM MDT SAT APR 30 2016


...................................

...THE SPRINGFIELD CO CLIMATE SUMMARY FOR APRIL 29 2016...

CLIMATE NORMAL PERIOD 1981 TO 2010
CLIMATE RECORD PERIOD 9999 TO 9999


WEATHER ITEM   OBSERVED TIME   NORMAL DEPARTURE LAST
                VALUE   (LST)  VALUE  FROM      YEAR
                                      NORMAL
......................................................
TEMPERATURE (F)
 YESTERDAY
  MAXIMUM         41   1033 AM  71    -30       73
  MINIMUM         34   1138 PM  41     -7       33
  AVERAGE         38                            53

PRECIPITATION (IN)
  YESTERDAY       MM             0.05  MM        0.00
  MONTH TO DATE    0.40          1.24  -0.84     0.85
  SINCE MAR 1      0.46          2.37  -1.91     1.23
  SINCE JAN 1      0.78          3.18  -2.40     3.07

DEGREE DAYS
 HEATING
  YESTERDAY       27            10     17       12
  MONTH TO DATE  401           398      3      379
  SINCE MAR 1   1046          1085    -39      986
  SINCE JUL 1   4722          5091   -369     4890

 COOLING
  YESTERDAY        0             0      0        0
  MONTH TO DATE    0             0      0        0
  SINCE MAR 1      0             0      0        0
  SINCE JAN 1      0             0      0        0
......................................................


WIND (MPH)
  HIGHEST WIND SPEED    29   HIGHEST WIND DIRECTION    NE (50)
  HIGHEST GUST SPEED    35   HIGHEST GUST DIRECTION    NE (50)
  AVERAGE WIND SPEED    16.2


SKY COVER
  POSSIBLE SUNSHINE  MM



RELATIVE HUMIDITY (PERCENT)
 HIGHEST   100           100 AM
 LOWEST     85           500 PM
 AVERAGE    93

..........................................................


THE SPRINGFIELD CO CLIMATE NORMALS FOR TODAY
                         NORMAL    RECORD    YEAR
 MAXIMUM TEMPERATURE (F)   71        MM        MM
 MINIMUM TEMPERATURE (F)   41        MM        MM


SUNRISE AND SUNSET
APRIL 30 2016.........SUNRISE   556 AM MDT   SUNSET   740 PM MDT
MAY  1 2016...........SUNRISE   555 AM MDT   SUNSET   740 PM MDT


-  INDICATES NEGATIVE NUMBERS.
R  INDICATES RECORD WAS SET OR TIED.
MM INDICATES DATA IS MISSING.
T  INDICATES TRACE AMOUNT.




$$
