000
CDUS45 KPUB 231027
CLISPD


CLIMATE REPORT
NATIONAL WEATHER SERVICE PUEBLO
427 AM MDT THU OCT 23 2014


...................................

...THE SPRINGFIELD CO CLIMATE SUMMARY FOR OCTOBER 22 2014...

CLIMATE NORMAL PERIOD 1981 TO 2010
CLIMATE RECORD PERIOD 9999 TO 9999


WEATHER ITEM   OBSERVED TIME   NORMAL DEPARTURE LAST
                VALUE   (LST)  VALUE  FROM      YEAR
                                      NORMAL
......................................................
TEMPERATURE (F)
 YESTERDAY
  MAXIMUM         74    249 PM  67      7       72
  MINIMUM         44   1115 PM  36      8       37
  AVERAGE         59                            55

PRECIPITATION (IN)
  YESTERDAY        0.00          0.04  -0.04     0.00
  MONTH TO DATE    1.06          1.02   0.04     0.21
  SINCE SEP 1      2.31          2.35  -0.04     3.71
  SINCE JAN 1     12.95         16.09  -3.14    13.45

DEGREE DAYS
 HEATING
  YESTERDAY        6            13     -7       10
  MONTH TO DATE  193           216    -23      261
  SINCE SEP 1    256           299    -43      288
  SINCE JUL 1    262           306    -44      289

 COOLING
  YESTERDAY        0             0      0        0
  MONTH TO DATE    0             9     -9        2
  SINCE SEP 1    125           125      0      194
  SINCE JAN 1   1040          1026     14     1358
......................................................


WIND (MPH)
  HIGHEST WIND SPEED    18   HIGHEST WIND DIRECTION     S (190)
  HIGHEST GUST SPEED    25   HIGHEST GUST DIRECTION     S (200)
  AVERAGE WIND SPEED     8.9


SKY COVER
  POSSIBLE SUNSHINE  MM



RELATIVE HUMIDITY (PERCENT)
 HIGHEST    93           700 AM
 LOWEST     33           100 PM
 AVERAGE    63

..........................................................


THE SPRINGFIELD CO CLIMATE NORMALS FOR TODAY
                         NORMAL    RECORD    YEAR
 MAXIMUM TEMPERATURE (F)   67        MM        MM
 MINIMUM TEMPERATURE (F)   36        MM        MM


SUNRISE AND SUNSET
OCTOBER 23 2014.......SUNRISE   706 AM MDT   SUNSET   603 PM MDT
OCTOBER 24 2014.......SUNRISE   707 AM MDT   SUNSET   602 PM MDT


-  INDICATES NEGATIVE NUMBERS.
R  INDICATES RECORD WAS SET OR TIED.
MM INDICATES DATA IS MISSING.
T  INDICATES TRACE AMOUNT.




$$
