000
CDUS45 KPUB 301026
CLISPD


CLIMATE REPORT
NATIONAL WEATHER SERVICE PUEBLO
426 AM MDT THU JUL 30 2015


...................................

...THE SPRINGFIELD CO CLIMATE SUMMARY FOR JULY 29 2015...

CLIMATE NORMAL PERIOD 1981 TO 2010
CLIMATE RECORD PERIOD 9999 TO 9999


WEATHER ITEM   OBSERVED TIME   NORMAL DEPARTURE LAST
                VALUE   (LST)  VALUE  FROM      YEAR
                                      NORMAL
......................................................
TEMPERATURE (F)
 YESTERDAY
  MAXIMUM         83    322 PM  90     -7       85
  MINIMUM         60    542 AM  62     -2       62
  AVERAGE         72                            74

PRECIPITATION (IN)
  YESTERDAY        0.00          0.11  -0.11     0.85
  MONTH TO DATE    3.15          2.63   0.52     3.48
  SINCE JUN 1      4.01          5.13  -1.12     5.41
  SINCE JAN 1     11.58         10.70   0.88     9.30

DEGREE DAYS
 HEATING
  YESTERDAY        0             0      0        0
  MONTH TO DATE    0             0      0        1
  SINCE JUN 1      0            21    -21       23
  SINCE JUL 1      0             0      0        1

 COOLING
  YESTERDAY        7            11     -4        9
  MONTH TO DATE  318           328    -10      318
  SINCE JUN 1    565           536     29      537
  SINCE JAN 1    566           590    -24      595
......................................................


WIND (MPH)
  HIGHEST WIND SPEED    21   HIGHEST WIND DIRECTION     E (90)
  HIGHEST GUST SPEED    26   HIGHEST GUST DIRECTION     E (100)
  AVERAGE WIND SPEED     9.4


SKY COVER
  POSSIBLE SUNSHINE  MM



RELATIVE HUMIDITY (PERCENT)
 HIGHEST    93           200 AM
 LOWEST     35           100 PM
 AVERAGE    64

..........................................................


THE SPRINGFIELD CO CLIMATE NORMALS FOR TODAY
                         NORMAL    RECORD    YEAR
 MAXIMUM TEMPERATURE (F)   90        MM        MM
 MINIMUM TEMPERATURE (F)   62        MM        MM


SUNRISE AND SUNSET
JULY 30 2015..........SUNRISE   553 AM MDT   SUNSET   800 PM MDT
JULY 31 2015..........SUNRISE   554 AM MDT   SUNSET   759 PM MDT


-  INDICATES NEGATIVE NUMBERS.
R  INDICATES RECORD WAS SET OR TIED.
MM INDICATES DATA IS MISSING.
T  INDICATES TRACE AMOUNT.




$$
