952
CDUS43 KILX 190643
CLISPI


CLIMATE REPORT
NATIONAL WEATHER SERVICE LINCOLN IL
1243 AM CST FRI JAN 19 2018


...................................

...THE SPRINGFIELD IL CLIMATE SUMMARY FOR JANUARY 18 2018...

CLIMATE NORMAL PERIOD 1981 TO 2010
CLIMATE RECORD PERIOD 1879 TO 2018


WEATHER ITEM   OBSERVED TIME   RECORD YEAR NORMAL DEPARTURE LAST
                VALUE   (LST)  VALUE       VALUE  FROM      YEAR
                                                  NORMAL
..................................................................
TEMPERATURE (F)
 YESTERDAY
  MAXIMUM         41    407 PM  62    1880  35      6       46
  MINIMUM         16    732 AM -18    1930  18     -2       36
  AVERAGE         29                        26      3       41

PRECIPITATION (IN)
  YESTERDAY        0.00          1.74 1907   0.06  -0.06     0.00
  MONTH TO DATE    0.22                      1.11  -0.89     0.85
  SINCE DEC 1      0.59                      3.63  -3.04     1.76
  SINCE JAN 1      0.22                      1.11  -0.89     0.85

SNOWFALL (IN)
  YESTERDAY        0.0           3.5  1886   0.2   -0.2      0.0
  MONTH TO DATE    1.6                       3.7   -2.1      0.9
  SINCE DEC 1      5.7                       9.3   -3.6      3.6
  SINCE JUL 1      5.7                       9.9   -4.2      3.6
  SNOW DEPTH       1

DEGREE DAYS
 HEATING
  YESTERDAY       36                        39     -3       24
  MONTH TO DATE  858                       691    167      622
  SINCE DEC 1   1917                      1763    154     1670
  SINCE JUL 1   2782                      2831    -49     2321

 COOLING
  YESTERDAY        0                         0      0        0
  MONTH TO DATE    0                         0      0        0
  SINCE DEC 1      0                         0      0        0
  SINCE JAN 1      0                         0      0        0
..................................................................


WIND (MPH)
  HIGHEST WIND SPEED    22   HIGHEST WIND DIRECTION    SW (210)
  HIGHEST GUST SPEED    27   HIGHEST GUST DIRECTION    SW (210)
  AVERAGE WIND SPEED    11.9


SKY COVER
  POSSIBLE SUNSHINE  MM
  AVERAGE SKY COVER 0.0


WEATHER CONDITIONS
 THE FOLLOWING WEATHER WAS RECORDED YESTERDAY.
  NO SIGNIFICANT WEATHER WAS OBSERVED.


RELATIVE HUMIDITY (PERCENT)
 HIGHEST    75          1100 PM
 LOWEST     41           400 PM
 AVERAGE    58

..........................................................


THE SPRINGFIELD IL CLIMATE NORMALS FOR TODAY
                         NORMAL    RECORD    YEAR
 MAXIMUM TEMPERATURE (F)   35        69      1952
 MINIMUM TEMPERATURE (F)   18       -18      1985


SUNRISE AND SUNSET
JANUARY 19 2018.......SUNRISE   716 AM CST   SUNSET   503 PM CST
JANUARY 20 2018.......SUNRISE   716 AM CST   SUNSET   504 PM CST


-  INDICATES NEGATIVE NUMBERS.
R  INDICATES RECORD WAS SET OR TIED.
MM INDICATES DATA IS MISSING.
T  INDICATES TRACE AMOUNT.




$$
