000
CDUS43 KILX 200649
CLISPI


CLIMATE REPORT
NATIONAL WEATHER SERVICE LINCOLN IL
1249 AM CST MON NOV 20 2017


...................................

...THE SPRINGFIELD IL CLIMATE SUMMARY FOR NOVEMBER 19 2017...

CLIMATE NORMAL PERIOD 1981 TO 2010
CLIMATE RECORD PERIOD 1879 TO 2017


WEATHER ITEM   OBSERVED TIME   RECORD YEAR NORMAL DEPARTURE LAST
                VALUE   (LST)  VALUE       VALUE  FROM      YEAR
                                                  NORMAL
..................................................................
TEMPERATURE (F)
 YESTERDAY
  MAXIMUM         39    351 PM  77    1930  51    -12       45
  MINIMUM         27    725 AM   7    1880  33     -6       30
  AVERAGE         33                        42     -9       38

PRECIPITATION (IN)
  YESTERDAY        0.00          1.31 1950   0.11  -0.11     0.00
  MONTH TO DATE    0.71                      2.01  -1.30     0.69
  SINCE SEP 1      5.96                      8.06  -2.10     4.56
  SINCE JAN 1     31.00                     33.71  -2.71    40.41

SNOWFALL (IN)
  YESTERDAY        0.0           4.8  1961   0.0    0.0      0.0
  MONTH TO DATE    T                         0.2   -0.2      0.0
  SINCE SEP 1      T                         0.2   -0.2      0.0
  SINCE JUL 1      T                         0.2   -0.2      0.0
  SNOW DEPTH       0

DEGREE DAYS
 HEATING
  YESTERDAY       32                        24      8       27
  MONTH TO DATE  389                       366     23      228
  SINCE SEP 1    650                       771   -121      401
  SINCE JUL 1    650                       776   -126      402

 COOLING
  YESTERDAY        0                         0      0        0
  MONTH TO DATE    0                         0      0       18
  SINCE SEP 1    289                       151    138      350
  SINCE JAN 1   1401                      1121    280     1626
..................................................................


WIND (MPH)
  HIGHEST WIND SPEED    26   HIGHEST WIND DIRECTION    NW (320)
  HIGHEST GUST SPEED    32   HIGHEST GUST DIRECTION    NW (320)
  AVERAGE WIND SPEED    11.2


SKY COVER
  POSSIBLE SUNSHINE  MM
  AVERAGE SKY COVER 0.1


WEATHER CONDITIONS
 THE FOLLOWING WEATHER WAS RECORDED YESTERDAY.
  NO SIGNIFICANT WEATHER WAS OBSERVED.


RELATIVE HUMIDITY (PERCENT)
 HIGHEST    78           800 PM
 LOWEST     48           100 PM
 AVERAGE    63

..........................................................


THE SPRINGFIELD IL CLIMATE NORMALS FOR TODAY
                         NORMAL    RECORD    YEAR
 MAXIMUM TEMPERATURE (F)   50        76      1942
 MINIMUM TEMPERATURE (F)   32        10      1914


SUNRISE AND SUNSET
NOVEMBER 20 2017......SUNRISE   649 AM CST   SUNSET   439 PM CST
NOVEMBER 21 2017......SUNRISE   651 AM CST   SUNSET   438 PM CST


-  INDICATES NEGATIVE NUMBERS.
R  INDICATES RECORD WAS SET OR TIED.
MM INDICATES DATA IS MISSING.
T  INDICATES TRACE AMOUNT.




$$
