000
CDUS43 KILX 180639
CLISPI


CLIMATE REPORT
NATIONAL WEATHER SERVICE LINCOLN IL
139 AM CDT THU SEP 18 2014


...................................

...THE SPRINGFIELD IL CLIMATE SUMMARY FOR SEPTEMBER 17 2014...

CLIMATE NORMAL PERIOD 1981 TO 2010
CLIMATE RECORD PERIOD 1879 TO 2014


WEATHER ITEM   OBSERVED TIME   RECORD YEAR NORMAL DEPARTURE LAST
                VALUE   (LST)  VALUE       VALUE  FROM      YEAR
                                                  NORMAL
..................................................................
TEMPERATURE (F)
 YESTERDAY
  MAXIMUM         68    431 PM  95    1954  79    -11       74
  MINIMUM         46    514 AM  39    1999  54     -8       51
  AVERAGE         57                        66     -9       63

PRECIPITATION (IN)
  YESTERDAY        0.00          1.53 1968   0.09  -0.09      T
  MONTH TO DATE    4.97                      1.67   3.30     0.78
  SINCE SEP 1      4.97                      1.67   3.30     0.78
  SINCE JAN 1     37.30                     27.32   9.98    31.45

SNOWFALL (IN)
  YESTERDAY        0.0           0.0    MM   0.0    0.0      0.0
  MONTH TO DATE    0.0                       0.0    0.0      0.0
  SINCE SEP 1      0.0                       0.0    0.0      0.0
  SINCE JUL 1      0.0                       0.0    0.0      0.0
  SNOW DEPTH       0

DEGREE DAYS
 HEATING
  YESTERDAY        8                         3      5        2
  MONTH TO DATE   65                        20     45       13
  SINCE SEP 1     65                        20     45       13
  SINCE JUL 1     68                        25     43       24

 COOLING
  YESTERDAY        0                         4     -4        0
  MONTH TO DATE   78                        94    -16      117
  SINCE SEP 1     78                        94    -16      117
  SINCE JAN 1   1111                      1064     47     1057
..................................................................


WIND (MPH)
  HIGHEST WIND SPEED    12   HIGHEST WIND DIRECTION    SE (140)
  HIGHEST GUST SPEED    15   HIGHEST GUST DIRECTION    SE (150)
  AVERAGE WIND SPEED     3.4


SKY COVER
  POSSIBLE SUNSHINE  MM
  AVERAGE SKY COVER 0.5


WEATHER CONDITIONS
 THE FOLLOWING WEATHER WAS RECORDED YESTERDAY.
  THUNDERSTORM
  FOG


RELATIVE HUMIDITY (PERCENT)
 HIGHEST    96           700 AM
 LOWEST     56           400 PM
 AVERAGE    76

..........................................................


THE SPRINGFIELD IL CLIMATE NORMALS FOR TODAY
                         NORMAL    RECORD    YEAR
 MAXIMUM TEMPERATURE (F)   78        95      1893
 MINIMUM TEMPERATURE (F)   54        35      1901


SUNRISE AND SUNSET
SEPTEMBER 18 2014.....SUNRISE   643 AM CDT   SUNSET   702 PM CDT
SEPTEMBER 19 2014.....SUNRISE   643 AM CDT   SUNSET   701 PM CDT


-  INDICATES NEGATIVE NUMBERS.
R  INDICATES RECORD WAS SET OR TIED.
MM INDICATES DATA IS MISSING.
T  INDICATES TRACE AMOUNT.




$$
