000
CDUS43 KILX 290630
CLISPI


CLIMATE REPORT
NATIONAL WEATHER SERVICE LINCOLN IL
130 AM CDT WED MAR 29 2017


...................................

...THE SPRINGFIELD IL CLIMATE SUMMARY FOR MARCH 28 2017...

CLIMATE NORMAL PERIOD 1981 TO 2010
CLIMATE RECORD PERIOD 1879 TO 2017


WEATHER ITEM   OBSERVED TIME   RECORD YEAR NORMAL DEPARTURE LAST
                VALUE   (LST)  VALUE       VALUE  FROM      YEAR
                                                  NORMAL
..................................................................
TEMPERATURE (F)
 YESTERDAY
  MAXIMUM         57    239 PM  86    1985  57      0       60
  MINIMUM         47   1159 PM  14    1934  36     11       36
  AVERAGE         52                        47      5       48

PRECIPITATION (IN)
  YESTERDAY        0.00          1.50 1924   0.09  -0.09     0.00
  MONTH TO DATE    2.16                      2.34  -0.18     3.43
  SINCE MAR 1      2.16                      2.34  -0.18     3.43
  SINCE JAN 1      3.63                      5.97  -2.34     5.76

SNOWFALL (IN)
  YESTERDAY        0.0           2.6  1888   0.0    0.0      0.0
  MONTH TO DATE    4.6                       2.4    2.2      0.1
  SINCE MAR 1      4.6                       2.4    2.2      0.1
  SINCE JUL 1     10.3                      20.5  -10.2     15.7
  SNOW DEPTH       0

DEGREE DAYS
 HEATING
  YESTERDAY       13                        18     -5       17
  MONTH TO DATE  555                       657   -102      432
  SINCE MAR 1    555                       657   -102      432
  SINCE JUL 1   3810                      4928  -1118     3858

 COOLING
  YESTERDAY        0                         0      0        0
  MONTH TO DATE    0                         0      0        0
  SINCE MAR 1      0                         0      0        0
  SINCE JAN 1      0                         0      0        0
..................................................................


WIND (MPH)
  HIGHEST WIND SPEED    17   HIGHEST WIND DIRECTION    NE (60)
  HIGHEST GUST SPEED    21   HIGHEST GUST DIRECTION     E (80)
  AVERAGE WIND SPEED     8.8


SKY COVER
  POSSIBLE SUNSHINE  MM
  AVERAGE SKY COVER 1.0


WEATHER CONDITIONS
 THE FOLLOWING WEATHER WAS RECORDED YESTERDAY.
  FOG
  HAZE


RELATIVE HUMIDITY (PERCENT)
 HIGHEST    96           200 AM
 LOWEST     66           100 PM
 AVERAGE    81

..........................................................


THE SPRINGFIELD IL CLIMATE NORMALS FOR TODAY
                         NORMAL    RECORD    YEAR
 MAXIMUM TEMPERATURE (F)   58        86      1986
 MINIMUM TEMPERATURE (F)   37        19      1894
                                             1887


SUNRISE AND SUNSET
MARCH 29 2017.........SUNRISE   647 AM CDT   SUNSET   720 PM CDT
MARCH 30 2017.........SUNRISE   646 AM CDT   SUNSET   721 PM CDT


-  INDICATES NEGATIVE NUMBERS.
R  INDICATES RECORD WAS SET OR TIED.
MM INDICATES DATA IS MISSING.
T  INDICATES TRACE AMOUNT.




$$
