000
CDUS43 KILX 010646
CLISPI


CLIMATE REPORT
NATIONAL WEATHER SERVICE LINCOLN IL
140 AM CDT FRI AUG 1 2014


...................................

...THE SPRINGFIELD IL CLIMATE SUMMARY FOR JULY 31 2014...

CLIMATE NORMAL PERIOD 1981 TO 2010
CLIMATE RECORD PERIOD 1879 TO 2014


WEATHER ITEM   OBSERVED TIME   RECORD YEAR NORMAL DEPARTURE LAST
                VALUE   (LST)  VALUE       VALUE  FROM      YEAR
                                                  NORMAL
..................................................................
TEMPERATURE (F)
 YESTERDAY
  MAXIMUM         85    230 PM 101    2012  86     -1       76
  MINIMUM         57    507 AM  48    1971  65     -8       63
  AVERAGE         71                        75     -4       70

PRECIPITATION (IN)
  YESTERDAY        0.00          2.18 1956   0.12  -0.12      T
  MONTH TO DATE    2.53                      3.94  -1.41     3.26
  SINCE JUN 1     11.40                      8.40   3.00     5.31
  SINCE JAN 1     25.69                     22.41   3.28    30.33

SNOWFALL (IN)
  YESTERDAY        0.0           0.0    MM   0.0    0.0      0.0
  MONTH TO DATE    0.0                       0.0    0.0      0.0
  SINCE JUN 1      0.0                       0.0    0.0      0.0
  SINCE JUL 1      0.0                       0.0    0.0      0.0
  SNOW DEPTH       0

DEGREE DAYS
 HEATING
  YESTERDAY        0                         0      0        0
  MONTH TO DATE    3                         0      3        6
  SINCE JUN 1      3                        16    -13       18
  SINCE JUL 1      3                         1      2        6

 COOLING
  YESTERDAY        6                        10     -4        5
  MONTH TO DATE  212                       335   -123      290
  SINCE JUN 1    518                       575    -57      548
  SINCE JAN 1    694                       679     15      674
..................................................................


WIND (MPH)
  HIGHEST WIND SPEED     9   HIGHEST WIND DIRECTION    NW (300)
  HIGHEST GUST SPEED    14   HIGHEST GUST DIRECTION    NW (310)
  AVERAGE WIND SPEED     2.8


SKY COVER
  POSSIBLE SUNSHINE  MM
  AVERAGE SKY COVER 0.1


WEATHER CONDITIONS
 THE FOLLOWING WEATHER WAS RECORDED YESTERDAY.
  HAZE


RELATIVE HUMIDITY (PERCENT)
 HIGHEST   100           300 AM
 LOWEST     44           400 PM
 AVERAGE    72

..........................................................


THE SPRINGFIELD IL CLIMATE NORMALS FOR TODAY
                         NORMAL    RECORD    YEAR
 MAXIMUM TEMPERATURE (F)   86        99      1987
                                             1964
                                             1935
 MINIMUM TEMPERATURE (F)   65        52      1962


SUNRISE AND SUNSET
AUGUST  1 2014........SUNRISE   557 AM CDT   SUNSET   812 PM CDT
AUGUST  2 2014........SUNRISE   558 AM CDT   SUNSET   811 PM CDT


-  INDICATES NEGATIVE NUMBERS.
R  INDICATES RECORD WAS SET OR TIED.
MM INDICATES DATA IS MISSING.
T  INDICATES TRACE AMOUNT.




$$
